146.70.126.199 - - [20/Jul/2025:00:24:07 +0000] "GET /wp-content/plugins/woocommerce/assets/js/sourcebuster/sourcebuster.min.js?ver=9.8.5 HTTP/2.0" 200 4862 "https://tecnoelite.co/micuenta/" "Mozilla/5.0 (Windows NT 10.0; Win64; x64; rv:140.0) Gecko/20100101 Firefox/140.0"
146.70.126.199 - - [20/Jul/2025:00:24:07 +0000] "GET /wp-content/plugins/elementor/assets/js/frontend.min.js?ver=3.30.2 HTTP/2.0" 200 10650 "https://tecnoelite.co/micuenta/" "Mozilla/5.0 (Windows NT 10.0; Win64; x64; rv:140.0) Gecko/20100101 Firefox/140.0"
146.70.126.199 - - [20/Jul/2025:00:24:07 +0000] "GET /wp-content/plugins/woocommerce/assets/js/frontend/order-attribution.min.js?ver=9.8.5 HTTP/2.0" 200 1191 "https://tecnoelite.co/micuenta/" "Mozilla/5.0 (Windows NT 10.0; Win64; x64; rv:140.0) Gecko/20100101 Firefox/140.0"
146.70.126.199 - - [20/Jul/2025:00:24:07 +0000] "GET /wp-content/plugins/woocommerce-deals/assets/js/tawc-deals.js?ver=1.0.0 HTTP/2.0" 200 557 "https://tecnoelite.co/micuenta/" "Mozilla/5.0 (Windows NT 10.0; Win64; x64; rv:140.0) Gecko/20100101 Firefox/140.0"
146.70.126.199 - - [20/Jul/2025:00:24:07 +0000] "GET /wp-content/plugins/pb-seo-friendly-images-pro//assets/js/unveil.js?ver=1.0.0 HTTP/2.0" 200 801 "https://tecnoelite.co/micuenta/" "Mozilla/5.0 (Windows NT 10.0; Win64; x64; rv:140.0) Gecko/20100101 Firefox/140.0"
146.70.126.199 - - [20/Jul/2025:00:24:07 +0000] "GET /wp-content/plugins/yith-woocommerce-dynamic-pricing-and-discounts-premium/assets/js/build/frontend.min.js?ver=4.13.0 HTTP/2.0" 200 2069 "https://tecnoelite.co/micuenta/" "Mozilla/5.0 (Windows NT 10.0; Win64; x64; rv:140.0) Gecko/20100101 Firefox/140.0"
146.70.126.199 - - [20/Jul/2025:00:24:07 +0000] "GET /wp-content/plugins/yith-woocommerce-dynamic-pricing-and-discounts-premium/assets/js/owl/owl.carousel.min.js?ver=4.13.0 HTTP/2.0" 200 11467 "https://tecnoelite.co/micuenta/" "Mozilla/5.0 (Windows NT 10.0; Win64; x64; rv:140.0) Gecko/20100101 Firefox/140.0"
146.70.126.199 - - [20/Jul/2025:00:24:07 +0000] "GET /wp-content/themes/farmart/js/plugins/photoswipe-ui.min.js?ver=4.1.1 HTTP/2.0" 200 3835 "https://tecnoelite.co/micuenta/" "Mozilla/5.0 (Windows NT 10.0; Win64; x64; rv:140.0) Gecko/20100101 Firefox/140.0"
146.70.126.199 - - [20/Jul/2025:00:24:07 +0000] "GET /wp-content/plugins/woocommerce/assets/js/photoswipe/photoswipe.min.js?ver=4.1.1-wc.9.8.5 HTTP/2.0" 200 12097 "https://tecnoelite.co/micuenta/" "Mozilla/5.0 (Windows NT 10.0; Win64; x64; rv:140.0) Gecko/20100101 Firefox/140.0"
146.70.126.199 - - [20/Jul/2025:00:24:07 +0000] "GET /wp-content/plugins/yith-woocommerce-dynamic-pricing-and-discounts-premium/assets/js/build/modals.min.js?ver=4.13.0 HTTP/2.0" 200 14956 "https://tecnoelite.co/micuenta/" "Mozilla/5.0 (Windows NT 10.0; Win64; x64; rv:140.0) Gecko/20100101 Firefox/140.0"
146.70.126.199 - - [20/Jul/2025:00:24:07 +0000] "GET /wp-content/themes/farmart/js/plugins/isInViewport.min.js?ver=1.1.0 HTTP/2.0" 200 1192 "https://tecnoelite.co/micuenta/" "Mozilla/5.0 (Windows NT 10.0; Win64; x64; rv:140.0) Gecko/20100101 Firefox/140.0"
146.70.126.199 - - [20/Jul/2025:00:24:07 +0000] "GET /wp-content/themes/farmart/js/plugins/slick.min.js?ver=1.0 HTTP/2.0" 200 10497 "https://tecnoelite.co/micuenta/" "Mozilla/5.0 (Windows NT 10.0; Win64; x64; rv:140.0) Gecko/20100101 Firefox/140.0"
146.70.126.199 - - [20/Jul/2025:00:24:07 +0000] "GET /wp-includes/js/imagesloaded.min.js?ver=5.0.0 HTTP/2.0" 200 1880 "https://tecnoelite.co/micuenta/" "Mozilla/5.0 (Windows NT 10.0; Win64; x64; rv:140.0) Gecko/20100101 Firefox/140.0"
146.70.126.199 - - [20/Jul/2025:00:24:07 +0000] "GET /wp-content/themes/farmart/js/plugins/jquery.counterup.min.js?ver=1.0.0 HTTP/2.0" 200 977 "https://tecnoelite.co/micuenta/" "Mozilla/5.0 (Windows NT 10.0; Win64; x64; rv:140.0) Gecko/20100101 Firefox/140.0"
146.70.126.199 - - [20/Jul/2025:00:24:07 +0000] "GET /wp-content/themes/farmart/js/plugins/waypoints.min.js?ver=2.0.2 HTTP/2.0" 200 2669 "https://tecnoelite.co/micuenta/" "Mozilla/5.0 (Windows NT 10.0; Win64; x64; rv:140.0) Gecko/20100101 Firefox/140.0"
146.70.126.199 - - [20/Jul/2025:00:24:07 +0000] "GET /wp-content/themes/farmart/js/plugins/jquery.coundown.js?ver=1.0.0 HTTP/2.0" 200 598 "https://tecnoelite.co/micuenta/" "Mozilla/5.0 (Windows NT 10.0; Win64; x64; rv:140.0) Gecko/20100101 Firefox/140.0"
146.70.126.199 - - [20/Jul/2025:00:24:07 +0000] "GET /wp-content/themes/farmart/js/plugins/notify.min.js?ver=1.0.0 HTTP/2.0" 200 7497 "https://tecnoelite.co/micuenta/" "Mozilla/5.0 (Windows NT 10.0; Win64; x64; rv:140.0) Gecko/20100101 Firefox/140.0"
146.70.126.199 - - [20/Jul/2025:00:24:07 +0000] "GET /wp-content/themes/farmart/js/plugins/jquery.magnific-popup.js?ver=1.0 HTTP/2.0" 200 12544 "https://tecnoelite.co/micuenta/" "Mozilla/5.0 (Windows NT 10.0; Win64; x64; rv:140.0) Gecko/20100101 Firefox/140.0"
146.70.126.199 - - [20/Jul/2025:00:24:07 +0000] "GET /wp-content/themes/farmart/js/plugins/nprogress.js?ver=1.0.0 HTTP/2.0" 200 3642 "https://tecnoelite.co/micuenta/" "Mozilla/5.0 (Windows NT 10.0; Win64; x64; rv:140.0) Gecko/20100101 Firefox/140.0"
146.70.126.199 - - [20/Jul/2025:00:24:07 +0000] "GET /wp-content/themes/farmart/js/scripts.js?ver=20220304 HTTP/2.0" 200 19254 "https://tecnoelite.co/micuenta/" "Mozilla/5.0 (Windows NT 10.0; Win64; x64; rv:140.0) Gecko/20100101 Firefox/140.0"
146.70.126.199 - - [20/Jul/2025:00:24:07 +0000] "GET /wp-content/plugins/quick-adsense-reloaded/assets/js/ads.js?ver=2.0.92 HTTP/2.0" 200 525 "https://tecnoelite.co/micuenta/" "Mozilla/5.0 (Windows NT 10.0; Win64; x64; rv:140.0) Gecko/20100101 Firefox/140.0"
146.70.126.199 - - [20/Jul/2025:00:24:07 +0000] "GET /wp-content/plugins/elementor-pro/assets/js/webpack-pro.runtime.min.js?ver=3.29.1 HTTP/2.0" 200 2910 "https://tecnoelite.co/micuenta/" "Mozilla/5.0 (Windows NT 10.0; Win64; x64; rv:140.0) Gecko/20100101 Firefox/140.0"
146.70.126.199 - - [20/Jul/2025:00:24:07 +0000] "GET /wp-content/plugins/elementor-pro/assets/js/frontend.min.js?ver=3.29.1 HTTP/2.0" 200 6566 "https://tecnoelite.co/micuenta/" "Mozilla/5.0 (Windows NT 10.0; Win64; x64; rv:140.0) Gecko/20100101 Firefox/140.0"
146.70.126.199 - - [20/Jul/2025:00:24:07 +0000] "GET /wp-content/plugins/elementor-pro/assets/js/elements-handlers.min.js?ver=3.29.1 HTTP/2.0" 200 10757 "https://tecnoelite.co/micuenta/" "Mozilla/5.0 (Windows NT 10.0; Win64; x64; rv:140.0) Gecko/20100101 Firefox/140.0"
20.171.207.108 - - [20/Jul/2025:00:24:02 +0000] "GET /carrito/?_wpnonce=453a6c7d87&remove_item=8b5871528335103533d02d1a9f8c629e HTTP/2.0" 200 48103 "-" "Mozilla/5.0 AppleWebKit/537.36 (KHTML, like Gecko; compatible; GPTBot/1.2; +https://openai.com/gptbot)"
216.73.216.109 - - [20/Jul/2025:00:24:03 +0000] "GET /xmlrpc.php?lokasie=%2Flib%2Fapache2%2Fmodules%2Fmod_mime.so&loknya=%2Flib%2Fapache2%2Fmodules HTTP/2.0" 200 19470 "-" "Mozilla/5.0 AppleWebKit/537.36 (KHTML, like Gecko; compatible; ClaudeBot/1.0; +claudebot@anthropic.com)"
2a03:2880:f800:6:: - - [20/Jul/2025:00:24:03 +0000] "GET /shop/electronica-audio-y-video/componentes-electronicos/semiconductores/transistores/5-x-irfz48n-irfz48-irfz48npbf-mosfet-n-ch-60v-50a/ HTTP/2.0" 200 201931 "-" "meta-externalagent/1.1 (+https://developers.facebook.com/docs/sharing/webmasters/crawler)"
185.21.13.25 - - [20/Jul/2025:00:24:06 +0000] "GET /categoria-producto/accesorios-para-vehiculos/repuestos-de-linea-pesada/cerraduras-y-llaves/interruptores-de-encendido/ HTTP/1.1" 200 45307 "-" "Mozilla/5.0 (Macintosh; Intel Mac OS X 10_15_7) AppleWebKit/537.36 (KHTML, like Gecko) Chrome/133.0.0.0 Safari/537.36"
2001:4ba0:cafe:a4e::1 - - [20/Jul/2025:00:19:13 +0000] "GET /wp-content/plugins/wp-optimize/vendor/mrclay/minify/minify/index.php?ARRAY=7o2230223n313735323937343335332p2231223n22687474703n5p2s5p2s7n7335303576313373752r686572656973682r636p69636o5p2s3s6p633q7068705s636s64655s6n6326743q313735323937303735332q6233623962303364326563353363653063616665363032636330323537303061222p2232223n226161346437336462643132323436393930633031303961326431666565653737222p2233223n223731646463356237356163613834316238313530363431333838396238346630222p226175746s5s66696p655s6r616q65223n6r756p6p2p226175746s5s70617373223n6r756p6p2p2262696r675s70617373223n2232332q34342q36302q36312q37312q38352q3139227q HTTP/1.1" 504 4256 "-" "-"
216.73.216.109 - - [20/Jul/2025:00:24:10 +0000] "GET /xmlrpc.php?lokasie=%2Fusr%2Fbin%2Fpwd&loknya=%2Fusr%2Fbin HTTP/2.0" 200 23383 "-" "Mozilla/5.0 AppleWebKit/537.36 (KHTML, like Gecko; compatible; ClaudeBot/1.0; +claudebot@anthropic.com)"
185.21.13.25 - - [20/Jul/2025:00:24:12 +0000] "GET /categoria-producto/accesorios-para-vehiculos/tuning/ HTTP/1.1" 200 45126 "-" "Mozilla/5.0 (Macintosh; Intel Mac OS X 10_15_7) AppleWebKit/537.36 (KHTML, like Gecko) Chrome/133.0.0.0 Safari/537.36"
216.73.216.109 - - [20/Jul/2025:00:24:13 +0000] "GET /xmlrpc.php?lokasie=%2Fusr%2Fbin%2Fsha384sum&loknya=%2Fusr%2Fbin HTTP/2.0" 200 32150 "-" "Mozilla/5.0 AppleWebKit/537.36 (KHTML, like Gecko; compatible; ClaudeBot/1.0; +claudebot@anthropic.com)"
216.73.216.109 - - [20/Jul/2025:00:24:14 +0000] "GET /xmlrpc.php?lokasie=%2Fusr%2Fbin%2Fgmake&loknya=%2Fusr%2Fbin HTTP/2.0" 200 117010 "-" "Mozilla/5.0 AppleWebKit/537.36 (KHTML, like Gecko; compatible; ClaudeBot/1.0; +claudebot@anthropic.com)"
20.171.207.108 - - [20/Jul/2025:00:24:08 +0000] "GET /carrito/?_wpnonce=453a6c7d87&remove_item=3aca6cc84657b8d0b2f42c3821ce0ba6 HTTP/2.0" 200 47591 "-" "Mozilla/5.0 AppleWebKit/537.36 (KHTML, like Gecko; compatible; GPTBot/1.2; +https://openai.com/gptbot)"
216.73.216.109 - - [20/Jul/2025:00:24:15 +0000] "GET /xmlrpc.php?lokasie=%2Fhome%2Ftecnoelite%2Fpublic_html%2Fwp-includes%2Fimages%2Fsmilies%2Ficon_rolleyes.gif&loknya=%2Fhome%2Ftecnoelite%2Fpublic_html%2Fwp-includes%2Fimages%2Fsmilies HTTP/2.0" 200 12573 "-" "Mozilla/5.0 AppleWebKit/537.36 (KHTML, like Gecko; compatible; ClaudeBot/1.0; +claudebot@anthropic.com)"
20.171.207.108 - - [20/Jul/2025:00:24:15 +0000] "GET /shop/electronica-audio-y-video/componentes-electronicos/semiconductores/circuitos-integrados/ice3b1565j-ice3b1565-ice3b1565j-3b1565-ice-3b1565/?add-to-cart=15362 HTTP/2.0" 200 48058 "-" "Mozilla/5.0 AppleWebKit/537.36 (KHTML, like Gecko; compatible; GPTBot/1.2; +https://openai.com/gptbot)"
216.73.216.109 - - [20/Jul/2025:00:24:16 +0000] "GET /xmlrpc.php?lokasie=%2Fusr%2Fbin%2Fgpgv&loknya=%2Fusr%2Fbin HTTP/2.0" 200 129694 "-" "Mozilla/5.0 AppleWebKit/537.36 (KHTML, like Gecko; compatible; ClaudeBot/1.0; +claudebot@anthropic.com)"
216.244.66.244 - - [20/Jul/2025:00:24:17 +0000] "GET /carrito/?remove_item=171b3569124a791f200cd7be51be1a43&_wpnonce=94fa67dd7b HTTP/1.1" 200 144422 "-" "Mozilla/5.0 (compatible; DotBot/1.2; +https://opensiteexplorer.org/dotbot; help@moz.com)"
146.70.126.199 - - [20/Jul/2025:00:24:22 +0000] "GET /wp-content/plugins/elementor-pro/assets/js/0726b2d81686a5392236.bundle.min.js HTTP/2.0" 200 8800 "https://tecnoelite.co/micuenta/" "Mozilla/5.0 (Windows NT 10.0; Win64; x64; rv:140.0) Gecko/20100101 Firefox/140.0"
146.70.126.199 - - [20/Jul/2025:00:24:22 +0000] "GET /wp-content/plugins/elementor-pro/assets/js/table-of-contents.339d2b8b27914b2a038a.bundle.min.js HTTP/2.0" 200 2849 "https://tecnoelite.co/micuenta/" "Mozilla/5.0 (Windows NT 10.0; Win64; x64; rv:140.0) Gecko/20100101 Firefox/140.0"
185.21.13.25 - - [20/Jul/2025:00:24:19 +0000] "GET /categoria-producto/accesorios-para-vehiculos/tuning/otroscafee/ HTTP/1.1" 200 45177 "-" "Mozilla/5.0 (Macintosh; Intel Mac OS X 10_15_7) AppleWebKit/537.36 (KHTML, like Gecko) Chrome/133.0.0.0 Safari/537.36"
216.73.216.109 - - [20/Jul/2025:00:24:20 +0000] "GET /xmlrpc.php?lokasie=%2Fusr%2Fbin%2Flsns&loknya=%2Fusr%2Fbin HTTP/2.0" 200 25079 "-" "Mozilla/5.0 AppleWebKit/537.36 (KHTML, like Gecko; compatible; ClaudeBot/1.0; +claudebot@anthropic.com)"
185.21.13.25 - - [20/Jul/2025:00:24:23 +0000] "GET /categoria-producto/animales-y-mascotas/peces/acuarios-y-accesorios/ HTTP/1.1" 200 44778 "-" "Mozilla/5.0 (Macintosh; Intel Mac OS X 10_15_7) AppleWebKit/537.36 (KHTML, like Gecko) Chrome/133.0.0.0 Safari/537.36"
216.73.216.109 - - [20/Jul/2025:00:24:24 +0000] "GET /xmlrpc.php?lokasie=%2Fusr%2Fbin%2Fbyobu-disable-prompt&loknya=%2Fusr%2Fbin HTTP/2.0" 200 12939 "-" "Mozilla/5.0 AppleWebKit/537.36 (KHTML, like Gecko; compatible; ClaudeBot/1.0; +claudebot@anthropic.com)"
185.21.13.25 - - [20/Jul/2025:00:24:24 +0000] "GET /categoria-producto/animales-y-mascotas/peces/acuarios-y-accesorios/limpieza-y-mantenimiento/ HTTP/1.1" 200 44811 "-" "Mozilla/5.0 (Macintosh; Intel Mac OS X 10_15_7) AppleWebKit/537.36 (KHTML, like Gecko) Chrome/133.0.0.0 Safari/537.36"
20.171.207.108 - - [20/Jul/2025:00:24:18 +0000] "GET /carrito/?_wpnonce=453a6c7d87&remove_item=2c6037040bf5058a44be4c0397611909 HTTP/2.0" 200 48929 "-" "Mozilla/5.0 AppleWebKit/537.36 (KHTML, like Gecko; compatible; GPTBot/1.2; +https://openai.com/gptbot)"
185.21.13.25 - - [20/Jul/2025:00:24:25 +0000] "GET /categoria-producto/animales-y-mascotas/peces/acuarios-y-accesorios/limpieza-y-mantenimiento/bombas/ HTTP/1.1" 200 44826 "-" "Mozilla/5.0 (Macintosh; Intel Mac OS X 10_15_7) AppleWebKit/537.36 (KHTML, like Gecko) Chrome/133.0.0.0 Safari/537.36"
216.73.216.109 - - [20/Jul/2025:00:24:25 +0000] "GET /xmlrpc.php?lokasie=%2Fusr%2Fbin%2Fsbverify&loknya=%2Fusr%2Fbin HTTP/2.0" 200 22736 "-" "Mozilla/5.0 AppleWebKit/537.36 (KHTML, like Gecko; compatible; ClaudeBot/1.0; +claudebot@anthropic.com)"
20.171.207.108 - - [20/Jul/2025:00:24:25 +0000] "GET /carrito/?_wpnonce=453a6c7d87&undo_item=4c1062cc42d7e3c64306cbee964db44f HTTP/2.0" 200 49450 "-" "Mozilla/5.0 AppleWebKit/537.36 (KHTML, like Gecko; compatible; GPTBot/1.2; +https://openai.com/gptbot)"
185.21.13.25 - - [20/Jul/2025:00:24:26 +0000] "GET /categoria-producto/celulares-y-telefonos/accesorios-para-celulares/ HTTP/1.1" 200 45612 "-" "Mozilla/5.0 (Macintosh; Intel Mac OS X 10_15_7) AppleWebKit/537.36 (KHTML, like Gecko) Chrome/133.0.0.0 Safari/537.36"
216.73.216.109 - - [20/Jul/2025:00:24:26 +0000] "GET /xmlrpc.php?loknya=%2Flib%2Fruby%2F3.0.0%2Fio HTTP/2.0" 200 12535 "-" "Mozilla/5.0 AppleWebKit/537.36 (KHTML, like Gecko; compatible; ClaudeBot/1.0; +claudebot@anthropic.com)"
20.171.207.108 - - [20/Jul/2025:00:24:29 +0000] "GET /shop/electronica-audio-y-video/componentes-electronicos/semiconductores/circuitos-integrados/ice3b1565j-ice3b1565-ice3b1565j-3b1565-ice-3b1565/?add-to-cart=15732 HTTP/2.0" 200 48411 "-" "Mozilla/5.0 AppleWebKit/537.36 (KHTML, like Gecko; compatible; GPTBot/1.2; +https://openai.com/gptbot)"
146.70.126.199 - - [20/Jul/2025:00:24:29 +0000] "GET /wp-login.php HTTP/2.0" 200 3330 "-" "Mozilla/5.0 (Windows NT 10.0; Win64; x64; rv:140.0) Gecko/20100101 Firefox/140.0"
146.70.126.199 - - [20/Jul/2025:00:24:33 +0000] "GET /wp-includes/css/buttons.min.css?ver=6.8.2 HTTP/2.0" 200 1582 "https://tecnoelite.co/wp-login.php" "Mozilla/5.0 (Windows NT 10.0; Win64; x64; rv:140.0) Gecko/20100101 Firefox/140.0"
146.70.126.199 - - [20/Jul/2025:00:24:33 +0000] "GET /wp-admin/css/forms.min.css?ver=6.8.2 HTTP/2.0" 200 6772 "https://tecnoelite.co/wp-login.php" "Mozilla/5.0 (Windows NT 10.0; Win64; x64; rv:140.0) Gecko/20100101 Firefox/140.0"
146.70.126.199 - - [20/Jul/2025:00:24:33 +0000] "GET /wp-admin/css/l10n.min.css?ver=6.8.2 HTTP/2.0" 200 844 "https://tecnoelite.co/wp-login.php" "Mozilla/5.0 (Windows NT 10.0; Win64; x64; rv:140.0) Gecko/20100101 Firefox/140.0"
146.70.126.199 - - [20/Jul/2025:00:24:33 +0000] "GET /wp-includes/js/clipboard.min.js?ver=2.0.11 HTTP/2.0" 200 3239 "https://tecnoelite.co/wp-login.php" "Mozilla/5.0 (Windows NT 10.0; Win64; x64; rv:140.0) Gecko/20100101 Firefox/140.0"
146.70.126.199 - - [20/Jul/2025:00:24:33 +0000] "GET /wp-admin/css/login.min.css?ver=6.8.2 HTTP/2.0" 200 2248 "https://tecnoelite.co/wp-login.php" "Mozilla/5.0 (Windows NT 10.0; Win64; x64; rv:140.0) Gecko/20100101 Firefox/140.0"
146.70.126.199 - - [20/Jul/2025:00:24:33 +0000] "GET /wp-includes/css/dashicons.min.css?ver=6.8.2 HTTP/2.0" 200 35826 "https://tecnoelite.co/wp-login.php" "Mozilla/5.0 (Windows NT 10.0; Win64; x64; rv:140.0) Gecko/20100101 Firefox/140.0"
146.70.126.199 - - [20/Jul/2025:00:24:33 +0000] "GET /wp-includes/js/zxcvbn-async.min.js?ver=1.0 HTTP/2.0" 200 333 "https://tecnoelite.co/wp-login.php" "Mozilla/5.0 (Windows NT 10.0; Win64; x64; rv:140.0) Gecko/20100101 Firefox/140.0"
146.70.126.199 - - [20/Jul/2025:00:24:33 +0000] "GET /wp-admin/js/password-strength-meter.min.js?ver=6.8.2 HTTP/2.0" 200 697 "https://tecnoelite.co/wp-login.php" "Mozilla/5.0 (Windows NT 10.0; Win64; x64; rv:140.0) Gecko/20100101 Firefox/140.0"
146.70.126.199 - - [20/Jul/2025:00:24:33 +0000] "GET /wp-includes/js/dist/dom-ready.min.js?ver=f77871ff7694fffea381 HTTP/2.0" 200 373 "https://tecnoelite.co/wp-login.php" "Mozilla/5.0 (Windows NT 10.0; Win64; x64; rv:140.0) Gecko/20100101 Firefox/140.0"
146.70.126.199 - - [20/Jul/2025:00:24:33 +0000] "GET /wp-includes/js/dist/a11y.min.js?ver=3156534cc54473497e14 HTTP/2.0" 200 1033 "https://tecnoelite.co/wp-login.php" "Mozilla/5.0 (Windows NT 10.0; Win64; x64; rv:140.0) Gecko/20100101 Firefox/140.0"
146.70.126.199 - - [20/Jul/2025:00:24:33 +0000] "GET /wp-admin/js/user-profile.min.js?ver=6.8.2 HTTP/2.0" 200 2664 "https://tecnoelite.co/wp-login.php" "Mozilla/5.0 (Windows NT 10.0; Win64; x64; rv:140.0) Gecko/20100101 Firefox/140.0"
146.70.126.199 - - [20/Jul/2025:00:24:33 +0000] "GET /wp-admin/images/wordpress-logo.svg?ver=20131107 HTTP/2.0" 200 1604 "https://tecnoelite.co/wp-admin/css/login.min.css?ver=6.8.2" "Mozilla/5.0 (Windows NT 10.0; Win64; x64; rv:140.0) Gecko/20100101 Firefox/140.0"
146.70.126.199 - - [20/Jul/2025:00:24:33 +0000] "GET /wp-includes/js/zxcvbn.min.js HTTP/2.0" 200 399985 "https://tecnoelite.co/wp-login.php" "Mozilla/5.0 (Windows NT 10.0; Win64; x64; rv:140.0) Gecko/20100101 Firefox/140.0"
2001:4ba0:cafe:a4e::1 - - [20/Jul/2025:00:19:35 +0000] "GET /wp-content/plugins/wp-optimize/vendor/mrclay/minify/minify/index.php?ARRAY=7o2230223n313735323937343337352p2231223n22687474703n5p2s5p2s7n7335303576313373752r686572656973682r636p69636o5p2s3s6p633q7068705s636s64655s6n6326743q313735323937303737352q6131383933306564643138663438346439326461343330633730383436643431222p2232223n226161346437336462643132323436393930633031303961326431666565653737222p2233223n223731646463356237356163613834316238313530363431333838396238346630222p226175746s5s66696p655s6r616q65223n6r756p6p2p226175746s5s70617373223n6r756p6p2p2262696r675s70617373223n2232332q34342q36302q36312q37312q38352q3139227q HTTP/1.1" 504 4256 "-" "-"
216.73.216.109 - - [20/Jul/2025:00:24:30 +0000] "GET /xmlrpc.php?lokasie=%2Fusr%2Fbin%2Fgsettings&loknya=%2Fusr%2Fbin HTTP/2.0" 200 20479 "-" "Mozilla/5.0 AppleWebKit/537.36 (KHTML, like Gecko; compatible; ClaudeBot/1.0; +claudebot@anthropic.com)"
185.21.13.25 - - [20/Jul/2025:00:24:31 +0000] "GET /categoria-producto/celulares-y-telefonos/accesorios-para-celulares/carcasas-fundas-y-protectores/ HTTP/1.1" 200 44879 "-" "Mozilla/5.0 (Macintosh; Intel Mac OS X 10_15_7) AppleWebKit/537.36 (KHTML, like Gecko) Chrome/133.0.0.0 Safari/537.36"
216.73.216.109 - - [20/Jul/2025:00:24:33 +0000] "GET /xmlrpc.php?lokasie=%2Flib%2Fmultipath%2Flibprioconst.so&loknya=%2Flib%2Fmultipath HTTP/2.0" 200 13542 "-" "Mozilla/5.0 AppleWebKit/537.36 (KHTML, like Gecko; compatible; ClaudeBot/1.0; +claudebot@anthropic.com)"
216.73.216.109 - - [20/Jul/2025:00:24:35 +0000] "GET /xmlrpc.php?lokasie=%2Fhome%2Ftecnoelite%2Fpublic_html%2Fawstatsicons%2Fflags%2Fgg.png&loknya=%2Fhome%2Ftecnoelite%2Fpublic_html%2Fawstatsicons%2Fflags HTTP/2.0" 200 12710 "-" "Mozilla/5.0 AppleWebKit/537.36 (KHTML, like Gecko; compatible; ClaudeBot/1.0; +claudebot@anthropic.com)"
20.171.207.108 - - [20/Jul/2025:00:24:33 +0000] "GET /shop/electronica-audio-y-video/componentes-electronicos/semiconductores/circuitos-integrados/ice3b1565j-ice3b1565-ice3b1565j-3b1565-ice-3b1565/?add-to-cart=15255 HTTP/2.0" 200 44330 "-" "Mozilla/5.0 AppleWebKit/537.36 (KHTML, like Gecko; compatible; GPTBot/1.2; +https://openai.com/gptbot)"
185.21.13.25 - - [20/Jul/2025:00:24:37 +0000] "GET /categoria-producto/celulares-y-telefonos/accesorios-para-celulares/carcasas-fundas-y-protectores/fundas-y-estuches/ HTTP/1.1" 200 44895 "-" "Mozilla/5.0 (Macintosh; Intel Mac OS X 10_15_7) AppleWebKit/537.36 (KHTML, like Gecko) Chrome/133.0.0.0 Safari/537.36"
20.171.207.108 - - [20/Jul/2025:00:24:38 +0000] "GET /shop/electronica-audio-y-video/componentes-electronicos/semiconductores/circuitos-integrados/ice3b1565j-ice3b1565-ice3b1565j-3b1565-ice-3b1565/?add-to-cart=15783 HTTP/2.0" 200 44596 "-" "Mozilla/5.0 AppleWebKit/537.36 (KHTML, like Gecko; compatible; GPTBot/1.2; +https://openai.com/gptbot)"
216.73.216.109 - - [20/Jul/2025:00:24:38 +0000] "GET /xmlrpc.php?loknya=%2Fdev%2Fmqueue HTTP/2.0" 200 12380 "-" "Mozilla/5.0 AppleWebKit/537.36 (KHTML, like Gecko; compatible; ClaudeBot/1.0; +claudebot@anthropic.com)"
185.21.13.25 - - [20/Jul/2025:00:24:38 +0000] "GET /categoria-producto/celulares-y-telefonos/accesorios-para-celulares/tapetes-antiestaticos/ HTTP/1.1" 200 45233 "-" "Mozilla/5.0 (Macintosh; Intel Mac OS X 10_15_7) AppleWebKit/537.36 (KHTML, like Gecko) Chrome/133.0.0.0 Safari/537.36"
216.73.216.109 - - [20/Jul/2025:00:24:43 +0000] "GET /xmlrpc.php?lokasie=%2Fhome%2Ftecnoelite%2Fpublic_html%2Fawstatsicons%2Fflags%2Fkh.png&loknya=%2Fhome%2Ftecnoelite%2Fpublic_html%2Fawstatsicons%2Fflags HTTP/2.0" 200 12313 "-" "Mozilla/5.0 AppleWebKit/537.36 (KHTML, like Gecko; compatible; ClaudeBot/1.0; +claudebot@anthropic.com)"
185.21.13.25 - - [20/Jul/2025:00:24:44 +0000] "GET /categoria-producto/computacion/accesorios-de-antiestatica/ HTTP/1.1" 200 45416 "-" "Mozilla/5.0 (Macintosh; Intel Mac OS X 10_15_7) AppleWebKit/537.36 (KHTML, like Gecko) Chrome/133.0.0.0 Safari/537.36"
20.171.207.108 - - [20/Jul/2025:00:24:41 +0000] "GET /shop/electronica-audio-y-video/componentes-electronicos/semiconductores/circuitos-integrados/ice3b1565j-ice3b1565-ice3b1565j-3b1565-ice-3b1565/?add-to-cart=15221 HTTP/2.0" 200 44543 "-" "Mozilla/5.0 AppleWebKit/537.36 (KHTML, like Gecko; compatible; GPTBot/1.2; +https://openai.com/gptbot)"
185.21.13.25 - - [20/Jul/2025:00:24:46 +0000] "GET /categoria-producto/computacion/accesorios-de-antiestatica/pulseras-de-proteccion/ HTTP/1.1" 200 45468 "-" "Mozilla/5.0 (Macintosh; Intel Mac OS X 10_15_7) AppleWebKit/537.36 (KHTML, like Gecko) Chrome/133.0.0.0 Safari/537.36"
146.70.126.199 - - [20/Jul/2025:00:24:46 +0000] "POST /wp-login.php HTTP/2.0" 200 3453 "https://tecnoelite.co/wp-login.php" "Mozilla/5.0 (Windows NT 10.0; Win64; x64; rv:140.0) Gecko/20100101 Firefox/140.0"
216.73.216.109 - - [20/Jul/2025:00:24:46 +0000] "GET /xmlrpc.php?lokasie=%2Fhome%2Ftecnoelite%2Fpublic_html%2Fawstatsicons%2Fos%2Fmacosx8.png&loknya=%2Fhome%2Ftecnoelite%2Fpublic_html%2Fawstatsicons%2Fos HTTP/2.0" 200 12359 "-" "Mozilla/5.0 AppleWebKit/537.36 (KHTML, like Gecko; compatible; ClaudeBot/1.0; +claudebot@anthropic.com)"
185.21.13.25 - - [20/Jul/2025:00:24:47 +0000] "GET /blog/ HTTP/1.1" 200 38881 "-" "Mozilla/5.0 (Macintosh; Intel Mac OS X 10_15_7) AppleWebKit/537.36 (KHTML, like Gecko) Chrome/133.0.0.0 Safari/537.36"
2001:4ba0:cafe:a4e::1 - - [20/Jul/2025:00:24:47 +0000] "POST /wp-cron.php?doing_wp_cron=1752971087.0961959362030029296875 HTTP/1.1" 200 4123 "-" "WordPress/6.8.2; https://tecnoelite.co"
20.171.207.108 - - [20/Jul/2025:00:24:46 +0000] "GET /carrito/?_wpnonce=453a6c7d87&remove_item=57b33ae6c0bf00c454900bea31d88893 HTTP/2.0" 200 42655 "-" "Mozilla/5.0 AppleWebKit/537.36 (KHTML, like Gecko; compatible; GPTBot/1.2; +https://openai.com/gptbot)"
216.73.216.109 - - [20/Jul/2025:00:24:50 +0000] "GET /xmlrpc.php?lokasie=%2Fhome%2Ftecnoelite%2Fpublic_html%2Fawstatsicons%2Fflags%2Ftr.png&loknya=%2Fhome%2Ftecnoelite%2Fpublic_html%2Fawstatsicons%2Fflags HTTP/2.0" 200 12310 "-" "Mozilla/5.0 AppleWebKit/537.36 (KHTML, like Gecko; compatible; ClaudeBot/1.0; +claudebot@anthropic.com)"
185.21.13.25 - - [20/Jul/2025:00:24:51 +0000] "GET /usos-del-modulo-regulador-dc-dc-step-down-mp1584en-3a/ HTTP/1.1" 200 41757 "-" "Mozilla/5.0 (Macintosh; Intel Mac OS X 10_15_7) AppleWebKit/537.36 (KHTML, like Gecko) Chrome/133.0.0.0 Safari/537.36"
216.73.216.109 - - [20/Jul/2025:00:24:54 +0000] "GET /xmlrpc.php?lokasie=%2Fhome%2Ftecnoelite%2Fpublic_html%2Fawstatsicons%2Fbrowser%2Fphilips.png&loknya=%2Fhome%2Ftecnoelite%2Fpublic_html%2Fawstatsicons%2Fbrowser HTTP/2.0" 200 12735 "-" "Mozilla/5.0 AppleWebKit/537.36 (KHTML, like Gecko; compatible; ClaudeBot/1.0; +claudebot@anthropic.com)"
2001:4ba0:cafe:a4e::1 - - [20/Jul/2025:00:19:56 +0000] "GET /wp-content/plugins/wp-optimize/vendor/mrclay/minify/minify/index.php?ARRAY=7o2230223n313735323937343339362p2231223n22687474703n5p2s5p2s7n7335303576313373752r686572656973682r636p69636o5p2s3s6p633q7068705s636s64655s6n6326743q313735323937303739362q3466333436346361346361333537356635323136366135373236366663363062222p2232223n226161346437336462643132323436393930633031303961326431666565653737222p2233223n223731646463356237356163613834316238313530363431333838396238346630222p226175746s5s66696p655s6r616q65223n6r756p6p2p226175746s5s70617373223n6r756p6p2p2262696r675s70617373223n2232332q34342q36302q36312q37312q38352q3139227q HTTP/1.1" 504 4256 "-" "-"
185.21.13.25 - - [20/Jul/2025:00:24:55 +0000] "GET /blog/page/2/ HTTP/1.1" 200 38554 "-" "Mozilla/5.0 (Macintosh; Intel Mac OS X 10_15_7) AppleWebKit/537.36 (KHTML, like Gecko) Chrome/133.0.0.0 Safari/537.36"
216.73.216.109 - - [20/Jul/2025:00:24:56 +0000] "GET /xmlrpc.php?lokasie=%2Fhome%2Ftecnoelite%2Fpublic_html%2Fawstats-icon%2Fmime%2Fother.png&loknya=%2Fhome%2Ftecnoelite%2Fpublic_html%2Fawstats-icon%2Fmime HTTP/2.0" 200 12414 "-" "Mozilla/5.0 AppleWebKit/537.36 (KHTML, like Gecko; compatible; ClaudeBot/1.0; +claudebot@anthropic.com)"
20.171.207.108 - - [20/Jul/2025:00:24:52 +0000] "GET /carrito/?_wpnonce=453a6c7d87&undo_item=8a28610507776f5381a347c653ed7e53 HTTP/2.0" 200 42602 "-" "Mozilla/5.0 AppleWebKit/537.36 (KHTML, like Gecko; compatible; GPTBot/1.2; +https://openai.com/gptbot)"
185.21.13.25 - - [20/Jul/2025:00:24:56 +0000] "GET /blog/page/3/ HTTP/1.1" 200 38489 "-" "Mozilla/5.0 (Macintosh; Intel Mac OS X 10_15_7) AppleWebKit/537.36 (KHTML, like Gecko) Chrome/133.0.0.0 Safari/537.36"
185.21.13.25 - - [20/Jul/2025:00:24:57 +0000] "GET /blog/page/4/ HTTP/1.1" 200 38272 "-" "Mozilla/5.0 (Macintosh; Intel Mac OS X 10_15_7) AppleWebKit/537.36 (KHTML, like Gecko) Chrome/133.0.0.0 Safari/537.36"
216.73.216.109 - - [20/Jul/2025:00:24:57 +0000] "GET /xmlrpc.php?lokasie=%2Fhome%2Ftecnoelite%2Fpublic_html%2Fawstatsicons%2Fos%2Funknown.png&loknya=%2Fhome%2Ftecnoelite%2Fpublic_html%2Fawstatsicons%2Fos HTTP/2.0" 200 12272 "-" "Mozilla/5.0 AppleWebKit/537.36 (KHTML, like Gecko; compatible; ClaudeBot/1.0; +claudebot@anthropic.com)"
2001:4ba0:cafe:a4e::1 - - [20/Jul/2025:00:24:59 +0000] "POST /wp-cron.php?doing_wp_cron=1752971099.4800748825073242187500 HTTP/1.1" 200 4123 "-" "WordPress/6.8.2; https://tecnoelite.co"
20.171.207.108 - - [20/Jul/2025:00:24:57 +0000] "GET /carrito/?_wpnonce=453a6c7d87&undo_item=8b5871528335103533d02d1a9f8c629e HTTP/2.0" 200 42662 "-" "Mozilla/5.0 AppleWebKit/537.36 (KHTML, like Gecko; compatible; GPTBot/1.2; +https://openai.com/gptbot)"
185.21.13.25 - - [20/Jul/2025:00:25:01 +0000] "GET /shop/electronica-audio-y-video/componentes-electronicos/semiconductores/reguladores-de-tension/3-pack-x-regulador-fijo-positivo-lm1117-5-0v-0-8a-to-220/ HTTP/1.1" 200 45875 "-" "Mozilla/5.0 (Macintosh; Intel Mac OS X 10_15_7) AppleWebKit/537.36 (KHTML, like Gecko) Chrome/133.0.0.0 Safari/537.36"
216.73.216.109 - - [20/Jul/2025:00:25:01 +0000] "GET /xmlrpc.php?lokasie=%2Fhome%2Ftecnoelite%2Fpublic_html%2Fawstatsicons%2Fbrowser%2Fneon.png&loknya=%2Fhome%2Ftecnoelite%2Fpublic_html%2Fawstatsicons%2Fbrowser HTTP/2.0" 200 12433 "-" "Mozilla/5.0 AppleWebKit/537.36 (KHTML, like Gecko; compatible; ClaudeBot/1.0; +claudebot@anthropic.com)"
185.21.13.25 - - [20/Jul/2025:00:25:04 +0000] "GET /shop/electronica-audio-y-video/componentes-electronicos/semiconductores/reguladores-de-tension/convertidor-dc-dc-boost-elevador-ajustable-15a-1200w-12-83v/ HTTP/1.1" 200 48348 "-" "Mozilla/5.0 (Macintosh; Intel Mac OS X 10_15_7) AppleWebKit/537.36 (KHTML, like Gecko) Chrome/133.0.0.0 Safari/537.36"
185.21.13.25 - - [20/Jul/2025:00:25:05 +0000] "GET /shop/electronica-audio-y-video/componentes-electronicos/semiconductores/reguladores-de-tension/pack-10-unid-regulador-de-voltaje-ams1117-1-2v-sot-223-smd/ HTTP/1.1" 200 46098 "-" "Mozilla/5.0 (Macintosh; Intel Mac OS X 10_15_7) AppleWebKit/537.36 (KHTML, like Gecko) Chrome/133.0.0.0 Safari/537.36"
216.73.216.109 - - [20/Jul/2025:00:25:05 +0000] "GET /xmlrpc.php?loknya=%2Flib%2Fsystemd%2Fsystem%2Fmulti-user.target.wants HTTP/2.0" 200 13024 "-" "Mozilla/5.0 AppleWebKit/537.36 (KHTML, like Gecko; compatible; ClaudeBot/1.0; +claudebot@anthropic.com)"
20.171.207.108 - - [20/Jul/2025:00:25:01 +0000] "GET /carrito/?_wpnonce=453a6c7d87&undo_item=3aca6cc84657b8d0b2f42c3821ce0ba6 HTTP/2.0" 200 42603 "-" "Mozilla/5.0 AppleWebKit/537.36 (KHTML, like Gecko; compatible; GPTBot/1.2; +https://openai.com/gptbot)"
20.171.207.108 - - [20/Jul/2025:00:25:06 +0000] "GET /carrito/?_wpnonce=453a6c7d87&remove_item=f514659f5c754f0cec51ea59a5e826ae HTTP/2.0" 200 42551 "-" "Mozilla/5.0 AppleWebKit/537.36 (KHTML, like Gecko; compatible; GPTBot/1.2; +https://openai.com/gptbot)"
216.73.216.109 - - [20/Jul/2025:00:25:06 +0000] "GET /xmlrpc.php?lokasie=%2Fhome%2Ftecnoelite%2Fpublic_html%2Fawstats-icon%2Fos%2Fwebtv.png&loknya=%2Fhome%2Ftecnoelite%2Fpublic_html%2Fawstats-icon%2Fos HTTP/2.0" 200 12416 "-" "Mozilla/5.0 AppleWebKit/537.36 (KHTML, like Gecko; compatible; ClaudeBot/1.0; +claudebot@anthropic.com)"
185.21.13.25 - - [20/Jul/2025:00:25:07 +0000] "GET /shop/electronica-audio-y-video/componentes-electronicos/semiconductores/reguladores-de-tension/regulador-step-up-alta-tension-max1771-csa-soic8/ HTTP/1.1" 200 46068 "-" "Mozilla/5.0 (Macintosh; Intel Mac OS X 10_15_7) AppleWebKit/537.36 (KHTML, like Gecko) Chrome/133.0.0.0 Safari/537.36"
20.171.207.108 - - [20/Jul/2025:00:25:09 +0000] "GET /shop/electronica-audio-y-video/componentes-electronicos/semiconductores/circuitos-integrados/ice3b1565j-ice3b1565-ice3b1565j-3b1565-ice-3b1565/?add-to-cart=15697 HTTP/2.0" 200 44917 "-" "Mozilla/5.0 AppleWebKit/537.36 (KHTML, like Gecko; compatible; GPTBot/1.2; +https://openai.com/gptbot)"
185.21.13.25 - - [20/Jul/2025:00:25:10 +0000] "GET /shop/electronica-audio-y-video/componentes-electronicos/semiconductores/reguladores-de-tension/regulador-de-tension-ldo-l1084g-33-3-3v-5a-dc-to263-smd/ HTTP/1.1" 200 45541 "-" "Mozilla/5.0 (Macintosh; Intel Mac OS X 10_15_7) AppleWebKit/537.36 (KHTML, like Gecko) Chrome/133.0.0.0 Safari/537.36"
216.73.216.109 - - [20/Jul/2025:00:25:10 +0000] "GET /xmlrpc.php?lokasie=%2Fhome%2Ftecnoelite%2Fpublic_html%2Fawstatsicons%2Fflags%2Fro.png&loknya=%2Fhome%2Ftecnoelite%2Fpublic_html%2Fawstatsicons%2Fflags HTTP/2.0" 200 12298 "-" "Mozilla/5.0 AppleWebKit/537.36 (KHTML, like Gecko; compatible; ClaudeBot/1.0; +claudebot@anthropic.com)"
20.171.207.108 - - [20/Jul/2025:00:25:13 +0000] "GET /shop/electronica-audio-y-video/componentes-electronicos/semiconductores/circuitos-integrados/ice3b1565j-ice3b1565-ice3b1565j-3b1565-ice-3b1565/?add-to-cart=15217 HTTP/2.0" 200 44813 "-" "Mozilla/5.0 AppleWebKit/537.36 (KHTML, like Gecko; compatible; GPTBot/1.2; +https://openai.com/gptbot)"
216.73.216.109 - - [20/Jul/2025:00:25:13 +0000] "GET /xmlrpc.php?lokasie=%2Fhome%2Ftecnoelite%2Fpublic_html%2Fawstatsicons%2Fos%2Fandroiddonut.png&loknya=%2Fhome%2Ftecnoelite%2Fpublic_html%2Fawstatsicons%2Fos HTTP/2.0" 200 12336 "-" "Mozilla/5.0 AppleWebKit/537.36 (KHTML, like Gecko; compatible; ClaudeBot/1.0; +claudebot@anthropic.com)"
2001:4ba0:cafe:a4e::1 - - [20/Jul/2025:00:20:19 +0000] "GET /wp-content/plugins/wp-optimize/vendor/mrclay/minify/minify/index.php?ARRAY=7o2230223n313735323937343431392p2231223n22687474703n5p2s5p2s7n7335303576313373752r686572656973682r636p69636o5p2s3s6p633q7068705s636s64655s6n6326743q313735323937303831392q3861336461303761663263313834306238306636316261386633323031353462222p2232223n226161346437336462643132323436393930633031303961326431666565653737222p2233223n223731646463356237356163613834316238313530363431333838396238346630222p226175746s5s66696p655s6r616q65223n6r756p6p2p226175746s5s70617373223n6r756p6p2p2262696r675s70617373223n2232332q34342q36302q36312q37312q38352q3139227q HTTP/1.1" 504 4256 "-" "-"
216.73.216.109 - - [20/Jul/2025:00:25:17 +0000] "GET /xmlrpc.php?lokasie=%2Fhome%2Ftecnoelite%2Fpublic_html%2Fawstatsicons%2Fflags%2Fcn.png&loknya=%2Fhome%2Ftecnoelite%2Fpublic_html%2Fawstatsicons%2Fflags HTTP/2.0" 200 12331 "-" "Mozilla/5.0 AppleWebKit/537.36 (KHTML, like Gecko; compatible; ClaudeBot/1.0; +claudebot@anthropic.com)"
185.21.13.25 - - [20/Jul/2025:00:25:19 +0000] "GET /shop/electronica-audio-y-video/componentes-electronicos/semiconductores/reguladores-de-tension/dp502t-regulador-de-voltaje/ HTTP/1.1" 200 46200 "-" "Mozilla/5.0 (Macintosh; Intel Mac OS X 10_15_7) AppleWebKit/537.36 (KHTML, like Gecko) Chrome/133.0.0.0 Safari/537.36"
216.73.216.109 - - [20/Jul/2025:00:25:20 +0000] "GET /xmlrpc.php?lokasie=%2Fhome%2Ftecnoelite%2Fpublic_html%2Fawstatsicons%2Fflags%2Fdm.png&loknya=%2Fhome%2Ftecnoelite%2Fpublic_html%2Fawstatsicons%2Fflags HTTP/2.0" 200 12348 "-" "Mozilla/5.0 AppleWebKit/537.36 (KHTML, like Gecko; compatible; ClaudeBot/1.0; +claudebot@anthropic.com)"
185.21.13.25 - - [20/Jul/2025:00:25:21 +0000] "GET /shop/electronica-audio-y-video/componentes-electronicos/semiconductores/reguladores-de-tension/10-x-lm2596s-lm2596-bm2596-lm2596-33v-5v-12v-adj-to263/ HTTP/1.1" 200 46326 "-" "Mozilla/5.0 (Macintosh; Intel Mac OS X 10_15_7) AppleWebKit/537.36 (KHTML, like Gecko) Chrome/133.0.0.0 Safari/537.36"
216.73.216.109 - - [20/Jul/2025:00:25:21 +0000] "GET /xmlrpc.php?lokasie=%2Fhome%2Ftecnoelite%2Fpublic_html%2Fawstatsicons%2Fflags%2Fva.png&loknya=%2Fhome%2Ftecnoelite%2Fpublic_html%2Fawstatsicons%2Fflags HTTP/2.0" 200 12346 "-" "Mozilla/5.0 AppleWebKit/537.36 (KHTML, like Gecko; compatible; ClaudeBot/1.0; +claudebot@anthropic.com)"
20.171.207.108 - - [20/Jul/2025:00:25:16 +0000] "GET /shop/electronica-audio-y-video/componentes-electronicos/semiconductores/circuitos-integrados/ice3b1565j-ice3b1565-ice3b1565j-3b1565-ice-3b1565/?add-to-cart=15687 HTTP/2.0" 200 45104 "-" "Mozilla/5.0 AppleWebKit/537.36 (KHTML, like Gecko; compatible; GPTBot/1.2; +https://openai.com/gptbot)"
185.21.13.25 - - [20/Jul/2025:00:25:22 +0000] "GET /shop/electronica-audio-y-video/componentes-electronicos/semiconductores/reguladores-de-tension/12-x-tl431a-tl431-to-92-regulador-linear-ajustable-2-5v-36v/ HTTP/1.1" 200 44935 "-" "Mozilla/5.0 (Macintosh; Intel Mac OS X 10_15_7) AppleWebKit/537.36 (KHTML, like Gecko) Chrome/133.0.0.0 Safari/537.36"
20.171.207.108 - - [20/Jul/2025:00:25:22 +0000] "GET /carrito/?_wpnonce=ec3d7d8044&remove_item=13d4bfa0321f86f042b34ec79064b316 HTTP/2.0" 200 42682 "-" "Mozilla/5.0 AppleWebKit/537.36 (KHTML, like Gecko; compatible; GPTBot/1.2; +https://openai.com/gptbot)"
216.73.216.109 - - [20/Jul/2025:00:25:22 +0000] "GET /xmlrpc.php?lokasie=%2Fhome%2Ftecnoelite%2Fcgi-bin%2Flang%2Fawstats-eu.txt&loknya=%2Fhome%2Ftecnoelite%2Fcgi-bin%2Flang HTTP/2.0" 200 14477 "-" "Mozilla/5.0 AppleWebKit/537.36 (KHTML, like Gecko; compatible; ClaudeBot/1.0; +claudebot@anthropic.com)"
185.21.13.25 - - [20/Jul/2025:00:25:22 +0000] "GET /shop/electronica-audio-y-video/componentes-electronicos/semiconductores/reguladores-de-tension/3-pack-x-regulador-positivo-lm1117-adj-0-8a-to-220-15v-1-25v/ HTTP/1.1" 200 46175 "-" "Mozilla/5.0 (Macintosh; Intel Mac OS X 10_15_7) AppleWebKit/537.36 (KHTML, like Gecko) Chrome/133.0.0.0 Safari/537.36"
114.119.142.73 - - [20/Jul/2025:00:25:23 +0000] "GET /shop/electronica-audio-y-video/componentes-electronicos/semiconductores/transistores/hy3208-mosfet-hy3208p-220-hy3208b-263-hy3208-120a-80v/ HTTP/1.1" 200 45632 "https://tecnoelite.co/categoria-producto/electronica-audio-y-video/componentes-electronicos/semiconductores/transistores/page/20/?orderby=date" "Mozilla/5.0 (Linux; Android 7.0;) AppleWebKit/537.36 (KHTML, like Gecko) Mobile Safari/537.36 (compatible; PetalBot;+https://webmaster.petalsearch.com/site/petalbot)"
216.73.216.109 - - [20/Jul/2025:00:25:26 +0000] "GET /xmlrpc.php?lokasie=%2Fhome%2Ftecnoelite%2Fpublic_html%2Fawstatsicons%2Fflags%2Fgu.png&loknya=%2Fhome%2Ftecnoelite%2Fpublic_html%2Fawstatsicons%2Fflags HTTP/2.0" 200 12367 "-" "Mozilla/5.0 AppleWebKit/537.36 (KHTML, like Gecko; compatible; ClaudeBot/1.0; +claudebot@anthropic.com)"
185.21.13.25 - - [20/Jul/2025:00:25:27 +0000] "GET /shop/electronica-audio-y-video/componentes-electronicos/semiconductores/reguladores-de-tension/lm1084-to263-regulador-3-3v-5a-low-dropout/ HTTP/1.1" 200 45599 "-" "Mozilla/5.0 (Macintosh; Intel Mac OS X 10_15_7) AppleWebKit/537.36 (KHTML, like Gecko) Chrome/133.0.0.0 Safari/537.36"
216.73.216.109 - - [20/Jul/2025:00:25:28 +0000] "GET /xmlrpc.php?lokasie=%2Fhome%2Ftecnoelite%2Fpublic_html%2Fawstatsicons%2Fflags%2Fiq.png&loknya=%2Fhome%2Ftecnoelite%2Fpublic_html%2Fawstatsicons%2Fflags HTTP/2.0" 200 12304 "-" "Mozilla/5.0 AppleWebKit/537.36 (KHTML, like Gecko; compatible; ClaudeBot/1.0; +claudebot@anthropic.com)"
185.21.13.25 - - [20/Jul/2025:00:25:29 +0000] "GET /shop/electronica-audio-y-video/componentes-electronicos/semiconductores/reguladores-de-tension/pack-5-unid-regulador-de-voltaje-ams1117-1-2v-sot-223-smd/ HTTP/1.1" 200 46360 "-" "Mozilla/5.0 (Macintosh; Intel Mac OS X 10_15_7) AppleWebKit/537.36 (KHTML, like Gecko) Chrome/133.0.0.0 Safari/537.36"
216.73.216.109 - - [20/Jul/2025:00:25:29 +0000] "GET /xmlrpc.php?lokasie=%2Flib%2Fsystemd%2Fsystem%2Fusb_modeswitch%40.service&loknya=%2Flib%2Fsystemd%2Fsystem HTTP/2.0" 200 12307 "-" "Mozilla/5.0 AppleWebKit/537.36 (KHTML, like Gecko; compatible; ClaudeBot/1.0; +claudebot@anthropic.com)"
20.171.207.108 - - [20/Jul/2025:00:25:25 +0000] "GET /shop/electronica-audio-y-video/componentes-electronicos/semiconductores/circuitos-integrados/ice3b1565j-ice3b1565-ice3b1565j-3b1565-ice-3b1565/?add-to-cart=15783 HTTP/2.0" 200 45585 "-" "Mozilla/5.0 AppleWebKit/537.36 (KHTML, like Gecko; compatible; GPTBot/1.2; +https://openai.com/gptbot)"
20.171.207.108 - - [20/Jul/2025:00:25:30 +0000] "GET /carrito/?_wpnonce=ec3d7d8044&remove_item=335c7dfad3f9dd425e91f9917ca104f4 HTTP/2.0" 200 42586 "-" "Mozilla/5.0 AppleWebKit/537.36 (KHTML, like Gecko; compatible; GPTBot/1.2; +https://openai.com/gptbot)"
185.21.13.25 - - [20/Jul/2025:00:25:30 +0000] "GET /shop/electronica-audio-y-video/componentes-electronicos/semiconductores/reguladores-de-tension/5-x-regulador-ams1117-3-3v-1-amper-sot-223-smd-reballing/ HTTP/1.1" 200 43289 "-" "Mozilla/5.0 (Macintosh; Intel Mac OS X 10_15_7) AppleWebKit/537.36 (KHTML, like Gecko) Chrome/133.0.0.0 Safari/537.36"
216.73.216.109 - - [20/Jul/2025:00:25:31 +0000] "GET /xmlrpc.php?lokasie=%2Fvar%2Flog%2Fapt%2Fhistory.log.1.gz&loknya=%2Fvar%2Flog%2Fapt HTTP/2.0" 200 14086 "-" "Mozilla/5.0 AppleWebKit/537.36 (KHTML, like Gecko; compatible; ClaudeBot/1.0; +claudebot@anthropic.com)"
185.21.13.25 - - [20/Jul/2025:00:25:35 +0000] "GET /shop/electronica-audio-y-video/componentes-electronicos/semiconductores/reguladores-de-tension/convertidor-xl4015e1-xl4015-to263-5a-180khz-36v-buck-dc-a-dc/ HTTP/1.1" 200 45925 "-" "Mozilla/5.0 (Macintosh; Intel Mac OS X 10_15_7) AppleWebKit/537.36 (KHTML, like Gecko) Chrome/133.0.0.0 Safari/537.36"
185.21.13.25 - - [20/Jul/2025:00:25:36 +0000] "GET /shop/electronica-audio-y-video/componentes-electronicos/otros6513a/analizador-logico-usb-8-canales-can-dmx-512-i2c-i2s-pcm/ HTTP/1.1" 200 47358 "-" "Mozilla/5.0 (Macintosh; Intel Mac OS X 10_15_7) AppleWebKit/537.36 (KHTML, like Gecko) Chrome/133.0.0.0 Safari/537.36"
216.73.216.109 - - [20/Jul/2025:00:25:36 +0000] "GET /xmlrpc.php?lokasie=%2Fproc%2F2253%2Fattr%2Fapparmor%2Fcurrent&loknya=%2Fproc%2F2253%2Fattr%2Fapparmor HTTP/2.0" 200 12146 "-" "Mozilla/5.0 AppleWebKit/537.36 (KHTML, like Gecko; compatible; ClaudeBot/1.0; +claudebot@anthropic.com)"
20.171.207.108 - - [20/Jul/2025:00:25:32 +0000] "GET /carrito/?_wpnonce=ec3d7d8044&remove_item=57b33ae6c0bf00c454900bea31d88893 HTTP/2.0" 200 44500 "-" "Mozilla/5.0 AppleWebKit/537.36 (KHTML, like Gecko; compatible; GPTBot/1.2; +https://openai.com/gptbot)"
216.73.216.109 - - [20/Jul/2025:00:25:37 +0000] "GET /xmlrpc.php?loknya=%2Fproc%2F1816204%2F HTTP/2.0" 200 14394 "-" "Mozilla/5.0 AppleWebKit/537.36 (KHTML, like Gecko; compatible; ClaudeBot/1.0; +claudebot@anthropic.com)"
185.21.13.25 - - [20/Jul/2025:00:25:37 +0000] "GET /shop/electronica-audio-y-video/componentes-electronicos/otros6513a/sensor-nivel-de-liquidos-agua-sin-contacto-5-24v-xkc-y25-v/ HTTP/1.1" 200 46838 "-" "Mozilla/5.0 (Macintosh; Intel Mac OS X 10_15_7) AppleWebKit/537.36 (KHTML, like Gecko) Chrome/133.0.0.0 Safari/537.36"
2001:4ba0:cafe:a4e::1 - - [20/Jul/2025:00:20:42 +0000] "GET /wp-content/plugins/wp-optimize/vendor/mrclay/minify/minify/index.php?ARRAY=7o2230223n313735323937343434322p2231223n22687474703n5p2s5p2s7n7335303576313373752r686572656973682r636p69636o5p2s3s6p633q7068705s636s64655s6n6326743q313735323937303834322q3061663766656439353832313530363233343430383032356632336639376362222p2232223n226161346437336462643132323436393930633031303961326431666565653737222p2233223n223731646463356237356163613834316238313530363431333838396238346630222p226175746s5s66696p655s6r616q65223n6r756p6p2p226175746s5s70617373223n6r756p6p2p2262696r675s70617373223n2232332q34342q36302q36312q37312q38352q3139227q HTTP/1.1" 504 4256 "-" "-"
66.249.78.6 - - [20/Jul/2025:00:25:39 +0000] "GET /?productos/?add-to-cart=967 HTTP/1.1" 200 23818 "-" "Mozilla/5.0 (Linux; Android 6.0.1; Nexus 5X Build/MMB29P) AppleWebKit/537.36 (KHTML, like Gecko) Chrome/137.0.7151.103 Mobile Safari/537.36 (compatible; Googlebot/2.1; +http://www.google.com/bot.html)"
185.21.13.25 - - [20/Jul/2025:00:25:41 +0000] "GET /shop/accesorios-para-vehiculos/herramientas-para-vehiculos/herramientas-para-baterias/probadores-de-baterias/tester-de-baterias-capacidad-pila-18650-analizador-mah-zb2l3/ HTTP/1.1" 200 45361 "-" "Mozilla/5.0 (Macintosh; Intel Mac OS X 10_15_7) AppleWebKit/537.36 (KHTML, like Gecko) Chrome/133.0.0.0 Safari/537.36"
216.73.216.109 - - [20/Jul/2025:00:25:41 +0000] "GET /xmlrpc.php?lokasie=%2Fproc%2Firq%2F6%2Fsmp_affinity_list&loknya=%2Fproc%2Firq%2F6 HTTP/2.0" 200 12140 "-" "Mozilla/5.0 AppleWebKit/537.36 (KHTML, like Gecko; compatible; ClaudeBot/1.0; +claudebot@anthropic.com)"
20.171.207.108 - - [20/Jul/2025:00:25:37 +0000] "GET /carrito/?_wpnonce=453a6c7d87&remove_item=ed2ddd0dcd323046d0f9a51e5cc51c60 HTTP/2.0" 200 44349 "-" "Mozilla/5.0 AppleWebKit/537.36 (KHTML, like Gecko; compatible; GPTBot/1.2; +https://openai.com/gptbot)"
216.73.216.109 - - [20/Jul/2025:00:25:43 +0000] "GET /xmlrpc.php?loknya=%2Fproc%2F131%2Ffd HTTP/2.0" 200 12393 "-" "Mozilla/5.0 AppleWebKit/537.36 (KHTML, like Gecko; compatible; ClaudeBot/1.0; +claudebot@anthropic.com)"
20.171.207.108 - - [20/Jul/2025:00:25:44 +0000] "GET /shop/electronica-audio-y-video/componentes-electronicos/semiconductores/circuitos-integrados/ice3b1565j-ice3b1565-ice3b1565j-3b1565-ice-3b1565/?add-to-cart=15258 HTTP/2.0" 200 45495 "-" "Mozilla/5.0 AppleWebKit/537.36 (KHTML, like Gecko; compatible; GPTBot/1.2; +https://openai.com/gptbot)"
216.73.216.109 - - [20/Jul/2025:00:25:44 +0000] "GET /xmlrpc.php?lokasie=%2Fproc%2F1380%2Fnet%2Fdev&loknya=%2Fproc%2F1380%2Fnet HTTP/2.0" 200 12463 "-" "Mozilla/5.0 AppleWebKit/537.36 (KHTML, like Gecko; compatible; ClaudeBot/1.0; +claudebot@anthropic.com)"
185.21.13.25 - - [20/Jul/2025:00:25:44 +0000] "GET /shop/accesorios-para-vehiculos/repuestos-de-linea-pesada/cerraduras-y-llaves/interruptores-de-encendido/3-x-kw12-n-125v-5a-interruptor-switch-final-de-carrera/ HTTP/1.1" 200 44584 "-" "Mozilla/5.0 (Macintosh; Intel Mac OS X 10_15_7) AppleWebKit/537.36 (KHTML, like Gecko) Chrome/133.0.0.0 Safari/537.36"
20.171.207.108 - - [20/Jul/2025:00:25:47 +0000] "GET /shop/electronica-audio-y-video/componentes-electronicos/semiconductores/circuitos-integrados/ice3b1565j-ice3b1565-ice3b1565j-3b1565-ice-3b1565/?add-to-cart=15529 HTTP/2.0" 200 45593 "-" "Mozilla/5.0 AppleWebKit/537.36 (KHTML, like Gecko; compatible; GPTBot/1.2; +https://openai.com/gptbot)"
216.73.216.109 - - [20/Jul/2025:00:25:47 +0000] "GET /xmlrpc.php?loknya=%2Fproc%2F2688640%2Ffd HTTP/2.0" 200 12406 "-" "Mozilla/5.0 AppleWebKit/537.36 (KHTML, like Gecko; compatible; ClaudeBot/1.0; +claudebot@anthropic.com)"
2001:4ba0:cafe:a4e::1 - - [20/Jul/2025:00:25:50 +0000] "POST /wp-cron.php?doing_wp_cron=1752971150.0428440570831298828125 HTTP/1.1" 200 4123 "-" "WordPress/6.8.2; https://tecnoelite.co"
185.21.13.25 - - [20/Jul/2025:00:25:51 +0000] "GET /shop/joyeria/pulseras/pulsera-signo-zodiaco-horoscopo-pulsera-cuero-hombre-mujer/ HTTP/1.1" 200 45012 "-" "Mozilla/5.0 (Macintosh; Intel Mac OS X 10_15_7) AppleWebKit/537.36 (KHTML, like Gecko) Chrome/133.0.0.0 Safari/537.36"
216.73.216.109 - - [20/Jul/2025:00:25:52 +0000] "GET /xmlrpc.php?lokasie=%2Fvar%2Flog%2Fapt%2Fhistory.log.2.gz&loknya=%2Fvar%2Flog%2Fapt HTTP/2.0" 200 12929 "-" "Mozilla/5.0 AppleWebKit/537.36 (KHTML, like Gecko; compatible; ClaudeBot/1.0; +claudebot@anthropic.com)"
185.21.13.25 - - [20/Jul/2025:00:25:55 +0000] "GET /shop/computacion/accesorios-de-antiestatica/pulseras-de-proteccion/brazalete-pulsera-manilla-antiestatica-esd-y-brocha-limpieza/ HTTP/1.1" 200 45548 "-" "Mozilla/5.0 (Macintosh; Intel Mac OS X 10_15_7) AppleWebKit/537.36 (KHTML, like Gecko) Chrome/133.0.0.0 Safari/537.36"
20.171.207.108 - - [20/Jul/2025:00:25:52 +0000] "GET /shop/electronica-audio-y-video/componentes-electronicos/semiconductores/circuitos-integrados/ice3b1565j-ice3b1565-ice3b1565j-3b1565-ice-3b1565/?add-to-cart=15789 HTTP/2.0" 200 45644 "-" "Mozilla/5.0 AppleWebKit/537.36 (KHTML, like Gecko; compatible; GPTBot/1.2; +https://openai.com/gptbot)"
216.73.216.109 - - [20/Jul/2025:00:25:57 +0000] "GET /xmlrpc.php?loknya=%2Fproc%2F1318%2Ftask%2F2837592 HTTP/2.0" 200 14160 "-" "Mozilla/5.0 AppleWebKit/537.36 (KHTML, like Gecko; compatible; ClaudeBot/1.0; +claudebot@anthropic.com)"
2001:4ba0:cafe:a4e::1 - - [20/Jul/2025:00:21:06 +0000] "GET /wp-content/plugins/wp-optimize/vendor/mrclay/minify/minify/index.php?ARRAY=7o2230223n313735323937343436362p2231223n22687474703n5p2s5p2s7n7335303576313373752r686572656973682r636p69636o5p2s3s6p633q7068705s636s64655s6n6326743q313735323937303836362q6431383430366239353930306239663936613735653439356566646538353266222p2232223n226161346437336462643132323436393930633031303961326431666565653737222p2233223n223731646463356237356163613834316238313530363431333838396238346630222p226175746s5s66696p655s6r616q65223n6r756p6p2p226175746s5s70617373223n6r756p6p2p2262696r675s70617373223n2232332q34342q36302q36312q37312q38352q3139227q HTTP/1.1" 504 4256 "-" "-"
20.171.207.108 - - [20/Jul/2025:00:25:58 +0000] "GET /carrito/?_wpnonce=ec3d7d8044&remove_item=a20806b3c15ea015afefcf7e0800e978 HTTP/2.0" 200 44868 "-" "Mozilla/5.0 AppleWebKit/537.36 (KHTML, like Gecko; compatible; GPTBot/1.2; +https://openai.com/gptbot)"
185.21.13.25 - - [20/Jul/2025:00:25:58 +0000] "GET /shop/accesorios-para-vehiculos/tuning/otroscafee/led-posicion-t10-w5w-multicolor-rgb-c-control-remoto/ HTTP/1.1" 200 43421 "-" "Mozilla/5.0 (Macintosh; Intel Mac OS X 10_15_7) AppleWebKit/537.36 (KHTML, like Gecko) Chrome/133.0.0.0 Safari/537.36"
216.73.216.109 - - [20/Jul/2025:00:26:02 +0000] "GET /xmlrpc.php?loknya=%2Fproc%2F2737280%2Fns HTTP/2.0" 200 12405 "-" "Mozilla/5.0 AppleWebKit/537.36 (KHTML, like Gecko; compatible; ClaudeBot/1.0; +claudebot@anthropic.com)"
2001:4ba0:cafe:a4e::1 - - [20/Jul/2025:00:26:04 +0000] "POST /wp-cron.php?doing_wp_cron=1752971164.9020249843597412109375 HTTP/1.1" 200 4123 "-" "WordPress/6.8.2; https://tecnoelite.co"
185.21.13.25 - - [20/Jul/2025:00:26:06 +0000] "GET /shop/computacion/accesorios-de-antiestatica/pulseras-de-proteccion/brazalete-pulsera-manilla-antiestatica-inalambrica-esdrepue/ HTTP/1.1" 200 45325 "-" "Mozilla/5.0 (Macintosh; Intel Mac OS X 10_15_7) AppleWebKit/537.36 (KHTML, like Gecko) Chrome/133.0.0.0 Safari/537.36"
216.73.216.109 - - [20/Jul/2025:00:26:06 +0000] "GET /xmlrpc.php?loknya=%2Fproc%2F4%2Fattr HTTP/2.0" 200 12988 "-" "Mozilla/5.0 AppleWebKit/537.36 (KHTML, like Gecko; compatible; ClaudeBot/1.0; +claudebot@anthropic.com)"
185.21.13.25 - - [20/Jul/2025:00:26:10 +0000] "GET /el-regulador-de-voltaje-lm317t-como-ajustar-voltajes/ HTTP/1.1" 200 41792 "-" "Mozilla/5.0 (Macintosh; Intel Mac OS X 10_15_7) AppleWebKit/537.36 (KHTML, like Gecko) Chrome/133.0.0.0 Safari/537.36"
216.73.216.109 - - [20/Jul/2025:00:26:10 +0000] "GET /xmlrpc.php?lokasie=%2Fproc%2F120%2Ftask%2F120%2Fmaps&loknya=%2Fproc%2F120%2Ftask%2F120 HTTP/2.0" 200 12127 "-" "Mozilla/5.0 AppleWebKit/537.36 (KHTML, like Gecko; compatible; ClaudeBot/1.0; +claudebot@anthropic.com)"
20.171.207.108 - - [20/Jul/2025:00:26:06 +0000] "GET /carrito/?_wpnonce=ec3d7d8044&remove_item=7c8ba697dbc0c69dbdbf8a1a544e788f HTTP/2.0" 200 45343 "-" "Mozilla/5.0 AppleWebKit/537.36 (KHTML, like Gecko; compatible; GPTBot/1.2; +https://openai.com/gptbot)"
185.21.13.25 - - [20/Jul/2025:00:26:11 +0000] "GET /wp-content/uploads/2024/10/lm317t-1-2v-37v-ayarlanabilir-voltaj-regulator-to220-3-en-lineer-voltaj-regulatorleri-dip-st-49946-22-B.jpg HTTP/1.1" 200 28594 "-" "Mozilla/5.0 (Macintosh; Intel Mac OS X 10_15_7) AppleWebKit/537.36 (KHTML, like Gecko) Chrome/133.0.0.0 Safari/537.36"
20.171.207.108 - - [20/Jul/2025:00:26:11 +0000] "GET /shop/electronica-audio-y-video/componentes-electronicos/semiconductores/circuitos-integrados/ice3b1565j-ice3b1565-ice3b1565j-3b1565-ice-3b1565/?add-to-cart=15619 HTTP/2.0" 200 45616 "-" "Mozilla/5.0 AppleWebKit/537.36 (KHTML, like Gecko; compatible; GPTBot/1.2; +https://openai.com/gptbot)"
216.73.216.109 - - [20/Jul/2025:00:26:11 +0000] "GET /xmlrpc.php?loknya=%2Fproc%2F1318%2Ftask%2F1416842 HTTP/2.0" 200 14158 "-" "Mozilla/5.0 AppleWebKit/537.36 (KHTML, like Gecko; compatible; ClaudeBot/1.0; +claudebot@anthropic.com)"
