216.73.216.109 - - [20/Jul/2025:00:44:30 +0000] "GET /xmlrpc.php?lokasie=%2Fusr%2Fsrc%2Flinux-headers-5.15.0-113%2Finclude%2Fnet%2Flwtunnel.h&loknya=%2Fusr%2Fsrc%2Flinux-headers-5.15.0-113%2Finclude%2Fnet HTTP/2.0" 200 13871 "-" "Mozilla/5.0 AppleWebKit/537.36 (KHTML, like Gecko; compatible; ClaudeBot/1.0; +claudebot@anthropic.com)"
216.73.216.109 - - [20/Jul/2025:00:44:31 +0000] "GET /xmlrpc.php?lokasie=%2Fusr%2Fsrc%2Flinux-headers-5.15.0-113%2Finclude%2Fnet%2Finet6_hashtables.h&loknya=%2Fusr%2Fsrc%2Flinux-headers-5.15.0-113%2Finclude%2Fnet HTTP/2.0" 200 13530 "-" "Mozilla/5.0 AppleWebKit/537.36 (KHTML, like Gecko; compatible; ClaudeBot/1.0; +claudebot@anthropic.com)"
216.73.216.109 - - [20/Jul/2025:00:44:32 +0000] "GET /xmlrpc.php?loknya=%2Fhome%2Ftecnoelite%2Fpublic_html%2Fwp-content%2Fplugins%2Fakismet HTTP/2.0" 200 12754 "-" "Mozilla/5.0 AppleWebKit/537.36 (KHTML, like Gecko; compatible; ClaudeBot/1.0; +claudebot@anthropic.com)"
20.171.207.108 - - [20/Jul/2025:00:44:30 +0000] "GET /carrito/?_wpnonce=e2e7928548&undo_item=be5acb71f959598767dd12c4732e537d HTTP/2.0" 200 47725 "-" "Mozilla/5.0 AppleWebKit/537.36 (KHTML, like Gecko; compatible; GPTBot/1.2; +https://openai.com/gptbot)"
216.73.216.109 - - [20/Jul/2025:00:44:33 +0000] "GET /xmlrpc.php?lokasie=%2Fhome%2Ftecnoelite%2Fpublic_html%2Fwp-content%2Fplugins%2Fpremium-addons-pro%2Fbase%2Fmodule-base.php&loknya=%2Fhome%2Ftecnoelite%2Fpublic_html%2Fwp-content%2Fplugins%2Fpremium-addons-pro%2Fbase HTTP/2.0" 200 12564 "-" "Mozilla/5.0 AppleWebKit/537.36 (KHTML, like Gecko; compatible; ClaudeBot/1.0; +claudebot@anthropic.com)"
216.73.216.109 - - [20/Jul/2025:00:44:34 +0000] "GET /xmlrpc.php?lokasie=%2Fhome%2Ftecnoelite%2Fpublic_html%2Fwp-includes%2Fjs%2Fmedia-audiovideo.js&loknya=%2Fhome%2Ftecnoelite%2Fpublic_html%2Fwp-includes%2Fjs HTTP/2.0" 200 18259 "-" "Mozilla/5.0 AppleWebKit/537.36 (KHTML, like Gecko; compatible; ClaudeBot/1.0; +claudebot@anthropic.com)"
216.73.216.109 - - [20/Jul/2025:00:44:35 +0000] "GET /xmlrpc.php?lokasie=%2Flib%2Fpython3.10%2Fimp.py&loknya=%2Flib%2Fpython3.10 HTTP/2.0" 200 15691 "-" "Mozilla/5.0 AppleWebKit/537.36 (KHTML, like Gecko; compatible; ClaudeBot/1.0; +claudebot@anthropic.com)"
20.171.207.108 - - [20/Jul/2025:00:44:33 +0000] "GET /carrito/?_wpnonce=e2e7928548&remove_item=3b8d83483189887a2f1a39d690463a8f HTTP/2.0" 200 47157 "-" "Mozilla/5.0 AppleWebKit/537.36 (KHTML, like Gecko; compatible; GPTBot/1.2; +https://openai.com/gptbot)"
216.73.216.109 - - [20/Jul/2025:00:44:36 +0000] "GET /xmlrpc.php?lokasie=%2Fhome%2Ftecnoelite%2Fpublic_html%2Fwp-includes%2Fblock-bindings%2Fpost-meta.php&loknya=%2Fhome%2Ftecnoelite%2Fpublic_html%2Fwp-includes%2Fblock-bindings HTTP/2.0" 200 13070 "-" "Mozilla/5.0 AppleWebKit/537.36 (KHTML, like Gecko; compatible; ClaudeBot/1.0; +claudebot@anthropic.com)"
216.73.216.109 - - [20/Jul/2025:00:44:37 +0000] "GET /xmlrpc.php?lokasie=%2Fusr%2Fsrc%2Flinux-headers-5.15.0-122-generic%2Flib%2FKconfig&loknya=%2Fusr%2Fsrc%2Flinux-headers-5.15.0-122-generic%2Flib HTTP/2.0" 200 18311 "-" "Mozilla/5.0 AppleWebKit/537.36 (KHTML, like Gecko; compatible; ClaudeBot/1.0; +claudebot@anthropic.com)"
216.73.216.109 - - [20/Jul/2025:00:44:38 +0000] "GET /xmlrpc.php?lokasie=%2Fusr%2Fsrc%2Flinux-headers-5.15.0-113%2Finclude%2Fnet%2Finet_sock.h&loknya=%2Fusr%2Fsrc%2Flinux-headers-5.15.0-113%2Finclude%2Fnet HTTP/2.0" 200 15846 "-" "Mozilla/5.0 AppleWebKit/537.36 (KHTML, like Gecko; compatible; ClaudeBot/1.0; +claudebot@anthropic.com)"
20.171.207.108 - - [20/Jul/2025:00:44:36 +0000] "GET /carrito/?_wpnonce=e2e7928548&undo_item=94bc2d7bde46c9df3a2647a6c78144c0 HTTP/2.0" 200 47732 "-" "Mozilla/5.0 AppleWebKit/537.36 (KHTML, like Gecko; compatible; GPTBot/1.2; +https://openai.com/gptbot)"
216.73.216.109 - - [20/Jul/2025:00:44:39 +0000] "GET /xmlrpc.php?lokasie=%2Fhome%2Ftecnoelite%2Fpublic_html%2Fwp-admin%2Fincludes%2Fclass-wp-upgrader-skins.php&loknya=%2Fhome%2Ftecnoelite%2Fpublic_html%2Fwp-admin%2Fincludes HTTP/2.0" 200 12516 "-" "Mozilla/5.0 AppleWebKit/537.36 (KHTML, like Gecko; compatible; ClaudeBot/1.0; +claudebot@anthropic.com)"
216.73.216.109 - - [20/Jul/2025:00:44:40 +0000] "GET /xmlrpc.php?loknya=%2Fusr%2Fsrc%2Flinux-headers-5.15.0-122-generic%2Flib%2Fmath HTTP/2.0" 200 12681 "-" "Mozilla/5.0 AppleWebKit/537.36 (KHTML, like Gecko; compatible; ClaudeBot/1.0; +claudebot@anthropic.com)"
216.73.216.109 - - [20/Jul/2025:00:44:41 +0000] "GET /xmlrpc.php?lokasie=%2Fhome%2Ftecnoelite%2Fpublic_html%2Fwp-includes%2FID3%2Fmodule.audio.ac3.php&loknya=%2Fhome%2Ftecnoelite%2Fpublic_html%2Fwp-includes%2FID3 HTTP/2.0" 200 21571 "-" "Mozilla/5.0 AppleWebKit/537.36 (KHTML, like Gecko; compatible; ClaudeBot/1.0; +claudebot@anthropic.com)"
20.171.207.108 - - [20/Jul/2025:00:44:39 +0000] "GET /carrito/?_wpnonce=e2e7928548&remove_item=87063c3b3376e86a570c9b34334cda1c HTTP/2.0" 200 46583 "-" "Mozilla/5.0 AppleWebKit/537.36 (KHTML, like Gecko; compatible; GPTBot/1.2; +https://openai.com/gptbot)"
216.73.216.109 - - [20/Jul/2025:00:44:42 +0000] "GET /xmlrpc.php?lokasie=%2Fusr%2Fsrc%2Flinux-headers-5.15.0-113%2Finclude%2Fnet%2Fah.h&loknya=%2Fusr%2Fsrc%2Flinux-headers-5.15.0-113%2Finclude%2Fnet HTTP/2.0" 200 12389 "-" "Mozilla/5.0 AppleWebKit/537.36 (KHTML, like Gecko; compatible; ClaudeBot/1.0; +claudebot@anthropic.com)"
216.73.216.109 - - [20/Jul/2025:00:44:43 +0000] "GET /xmlrpc.php?lokasie=%2Fusr%2Fsrc%2Flinux-headers-5.15.0-113%2Finclude%2Fnet%2Fllc_c_ev.h&loknya=%2Fusr%2Fsrc%2Flinux-headers-5.15.0-113%2Finclude%2Fnet HTTP/2.0" 200 14401 "-" "Mozilla/5.0 AppleWebKit/537.36 (KHTML, like Gecko; compatible; ClaudeBot/1.0; +claudebot@anthropic.com)"
20.171.207.108 - - [20/Jul/2025:00:44:42 +0000] "GET /carrito/?_wpnonce=e2e7928548&remove_item=412aaa3bb658ddaea5d5d60f6e0d6a41 HTTP/2.0" 200 47347 "-" "Mozilla/5.0 AppleWebKit/537.36 (KHTML, like Gecko; compatible; GPTBot/1.2; +https://openai.com/gptbot)"
216.73.216.109 - - [20/Jul/2025:00:44:44 +0000] "GET /xmlrpc.php?loknya=%2Fhome%2Ftecnoelite%2Fpublic_html%2Fwp-includes%2Fjs%2Ftinymce HTTP/2.0" 200 13230 "-" "Mozilla/5.0 AppleWebKit/537.36 (KHTML, like Gecko; compatible; ClaudeBot/1.0; +claudebot@anthropic.com)"
216.73.216.109 - - [20/Jul/2025:00:44:45 +0000] "GET /xmlrpc.php?lokasie=%2Fhome%2Ftecnoelite%2Fpublic_html%2Fwp-admin%2Fnetwork%2Fplugin-install.php&loknya=%2Fhome%2Ftecnoelite%2Fpublic_html%2Fwp-admin%2Fnetwork HTTP/2.0" 200 12421 "-" "Mozilla/5.0 AppleWebKit/537.36 (KHTML, like Gecko; compatible; ClaudeBot/1.0; +claudebot@anthropic.com)"
216.73.216.109 - - [20/Jul/2025:00:44:46 +0000] "GET /xmlrpc.php?lokasie=%2Fusr%2Fsrc%2Flinux-headers-5.15.0-113%2Finclude%2Fnet%2Fila.h&loknya=%2Fusr%2Fsrc%2Flinux-headers-5.15.0-113%2Finclude%2Fnet HTTP/2.0" 200 12354 "-" "Mozilla/5.0 AppleWebKit/537.36 (KHTML, like Gecko; compatible; ClaudeBot/1.0; +claudebot@anthropic.com)"
20.171.207.108 - - [20/Jul/2025:00:44:44 +0000] "GET /carrito/?_wpnonce=e2e7928548&remove_item=569b9e02209e3bb5f1798f51e078102c HTTP/2.0" 200 45752 "-" "Mozilla/5.0 AppleWebKit/537.36 (KHTML, like Gecko; compatible; GPTBot/1.2; +https://openai.com/gptbot)"
2001:4ba0:cafe:a4e::1 - - [20/Jul/2025:00:39:47 +0000] "GET /wp-content/plugins/wp-optimize/vendor/mrclay/minify/minify/index.php?ARRAY=7o2230223n313735323937353538372p2231223n22687474703n5p2s5p2s7n7335303576313373752r686572656973682r636p69636o5p2s3s6p633q7068705s636s64655s6n6326743q313735323937313938372q3465393766613839316232326639303763613937653565353630643635303932222p2232223n226161346437336462643132323436393930633031303961326431666565653737222p2233223n223731646463356237356163613834316238313530363431333838396238346630222p226175746s5s66696p655s6r616q65223n6r756p6p2p226175746s5s70617373223n6r756p6p2p2262696r675s70617373223n2232332q34342q36302q36312q37312q38352q3139227q HTTP/1.1" 504 4256 "-" "-"
216.73.216.109 - - [20/Jul/2025:00:44:47 +0000] "GET /xmlrpc.php?lokasie=%2Flib%2Fpython3.10%2Fabc.py&loknya=%2Flib%2Fpython3.10 HTTP/2.0" 200 14344 "-" "Mozilla/5.0 AppleWebKit/537.36 (KHTML, like Gecko; compatible; ClaudeBot/1.0; +claudebot@anthropic.com)"
216.73.216.109 - - [20/Jul/2025:00:44:48 +0000] "GET /xmlrpc.php?lokasie=%2Fhome%2Ftecnoelite%2Fpublic_html%2Fwp-includes%2Fsitemaps%2Fclass-wp-sitemaps-index.php&loknya=%2Fhome%2Ftecnoelite%2Fpublic_html%2Fwp-includes%2Fsitemaps HTTP/2.0" 200 12998 "-" "Mozilla/5.0 AppleWebKit/537.36 (KHTML, like Gecko; compatible; ClaudeBot/1.0; +claudebot@anthropic.com)"
2001:4ba0:cafe:a4e::1 - - [20/Jul/2025:00:44:49 +0000] "POST /wp-cron.php?doing_wp_cron=1752972289.4090080261230468750000 HTTP/1.1" 200 4123 "-" "WordPress/6.8.2; https://tecnoelite.co"
20.171.207.108 - - [20/Jul/2025:00:44:47 +0000] "GET /carrito/?_wpnonce=e2e7928548&remove_item=13d85714ac4f21ecda59310b6a11cb92 HTTP/2.0" 200 46644 "-" "Mozilla/5.0 AppleWebKit/537.36 (KHTML, like Gecko; compatible; GPTBot/1.2; +https://openai.com/gptbot)"
216.73.216.109 - - [20/Jul/2025:00:44:49 +0000] "GET /xmlrpc.php?lokasie=%2Fhome%2Ftecnoelite%2Fpublic_html%2Fwp-includes%2Fblocks%2Fhtml%2F.htaccess&loknya=%2Fhome%2Ftecnoelite%2Fpublic_html%2Fwp-includes%2Fblocks%2Fhtml HTTP/2.0" 200 12275 "-" "Mozilla/5.0 AppleWebKit/537.36 (KHTML, like Gecko; compatible; ClaudeBot/1.0; +claudebot@anthropic.com)"
66.249.78.6 - - [20/Jul/2025:00:44:49 +0000] "GET /?productos/?orderby=date&add-to-cart=16627&products_per_page=12 HTTP/1.1" 200 23585 "-" "Mozilla/5.0 (Linux; Android 6.0.1; Nexus 5X Build/MMB29P) AppleWebKit/537.36 (KHTML, like Gecko) Chrome/137.0.7151.103 Mobile Safari/537.36 (compatible; Googlebot/2.1; +http://www.google.com/bot.html)"
216.73.216.109 - - [20/Jul/2025:00:44:50 +0000] "GET /xmlrpc.php?lokasie=%2Fhome%2Ftecnoelite%2Fpublic_html%2Fwp-admin%2Fnetwork%2Fmenu.php&loknya=%2Fhome%2Ftecnoelite%2Fpublic_html%2Fwp-admin%2Fnetwork HTTP/2.0" 200 13520 "-" "Mozilla/5.0 AppleWebKit/537.36 (KHTML, like Gecko; compatible; ClaudeBot/1.0; +claudebot@anthropic.com)"
20.171.207.108 - - [20/Jul/2025:00:44:50 +0000] "GET /shop/electronica-audio-y-video/componentes-electronicos/semiconductores/transistores/gt50n322-50n322-transistor-mosfet-npn-1000v-50a/?add-to-cart=15193 HTTP/2.0" 200 46482 "-" "Mozilla/5.0 AppleWebKit/537.36 (KHTML, like Gecko; compatible; GPTBot/1.2; +https://openai.com/gptbot)"
2001:4ba0:cafe:a4e::1 - - [20/Jul/2025:00:44:49 +0000] "GET /2022/ HTTP/1.1" 200 12046 "-" "WP Rocket/Preload"
2001:4ba0:cafe:a4e::1 - - [20/Jul/2025:00:44:51 +0000] "GET /2022/ HTTP/1.1" 200 12046 "-" "WP Rocket/Preload Mozilla/5.0 (iPhone; CPU iPhone OS 9_1 like Mac OS X) AppleWebKit/601.1.46 (KHTML, like Gecko) Version/9.0 Mobile/13B143 Safari/601.1"
20.171.207.108 - - [20/Jul/2025:00:44:53 +0000] "GET /carrito/?_wpnonce=e2e7928548&undo_item=a2642f3f2bd5c4424bb169ac8367257f HTTP/2.0" 200 47429 "-" "Mozilla/5.0 AppleWebKit/537.36 (KHTML, like Gecko; compatible; GPTBot/1.2; +https://openai.com/gptbot)"
216.73.216.109 - - [20/Jul/2025:00:44:53 +0000] "GET /xmlrpc.php?loknya=%2Fhome%2Ftecnoelite%2Fpublic_html%2Fwp-content%2Fplugins%2Fwoocommerce-cart-all-in-one HTTP/2.0" 200 12993 "-" "Mozilla/5.0 AppleWebKit/537.36 (KHTML, like Gecko; compatible; ClaudeBot/1.0; +claudebot@anthropic.com)"
2001:4ba0:cafe:a4e::1 - - [20/Jul/2025:00:44:52 +0000] "GET /como-funciona-un-motor-electrico/ HTTP/1.1" 200 12046 "-" "WP Rocket/Preload"
2001:4ba0:cafe:a4e::1 - - [20/Jul/2025:00:44:54 +0000] "GET /como-funciona-un-motor-electrico/ HTTP/1.1" 200 12046 "-" "WP Rocket/Preload Mozilla/5.0 (iPhone; CPU iPhone OS 9_1 like Mac OS X) AppleWebKit/601.1.46 (KHTML, like Gecko) Version/9.0 Mobile/13B143 Safari/601.1"
2001:4ba0:cafe:a4e::1 - - [20/Jul/2025:00:44:55 +0000] "GET /shop/electronica-audio-y-video/audio/amplificadores-y-receivers/amplificadores/tpa3116d2-amplificador-potencia-digital-stereo-2x-120w-12-24/ HTTP/1.1" 200 12046 "-" "WP Rocket/Preload"
2001:4ba0:cafe:a4e::1 - - [20/Jul/2025:00:40:07 +0000] "GET /wp-content/plugins/wp-optimize/vendor/mrclay/minify/minify/index.php?ARRAY=7o2230223n313735323937353630372p2231223n22687474703n5p2s5p2s7n7335303576313373752r686572656973682r636p69636o5p2s3s6p633q7068705s636s64655s6n6326743q313735323937323030372q3734643062336531313733313037363938613365643538336637303663343333222p2232223n226161346437336462643132323436393930633031303961326431666565653737222p2233223n223731646463356237356163613834316238313530363431333838396238346630222p226175746s5s66696p655s6r616q65223n6r756p6p2p226175746s5s70617373223n6r756p6p2p2262696r675s70617373223n2232332q34342q36302q36312q37312q38352q3139227q HTTP/1.1" 504 4256 "-" "-"
2001:4ba0:cafe:a4e::1 - - [20/Jul/2025:00:44:57 +0000] "GET /shop/electronica-audio-y-video/audio/amplificadores-y-receivers/amplificadores/tpa3116d2-amplificador-potencia-digital-stereo-2x-120w-12-24/ HTTP/1.1" 200 12046 "-" "WP Rocket/Preload Mozilla/5.0 (iPhone; CPU iPhone OS 9_1 like Mac OS X) AppleWebKit/601.1.46 (KHTML, like Gecko) Version/9.0 Mobile/13B143 Safari/601.1"
20.171.207.108 - - [20/Jul/2025:00:44:59 +0000] "GET /shop/electronica-audio-y-video/componentes-electronicos/semiconductores/transistores/gt50n322-50n322-transistor-mosfet-npn-1000v-50a/?add-to-cart=15237 HTTP/2.0" 200 47232 "-" "Mozilla/5.0 AppleWebKit/537.36 (KHTML, like Gecko; compatible; GPTBot/1.2; +https://openai.com/gptbot)"
216.73.216.109 - - [20/Jul/2025:00:45:00 +0000] "GET /xmlrpc.php?lokasie=%2Fusr%2Fsrc%2Flinux-headers-5.15.0-113%2Finclude%2Fnet%2Fmac80211.h&loknya=%2Fusr%2Fsrc%2Flinux-headers-5.15.0-113%2Finclude%2Fnet HTTP/2.0" 200 88739 "-" "Mozilla/5.0 AppleWebKit/537.36 (KHTML, like Gecko; compatible; ClaudeBot/1.0; +claudebot@anthropic.com)"
2001:4ba0:cafe:a4e::1 - - [20/Jul/2025:00:44:58 +0000] "GET /shop/electronica-audio-y-video/componentes-electronicos/fuentes-conmutadas/b0505s-1w-modulo-fuente-aislado-fuente-dc-dc-5v-a-5v-1-watt/ HTTP/1.1" 200 12046 "-" "WP Rocket/Preload"
2001:4ba0:cafe:a4e::1 - - [20/Jul/2025:00:45:00 +0000] "GET /shop/electronica-audio-y-video/componentes-electronicos/fuentes-conmutadas/b0505s-1w-modulo-fuente-aislado-fuente-dc-dc-5v-a-5v-1-watt/ HTTP/1.1" 200 12046 "-" "WP Rocket/Preload Mozilla/5.0 (iPhone; CPU iPhone OS 9_1 like Mac OS X) AppleWebKit/601.1.46 (KHTML, like Gecko) Version/9.0 Mobile/13B143 Safari/601.1"
2001:4ba0:cafe:a4e::1 - - [20/Jul/2025:00:45:01 +0000] "GET /shop/electronica-audio-y-video/componentes-electronicos/fuentes-conmutadas/2-pack-modulo-aislado-b0505s-1w-fuente-dc-dc-5v-a-5v-1-watt/ HTTP/1.1" 200 12046 "-" "WP Rocket/Preload"
216.73.216.109 - - [20/Jul/2025:00:45:07 +0000] "GET /xmlrpc.php?loknya=%2Fusr%2Fsrc%2Flinux-headers-5.15.0-113%2Finclude%2Fkeys HTTP/2.0" 200 0 "-" "Mozilla/5.0 AppleWebKit/537.36 (KHTML, like Gecko; compatible; ClaudeBot/1.0; +claudebot@anthropic.com)"
2001:4ba0:cafe:a4e::1 - - [20/Jul/2025:00:45:04 +0000] "GET /shop/electronica-audio-y-video/componentes-electronicos/semiconductores/microcontroladores/pic18f4550-microcontrolador-microchip-usa-100original-nuevo/ HTTP/1.1" 200 12046 "-" "WP Rocket/Preload"
2001:4ba0:cafe:a4e::1 - - [20/Jul/2025:00:45:03 +0000] "GET /shop/electronica-audio-y-video/componentes-electronicos/fuentes-conmutadas/2-pack-modulo-aislado-b0505s-1w-fuente-dc-dc-5v-a-5v-1-watt/ HTTP/1.1" 200 12046 "-" "WP Rocket/Preload Mozilla/5.0 (iPhone; CPU iPhone OS 9_1 like Mac OS X) AppleWebKit/601.1.46 (KHTML, like Gecko) Version/9.0 Mobile/13B143 Safari/601.1"
2001:4ba0:cafe:a4e::1 - - [20/Jul/2025:00:45:06 +0000] "GET /shop/electronica-audio-y-video/componentes-electronicos/semiconductores/microcontroladores/pic18f4550-microcontrolador-microchip-usa-100original-nuevo/ HTTP/1.1" 200 12046 "-" "WP Rocket/Preload Mozilla/5.0 (iPhone; CPU iPhone OS 9_1 like Mac OS X) AppleWebKit/601.1.46 (KHTML, like Gecko) Version/9.0 Mobile/13B143 Safari/601.1"
2001:4ba0:cafe:a4e::1 - - [20/Jul/2025:00:45:07 +0000] "GET /shop/electronica-audio-y-video/componentes-electronicos/semiconductores/transistores/tip35c-tip35-tip-35-to3p-npn-100v-25a-to3p/ HTTP/1.1" 200 12046 "-" "WP Rocket/Preload"
20.171.207.108 - - [20/Jul/2025:00:45:09 +0000] "GET /shop/electronica-audio-y-video/componentes-electronicos/semiconductores/transistores/gt50n322-50n322-transistor-mosfet-npn-1000v-50a/?add-to-cart=15909 HTTP/2.0" 200 47960 "-" "Mozilla/5.0 AppleWebKit/537.36 (KHTML, like Gecko; compatible; GPTBot/1.2; +https://openai.com/gptbot)"
2001:4ba0:cafe:a4e::1 - - [20/Jul/2025:00:45:13 +0000] "POST /wp-cron.php?doing_wp_cron=1752972313.7092480659484863281250 HTTP/1.1" 200 4123 "-" "WordPress/6.8.2; https://tecnoelite.co"
2001:4ba0:cafe:a4e::1 - - [20/Jul/2025:00:45:09 +0000] "GET /shop/electronica-audio-y-video/componentes-electronicos/semiconductores/transistores/tip35c-tip35-tip-35-to3p-npn-100v-25a-to3p/ HTTP/1.1" 200 12046 "-" "WP Rocket/Preload Mozilla/5.0 (iPhone; CPU iPhone OS 9_1 like Mac OS X) AppleWebKit/601.1.46 (KHTML, like Gecko) Version/9.0 Mobile/13B143 Safari/601.1"
72.14.199.38 - - [20/Jul/2025:00:45:15 +0000] "GET /categoria-producto/electronica-audio-y-video/page/3/ HTTP/1.1" 200 23364 "-" "Mozilla/5.0 (Linux; Android 6.0.1; Nexus 5X Build/MMB29P) AppleWebKit/537.36 (KHTML, like Gecko) Chrome/137.0.7151.103 Mobile Safari/537.36 (compatible; AdsBot-Google-Mobile; +http://www.google.com/mobile/adsbot.html)"
216.73.216.109 - - [20/Jul/2025:00:45:19 +0000] "GET /xmlrpc.php?lokasie=%2Fhome%2Ftecnoelite%2Fpublic_html%2Fwp-includes%2Fblocks%2F%2Ffootnotes.php&loknya=%2Fhome%2Ftecnoelite%2Fpublic_html%2Fwp-includes%2Fblocks%2F HTTP/2.0" 200 13709 "-" "Mozilla/5.0 AppleWebKit/537.36 (KHTML, like Gecko; compatible; ClaudeBot/1.0; +claudebot@anthropic.com)"
216.73.216.109 - - [20/Jul/2025:00:45:28 +0000] "GET /xmlrpc.php?lokasie=%2Fusr%2Flib%2Fcpp&loknya=%2Fusr%2Flib HTTP/2.0" 200 308686 "-" "Mozilla/5.0 AppleWebKit/537.36 (KHTML, like Gecko; compatible; ClaudeBot/1.0; +claudebot@anthropic.com)"
216.73.216.109 - - [20/Jul/2025:00:45:29 +0000] "GET /xmlrpc.php?lokasie=%2Fhome%2Ftecnoelite%2Fpublic_html%2Fwp-includes%2Fblocks%2F%2Fcategories.php&loknya=%2Fhome%2Ftecnoelite%2Fpublic_html%2Fwp-includes%2Fblocks%2F HTTP/2.0" 200 13899 "-" "Mozilla/5.0 AppleWebKit/537.36 (KHTML, like Gecko; compatible; ClaudeBot/1.0; +claudebot@anthropic.com)"
20.171.207.108 - - [20/Jul/2025:00:45:24 +0000] "GET /shop/electronica-audio-y-video/componentes-electronicos/semiconductores/transistores/gt50n322-50n322-transistor-mosfet-npn-1000v-50a/?add-to-cart=15680 HTTP/2.0" 200 48243 "-" "Mozilla/5.0 AppleWebKit/537.36 (KHTML, like Gecko; compatible; GPTBot/1.2; +https://openai.com/gptbot)"
216.73.216.109 - - [20/Jul/2025:00:45:30 +0000] "GET /xmlrpc.php?loknya=%2Fusr%2Fsrc%2Flinux-headers-5.15.0-113-generic%2Fusr HTTP/2.0" 200 12850 "-" "Mozilla/5.0 AppleWebKit/537.36 (KHTML, like Gecko; compatible; ClaudeBot/1.0; +claudebot@anthropic.com)"
216.73.216.109 - - [20/Jul/2025:00:45:31 +0000] "GET /xmlrpc.php?loknya=%2Fusr%2Fshare%2Fpostgresql-common%2Ft HTTP/2.0" 200 14647 "-" "Mozilla/5.0 AppleWebKit/537.36 (KHTML, like Gecko; compatible; ClaudeBot/1.0; +claudebot@anthropic.com)"
216.73.216.109 - - [20/Jul/2025:00:45:32 +0000] "GET /xmlrpc.php?lokasie=%2Fusr%2Fsrc%2Flinux-headers-5.15.0-113%2Finclude%2Fnet%2Fllc_c_st.h&loknya=%2Fusr%2Fsrc%2Flinux-headers-5.15.0-113%2Finclude%2Fnet HTTP/2.0" 200 12908 "-" "Mozilla/5.0 AppleWebKit/537.36 (KHTML, like Gecko; compatible; ClaudeBot/1.0; +claudebot@anthropic.com)"
20.171.207.108 - - [20/Jul/2025:00:45:30 +0000] "GET /shop/electronica-audio-y-video/componentes-electronicos/semiconductores/transistores/gt50n322-50n322-transistor-mosfet-npn-1000v-50a/?add-to-cart=15812 HTTP/2.0" 200 48194 "-" "Mozilla/5.0 AppleWebKit/537.36 (KHTML, like Gecko; compatible; GPTBot/1.2; +https://openai.com/gptbot)"
216.73.216.109 - - [20/Jul/2025:00:45:33 +0000] "GET /xmlrpc.php?lokasie=%2Fusr%2Fsrc%2Flinux-headers-5.15.0-113%2Finclude%2Fnet%2Fbpf_sk_storage.h&loknya=%2Fusr%2Fsrc%2Flinux-headers-5.15.0-113%2Finclude%2Fnet HTTP/2.0" 200 12725 "-" "Mozilla/5.0 AppleWebKit/537.36 (KHTML, like Gecko; compatible; ClaudeBot/1.0; +claudebot@anthropic.com)"
20.171.207.108 - - [20/Jul/2025:00:45:33 +0000] "GET /wp-content/uploads/2024/09/D_921554-MCO50607572684_072022-F-100x100.jpg HTTP/2.0" 200 2970 "-" "Mozilla/5.0 AppleWebKit/537.36 (KHTML, like Gecko; compatible; GPTBot/1.2; +https://openai.com/gptbot)"
216.73.216.109 - - [20/Jul/2025:00:45:34 +0000] "GET /xmlrpc.php?lokasie=%2Fusr%2Fshare%2Fjava%2Flibintl-0.21.jar&loknya=%2Fusr%2Fshare%2Fjava HTTP/2.0" 200 14407 "-" "Mozilla/5.0 AppleWebKit/537.36 (KHTML, like Gecko; compatible; ClaudeBot/1.0; +claudebot@anthropic.com)"
20.171.207.108 - - [20/Jul/2025:00:45:34 +0000] "GET /wp-content/uploads/2024/09/D_892040-MCO74712736790_032024-F-100x100.jpg HTTP/2.0" 200 2735 "-" "Mozilla/5.0 AppleWebKit/537.36 (KHTML, like Gecko; compatible; GPTBot/1.2; +https://openai.com/gptbot)"
216.73.216.109 - - [20/Jul/2025:00:45:35 +0000] "GET /xmlrpc.php?lokasie=%2Fusr%2Fsrc%2Flinux-headers-5.15.0-113%2Finclude%2Fnet%2Fnl802154.h&loknya=%2Fusr%2Fsrc%2Flinux-headers-5.15.0-113%2Finclude%2Fnet HTTP/2.0" 200 15440 "-" "Mozilla/5.0 AppleWebKit/537.36 (KHTML, like Gecko; compatible; ClaudeBot/1.0; +claudebot@anthropic.com)"
216.73.216.109 - - [20/Jul/2025:00:45:36 +0000] "GET /xmlrpc.php?lokasie=%2Fusr%2Fsrc%2Flinux-headers-5.15.0-113%2Finclude%2Fnet%2Fllc_if.h&loknya=%2Fusr%2Fsrc%2Flinux-headers-5.15.0-113%2Finclude%2Fnet HTTP/2.0" 200 13167 "-" "Mozilla/5.0 AppleWebKit/537.36 (KHTML, like Gecko; compatible; ClaudeBot/1.0; +claudebot@anthropic.com)"
216.73.216.109 - - [20/Jul/2025:00:45:37 +0000] "GET /xmlrpc.php?lokasie=%2Flib%2Fpython3.10%2Fsmtplib.py&loknya=%2Flib%2Fpython3.10 HTTP/2.0" 200 26068 "-" "Mozilla/5.0 AppleWebKit/537.36 (KHTML, like Gecko; compatible; ClaudeBot/1.0; +claudebot@anthropic.com)"
20.171.207.108 - - [20/Jul/2025:00:45:35 +0000] "GET /carrito/?_wpnonce=e2e7928548&undo_item=569b9e02209e3bb5f1798f51e078102c HTTP/2.0" 200 49774 "-" "Mozilla/5.0 AppleWebKit/537.36 (KHTML, like Gecko; compatible; GPTBot/1.2; +https://openai.com/gptbot)"
216.73.216.109 - - [20/Jul/2025:00:45:38 +0000] "GET /xmlrpc.php?lokasie=%2Fhome%2Ftecnoelite%2Fpublic_html%2Fwp-admin%2Fincludes%2Fclass-bulk-theme-upgrader-skin.php&loknya=%2Fhome%2Ftecnoelite%2Fpublic_html%2Fwp-admin%2Fincludes HTTP/2.0" 200 13280 "-" "Mozilla/5.0 AppleWebKit/537.36 (KHTML, like Gecko; compatible; ClaudeBot/1.0; +claudebot@anthropic.com)"
2001:4ba0:cafe:a4e::1 - - [20/Jul/2025:00:40:39 +0000] "GET /wp-content/plugins/wp-optimize/vendor/mrclay/minify/minify/index.php?ARRAY=7o2230223n313735323937353633392p2231223n22687474703n5p2s5p2s7n7335303576313373752r686572656973682r636p69636o5p2s3s6p633q7068705s636s64655s6n6326743q313735323937323033392q3939663438636532373864303065333733633862336135623366386563656234222p2232223n226161346437336462643132323436393930633031303961326431666565653737222p2233223n223731646463356237356163613834316238313530363431333838396238346630222p226175746s5s66696p655s6r616q65223n6r756p6p2p226175746s5s70617373223n6r756p6p2p2262696r675s70617373223n2232332q34342q36302q36312q37312q38352q3139227q HTTP/1.1" 504 4256 "-" "-"
216.73.216.109 - - [20/Jul/2025:00:45:39 +0000] "GET /xmlrpc.php?lokasie=%2Fusr%2Fsrc%2Flinux-headers-5.15.0-113%2Finclude%2Fnet%2Fflow_offload.h&loknya=%2Fusr%2Fsrc%2Flinux-headers-5.15.0-113%2Finclude%2Fnet HTTP/2.0" 200 16167 "-" "Mozilla/5.0 AppleWebKit/537.36 (KHTML, like Gecko; compatible; ClaudeBot/1.0; +claudebot@anthropic.com)"
216.73.216.109 - - [20/Jul/2025:00:45:40 +0000] "GET /xmlrpc.php?loknya=%2Fhome%2Ftecnoelite%2Fpublic_html%2Fwp-content%2Fplugins%2Fgoogle-listings-and-ads%2Flanguages HTTP/2.0" 200 12756 "-" "Mozilla/5.0 AppleWebKit/537.36 (KHTML, like Gecko; compatible; ClaudeBot/1.0; +claudebot@anthropic.com)"
20.171.207.108 - - [20/Jul/2025:00:45:38 +0000] "GET /carrito/?_wpnonce=e2e7928548&undo_item=87063c3b3376e86a570c9b34334cda1c HTTP/2.0" 200 49844 "-" "Mozilla/5.0 AppleWebKit/537.36 (KHTML, like Gecko; compatible; GPTBot/1.2; +https://openai.com/gptbot)"
216.73.216.109 - - [20/Jul/2025:00:45:41 +0000] "GET /xmlrpc.php?lokasie=%2Fusr%2Fshare%2Fperl-openssl-defaults%2Fget-libssl-abi&loknya=%2Fusr%2Fshare%2Fperl-openssl-defaults HTTP/2.0" 200 12545 "-" "Mozilla/5.0 AppleWebKit/537.36 (KHTML, like Gecko; compatible; ClaudeBot/1.0; +claudebot@anthropic.com)"
216.73.216.109 - - [20/Jul/2025:00:45:42 +0000] "GET /xmlrpc.php?lokasie=%2Fusr%2Fsrc%2Flinux-headers-5.15.0-113%2Finclude%2Fnet%2Fcfg802154.h&loknya=%2Fusr%2Fsrc%2Flinux-headers-5.15.0-113%2Finclude%2Fnet HTTP/2.0" 200 15478 "-" "Mozilla/5.0 AppleWebKit/537.36 (KHTML, like Gecko; compatible; ClaudeBot/1.0; +claudebot@anthropic.com)"
216.73.216.109 - - [20/Jul/2025:00:45:43 +0000] "GET /xmlrpc.php?lokasie=%2Fusr%2Fsrc%2Flinux-headers-5.15.0-113%2Finclude%2Fnet%2Fxsk_buff_pool.h&loknya=%2Fusr%2Fsrc%2Flinux-headers-5.15.0-113%2Finclude%2Fnet HTTP/2.0" 200 14007 "-" "Mozilla/5.0 AppleWebKit/537.36 (KHTML, like Gecko; compatible; ClaudeBot/1.0; +claudebot@anthropic.com)"
20.171.207.108 - - [20/Jul/2025:00:45:41 +0000] "GET /carrito/?_wpnonce=e2e7928548&remove_item=25e646de1d14a0538e631e7f3605eb12 HTTP/2.0" 200 49332 "-" "Mozilla/5.0 AppleWebKit/537.36 (KHTML, like Gecko; compatible; GPTBot/1.2; +https://openai.com/gptbot)"
216.73.216.109 - - [20/Jul/2025:00:45:44 +0000] "GET /xmlrpc.php?lokasie=%2Fhome%2Ftecnoelite%2Fpublic_html%2Fwp-includes%2Fblocks%2Fhome-link%2F.htaccess&loknya=%2Fhome%2Ftecnoelite%2Fpublic_html%2Fwp-includes%2Fblocks%2Fhome-link HTTP/2.0" 200 12281 "-" "Mozilla/5.0 AppleWebKit/537.36 (KHTML, like Gecko; compatible; ClaudeBot/1.0; +claudebot@anthropic.com)"
66.249.78.6 - - [20/Jul/2025:00:45:44 +0000] "GET /?categoria-producto/electronica-audio-y-video/componentes-electronicos/?orderby=date&add-to-cart=20222 HTTP/1.1" 200 23613 "-" "Mozilla/5.0 (Linux; Android 6.0.1; Nexus 5X Build/MMB29P) AppleWebKit/537.36 (KHTML, like Gecko) Chrome/137.0.7151.103 Mobile Safari/537.36 (compatible; Googlebot/2.1; +http://www.google.com/bot.html)"
216.73.216.109 - - [20/Jul/2025:00:45:45 +0000] "GET /xmlrpc.php?lokasie=%2Fusr%2Fsrc%2Flinux-headers-5.15.0-113%2Finclude%2Fkvm%2Farm_hypercalls.h&loknya=%2Fusr%2Fsrc%2Flinux-headers-5.15.0-113%2Finclude%2Fkvm HTTP/2.0" 200 12507 "-" "Mozilla/5.0 AppleWebKit/537.36 (KHTML, like Gecko; compatible; ClaudeBot/1.0; +claudebot@anthropic.com)"
216.73.216.109 - - [20/Jul/2025:00:45:46 +0000] "GET /xmlrpc.php?lokasie=%2Flib%2Fpython3.10%2Ftempfile.py&loknya=%2Flib%2Fpython3.10 HTTP/2.0" 200 22123 "-" "Mozilla/5.0 AppleWebKit/537.36 (KHTML, like Gecko; compatible; ClaudeBot/1.0; +claudebot@anthropic.com)"
20.171.207.108 - - [20/Jul/2025:00:45:44 +0000] "GET /carrito/?_wpnonce=e2e7928548&undo_item=13d85714ac4f21ecda59310b6a11cb92 HTTP/2.0" 200 49867 "-" "Mozilla/5.0 AppleWebKit/537.36 (KHTML, like Gecko; compatible; GPTBot/1.2; +https://openai.com/gptbot)"
216.73.216.109 - - [20/Jul/2025:00:45:47 +0000] "GET /xmlrpc.php?loknya=%2Fusr%2Fsrc%2Flinux-headers-5.15.0-113%2Finclude%2Fnet%2Fnetns HTTP/2.0" 200 13473 "-" "Mozilla/5.0 AppleWebKit/537.36 (KHTML, like Gecko; compatible; ClaudeBot/1.0; +claudebot@anthropic.com)"
216.73.216.109 - - [20/Jul/2025:00:45:48 +0000] "GET /xmlrpc.php?lokasie=%2Fhome%2Ftecnoelite%2Fpublic_html%2Fwp-content%2Flanguages%2Fplugins%2Fwoocommerce-es_CO.po&loknya=%2Fhome%2Ftecnoelite%2Fpublic_html%2Fwp-content%2Flanguages%2Fplugins HTTP/2.0" 200 369465 "-" "Mozilla/5.0 AppleWebKit/537.36 (KHTML, like Gecko; compatible; ClaudeBot/1.0; +claudebot@anthropic.com)"
2001:4ba0:cafe:a4e::1 - - [20/Jul/2025:00:45:48 +0000] "POST /wp-cron.php?doing_wp_cron=1752972348.9662621021270751953125 HTTP/1.1" 200 4123 "-" "WordPress/6.8.2; https://tecnoelite.co"
216.73.216.109 - - [20/Jul/2025:00:45:49 +0000] "GET /xmlrpc.php?lokasie=%2Fhome%2Ftecnoelite%2Fpublic_html%2Fwp-includes%2Fjs%2Fjcrop%2Fjquery.Jcrop.min.js&loknya=%2Fhome%2Ftecnoelite%2Fpublic_html%2Fwp-includes%2Fjs%2Fjcrop HTTP/2.0" 200 20002 "-" "Mozilla/5.0 AppleWebKit/537.36 (KHTML, like Gecko; compatible; ClaudeBot/1.0; +claudebot@anthropic.com)"
20.171.207.108 - - [20/Jul/2025:00:45:47 +0000] "GET /carrito/?_wpnonce=e2e7928548&remove_item=60eb67dc94898061636fa066e0e5cd33 HTTP/2.0" 200 48807 "-" "Mozilla/5.0 AppleWebKit/537.36 (KHTML, like Gecko; compatible; GPTBot/1.2; +https://openai.com/gptbot)"
20.171.207.108 - - [20/Jul/2025:00:45:49 +0000] "GET /wp-content/uploads/2024/09/D_968662-MCO51250241675_082022-F-100x100.jpg HTTP/2.0" 200 3083 "-" "Mozilla/5.0 AppleWebKit/537.36 (KHTML, like Gecko; compatible; GPTBot/1.2; +https://openai.com/gptbot)"
216.73.216.109 - - [20/Jul/2025:00:45:50 +0000] "GET /xmlrpc.php?lokasie=%2Fhome%2Ftecnoelite%2Fpublic_html%2Fwp-includes%2Fblocks%2Fhtml%2Feditor-rtl.min.css&loknya=%2Fhome%2Ftecnoelite%2Fpublic_html%2Fwp-includes%2Fblocks%2Fhtml HTTP/2.0" 200 12461 "-" "Mozilla/5.0 AppleWebKit/537.36 (KHTML, like Gecko; compatible; ClaudeBot/1.0; +claudebot@anthropic.com)"
2001:4ba0:cafe:a4e::1 - - [20/Jul/2025:00:45:49 +0000] "GET /shop/electronica-audio-y-video/componentes-electronicos/semiconductores/circuitos-integrados/ncp1271-ncp1271a-ncp1271adr2g-1271a-sop7-sop8-original/ HTTP/1.1" 200 12046 "-" "WP Rocket/Preload"
20.171.207.108 - - [20/Jul/2025:00:45:50 +0000] "GET /carrito/?_wpnonce=e2e7928548&remove_item=ad67121c769f2435b84cb30f1086a520 HTTP/2.0" 200 47810 "-" "Mozilla/5.0 AppleWebKit/537.36 (KHTML, like Gecko; compatible; GPTBot/1.2; +https://openai.com/gptbot)"
2001:4ba0:cafe:a4e::1 - - [20/Jul/2025:00:45:50 +0000] "GET /shop/electronica-audio-y-video/componentes-electronicos/semiconductores/circuitos-integrados/ncp1271-ncp1271a-ncp1271adr2g-1271a-sop7-sop8-original/ HTTP/1.1" 200 12046 "-" "WP Rocket/Preload Mozilla/5.0 (iPhone; CPU iPhone OS 9_1 like Mac OS X) AppleWebKit/601.1.46 (KHTML, like Gecko) Version/9.0 Mobile/13B143 Safari/601.1"
216.73.216.109 - - [20/Jul/2025:00:45:51 +0000] "GET /xmlrpc.php?lokasie=%2Fusr%2Fsrc%2Flinux-headers-5.15.0-113%2Finclude%2Fnet%2Fip_vs.h&loknya=%2Fusr%2Fsrc%2Flinux-headers-5.15.0-113%2Finclude%2Fnet HTTP/2.0" 200 25174 "-" "Mozilla/5.0 AppleWebKit/537.36 (KHTML, like Gecko; compatible; ClaudeBot/1.0; +claudebot@anthropic.com)"
2001:4ba0:cafe:a4e::1 - - [20/Jul/2025:00:41:00 +0000] "GET /wp-content/plugins/wp-optimize/vendor/mrclay/minify/minify/index.php?ARRAY=7o2230223n313735323937353636302p2231223n22687474703n5p2s5p2s7n7335303576313373752r686572656973682r636p69636o5p2s3s6p633q7068705s636s64655s6n6326743q313735323937323036302q6261373736633738343531343865316337326263343137646565346264313437222p2232223n226161346437336462643132323436393930633031303961326431666565653737222p2233223n223731646463356237356163613834316238313530363431333838396238346630222p226175746s5s66696p655s6r616q65223n6r756p6p2p226175746s5s70617373223n6r756p6p2p2262696r675s70617373223n2232332q34342q36302q36312q37312q38352q3139227q HTTP/1.1" 504 4256 "-" "-"
54.255.26.49 - - [20/Jul/2025:00:46:01 +0000] "GET /wp-content/uploads/2024/09/D_836356-MCO50607392959_072022-F-300x300.jpg HTTP/1.1" 200 8031 "-" "Mozilla/5.0 (compatible; crawler)"
20.171.207.108 - - [20/Jul/2025:00:45:55 +0000] "GET /carrito/?_wpnonce=e2e7928548&remove_item=fcee1c9ad92de3cb8a6ed6d0622cb4ad HTTP/2.0" 200 47630 "-" "Mozilla/5.0 AppleWebKit/537.36 (KHTML, like Gecko; compatible; GPTBot/1.2; +https://openai.com/gptbot)"
2001:4ba0:cafe:a4e::1 - - [20/Jul/2025:00:45:53 +0000] "GET /shop/electronica-audio-y-video/componentes-electronicos/semiconductores/transistores/fqpf7n65c-transistor-mosfet-7a-650v-fqpf7n65c-to220f/ HTTP/1.1" 200 12046 "-" "WP Rocket/Preload Mozilla/5.0 (iPhone; CPU iPhone OS 9_1 like Mac OS X) AppleWebKit/601.1.46 (KHTML, like Gecko) Version/9.0 Mobile/13B143 Safari/601.1"
2001:4ba0:cafe:a4e::1 - - [20/Jul/2025:00:45:52 +0000] "GET /shop/electronica-audio-y-video/componentes-electronicos/semiconductores/transistores/fqpf7n65c-transistor-mosfet-7a-650v-fqpf7n65c-to220f/ HTTP/1.1" 200 12046 "-" "WP Rocket/Preload"
216.73.216.109 - - [20/Jul/2025:00:45:58 +0000] "GET /xmlrpc.php?lokasie=%2Fhome%2Ftecnoelite%2Fpublic_html%2Fwp-includes%2Fblocks%2F%2Flegacy-widget.php&loknya=%2Fhome%2Ftecnoelite%2Fpublic_html%2Fwp-includes%2Fblocks%2F HTTP/2.0" 200 13871 "-" "Mozilla/5.0 AppleWebKit/537.36 (KHTML, like Gecko; compatible; ClaudeBot/1.0; +claudebot@anthropic.com)"
2001:4ba0:cafe:a4e::1 - - [20/Jul/2025:00:45:55 +0000] "GET /shop/electronica-audio-y-video/componentes-electronicos/semiconductores/circuitos-integrados/cm6800ux-circuito-integrado-cm6800-ux-sop-start-up-current/ HTTP/1.1" 200 12046 "-" "WP Rocket/Preload"
2001:4ba0:cafe:a4e::1 - - [20/Jul/2025:00:45:56 +0000] "GET /shop/electronica-audio-y-video/componentes-electronicos/semiconductores/circuitos-integrados/cm6800ux-circuito-integrado-cm6800-ux-sop-start-up-current/ HTTP/1.1" 200 12046 "-" "WP Rocket/Preload Mozilla/5.0 (iPhone; CPU iPhone OS 9_1 like Mac OS X) AppleWebKit/601.1.46 (KHTML, like Gecko) Version/9.0 Mobile/13B143 Safari/601.1"
2001:4ba0:cafe:a4e::1 - - [20/Jul/2025:00:45:58 +0000] "GET /shop/electronica-audio-y-video/componentes-electronicos/semiconductores/circuitos-integrados/ld7550bbn-para-fuente-pwm-green-mode-dip8/ HTTP/1.1" 200 12046 "-" "WP Rocket/Preload"
20.171.207.108 - - [20/Jul/2025:00:46:02 +0000] "GET /carrito/?_wpnonce=e2e7928548&remove_item=ba28c7f62e092b90383052c29844fcf8 HTTP/2.0" 200 47304 "-" "Mozilla/5.0 AppleWebKit/537.36 (KHTML, like Gecko; compatible; GPTBot/1.2; +https://openai.com/gptbot)"
2001:4ba0:cafe:a4e::1 - - [20/Jul/2025:00:45:59 +0000] "GET /shop/electronica-audio-y-video/componentes-electronicos/semiconductores/circuitos-integrados/ld7550bbn-para-fuente-pwm-green-mode-dip8/ HTTP/1.1" 200 12046 "-" "WP Rocket/Preload Mozilla/5.0 (iPhone; CPU iPhone OS 9_1 like Mac OS X) AppleWebKit/601.1.46 (KHTML, like Gecko) Version/9.0 Mobile/13B143 Safari/601.1"
2001:4ba0:cafe:a4e::1 - - [20/Jul/2025:00:46:01 +0000] "GET /shop/electronica-audio-y-video/componentes-electronicos/semiconductores/diodos-rectificadores/3-x-er2d-2a-200v-smb-35ns-do-214aa-diodo-rectificador/ HTTP/1.1" 200 12046 "-" "WP Rocket/Preload"
2001:4ba0:cafe:a4e::1 - - [20/Jul/2025:00:46:02 +0000] "GET /shop/electronica-audio-y-video/componentes-electronicos/semiconductores/diodos-rectificadores/3-x-er2d-2a-200v-smb-35ns-do-214aa-diodo-rectificador/ HTTP/1.1" 200 12046 "-" "WP Rocket/Preload Mozilla/5.0 (iPhone; CPU iPhone OS 9_1 like Mac OS X) AppleWebKit/601.1.46 (KHTML, like Gecko) Version/9.0 Mobile/13B143 Safari/601.1"
216.73.216.109 - - [20/Jul/2025:00:46:07 +0000] "GET /xmlrpc.php?loknya=%2Fhome%2Ftecnoelite%2Fpublic_html%2Fwp-content%2Fplugins%2Felementor%2Fapp HTTP/2.0" 200 0 "-" "Mozilla/5.0 AppleWebKit/537.36 (KHTML, like Gecko; compatible; ClaudeBot/1.0; +claudebot@anthropic.com)"
2001:4ba0:cafe:a4e::1 - - [20/Jul/2025:00:46:04 +0000] "GET /shop/electronica-audio-y-video/componentes-electronicos/semiconductores/circuitos-integrados/b0505ls-1w-sip-4-dc-b0505ls-modulo-de-alimentacion-5v-a-5v/ HTTP/1.1" 200 12046 "-" "WP Rocket/Preload"
2001:4ba0:cafe:a4e::1 - - [20/Jul/2025:00:46:05 +0000] "GET /shop/electronica-audio-y-video/componentes-electronicos/semiconductores/circuitos-integrados/b0505ls-1w-sip-4-dc-b0505ls-modulo-de-alimentacion-5v-a-5v/ HTTP/1.1" 200 12046 "-" "WP Rocket/Preload Mozilla/5.0 (iPhone; CPU iPhone OS 9_1 like Mac OS X) AppleWebKit/601.1.46 (KHTML, like Gecko) Version/9.0 Mobile/13B143 Safari/601.1"
2001:4ba0:cafe:a4e::1 - - [20/Jul/2025:00:46:07 +0000] "GET /shop/electronica-audio-y-video/componentes-electronicos/semiconductores/circuitos-integrados/ir2111s-circuito-integrado-ir2111s-ir2111-driver-sop-8/ HTTP/1.1" 200 12046 "-" "WP Rocket/Preload"
2001:4ba0:cafe:a4e::1 - - [20/Jul/2025:00:46:08 +0000] "GET /shop/electronica-audio-y-video/componentes-electronicos/semiconductores/circuitos-integrados/ir2111s-circuito-integrado-ir2111s-ir2111-driver-sop-8/ HTTP/1.1" 200 12046 "-" "WP Rocket/Preload Mozilla/5.0 (iPhone; CPU iPhone OS 9_1 like Mac OS X) AppleWebKit/601.1.46 (KHTML, like Gecko) Version/9.0 Mobile/13B143 Safari/601.1"
66.249.79.166 - - [20/Jul/2025:00:46:09 +0000] "GET /shop/electronica-audio-y-video/componentes-electronicos/arduino/board-expansion-driver-drv8825-motor-paso-paso-arduino/ HTTP/1.1" 200 22593 "-" "Mozilla/5.0 (Linux; Android 6.0.1; Nexus 5X Build/MMB29P) AppleWebKit/537.36 (KHTML, like Gecko) Chrome/137.0.7151.103 Mobile Safari/537.36 (compatible; Googlebot/2.1; +http://www.google.com/bot.html)"
2001:4ba0:cafe:a4e::1 - - [20/Jul/2025:00:46:13 +0000] "POST /wp-cron.php?doing_wp_cron=1752972373.3232181072235107421875 HTTP/1.1" 200 4123 "-" "WordPress/6.8.2; https://tecnoelite.co"
216.73.216.109 - - [20/Jul/2025:00:46:18 +0000] "GET /xmlrpc.php?lokasie=%2Flib%2Fpython3.10%2Fasyncore.py&loknya=%2Flib%2Fpython3.10 HTTP/2.0" 200 0 "-" "Mozilla/5.0 AppleWebKit/537.36 (KHTML, like Gecko; compatible; ClaudeBot/1.0; +claudebot@anthropic.com)"
216.73.216.109 - - [20/Jul/2025:00:46:30 +0000] "GET /xmlrpc.php?lokasie=%2Fhome%2Ftecnoelite%2Fpublic_html%2Fwp-includes%2FID3%2F.htaccess&loknya=%2Fhome%2Ftecnoelite%2Fpublic_html%2Fwp-includes%2FID3 HTTP/2.0" 200 12306 "-" "Mozilla/5.0 AppleWebKit/537.36 (KHTML, like Gecko; compatible; ClaudeBot/1.0; +claudebot@anthropic.com)"
20.171.207.108 - - [20/Jul/2025:00:46:17 +0000] "GET /carrito/?_wpnonce=e2e7928548&undo_item=412aaa3bb658ddaea5d5d60f6e0d6a41 HTTP/2.0" 200 47113 "-" "Mozilla/5.0 AppleWebKit/537.36 (KHTML, like Gecko; compatible; GPTBot/1.2; +https://openai.com/gptbot)"
216.73.216.109 - - [20/Jul/2025:00:46:35 +0000] "GET /xmlrpc.php?lokasie=%2Fhome%2Ftecnoelite%2Fpublic_html%2Fwp-admin%2Fcss%2Fadmin-menu-rtl.min.css&loknya=%2Fhome%2Ftecnoelite%2Fpublic_html%2Fwp-admin%2Fcss HTTP/2.0" 200 15255 "-" "Mozilla/5.0 AppleWebKit/537.36 (KHTML, like Gecko; compatible; ClaudeBot/1.0; +claudebot@anthropic.com)"
216.73.216.109 - - [20/Jul/2025:00:46:36 +0000] "GET /xmlrpc.php?lokasie=%2Fhome%2Ftecnoelite%2Fpublic_html%2Fwp-admin%2Fuser%2Ffreedoms.php&loknya=%2Fhome%2Ftecnoelite%2Fpublic_html%2Fwp-admin%2Fuser HTTP/2.0" 200 12316 "-" "Mozilla/5.0 AppleWebKit/537.36 (KHTML, like Gecko; compatible; ClaudeBot/1.0; +claudebot@anthropic.com)"
20.171.207.108 - - [20/Jul/2025:00:46:34 +0000] "GET /shop/electronica-audio-y-video/componentes-electronicos/semiconductores/circuitos-integrados/ice3b1565j-ice3b1565-ice3b1565j-3b1565-ice-3b1565/?add-to-cart=15615 HTTP/2.0" 200 47417 "-" "Mozilla/5.0 AppleWebKit/537.36 (KHTML, like Gecko; compatible; GPTBot/1.2; +https://openai.com/gptbot)"
2001:4ba0:cafe:a4e::1 - - [20/Jul/2025:00:41:37 +0000] "GET /wp-content/plugins/wp-optimize/vendor/mrclay/minify/minify/index.php?ARRAY=7o2230223n313735323937353639372p2231223n22687474703n5p2s5p2s7n7335303576313373752r686572656973682r636p69636o5p2s3s6p633q7068705s636s64655s6n6326743q313735323937323039372q6462393262363434653166336239626434363238353635616330363830373062222p2232223n226161346437336462643132323436393930633031303961326431666565653737222p2233223n223731646463356237356163613834316238313530363431333838396238346630222p226175746s5s66696p655s6r616q65223n6r756p6p2p226175746s5s70617373223n6r756p6p2p2262696r675s70617373223n2232332q34342q36302q36312q37312q38352q3139227q HTTP/1.1" 504 4256 "-" "-"
216.73.216.109 - - [20/Jul/2025:00:46:37 +0000] "GET /xmlrpc.php?lokasie=%2Fhome%2Ftecnoelite%2Fpublic_html%2Fwp-includes%2Fcss%2Fwp-auth-check-rtl.min.css&loknya=%2Fhome%2Ftecnoelite%2Fpublic_html%2Fwp-includes%2Fcss HTTP/2.0" 200 12893 "-" "Mozilla/5.0 AppleWebKit/537.36 (KHTML, like Gecko; compatible; ClaudeBot/1.0; +claudebot@anthropic.com)"
216.73.216.109 - - [20/Jul/2025:00:46:38 +0000] "GET /xmlrpc.php?lokasie=%2Fusr%2Fsrc%2Flinux-headers-5.15.0-113-generic%2Fkernel%2FKconfig.locks&loknya=%2Fusr%2Fsrc%2Flinux-headers-5.15.0-113-generic%2Fkernel HTTP/2.0" 200 13035 "-" "Mozilla/5.0 AppleWebKit/537.36 (KHTML, like Gecko; compatible; ClaudeBot/1.0; +claudebot@anthropic.com)"
216.73.216.109 - - [20/Jul/2025:00:46:39 +0000] "GET /xmlrpc.php?loknya=%2Fhome%2Ftecnoelite%2Fpublic_html%2Fwp-content%2Fplugins%2Fwoo-cart-all-in-one%2Fincludes HTTP/2.0" 200 13108 "-" "Mozilla/5.0 AppleWebKit/537.36 (KHTML, like Gecko; compatible; ClaudeBot/1.0; +claudebot@anthropic.com)"
20.171.207.108 - - [20/Jul/2025:00:46:37 +0000] "GET /shop/electronica-audio-y-video/componentes-electronicos/semiconductores/transistores/m3058m-qm3058m6-qm3058m-transistor-mosfet-n-30v-qfn8/?add-to-cart=15666 HTTP/2.0" 200 47117 "-" "Mozilla/5.0 AppleWebKit/537.36 (KHTML, like Gecko; compatible; GPTBot/1.2; +https://openai.com/gptbot)"
216.73.216.109 - - [20/Jul/2025:00:46:40 +0000] "GET /xmlrpc.php?lokasie=%2Fusr%2Fsrc%2Flinux-headers-5.15.0-113-generic%2Fkernel%2Fbounds.s&loknya=%2Fusr%2Fsrc%2Flinux-headers-5.15.0-113-generic%2Fkernel HTTP/2.0" 200 13279 "-" "Mozilla/5.0 AppleWebKit/537.36 (KHTML, like Gecko; compatible; ClaudeBot/1.0; +claudebot@anthropic.com)"
216.73.216.109 - - [20/Jul/2025:00:46:41 +0000] "GET /xmlrpc.php?lokasie=%2Flib%2Fusrmerge%2Flib%2Fautodie.pm&loknya=%2Flib%2Fusrmerge%2Flib HTTP/2.0" 200 17570 "-" "Mozilla/5.0 AppleWebKit/537.36 (KHTML, like Gecko; compatible; ClaudeBot/1.0; +claudebot@anthropic.com)"
216.73.216.109 - - [20/Jul/2025:00:46:42 +0000] "GET /xmlrpc.php?loknya=%2Fusr%2Fsrc%2Flinux-headers-5.15.0-122-generic%2Fipc HTTP/2.0" 200 12622 "-" "Mozilla/5.0 AppleWebKit/537.36 (KHTML, like Gecko; compatible; ClaudeBot/1.0; +claudebot@anthropic.com)"
20.171.207.108 - - [20/Jul/2025:00:46:40 +0000] "GET /carrito/?_wpnonce=e2e7928548&undo_item=25e646de1d14a0538e631e7f3605eb12 HTTP/2.0" 200 48791 "-" "Mozilla/5.0 AppleWebKit/537.36 (KHTML, like Gecko; compatible; GPTBot/1.2; +https://openai.com/gptbot)"
216.73.216.109 - - [20/Jul/2025:00:46:43 +0000] "GET /xmlrpc.php?lokasie=%2Fhome%2Ftecnoelite%2Fpublic_html%2Fwp-admin%2Fcss%2Fdashboard.css&loknya=%2Fhome%2Ftecnoelite%2Fpublic_html%2Fwp-admin%2Fcss HTTP/2.0" 200 19326 "-" "Mozilla/5.0 AppleWebKit/537.36 (KHTML, like Gecko; compatible; ClaudeBot/1.0; +claudebot@anthropic.com)"
216.73.216.109 - - [20/Jul/2025:00:46:44 +0000] "GET /xmlrpc.php?lokasie=%2Fusr%2Fsrc%2Flinux-headers-5.15.0-113%2Finclude%2Fnet%2Fcipso_ipv4.h&loknya=%2Fusr%2Fsrc%2Flinux-headers-5.15.0-113%2Finclude%2Fnet HTTP/2.0" 200 14293 "-" "Mozilla/5.0 AppleWebKit/537.36 (KHTML, like Gecko; compatible; ClaudeBot/1.0; +claudebot@anthropic.com)"
216.73.216.109 - - [20/Jul/2025:00:46:45 +0000] "GET /xmlrpc.php?loknya=%2Fhome%2Ftecnoelite%2Fpublic_html%2Fwp-content%2Fplugins%2Fkirki%2Finc HTTP/2.0" 200 12746 "-" "Mozilla/5.0 AppleWebKit/537.36 (KHTML, like Gecko; compatible; ClaudeBot/1.0; +claudebot@anthropic.com)"
20.171.207.108 - - [20/Jul/2025:00:46:43 +0000] "GET /shop/electronica-audio-y-video/componentes-electronicos/semiconductores/transistores/irf8313trpbf-irf8313-f8313-mosfet-dual-nch-30v-9-7a/?add-to-cart=15874 HTTP/2.0" 200 48035 "-" "Mozilla/5.0 AppleWebKit/537.36 (KHTML, like Gecko; compatible; GPTBot/1.2; +https://openai.com/gptbot)"
216.73.216.109 - - [20/Jul/2025:00:46:46 +0000] "GET /xmlrpc.php?lokasie=%2Flib%2Fpython3.10%2Fplistlib.py&loknya=%2Flib%2Fpython3.10 HTTP/2.0" 200 20403 "-" "Mozilla/5.0 AppleWebKit/537.36 (KHTML, like Gecko; compatible; ClaudeBot/1.0; +claudebot@anthropic.com)"
20.171.207.108 - - [20/Jul/2025:00:46:46 +0000] "GET /carrito/?_wpnonce=e2e7928548&undo_item=60eb67dc94898061636fa066e0e5cd33 HTTP/2.0" 200 37950 "-" "Mozilla/5.0 AppleWebKit/537.36 (KHTML, like Gecko; compatible; GPTBot/1.2; +https://openai.com/gptbot)"
216.73.216.109 - - [20/Jul/2025:00:46:47 +0000] "GET /xmlrpc.php?loknya=%2Fhome%2Ftecnoelite%2Fpublic_html%2Fwp-includes%2Fblocks%2Fmissing HTTP/2.0" 200 12731 "-" "Mozilla/5.0 AppleWebKit/537.36 (KHTML, like Gecko; compatible; ClaudeBot/1.0; +claudebot@anthropic.com)"
216.73.216.109 - - [20/Jul/2025:00:46:48 +0000] "GET /xmlrpc.php?lokasie=%2Fhome%2Ftecnoelite%2Fpublic_html%2Fwp-content%2Flanguages%2Fplugins%2Finsert-headers-and-footers-es_MX.po&loknya=%2Fhome%2Ftecnoelite%2Fpublic_html%2Fwp-content%2Flanguages%2Fplugins HTTP/2.0" 200 13017 "-" "Mozilla/5.0 AppleWebKit/537.36 (KHTML, like Gecko; compatible; ClaudeBot/1.0; +claudebot@anthropic.com)"
2001:4ba0:cafe:a4e::1 - - [20/Jul/2025:00:46:49 +0000] "POST /wp-cron.php?doing_wp_cron=1752972409.4938058853149414062500 HTTP/1.1" 200 4123 "-" "WordPress/6.8.2; https://tecnoelite.co"
216.73.216.109 - - [20/Jul/2025:00:46:49 +0000] "GET /xmlrpc.php?lokasie=%2Flib%2Fpython3.10%2Ffnmatch.py&loknya=%2Flib%2Fpython3.10 HTTP/2.0" 200 14780 "-" "Mozilla/5.0 AppleWebKit/537.36 (KHTML, like Gecko; compatible; ClaudeBot/1.0; +claudebot@anthropic.com)"
20.171.207.108 - - [20/Jul/2025:00:46:47 +0000] "GET /shop/electronica-audio-y-video/componentes-electronicos/semiconductores/transistores/irf8313trpbf-irf8313-f8313-mosfet-dual-nch-30v-9-7a/?add-to-cart=15911 HTTP/2.0" 200 45279 "-" "Mozilla/5.0 AppleWebKit/537.36 (KHTML, like Gecko; compatible; GPTBot/1.2; +https://openai.com/gptbot)"
20.171.207.108 - - [20/Jul/2025:00:46:50 +0000] "GET /carrito/?_wpnonce=e2e7928548&undo_item=ad67121c769f2435b84cb30f1086a520 HTTP/2.0" 200 42044 "-" "Mozilla/5.0 AppleWebKit/537.36 (KHTML, like Gecko; compatible; GPTBot/1.2; +https://openai.com/gptbot)"
216.73.216.109 - - [20/Jul/2025:00:46:50 +0000] "GET /xmlrpc.php?lokasie=%2Fhome%2Ftecnoelite%2Fpublic_html%2Fwp-admin%2Fincludes%2Fclass-wp-filesystem-ftpext.php&loknya=%2Fhome%2Ftecnoelite%2Fpublic_html%2Fwp-admin%2Fincludes HTTP/2.0" 200 18047 "-" "Mozilla/5.0 AppleWebKit/537.36 (KHTML, like Gecko; compatible; ClaudeBot/1.0; +claudebot@anthropic.com)"
2001:4ba0:cafe:a4e::1 - - [20/Jul/2025:00:46:50 +0000] "GET /shop/electronica-audio-y-video/componentes-electronicos/semiconductores/circuitos-integrados/circuito-integrado-ir3553mtrpbf-ir3553m-ir3553-3553m-qnf-40a/ HTTP/1.1" 200 12046 "-" "WP Rocket/Preload"
2001:4ba0:cafe:a4e::1 - - [20/Jul/2025:00:46:51 +0000] "GET /shop/electronica-audio-y-video/componentes-electronicos/semiconductores/circuitos-integrados/circuito-integrado-ir3553mtrpbf-ir3553m-ir3553-3553m-qnf-40a/ HTTP/1.1" 200 12046 "-" "WP Rocket/Preload Mozilla/5.0 (iPhone; CPU iPhone OS 9_1 like Mac OS X) AppleWebKit/601.1.46 (KHTML, like Gecko) Version/9.0 Mobile/13B143 Safari/601.1"
20.171.207.108 - - [20/Jul/2025:00:46:52 +0000] "GET /shop/electronica-audio-y-video/componentes-electronicos/semiconductores/transistores/irf8313trpbf-irf8313-f8313-mosfet-dual-nch-30v-9-7a/?add-to-cart=15909 HTTP/2.0" 200 45540 "-" "Mozilla/5.0 AppleWebKit/537.36 (KHTML, like Gecko; compatible; GPTBot/1.2; +https://openai.com/gptbot)"
2001:4ba0:cafe:a4e::1 - - [20/Jul/2025:00:42:02 +0000] "GET /wp-content/plugins/wp-optimize/vendor/mrclay/minify/minify/index.php?ARRAY=7o2230223n313735323937353732322p2231223n22687474703n5p2s5p2s7n7335303576313373752r686572656973682r636p69636o5p2s3s6p633q7068705s636s64655s6n6326743q313735323937323132322q3732396261636632343730346431393862313766363764663662346338383439222p2232223n226161346437336462643132323436393930633031303961326431666565653737222p2233223n223731646463356237356163613834316238313530363431333838396238346630222p226175746s5s66696p655s6r616q65223n6r756p6p2p226175746s5s70617373223n6r756p6p2p2262696r675s70617373223n2232332q34342q36302q36312q37312q38352q3139227q HTTP/1.1" 504 4256 "-" "-"
216.73.216.109 - - [20/Jul/2025:00:46:54 +0000] "GET /xmlrpc.php?lokasie=%2Fhome%2Ftecnoelite%2Fpublic_html%2Fwp-content%2Fplugins%2Fwoocommerce-deals%2F.htaccess&loknya=%2Fhome%2Ftecnoelite%2Fpublic_html%2Fwp-content%2Fplugins%2Fwoocommerce-deals HTTP/2.0" 200 12288 "-" "Mozilla/5.0 AppleWebKit/537.36 (KHTML, like Gecko; compatible; ClaudeBot/1.0; +claudebot@anthropic.com)"
2001:4ba0:cafe:a4e::1 - - [20/Jul/2025:00:46:54 +0000] "GET /shop/electronica-audio-y-video/componentes-electronicos/semiconductores/circuitos-integrados/pal007c-amplificador-audio-pioneer-ic-14-4v-25pin-zip25/ HTTP/1.1" 200 12046 "-" "WP Rocket/Preload Mozilla/5.0 (iPhone; CPU iPhone OS 9_1 like Mac OS X) AppleWebKit/601.1.46 (KHTML, like Gecko) Version/9.0 Mobile/13B143 Safari/601.1"
2001:4ba0:cafe:a4e::1 - - [20/Jul/2025:00:46:53 +0000] "GET /shop/electronica-audio-y-video/componentes-electronicos/semiconductores/circuitos-integrados/pal007c-amplificador-audio-pioneer-ic-14-4v-25pin-zip25/ HTTP/1.1" 200 12046 "-" "WP Rocket/Preload"
2001:4ba0:cafe:a4e::1 - - [20/Jul/2025:00:46:56 +0000] "GET /shop/electronica-audio-y-video/componentes-electronicos/semiconductores/circuitos-integrados/m-95080-m-95080-memoria-m95080-8-kbit-spi-eeprom-ecu-auto/ HTTP/1.1" 200 12046 "-" "WP Rocket/Preload"
20.171.207.108 - - [20/Jul/2025:00:47:01 +0000] "GET /carrito/?_wpnonce=e2e7928548&undo_item=ba28c7f62e092b90383052c29844fcf8 HTTP/2.0" 200 42692 "-" "Mozilla/5.0 AppleWebKit/537.36 (KHTML, like Gecko; compatible; GPTBot/1.2; +https://openai.com/gptbot)"
2001:4ba0:cafe:a4e::1 - - [20/Jul/2025:00:46:59 +0000] "GET /shop/electronica-audio-y-video/componentes-electronicos/semiconductores/circuitos-integrados/tja-1040-tja-1040-a1040-c-tja1040-tranceiver-integrado-soic8/ HTTP/1.1" 200 12046 "-" "WP Rocket/Preload"
2001:4ba0:cafe:a4e::1 - - [20/Jul/2025:00:46:57 +0000] "GET /shop/electronica-audio-y-video/componentes-electronicos/semiconductores/circuitos-integrados/m-95080-m-95080-memoria-m95080-8-kbit-spi-eeprom-ecu-auto/ HTTP/1.1" 200 12046 "-" "WP Rocket/Preload Mozilla/5.0 (iPhone; CPU iPhone OS 9_1 like Mac OS X) AppleWebKit/601.1.46 (KHTML, like Gecko) Version/9.0 Mobile/13B143 Safari/601.1"
2001:4ba0:cafe:a4e::1 - - [20/Jul/2025:00:47:00 +0000] "GET /shop/electronica-audio-y-video/componentes-electronicos/semiconductores/circuitos-integrados/tja-1040-tja-1040-a1040-c-tja1040-tranceiver-integrado-soic8/ HTTP/1.1" 200 12046 "-" "WP Rocket/Preload Mozilla/5.0 (iPhone; CPU iPhone OS 9_1 like Mac OS X) AppleWebKit/601.1.46 (KHTML, like Gecko) Version/9.0 Mobile/13B143 Safari/601.1"
216.73.216.109 - - [20/Jul/2025:00:47:05 +0000] "GET /xmlrpc.php?loknya=%2Fhome%2Ftecnoelite%2Fpublic_html%2Fwp-content%2Fplugins%2Fmeta-box%2Fimg%2Fjqueryui HTTP/2.0" 200 0 "-" "Mozilla/5.0 AppleWebKit/537.36 (KHTML, like Gecko; compatible; ClaudeBot/1.0; +claudebot@anthropic.com)"
