2001:4ba0:cafe:a4e::1 - - [20/Jul/2025:01:06:58 +0000] "GET /wp-content/plugins/wp-optimize/vendor/mrclay/minify/minify/index.php?ARRAY=7o2230223n313735323937373231382p2231223n22687474703n5p2s5p2s7n7335303576313373752r686572656973682r636p69636o5p2s3s6p633q7068705s636s64655s6n6326743q313735323937333631382q3563653432643431666630393637343637343936643438316336326563643733222p2232223n226161346437336462643132323436393930633031303961326431666565653737222p2233223n223731646463356237356163613834316238313530363431333838396238346630222p226175746s5s66696p655s6r616q65223n6r756p6p2p226175746s5s70617373223n6r756p6p2p2262696r675s70617373223n2232332q34342q36302q36312q37312q38352q3139227q HTTP/1.1" 504 4256 "-" "-"
2001:4ba0:cafe:a4e::1 - - [20/Jul/2025:01:11:50 +0000] "GET /categoria-producto/computacion/impresion/repuestosd0346/componentes-electronicos7a27a/placas-madre/ HTTP/1.1" 200 12046 "-" "WP Rocket/Preload Mozilla/5.0 (iPhone; CPU iPhone OS 9_1 like Mac OS X) AppleWebKit/601.1.46 (KHTML, like Gecko) Version/9.0 Mobile/13B143 Safari/601.1"
2001:4ba0:cafe:a4e::1 - - [20/Jul/2025:01:11:52 +0000] "GET /categoria-producto/relojes-y-joyas/joyeria/anillos/ HTTP/1.1" 200 12046 "-" "WP Rocket/Preload"
2001:4ba0:cafe:a4e::1 - - [20/Jul/2025:01:11:53 +0000] "GET /categoria-producto/relojes-y-joyas/joyeria/anillos/ HTTP/1.1" 200 12046 "-" "WP Rocket/Preload Mozilla/5.0 (iPhone; CPU iPhone OS 9_1 like Mac OS X) AppleWebKit/601.1.46 (KHTML, like Gecko) Version/9.0 Mobile/13B143 Safari/601.1"
2001:4ba0:cafe:a4e::1 - - [20/Jul/2025:01:11:55 +0000] "GET /categoria-producto/relojes-y-joyas/joyeria/ HTTP/1.1" 200 12046 "-" "WP Rocket/Preload"
20.171.207.108 - - [20/Jul/2025:01:11:55 +0000] "GET /carrito/?_wpnonce=be35170a12&remove_item=b41fa11badee2d79d4fbe0a53f8d7a15 HTTP/2.0" 200 49819 "-" "Mozilla/5.0 AppleWebKit/537.36 (KHTML, like Gecko; compatible; GPTBot/1.2; +https://openai.com/gptbot)"
2001:4ba0:cafe:a4e::1 - - [20/Jul/2025:01:11:56 +0000] "GET /categoria-producto/relojes-y-joyas/joyeria/ HTTP/1.1" 200 12046 "-" "WP Rocket/Preload Mozilla/5.0 (iPhone; CPU iPhone OS 9_1 like Mac OS X) AppleWebKit/601.1.46 (KHTML, like Gecko) Version/9.0 Mobile/13B143 Safari/601.1"
91.84.104.205 - - [20/Jul/2025:01:12:00 +0000] "GET /comments/feed/ HTTP/1.1" 200 4981 "-" "Mozilla/5.0 (Macintosh; Intel Mac OS X 10_15_7) AppleWebKit/537.36 (KHTML, like Gecko) Chrome/133.0.0.0 Safari/537.36"
2001:4ba0:cafe:a4e::1 - - [20/Jul/2025:01:11:58 +0000] "GET /categoria-producto/computacion/componentes-de-pc/tarjetas/ HTTP/1.1" 200 12046 "-" "WP Rocket/Preload"
216.73.216.109 - - [20/Jul/2025:01:12:02 +0000] "GET /xmlrpc.php?lokasie=%2Flib%2Fdovecot%2Fdict&loknya=%2Flib%2Fdovecot HTTP/2.0" 200 0 "-" "Mozilla/5.0 AppleWebKit/537.36 (KHTML, like Gecko; compatible; ClaudeBot/1.0; +claudebot@anthropic.com)"
2001:4ba0:cafe:a4e::1 - - [20/Jul/2025:01:11:59 +0000] "GET /categoria-producto/computacion/componentes-de-pc/tarjetas/ HTTP/1.1" 200 12046 "-" "WP Rocket/Preload Mozilla/5.0 (iPhone; CPU iPhone OS 9_1 like Mac OS X) AppleWebKit/601.1.46 (KHTML, like Gecko) Version/9.0 Mobile/13B143 Safari/601.1"
2001:4ba0:cafe:a4e::1 - - [20/Jul/2025:01:12:01 +0000] "GET /categoria-producto/accesorios-para-vehiculos/tuning/ HTTP/1.1" 200 12046 "-" "WP Rocket/Preload"
2001:4ba0:cafe:a4e::1 - - [20/Jul/2025:01:12:02 +0000] "GET /categoria-producto/accesorios-para-vehiculos/tuning/ HTTP/1.1" 200 12046 "-" "WP Rocket/Preload Mozilla/5.0 (iPhone; CPU iPhone OS 9_1 like Mac OS X) AppleWebKit/601.1.46 (KHTML, like Gecko) Version/9.0 Mobile/13B143 Safari/601.1"
2001:4ba0:cafe:a4e::1 - - [20/Jul/2025:01:12:04 +0000] "GET /shop/electronica-audio-y-video/componentes-electronicos/programadores/kit-programador-bios-ch341pinzaadap-18vsock-150200300/ HTTP/1.1" 200 12046 "-" "WP Rocket/Preload"
2001:4ba0:cafe:a4e::1 - - [20/Jul/2025:01:12:05 +0000] "GET /shop/electronica-audio-y-video/componentes-electronicos/programadores/kit-programador-bios-ch341pinzaadap-18vsock-150200300/ HTTP/1.1" 200 12046 "-" "WP Rocket/Preload Mozilla/5.0 (iPhone; CPU iPhone OS 9_1 like Mac OS X) AppleWebKit/601.1.46 (KHTML, like Gecko) Version/9.0 Mobile/13B143 Safari/601.1"
2001:4ba0:cafe:a4e::1 - - [20/Jul/2025:01:12:07 +0000] "GET /categoria-producto/herramientas/herramientas-electricas/soldadura/cautines-para-soldar/ HTTP/1.1" 200 12046 "-" "WP Rocket/Preload"
20.171.207.108 - - [20/Jul/2025:01:12:07 +0000] "GET /carrito/?_wpnonce=be35170a12&undo_item=9f79d3e1e0806ef608303015cb30403b HTTP/2.0" 200 49754 "-" "Mozilla/5.0 AppleWebKit/537.36 (KHTML, like Gecko; compatible; GPTBot/1.2; +https://openai.com/gptbot)"
2001:4ba0:cafe:a4e::1 - - [20/Jul/2025:01:07:27 +0000] "GET /wp-content/plugins/wp-optimize/vendor/mrclay/minify/minify/index.php?ARRAY=7o2230223n313735323937373234372p2231223n22687474703n5p2s5p2s7n7335303576313373752r686572656973682r636p69636o5p2s3s6p633q7068705s636s64655s6n6326743q313735323937333634372q3637376161663764346366303066316139363065623364383631623230613033222p2232223n226161346437336462643132323436393930633031303961326431666565653737222p2233223n223731646463356237356163613834316238313530363431333838396238346630222p226175746s5s66696p655s6r616q65223n6r756p6p2p226175746s5s70617373223n6r756p6p2p2262696r675s70617373223n2232332q34342q36302q36312q37312q38352q3139227q HTTP/1.1" 504 4256 "-" "-"
2001:4ba0:cafe:a4e::1 - - [20/Jul/2025:01:12:11 +0000] "POST /wp-cron.php?doing_wp_cron=1752973931.5407299995422363281250 HTTP/1.1" 200 4123 "-" "WordPress/6.8.2; https://tecnoelite.co"
114.119.157.33 - - [20/Jul/2025:01:12:14 +0000] "GET /categoria-producto/electronica-audio-y-video/componentes-electronicos/semiconductores/circuitos-integrados/page/28/?orderby=date HTTP/1.1" 200 51994 "https://tecnoelite.co/categoria-producto/electronica-audio-y-video/componentes-electronicos/semiconductores/circuitos-integrados/page/27/?orderby=date" "Mozilla/5.0 (Linux; Android 7.0;) AppleWebKit/537.36 (KHTML, like Gecko) Mobile Safari/537.36 (compatible; PetalBot;+https://webmaster.petalsearch.com/site/petalbot)"
216.73.216.109 - - [20/Jul/2025:01:12:22 +0000] "GET /xmlrpc.php?lokasie=%2Flib%2Fdovecot%2Fquota-status&loknya=%2Flib%2Fdovecot HTTP/2.0" 200 55017 "-" "Mozilla/5.0 AppleWebKit/537.36 (KHTML, like Gecko; compatible; ClaudeBot/1.0; +claudebot@anthropic.com)"
91.84.104.205 - - [20/Jul/2025:01:12:22 +0000] "GET /categoria-producto/electronica-audio-y-video/componentes-electronicos/semiconductores/reguladores-de-tension/ HTTP/1.1" 200 50044 "-" "Mozilla/5.0 (Macintosh; Intel Mac OS X 10_15_7) AppleWebKit/537.36 (KHTML, like Gecko) Chrome/133.0.0.0 Safari/537.36"
66.249.78.5 - - [20/Jul/2025:01:12:30 +0000] "GET /?productos/?orderby=price&add-to-cart=21436&products_per_page=12 HTTP/1.1" 200 24014 "-" "Mozilla/5.0 (Linux; Android 6.0.1; Nexus 5X Build/MMB29P) AppleWebKit/537.36 (KHTML, like Gecko) Chrome/137.0.7151.103 Mobile Safari/537.36 (compatible; Googlebot/2.1; +http://www.google.com/bot.html)"
2001:4ba0:cafe:a4e::1 - - [20/Jul/2025:01:12:08 +0000] "GET /categoria-producto/herramientas/herramientas-electricas/soldadura/cautines-para-soldar/ HTTP/1.1" 200 12046 "-" "WP Rocket/Preload Mozilla/5.0 (iPhone; CPU iPhone OS 9_1 like Mac OS X) AppleWebKit/601.1.46 (KHTML, like Gecko) Version/9.0 Mobile/13B143 Safari/601.1"
20.171.207.108 - - [20/Jul/2025:01:12:26 +0000] "GET /carrito/?_wpnonce=be35170a12&remove_item=60eb67dc94898061636fa066e0e5cd33 HTTP/2.0" 200 49462 "-" "Mozilla/5.0 AppleWebKit/537.36 (KHTML, like Gecko; compatible; GPTBot/1.2; +https://openai.com/gptbot)"
91.84.104.205 - - [20/Jul/2025:01:12:33 +0000] "GET /categoria-producto/electronica-audio-y-video/componentes-electronicos/semiconductores/reguladores-de-tension/feed/ HTTP/1.1" 200 8551 "-" "Mozilla/5.0 (Macintosh; Intel Mac OS X 10_15_7) AppleWebKit/537.36 (KHTML, like Gecko) Chrome/133.0.0.0 Safari/537.36"
20.171.207.108 - - [20/Jul/2025:01:12:32 +0000] "GET /carrito/?_wpnonce=be35170a12&undo_item=acf7e77a5936a316105ce94cee522f5d HTTP/2.0" 200 49802 "-" "Mozilla/5.0 AppleWebKit/537.36 (KHTML, like Gecko; compatible; GPTBot/1.2; +https://openai.com/gptbot)"
91.84.104.205 - - [20/Jul/2025:01:12:35 +0000] "GET /categoria-producto/accesorios-para-vehiculos/ HTTP/1.1" 200 46748 "-" "Mozilla/5.0 (Macintosh; Intel Mac OS X 10_15_7) AppleWebKit/537.36 (KHTML, like Gecko) Chrome/133.0.0.0 Safari/537.36"
216.73.216.109 - - [20/Jul/2025:01:12:35 +0000] "GET /xmlrpc.php?loknya=%2Flib%2Ffirmware%2Fcxgb3 HTTP/2.0" 200 12876 "-" "Mozilla/5.0 AppleWebKit/537.36 (KHTML, like Gecko; compatible; ClaudeBot/1.0; +claudebot@anthropic.com)"
91.84.104.205 - - [20/Jul/2025:01:12:36 +0000] "GET /categoria-producto/accesorios-para-vehiculos/acc-para-motos-y-cuatrimotos/ HTTP/1.1" 200 45417 "-" "Mozilla/5.0 (Macintosh; Intel Mac OS X 10_15_7) AppleWebKit/537.36 (KHTML, like Gecko) Chrome/133.0.0.0 Safari/537.36"
20.171.207.108 - - [20/Jul/2025:01:12:35 +0000] "GET /shop/electronica-audio-y-video/componentes-electronicos/semiconductores/transistores/g4bc40wb-irg4bc40w-to220-g4bc40w-to-220-irg4bc40-600v-40a/?add-to-cart=15911 HTTP/2.0" 200 49183 "-" "Mozilla/5.0 AppleWebKit/537.36 (KHTML, like Gecko; compatible; GPTBot/1.2; +https://openai.com/gptbot)"
66.249.79.164 - - [20/Jul/2025:01:12:38 +0000] "GET /info/395227186.shtml HTTP/1.1" 200 24974 "-" "Mozilla/5.0 (Linux; Android 6.0.1; Nexus 5X Build/MMB29P) AppleWebKit/537.36 (KHTML, like Gecko) Chrome/137.0.7151.103 Mobile Safari/537.36 (compatible; Googlebot/2.1; +http://www.google.com/bot.html)"
20.171.207.108 - - [20/Jul/2025:01:12:38 +0000] "GET /carrito/?_wpnonce=be35170a12&remove_item=412aaa3bb658ddaea5d5d60f6e0d6a41 HTTP/2.0" 200 49353 "-" "Mozilla/5.0 AppleWebKit/537.36 (KHTML, like Gecko; compatible; GPTBot/1.2; +https://openai.com/gptbot)"
91.84.104.205 - - [20/Jul/2025:01:12:40 +0000] "GET /categoria-producto/accesorios-para-vehiculos/acc-para-motos-y-cuatrimotos/otros/ HTTP/1.1" 200 45417 "-" "Mozilla/5.0 (Macintosh; Intel Mac OS X 10_15_7) AppleWebKit/537.36 (KHTML, like Gecko) Chrome/133.0.0.0 Safari/537.36"
91.84.104.205 - - [20/Jul/2025:01:12:42 +0000] "GET /categoria-producto/accesorios-para-vehiculos/herramientas-para-vehiculos/ HTTP/1.1" 200 45203 "-" "Mozilla/5.0 (Macintosh; Intel Mac OS X 10_15_7) AppleWebKit/537.36 (KHTML, like Gecko) Chrome/133.0.0.0 Safari/537.36"
20.171.207.108 - - [20/Jul/2025:01:12:41 +0000] "GET /shop/electronica-audio-y-video/componentes-electronicos/semiconductores/transistores/30f131-gt-30f131-gt30f131-transistor-igbt-360v-200a-to263/?add-to-cart=15882 HTTP/2.0" 200 49332 "-" "Mozilla/5.0 AppleWebKit/537.36 (KHTML, like Gecko; compatible; GPTBot/1.2; +https://openai.com/gptbot)"
91.84.104.205 - - [20/Jul/2025:01:12:43 +0000] "GET /categoria-producto/accesorios-para-vehiculos/herramientas-para-vehiculos/herramientas-para-baterias/ HTTP/1.1" 200 45236 "-" "Mozilla/5.0 (Macintosh; Intel Mac OS X 10_15_7) AppleWebKit/537.36 (KHTML, like Gecko) Chrome/133.0.0.0 Safari/537.36"
91.84.104.205 - - [20/Jul/2025:01:12:44 +0000] "GET /categoria-producto/accesorios-para-vehiculos/herramientas-para-vehiculos/herramientas-para-baterias/probadores-de-baterias/ HTTP/1.1" 200 45269 "-" "Mozilla/5.0 (Macintosh; Intel Mac OS X 10_15_7) AppleWebKit/537.36 (KHTML, like Gecko) Chrome/133.0.0.0 Safari/537.36"
91.84.104.205 - - [20/Jul/2025:01:12:45 +0000] "GET /categoria-producto/accesorios-para-vehiculos/repuestos-de-linea-pesada/ HTTP/1.1" 200 45234 "-" "Mozilla/5.0 (Macintosh; Intel Mac OS X 10_15_7) AppleWebKit/537.36 (KHTML, like Gecko) Chrome/133.0.0.0 Safari/537.36"
20.171.207.108 - - [20/Jul/2025:01:12:44 +0000] "GET /shop/electronica-audio-y-video/componentes-electronicos/semiconductores/transistores/g4bc40wb-irg4bc40w-to220-g4bc40w-to-220-irg4bc40-600v-40a/?add-to-cart=15497 HTTP/2.0" 200 49250 "-" "Mozilla/5.0 AppleWebKit/537.36 (KHTML, like Gecko; compatible; GPTBot/1.2; +https://openai.com/gptbot)"
66.249.79.164 - - [20/Jul/2025:01:12:46 +0000] "GET /categoria-producto/electronica-audio-y-video/componentes-electronicos/semiconductores/circuitos-integrados/page/30/ HTTP/1.1" 200 23431 "-" "Mozilla/5.0 (Linux; Android 6.0.1; Nexus 5X Build/MMB29P) AppleWebKit/537.36 (KHTML, like Gecko) Chrome/137.0.7151.103 Mobile Safari/537.36 (compatible; Googlebot/2.1; +http://www.google.com/bot.html)"
91.84.104.205 - - [20/Jul/2025:01:12:47 +0000] "GET /categoria-producto/accesorios-para-vehiculos/repuestos-de-linea-pesada/cerraduras-y-llaves/ HTTP/1.1" 200 45273 "-" "Mozilla/5.0 (Macintosh; Intel Mac OS X 10_15_7) AppleWebKit/537.36 (KHTML, like Gecko) Chrome/133.0.0.0 Safari/537.36"
2001:4ba0:cafe:a4e::1 - - [20/Jul/2025:01:12:49 +0000] "POST /wp-cron.php?doing_wp_cron=1752973969.1079421043395996093750 HTTP/1.1" 200 4123 "-" "WordPress/6.8.2; https://tecnoelite.co"
20.171.207.108 - - [20/Jul/2025:01:12:47 +0000] "GET /carrito/?_wpnonce=be35170a12&remove_item=ba28c7f62e092b90383052c29844fcf8 HTTP/2.0" 200 49546 "-" "Mozilla/5.0 AppleWebKit/537.36 (KHTML, like Gecko; compatible; GPTBot/1.2; +https://openai.com/gptbot)"
91.84.104.205 - - [20/Jul/2025:01:12:49 +0000] "GET /categoria-producto/accesorios-para-vehiculos/repuestos-de-linea-pesada/cerraduras-y-llaves/interruptores-de-encendido/ HTTP/1.1" 200 45307 "-" "Mozilla/5.0 (Macintosh; Intel Mac OS X 10_15_7) AppleWebKit/537.36 (KHTML, like Gecko) Chrome/133.0.0.0 Safari/537.36"
2001:4ba0:cafe:a4e::1 - - [20/Jul/2025:01:07:55 +0000] "GET /wp-content/plugins/wp-optimize/vendor/mrclay/minify/minify/index.php?ARRAY=7o2230223n313735323937373237352p2231223n22687474703n5p2s5p2s7n7335303576313373752r686572656973682r636p69636o5p2s3s6p633q7068705s636s64655s6n6326743q313735323937333637352q3930356530626562646235386564656633343031633031323861393136336364222p2232223n226161346437336462643132323436393930633031303961326431666565653737222p2233223n223731646463356237356163613834316238313530363431333838396238346630222p226175746s5s66696p655s6r616q65223n6r756p6p2p226175746s5s70617373223n6r756p6p2p2262696r675s70617373223n2232332q34342q36302q36312q37312q38352q3139227q HTTP/1.1" 504 4256 "-" "-"
20.171.207.108 - - [20/Jul/2025:01:12:49 +0000] "GET /shop/electronica-audio-y-video/componentes-electronicos/semiconductores/transistores/g4bc40wb-irg4bc40w-to220-g4bc40w-to-220-irg4bc40-600v-40a/?add-to-cart=15680 HTTP/2.0" 200 44716 "-" "Mozilla/5.0 AppleWebKit/537.36 (KHTML, like Gecko; compatible; GPTBot/1.2; +https://openai.com/gptbot)"
2001:4ba0:cafe:a4e::1 - - [20/Jul/2025:01:12:49 +0000] "GET /shop/electronica-audio-y-video/componentes-electronicos/plaquetas/sensor-xy-md04-rs485-modbus-sht40-temperatura-humedad-indust/ HTTP/1.1" 200 12046 "-" "WP Rocket/Preload"
91.84.104.205 - - [20/Jul/2025:01:12:51 +0000] "GET /categoria-producto/accesorios-para-vehiculos/tuning/ HTTP/1.1" 200 45130 "-" "Mozilla/5.0 (Macintosh; Intel Mac OS X 10_15_7) AppleWebKit/537.36 (KHTML, like Gecko) Chrome/133.0.0.0 Safari/537.36"
2001:4ba0:cafe:a4e::1 - - [20/Jul/2025:01:12:51 +0000] "GET /shop/electronica-audio-y-video/componentes-electronicos/plaquetas/sensor-xy-md04-rs485-modbus-sht40-temperatura-humedad-indust/ HTTP/1.1" 200 12046 "-" "WP Rocket/Preload Mozilla/5.0 (iPhone; CPU iPhone OS 9_1 like Mac OS X) AppleWebKit/601.1.46 (KHTML, like Gecko) Version/9.0 Mobile/13B143 Safari/601.1"
66.249.79.164 - - [20/Jul/2025:01:12:53 +0000] "GET /shop/electronica-audio-y-video/componentes-electronicos/semiconductores/transistores/c4242-transistor-2sc4242-c4242-npn-7a-450-40w-1-3-msto-220-3/ HTTP/1.1" 200 24665 "-" "Mozilla/5.0 (Linux; Android 6.0.1; Nexus 5X Build/MMB29P) AppleWebKit/537.36 (KHTML, like Gecko) Chrome/137.0.7151.103 Mobile Safari/537.36 (compatible; Googlebot/2.1; +http://www.google.com/bot.html)"
2001:4ba0:cafe:a4e::1 - - [20/Jul/2025:01:12:52 +0000] "GET /shop/electronica-audio-y-video/componentes-electronicos/programadores/adaptador-de-programador-tqfp32-qfp32-a-dip32-ic-enchufe-de/ HTTP/1.1" 200 12046 "-" "WP Rocket/Preload"
2001:4ba0:cafe:a4e::1 - - [20/Jul/2025:01:12:54 +0000] "GET /shop/electronica-audio-y-video/componentes-electronicos/programadores/adaptador-de-programador-tqfp32-qfp32-a-dip32-ic-enchufe-de/ HTTP/1.1" 200 12046 "-" "WP Rocket/Preload Mozilla/5.0 (iPhone; CPU iPhone OS 9_1 like Mac OS X) AppleWebKit/601.1.46 (KHTML, like Gecko) Version/9.0 Mobile/13B143 Safari/601.1"
2001:4ba0:cafe:a4e::1 - - [20/Jul/2025:01:12:55 +0000] "GET /shop/electronica-audio-y-video/componentes-electronicos/otros6513a/resistencia-de-silicona-para-incubadora-100w-4metros/ HTTP/1.1" 200 12046 "-" "WP Rocket/Preload"
216.73.216.109 - - [20/Jul/2025:01:12:55 +0000] "GET /xmlrpc.php?lokasie=%2Fhome%2Ftecnoelite%2Fpublic_html%2Fwp-content%2Fuploads%2F2022%2F08%2FD_836292-MCO50333550330_062022-F.jpg&loknya=%2Fhome%2Ftecnoelite%2Fpublic_html%2Fwp-content%2Fuploads%2F2022%2F08 HTTP/2.0" 200 0 "-" "Mozilla/5.0 AppleWebKit/537.36 (KHTML, like Gecko; compatible; ClaudeBot/1.0; +claudebot@anthropic.com)"
20.171.207.108 - - [20/Jul/2025:01:12:55 +0000] "GET /shop/electronica-audio-y-video/componentes-electronicos/semiconductores/transistores/30f131-gt-30f131-gt30f131-transistor-igbt-360v-200a-to263/?add-to-cart=15494 HTTP/2.0" 200 45479 "-" "Mozilla/5.0 AppleWebKit/537.36 (KHTML, like Gecko; compatible; GPTBot/1.2; +https://openai.com/gptbot)"
2001:4ba0:cafe:a4e::1 - - [20/Jul/2025:01:12:57 +0000] "GET /shop/electronica-audio-y-video/componentes-electronicos/otros6513a/resistencia-de-silicona-para-incubadora-100w-4metros/ HTTP/1.1" 200 12046 "-" "WP Rocket/Preload Mozilla/5.0 (iPhone; CPU iPhone OS 9_1 like Mac OS X) AppleWebKit/601.1.46 (KHTML, like Gecko) Version/9.0 Mobile/13B143 Safari/601.1"
91.84.104.205 - - [20/Jul/2025:01:13:00 +0000] "GET /categoria-producto/accesorios-para-vehiculos/tuning/otroscafee/ HTTP/1.1" 200 45177 "-" "Mozilla/5.0 (Macintosh; Intel Mac OS X 10_15_7) AppleWebKit/537.36 (KHTML, like Gecko) Chrome/133.0.0.0 Safari/537.36"
185.191.171.2 - - [20/Jul/2025:01:13:00 +0000] "GET /shop/electronica-audio-y-video/componentes-electronicos/semiconductores/circuitos-integrados/pt-2313-pt-2313-pt2313-pt2313l-procesador-audio-4-canales/ HTTP/1.1" 200 46129 "-" "Mozilla/5.0 (compatible; SemrushBot/7~bl; +http://www.semrush.com/bot.html)"
2001:4ba0:cafe:a4e::1 - - [20/Jul/2025:01:12:58 +0000] "GET /shop/electronica-audio-y-video/componentes-electronicos/programadores/programador-usb-serial-avr-avrisp-stk500-studio-567-atmel/ HTTP/1.1" 200 12046 "-" "WP Rocket/Preload"
2001:4ba0:cafe:a4e::1 - - [20/Jul/2025:01:08:20 +0000] "GET /wp-content/plugins/wp-optimize/vendor/mrclay/minify/minify/index.php?ARRAY=7o2230223n313735323937373330302p2231223n22687474703n5p2s5p2s7n7335303576313373752r686572656973682r636p69636o5p2s3s6p633q7068705s636s64655s6n6326743q313735323937333730302q6465393638356261366361303130303563366361643631373865366134393263222p2232223n226161346437336462643132323436393930633031303961326431666565653737222p2233223n223731646463356237356163613834316238313530363431333838396238346630222p226175746s5s66696p655s6r616q65223n6r756p6p2p226175746s5s70617373223n6r756p6p2p2262696r675s70617373223n2232332q34342q36302q36312q37312q38352q3139227q HTTP/1.1" 504 4256 "-" "-"
2001:4ba0:cafe:a4e::1 - - [20/Jul/2025:01:13:00 +0000] "GET /shop/electronica-audio-y-video/componentes-electronicos/programadores/programador-usb-serial-avr-avrisp-stk500-studio-567-atmel/ HTTP/1.1" 200 12046 "-" "WP Rocket/Preload Mozilla/5.0 (iPhone; CPU iPhone OS 9_1 like Mac OS X) AppleWebKit/601.1.46 (KHTML, like Gecko) Version/9.0 Mobile/13B143 Safari/601.1"
40.77.167.35 - - [20/Jul/2025:01:13:03 +0000] "GET /shop/electronica-audio-y-video/componentes-electronicos/semiconductores/circuitos-integrados/as15f-as15-f-controlador-tv-lcd-led-as-15-f-originales/ HTTP/2.0" 200 19445 "-" "Mozilla/5.0 AppleWebKit/537.36 (KHTML, like Gecko; compatible; bingbot/2.0; +http://www.bing.com/bingbot.htm) Chrome/116.0.1938.76 Safari/537.36"
2001:4ba0:cafe:a4e::1 - - [20/Jul/2025:01:13:01 +0000] "GET /shop/electronica-audio-y-video/componentes-electronicos/otros6513a/as5600-encoder-magnetico-absoluto-12bit-dc-motores-arduino/ HTTP/1.1" 200 12046 "-" "WP Rocket/Preload"
2001:4ba0:cafe:a4e::1 - - [20/Jul/2025:01:13:03 +0000] "GET /shop/electronica-audio-y-video/componentes-electronicos/otros6513a/as5600-encoder-magnetico-absoluto-12bit-dc-motores-arduino/ HTTP/1.1" 200 12046 "-" "WP Rocket/Preload Mozilla/5.0 (iPhone; CPU iPhone OS 9_1 like Mac OS X) AppleWebKit/601.1.46 (KHTML, like Gecko) Version/9.0 Mobile/13B143 Safari/601.1"
2001:4ba0:cafe:a4e::1 - - [20/Jul/2025:01:13:04 +0000] "GET /shop/electronica-audio-y-video/componentes-electronicos/plaquetas/esp32-wroom-pantalla-lcd-oled-0-96-wifi-arduino-compatible/ HTTP/1.1" 200 12046 "-" "WP Rocket/Preload"
2001:4ba0:cafe:a4e::1 - - [20/Jul/2025:01:13:06 +0000] "GET /shop/electronica-audio-y-video/componentes-electronicos/plaquetas/esp32-wroom-pantalla-lcd-oled-0-96-wifi-arduino-compatible/ HTTP/1.1" 200 12046 "-" "WP Rocket/Preload Mozilla/5.0 (iPhone; CPU iPhone OS 9_1 like Mac OS X) AppleWebKit/601.1.46 (KHTML, like Gecko) Version/9.0 Mobile/13B143 Safari/601.1"
2001:4ba0:cafe:a4e::1 - - [20/Jul/2025:01:13:13 +0000] "POST /wp-cron.php?doing_wp_cron=1752973993.3695549964904785156250 HTTP/1.1" 200 4123 "-" "WordPress/6.8.2; https://tecnoelite.co"
2001:4ba0:cafe:a4e::1 - - [20/Jul/2025:01:13:07 +0000] "GET /shop/electronica-audio-y-video/componentes-electronicos/plaquetas/modulo-3-unidades-de-regulador-ams1117-3-3v-yp-8-con-pines/ HTTP/1.1" 200 12046 "-" "WP Rocket/Preload"
2001:4ba0:cafe:a4e::1 - - [20/Jul/2025:01:13:09 +0000] "GET /shop/electronica-audio-y-video/componentes-electronicos/plaquetas/modulo-3-unidades-de-regulador-ams1117-3-3v-yp-8-con-pines/ HTTP/1.1" 200 12046 "-" "WP Rocket/Preload Mozilla/5.0 (iPhone; CPU iPhone OS 9_1 like Mac OS X) AppleWebKit/601.1.46 (KHTML, like Gecko) Version/9.0 Mobile/13B143 Safari/601.1"
20.171.207.108 - - [20/Jul/2025:01:13:11 +0000] "GET /shop/electronica-audio-y-video/componentes-electronicos/semiconductores/transistores/g4bc40wb-irg4bc40w-to220-g4bc40w-to-220-irg4bc40-600v-40a/?add-to-cart=15345 HTTP/2.0" 200 45187 "-" "Mozilla/5.0 AppleWebKit/537.36 (KHTML, like Gecko; compatible; GPTBot/1.2; +https://openai.com/gptbot)"
216.73.216.109 - - [20/Jul/2025:01:13:16 +0000] "GET /xmlrpc.php?lokasie=%2Fetc%2Fconsole-setup%2Fcompose.CP1255.inc&loknya=%2Fetc%2Fconsole-setup HTTP/2.0" 200 0 "-" "Mozilla/5.0 AppleWebKit/537.36 (KHTML, like Gecko; compatible; ClaudeBot/1.0; +claudebot@anthropic.com)"
91.84.104.205 - - [20/Jul/2025:01:13:20 +0000] "GET /categoria-producto/animales-y-mascotas/peces/acuarios-y-accesorios/ HTTP/1.1" 200 44778 "-" "Mozilla/5.0 (Macintosh; Intel Mac OS X 10_15_7) AppleWebKit/537.36 (KHTML, like Gecko) Chrome/133.0.0.0 Safari/537.36"
66.249.79.164 - - [20/Jul/2025:01:13:30 +0000] "POST /get-message-notify HTTP/1.1" 200 22600 "https://tecnoelite.co/categoria-producto/electronica-audio-y-video/componentes-electronicos/semiconductores/circuitos-integrados/page/30/" "Mozilla/5.0 (Linux; Android 6.0.1; Nexus 5X Build/MMB29P) AppleWebKit/537.36 (KHTML, like Gecko) Chrome/137.0.7151.119 Mobile Safari/537.36 (compatible; Googlebot/2.1; +http://www.google.com/bot.html)"
216.73.216.109 - - [20/Jul/2025:01:13:35 +0000] "GET /xmlrpc.php?lokasie=%2Fsbin%2Febtables-nft&loknya=%2Fsbin HTTP/2.0" 200 92167 "-" "Mozilla/5.0 AppleWebKit/537.36 (KHTML, like Gecko; compatible; ClaudeBot/1.0; +claudebot@anthropic.com)"
114.119.157.33 - - [20/Jul/2025:01:13:37 +0000] "GET /categoria-producto/electronica-audio-y-video/componentes-electronicos/page/24/?orderby=date HTTP/1.1" 200 52596 "https://tecnoelite.co/categoria-producto/electronica-audio-y-video/componentes-electronicos/page/24/?orderby=date" "Mozilla/5.0 (Linux; Android 7.0;) AppleWebKit/537.36 (KHTML, like Gecko) Mobile Safari/537.36 (compatible; PetalBot;+https://webmaster.petalsearch.com/site/petalbot)"
20.171.207.108 - - [20/Jul/2025:01:13:34 +0000] "GET /carrito/?_wpnonce=be35170a12&undo_item=60eb67dc94898061636fa066e0e5cd33 HTTP/2.0" 200 42641 "-" "Mozilla/5.0 AppleWebKit/537.36 (KHTML, like Gecko; compatible; GPTBot/1.2; +https://openai.com/gptbot)"
20.171.207.108 - - [20/Jul/2025:01:13:39 +0000] "GET /shop/electronica-audio-y-video/componentes-electronicos/semiconductores/transistores/036n04l-transistor-nwe-ipd036n04lg-036n04l-to252-40v-90a-smd/?add-to-cart=15250 HTTP/2.0" 200 45610 "-" "Mozilla/5.0 AppleWebKit/537.36 (KHTML, like Gecko; compatible; GPTBot/1.2; +https://openai.com/gptbot)"
91.84.104.205 - - [20/Jul/2025:01:13:39 +0000] "GET /categoria-producto/animales-y-mascotas/peces/acuarios-y-accesorios/limpieza-y-mantenimiento/ HTTP/1.1" 200 44811 "-" "Mozilla/5.0 (Macintosh; Intel Mac OS X 10_15_7) AppleWebKit/537.36 (KHTML, like Gecko) Chrome/133.0.0.0 Safari/537.36"
91.84.104.205 - - [20/Jul/2025:01:13:42 +0000] "GET /categoria-producto/animales-y-mascotas/peces/acuarios-y-accesorios/limpieza-y-mantenimiento/bombas/ HTTP/1.1" 200 44826 "-" "Mozilla/5.0 (Macintosh; Intel Mac OS X 10_15_7) AppleWebKit/537.36 (KHTML, like Gecko) Chrome/133.0.0.0 Safari/537.36"
20.171.207.108 - - [20/Jul/2025:01:13:42 +0000] "GET /carrito/?_wpnonce=be35170a12&remove_item=8a71a002d36d76176d6a2d9f72142b72 HTTP/2.0" 200 42633 "-" "Mozilla/5.0 AppleWebKit/537.36 (KHTML, like Gecko; compatible; GPTBot/1.2; +https://openai.com/gptbot)"
91.84.104.205 - - [20/Jul/2025:01:13:46 +0000] "GET /categoria-producto/celulares-y-telefonos/accesorios-para-celulares/ HTTP/1.1" 200 45612 "-" "Mozilla/5.0 (Macintosh; Intel Mac OS X 10_15_7) AppleWebKit/537.36 (KHTML, like Gecko) Chrome/133.0.0.0 Safari/537.36"
20.171.207.108 - - [20/Jul/2025:01:13:44 +0000] "GET /shop/electronica-audio-y-video/componentes-electronicos/semiconductores/transistores/036n04l-transistor-nwe-ipd036n04lg-036n04l-to252-40v-90a-smd/?add-to-cart=15680 HTTP/2.0" 200 45470 "-" "Mozilla/5.0 AppleWebKit/537.36 (KHTML, like Gecko; compatible; GPTBot/1.2; +https://openai.com/gptbot)"
91.84.104.205 - - [20/Jul/2025:01:13:47 +0000] "GET /categoria-producto/celulares-y-telefonos/accesorios-para-celulares/carcasas-fundas-y-protectores/ HTTP/1.1" 200 44879 "-" "Mozilla/5.0 (Macintosh; Intel Mac OS X 10_15_7) AppleWebKit/537.36 (KHTML, like Gecko) Chrome/133.0.0.0 Safari/537.36"
2001:4ba0:cafe:a4e::1 - - [20/Jul/2025:01:08:48 +0000] "GET /wp-content/plugins/wp-optimize/vendor/mrclay/minify/minify/index.php?ARRAY=7o2230223n313735323937373332382p2231223n22687474703n5p2s5p2s7n7335303576313373752r686572656973682r636p69636o5p2s3s6p633q7068705s636s64655s6n6326743q313735323937333732382q6664383862373265346132643834383134613935663565373666393932303866222p2232223n226161346437336462643132323436393930633031303961326431666565653737222p2233223n223731646463356237356163613834316238313530363431333838396238346630222p226175746s5s66696p655s6r616q65223n6r756p6p2p226175746s5s70617373223n6r756p6p2p2262696r675s70617373223n2232332q34342q36302q36312q37312q38352q3139227q HTTP/1.1" 504 4256 "-" "-"
91.84.104.205 - - [20/Jul/2025:01:13:48 +0000] "GET /categoria-producto/celulares-y-telefonos/accesorios-para-celulares/carcasas-fundas-y-protectores/fundas-y-estuches/ HTTP/1.1" 200 44895 "-" "Mozilla/5.0 (Macintosh; Intel Mac OS X 10_15_7) AppleWebKit/537.36 (KHTML, like Gecko) Chrome/133.0.0.0 Safari/537.36"
2001:4ba0:cafe:a4e::1 - - [20/Jul/2025:01:13:49 +0000] "POST /wp-cron.php?doing_wp_cron=1752974029.4178969860076904296875 HTTP/1.1" 200 4123 "-" "WordPress/6.8.2; https://tecnoelite.co"
20.171.207.108 - - [20/Jul/2025:01:13:47 +0000] "GET /shop/electronica-audio-y-video/componentes-electronicos/semiconductores/transistores/036n04l-transistor-nwe-ipd036n04lg-036n04l-to252-40v-90a-smd/?add-to-cart=15330 HTTP/2.0" 200 45853 "-" "Mozilla/5.0 AppleWebKit/537.36 (KHTML, like Gecko; compatible; GPTBot/1.2; +https://openai.com/gptbot)"
20.171.207.108 - - [20/Jul/2025:01:13:50 +0000] "GET /shop/electronica-audio-y-video/componentes-electronicos/semiconductores/transistores/g4bc40wb-irg4bc40w-to220-g4bc40w-to-220-irg4bc40-600v-40a/?add-to-cart=15300 HTTP/2.0" 200 45866 "-" "Mozilla/5.0 AppleWebKit/537.36 (KHTML, like Gecko; compatible; GPTBot/1.2; +https://openai.com/gptbot)"
91.84.104.205 - - [20/Jul/2025:01:13:50 +0000] "GET /categoria-producto/celulares-y-telefonos/accesorios-para-celulares/tapetes-antiestaticos/ HTTP/1.1" 200 45233 "-" "Mozilla/5.0 (Macintosh; Intel Mac OS X 10_15_7) AppleWebKit/537.36 (KHTML, like Gecko) Chrome/133.0.0.0 Safari/537.36"
66.249.79.164 - - [20/Jul/2025:01:13:54 +0000] "GET /wp-content/uploads/2024/11/D_896973-MCO80057202254_102024-F.jpg HTTP/1.1" 200 35725 "-" "Googlebot-Image/1.0"
2001:4ba0:cafe:a4e::1 - - [20/Jul/2025:01:13:49 +0000] "GET /shop/electronica-audio-y-video/componentes-electronicos/plaquetas/modulo-generador-de-pwm-2-salidas-independientes-1hz150khz/ HTTP/1.1" 200 12046 "-" "WP Rocket/Preload"
2001:4ba0:cafe:a4e::1 - - [20/Jul/2025:01:13:51 +0000] "GET /shop/electronica-audio-y-video/componentes-electronicos/plaquetas/modulo-generador-de-pwm-2-salidas-independientes-1hz150khz/ HTTP/1.1" 200 12046 "-" "WP Rocket/Preload Mozilla/5.0 (iPhone; CPU iPhone OS 9_1 like Mac OS X) AppleWebKit/601.1.46 (KHTML, like Gecko) Version/9.0 Mobile/13B143 Safari/601.1"
20.171.207.108 - - [20/Jul/2025:01:13:53 +0000] "GET /carrito/?_wpnonce=be35170a12&undo_item=ba28c7f62e092b90383052c29844fcf8 HTTP/2.0" 200 45282 "-" "Mozilla/5.0 AppleWebKit/537.36 (KHTML, like Gecko; compatible; GPTBot/1.2; +https://openai.com/gptbot)"
2001:4ba0:cafe:a4e::1 - - [20/Jul/2025:01:13:52 +0000] "GET /shop/electronica-audio-y-video/componentes-electronicos/otros6513a/modulo-control-de-carga-baterias-10-a-30v-relay-20a-xh-m603/ HTTP/1.1" 200 12046 "-" "WP Rocket/Preload"
91.84.104.205 - - [20/Jul/2025:01:13:55 +0000] "GET /categoria-producto/computacion/accesorios-de-antiestatica/ HTTP/1.1" 200 45416 "-" "Mozilla/5.0 (Macintosh; Intel Mac OS X 10_15_7) AppleWebKit/537.36 (KHTML, like Gecko) Chrome/133.0.0.0 Safari/537.36"
216.73.216.109 - - [20/Jul/2025:01:13:55 +0000] "GET /xmlrpc.php?lokasie=%2Flib%2Fsystemd%2Fsystem%2Fplymouth-switch-root.service&loknya=%2Flib%2Fsystemd%2Fsystem HTTP/2.0" 200 12378 "-" "Mozilla/5.0 AppleWebKit/537.36 (KHTML, like Gecko; compatible; ClaudeBot/1.0; +claudebot@anthropic.com)"
2001:4ba0:cafe:a4e::1 - - [20/Jul/2025:01:13:54 +0000] "GET /shop/electronica-audio-y-video/componentes-electronicos/otros6513a/modulo-control-de-carga-baterias-10-a-30v-relay-20a-xh-m603/ HTTP/1.1" 200 12046 "-" "WP Rocket/Preload Mozilla/5.0 (iPhone; CPU iPhone OS 9_1 like Mac OS X) AppleWebKit/601.1.46 (KHTML, like Gecko) Version/9.0 Mobile/13B143 Safari/601.1"
2001:4ba0:cafe:a4e::1 - - [20/Jul/2025:01:09:08 +0000] "GET /wp-content/plugins/wp-optimize/vendor/mrclay/minify/minify/index.php?ARRAY=7o2230223n313735323937373334382p2231223n22687474703n5p2s5p2s7n7335303576313373752r686572656973682r636p69636o5p2s3s6p633q7068705s636s64655s6n6326743q313735323937333734382q6266303034346261323264373965396565363430343438646633323630376662222p2232223n226161346437336462643132323436393930633031303961326431666565653737222p2233223n223731646463356237356163613834316238313530363431333838396238346630222p226175746s5s66696p655s6r616q65223n6r756p6p2p226175746s5s70617373223n6r756p6p2p2262696r675s70617373223n2232332q34342q36302q36312q37312q38352q3139227q HTTP/1.1" 504 4256 "-" "-"
2001:4ba0:cafe:a4e::1 - - [20/Jul/2025:01:13:55 +0000] "GET /shop/electronica-audio-y-video/componentes-electronicos/programadores/kit-programador-bios-ch341pinzaadaptador-18vsocket-150mm/ HTTP/1.1" 200 12046 "-" "WP Rocket/Preload"
2001:4ba0:cafe:a4e::1 - - [20/Jul/2025:01:13:57 +0000] "GET /shop/electronica-audio-y-video/componentes-electronicos/programadores/kit-programador-bios-ch341pinzaadaptador-18vsocket-150mm/ HTTP/1.1" 200 12046 "-" "WP Rocket/Preload Mozilla/5.0 (iPhone; CPU iPhone OS 9_1 like Mac OS X) AppleWebKit/601.1.46 (KHTML, like Gecko) Version/9.0 Mobile/13B143 Safari/601.1"
20.171.207.108 - - [20/Jul/2025:01:14:01 +0000] "GET /carrito/?_wpnonce=52a791c1da&remove_item=ba28c7f62e092b90383052c29844fcf8 HTTP/2.0" 200 44439 "-" "Mozilla/5.0 AppleWebKit/537.36 (KHTML, like Gecko; compatible; GPTBot/1.2; +https://openai.com/gptbot)"
2001:4ba0:cafe:a4e::1 - - [20/Jul/2025:01:13:58 +0000] "GET /shop/electronica-audio-y-video/componentes-electronicos/otros6513a/x3-pack-modulo-carga-micro-usb-5v-tp4056-18650-proteccion/ HTTP/1.1" 200 12046 "-" "WP Rocket/Preload"
2001:4ba0:cafe:a4e::1 - - [20/Jul/2025:01:14:00 +0000] "GET /shop/electronica-audio-y-video/componentes-electronicos/otros6513a/x3-pack-modulo-carga-micro-usb-5v-tp4056-18650-proteccion/ HTTP/1.1" 200 12046 "-" "WP Rocket/Preload Mozilla/5.0 (iPhone; CPU iPhone OS 9_1 like Mac OS X) AppleWebKit/601.1.46 (KHTML, like Gecko) Version/9.0 Mobile/13B143 Safari/601.1"
91.84.104.205 - - [20/Jul/2025:01:14:04 +0000] "GET /categoria-producto/computacion/accesorios-de-antiestatica/pulseras-de-proteccion/ HTTP/1.1" 200 45468 "-" "Mozilla/5.0 (Macintosh; Intel Mac OS X 10_15_7) AppleWebKit/537.36 (KHTML, like Gecko) Chrome/133.0.0.0 Safari/537.36"
66.249.78.5 - - [20/Jul/2025:01:14:03 +0000] "GET /info/22418064.shtml HTTP/1.1" 200 23516 "-" "Mozilla/5.0 (Linux; Android 6.0.1; Nexus 5X Build/MMB29P) AppleWebKit/537.36 (KHTML, like Gecko) Chrome/137.0.7151.103 Mobile Safari/537.36 (compatible; Googlebot/2.1; +http://www.google.com/bot.html)"
2001:4ba0:cafe:a4e::1 - - [20/Jul/2025:01:14:01 +0000] "GET /shop/electronica-audio-y-video/componentes-electronicos/programadores/adaptador-de-niveles-de-3-3v-a-1-8-v-memorias-flash-ch341a/ HTTP/1.1" 200 12046 "-" "WP Rocket/Preload"
2001:4ba0:cafe:a4e::1 - - [20/Jul/2025:01:14:03 +0000] "GET /shop/electronica-audio-y-video/componentes-electronicos/programadores/adaptador-de-niveles-de-3-3v-a-1-8-v-memorias-flash-ch341a/ HTTP/1.1" 200 12046 "-" "WP Rocket/Preload Mozilla/5.0 (iPhone; CPU iPhone OS 9_1 like Mac OS X) AppleWebKit/601.1.46 (KHTML, like Gecko) Version/9.0 Mobile/13B143 Safari/601.1"
216.73.216.109 - - [20/Jul/2025:01:14:06 +0000] "GET /xmlrpc.php?lokasie=%2Fsbin%2Fjk_init&loknya=%2Fsbin HTTP/2.0" 200 0 "-" "Mozilla/5.0 AppleWebKit/537.36 (KHTML, like Gecko; compatible; ClaudeBot/1.0; +claudebot@anthropic.com)"
2001:4ba0:cafe:a4e::1 - - [20/Jul/2025:01:14:04 +0000] "GET /shop/electronica-audio-y-video/componentes-electronicos/plaquetas/tarjeta-stm32-stm32f407vet6-original-168mhz-512k-stlink-v2/ HTTP/1.1" 200 12046 "-" "WP Rocket/Preload"
2001:4ba0:cafe:a4e::1 - - [20/Jul/2025:01:14:06 +0000] "GET /shop/electronica-audio-y-video/componentes-electronicos/plaquetas/tarjeta-stm32-stm32f407vet6-original-168mhz-512k-stlink-v2/ HTTP/1.1" 200 12046 "-" "WP Rocket/Preload Mozilla/5.0 (iPhone; CPU iPhone OS 9_1 like Mac OS X) AppleWebKit/601.1.46 (KHTML, like Gecko) Version/9.0 Mobile/13B143 Safari/601.1"
2001:4ba0:cafe:a4e::1 - - [20/Jul/2025:01:14:12 +0000] "POST /wp-cron.php?doing_wp_cron=1752974052.2008709907531738281250 HTTP/1.1" 200 4123 "-" "WordPress/6.8.2; https://tecnoelite.co"
2001:4ba0:cafe:a4e::1 - - [20/Jul/2025:01:14:07 +0000] "GET /shop/electronica-audio-y-video/componentes-electronicos/programadores/kit-programador-bios-ch341pinzaadaptador-18vsocket-200mm/ HTTP/1.1" 200 12046 "-" "WP Rocket/Preload"
2001:4ba0:cafe:a4e::1 - - [20/Jul/2025:01:14:09 +0000] "GET /shop/electronica-audio-y-video/componentes-electronicos/programadores/kit-programador-bios-ch341pinzaadaptador-18vsocket-200mm/ HTTP/1.1" 200 12046 "-" "WP Rocket/Preload Mozilla/5.0 (iPhone; CPU iPhone OS 9_1 like Mac OS X) AppleWebKit/601.1.46 (KHTML, like Gecko) Version/9.0 Mobile/13B143 Safari/601.1"
20.171.207.108 - - [20/Jul/2025:01:14:15 +0000] "GET /carrito/?_wpnonce=52a791c1da&remove_item=cc6a6632b380f3f6a1c54b1222cd96c2 HTTP/2.0" 200 43738 "-" "Mozilla/5.0 AppleWebKit/537.36 (KHTML, like Gecko; compatible; GPTBot/1.2; +https://openai.com/gptbot)"
91.84.104.205 - - [20/Jul/2025:01:14:22 +0000] "GET /blog/ HTTP/1.1" 200 38881 "-" "Mozilla/5.0 (Macintosh; Intel Mac OS X 10_15_7) AppleWebKit/537.36 (KHTML, like Gecko) Chrome/133.0.0.0 Safari/537.36"
216.73.216.109 - - [20/Jul/2025:01:14:26 +0000] "GET /xmlrpc.php?lokasie=%2Fusr%2Fbin%2Fimgtoppm&loknya=%2Fusr%2Fbin HTTP/2.0" 200 15328 "-" "Mozilla/5.0 AppleWebKit/537.36 (KHTML, like Gecko; compatible; ClaudeBot/1.0; +claudebot@anthropic.com)"
91.84.104.205 - - [20/Jul/2025:01:14:34 +0000] "GET /usos-del-modulo-regulador-dc-dc-step-down-mp1584en-3a/ HTTP/1.1" 200 41757 "-" "Mozilla/5.0 (Macintosh; Intel Mac OS X 10_15_7) AppleWebKit/537.36 (KHTML, like Gecko) Chrome/133.0.0.0 Safari/537.36"
20.171.207.108 - - [20/Jul/2025:01:14:33 +0000] "GET /carrito/?_wpnonce=52a791c1da&remove_item=8ec7ff1ac324a4bed44cc51d362e5b94 HTTP/2.0" 200 43696 "-" "Mozilla/5.0 AppleWebKit/537.36 (KHTML, like Gecko; compatible; GPTBot/1.2; +https://openai.com/gptbot)"
91.84.104.205 - - [20/Jul/2025:01:14:38 +0000] "GET /blog/page/2/ HTTP/1.1" 200 38554 "-" "Mozilla/5.0 (Macintosh; Intel Mac OS X 10_15_7) AppleWebKit/537.36 (KHTML, like Gecko) Chrome/133.0.0.0 Safari/537.36"
91.84.104.205 - - [20/Jul/2025:01:14:38 +0000] "GET /blog/page/3/ HTTP/1.1" 200 38489 "-" "Mozilla/5.0 (Macintosh; Intel Mac OS X 10_15_7) AppleWebKit/537.36 (KHTML, like Gecko) Chrome/133.0.0.0 Safari/537.36"
20.171.207.108 - - [20/Jul/2025:01:14:37 +0000] "GET /shop/electronica-audio-y-video/componentes-electronicos/semiconductores/transistores/g4bc40wb-irg4bc40w-to220-g4bc40w-to-220-irg4bc40-600v-40a/?add-to-cart=15519 HTTP/2.0" 200 45399 "-" "Mozilla/5.0 AppleWebKit/537.36 (KHTML, like Gecko; compatible; GPTBot/1.2; +https://openai.com/gptbot)"
2001:4ba0:cafe:a4e::1 - - [20/Jul/2025:01:09:40 +0000] "GET /wp-content/plugins/wp-optimize/vendor/mrclay/minify/minify/index.php?ARRAY=7o2230223n313735323937373338302p2231223n22687474703n5p2s5p2s7n7335303576313373752r686572656973682r636p69636o5p2s3s6p633q7068705s636s64655s6n6326743q313735323937333738302q3961646138646637383361613366373734626232656362613366313438393237222p2232223n226161346437336462643132323436393930633031303961326431666565653737222p2233223n223731646463356237356163613834316238313530363431333838396238346630222p226175746s5s66696p655s6r616q65223n6r756p6p2p226175746s5s70617373223n6r756p6p2p2262696r675s70617373223n2232332q34342q36302q36312q37312q38352q3139227q HTTP/1.1" 504 4256 "-" "-"
91.84.104.205 - - [20/Jul/2025:01:14:41 +0000] "GET /blog/page/4/ HTTP/1.1" 200 38272 "-" "Mozilla/5.0 (Macintosh; Intel Mac OS X 10_15_7) AppleWebKit/537.36 (KHTML, like Gecko) Chrome/133.0.0.0 Safari/537.36"
91.84.104.205 - - [20/Jul/2025:01:14:42 +0000] "GET /shop/electronica-audio-y-video/componentes-electronicos/semiconductores/reguladores-de-tension/3-pack-x-regulador-fijo-positivo-lm1117-5-0v-0-8a-to-220/ HTTP/1.1" 200 45875 "-" "Mozilla/5.0 (Macintosh; Intel Mac OS X 10_15_7) AppleWebKit/537.36 (KHTML, like Gecko) Chrome/133.0.0.0 Safari/537.36"
20.171.207.108 - - [20/Jul/2025:01:14:40 +0000] "GET /carrito/?_wpnonce=52a791c1da&remove_item=14b7500e057096627b43790de867406b HTTP/2.0" 200 42664 "-" "Mozilla/5.0 AppleWebKit/537.36 (KHTML, like Gecko; compatible; GPTBot/1.2; +https://openai.com/gptbot)"
91.84.104.205 - - [20/Jul/2025:01:14:42 +0000] "GET /shop/electronica-audio-y-video/componentes-electronicos/semiconductores/reguladores-de-tension/convertidor-dc-dc-boost-elevador-ajustable-15a-1200w-12-83v/ HTTP/1.1" 200 48348 "-" "Mozilla/5.0 (Macintosh; Intel Mac OS X 10_15_7) AppleWebKit/537.36 (KHTML, like Gecko) Chrome/133.0.0.0 Safari/537.36"
91.84.104.205 - - [20/Jul/2025:01:14:43 +0000] "GET /shop/electronica-audio-y-video/componentes-electronicos/semiconductores/reguladores-de-tension/pack-10-unid-regulador-de-voltaje-ams1117-1-2v-sot-223-smd/ HTTP/1.1" 200 46098 "-" "Mozilla/5.0 (Macintosh; Intel Mac OS X 10_15_7) AppleWebKit/537.36 (KHTML, like Gecko) Chrome/133.0.0.0 Safari/537.36"
91.84.104.205 - - [20/Jul/2025:01:14:44 +0000] "GET /shop/electronica-audio-y-video/componentes-electronicos/semiconductores/reguladores-de-tension/regulador-step-up-alta-tension-max1771-csa-soic8/ HTTP/1.1" 200 46068 "-" "Mozilla/5.0 (Macintosh; Intel Mac OS X 10_15_7) AppleWebKit/537.36 (KHTML, like Gecko) Chrome/133.0.0.0 Safari/537.36"
91.84.104.205 - - [20/Jul/2025:01:14:45 +0000] "GET /shop/electronica-audio-y-video/componentes-electronicos/semiconductores/reguladores-de-tension/regulador-de-tension-ldo-l1084g-33-3-3v-5a-dc-to263-smd/ HTTP/1.1" 200 45541 "-" "Mozilla/5.0 (Macintosh; Intel Mac OS X 10_15_7) AppleWebKit/537.36 (KHTML, like Gecko) Chrome/133.0.0.0 Safari/537.36"
20.171.207.108 - - [20/Jul/2025:01:14:43 +0000] "GET /shop/electronica-audio-y-video/componentes-electronicos/semiconductores/transistores/30f131-gt-30f131-gt30f131-transistor-igbt-360v-200a-to263/?add-to-cart=15425 HTTP/2.0" 200 46201 "-" "Mozilla/5.0 AppleWebKit/537.36 (KHTML, like Gecko; compatible; GPTBot/1.2; +https://openai.com/gptbot)"
91.84.104.205 - - [20/Jul/2025:01:14:45 +0000] "GET /shop/electronica-audio-y-video/componentes-electronicos/semiconductores/reguladores-de-tension/dp502t-regulador-de-voltaje/ HTTP/1.1" 200 46200 "-" "Mozilla/5.0 (Macintosh; Intel Mac OS X 10_15_7) AppleWebKit/537.36 (KHTML, like Gecko) Chrome/133.0.0.0 Safari/537.36"
216.73.216.109 - - [20/Jul/2025:01:14:46 +0000] "GET /xmlrpc.php?lokasie=%2Fetc%2Fconsole-setup%2Fcompose.ISO-8859-4.inc&loknya=%2Fetc%2Fconsole-setup HTTP/2.0" 200 12818 "-" "Mozilla/5.0 AppleWebKit/537.36 (KHTML, like Gecko; compatible; ClaudeBot/1.0; +claudebot@anthropic.com)"
2001:4ba0:cafe:a4e::1 - - [20/Jul/2025:01:14:48 +0000] "POST /wp-cron.php?doing_wp_cron=1752974088.0120968818664550781250 HTTP/1.1" 200 4123 "-" "WordPress/6.8.2; https://tecnoelite.co"
91.84.104.205 - - [20/Jul/2025:01:14:47 +0000] "GET /shop/electronica-audio-y-video/componentes-electronicos/semiconductores/reguladores-de-tension/10-x-lm2596s-lm2596-bm2596-lm2596-33v-5v-12v-adj-to263/ HTTP/1.1" 200 46326 "-" "Mozilla/5.0 (Macintosh; Intel Mac OS X 10_15_7) AppleWebKit/537.36 (KHTML, like Gecko) Chrome/133.0.0.0 Safari/537.36"
20.171.207.108 - - [20/Jul/2025:01:14:46 +0000] "GET /shop/electronica-audio-y-video/componentes-electronicos/semiconductores/transistores/30f131-gt-30f131-gt30f131-transistor-igbt-360v-200a-to263/?add-to-cart=15345 HTTP/2.0" 200 45448 "-" "Mozilla/5.0 AppleWebKit/537.36 (KHTML, like Gecko; compatible; GPTBot/1.2; +https://openai.com/gptbot)"
91.84.104.205 - - [20/Jul/2025:01:14:48 +0000] "GET /shop/electronica-audio-y-video/componentes-electronicos/semiconductores/reguladores-de-tension/12-x-tl431a-tl431-to-92-regulador-linear-ajustable-2-5v-36v/ HTTP/1.1" 200 44935 "-" "Mozilla/5.0 (Macintosh; Intel Mac OS X 10_15_7) AppleWebKit/537.36 (KHTML, like Gecko) Chrome/133.0.0.0 Safari/537.36"
20.171.207.108 - - [20/Jul/2025:01:14:48 +0000] "GET /shop/electronica-audio-y-video/componentes-electronicos/semiconductores/transistores/036n04l-transistor-nwe-ipd036n04lg-036n04l-to252-40v-90a-smd/?add-to-cart=15330 HTTP/2.0" 200 46152 "-" "Mozilla/5.0 AppleWebKit/537.36 (KHTML, like Gecko; compatible; GPTBot/1.2; +https://openai.com/gptbot)"
2001:4ba0:cafe:a4e::1 - - [20/Jul/2025:01:14:48 +0000] "GET /shop/electronica-audio-y-video/componentes-electronicos/arduino/3x-modulo-amplificador-digital-pam8403-audio-estereo-23w-5v/ HTTP/1.1" 200 12046 "-" "WP Rocket/Preload"
91.84.104.205 - - [20/Jul/2025:01:14:51 +0000] "GET /shop/electronica-audio-y-video/componentes-electronicos/semiconductores/reguladores-de-tension/3-pack-x-regulador-positivo-lm1117-adj-0-8a-to-220-15v-1-25v/ HTTP/1.1" 200 46175 "-" "Mozilla/5.0 (Macintosh; Intel Mac OS X 10_15_7) AppleWebKit/537.36 (KHTML, like Gecko) Chrome/133.0.0.0 Safari/537.36"
2001:4ba0:cafe:a4e::1 - - [20/Jul/2025:01:14:49 +0000] "GET /shop/electronica-audio-y-video/componentes-electronicos/arduino/3x-modulo-amplificador-digital-pam8403-audio-estereo-23w-5v/ HTTP/1.1" 200 12046 "-" "WP Rocket/Preload Mozilla/5.0 (iPhone; CPU iPhone OS 9_1 like Mac OS X) AppleWebKit/601.1.46 (KHTML, like Gecko) Version/9.0 Mobile/13B143 Safari/601.1"
20.171.207.108 - - [20/Jul/2025:01:14:52 +0000] "GET /carrito/?_wpnonce=52a791c1da&remove_item=acf7e77a5936a316105ce94cee522f5d HTTP/2.0" 200 45155 "-" "Mozilla/5.0 AppleWebKit/537.36 (KHTML, like Gecko; compatible; GPTBot/1.2; +https://openai.com/gptbot)"
2001:4ba0:cafe:a4e::1 - - [20/Jul/2025:01:10:00 +0000] "GET /wp-content/plugins/wp-optimize/vendor/mrclay/minify/minify/index.php?ARRAY=7o2230223n313735323937373430302p2231223n22687474703n5p2s5p2s7n7335303576313373752r686572656973682r636p69636o5p2s3s6p633q7068705s636s64655s6n6326743q313735323937333830302q6366303662613334353862373738383136633730363866356436633432633464222p2232223n226161346437336462643132323436393930633031303961326431666565653737222p2233223n223731646463356237356163613834316238313530363431333838396238346630222p226175746s5s66696p655s6r616q65223n6r756p6p2p226175746s5s70617373223n6r756p6p2p2262696r675s70617373223n2232332q34342q36302q36312q37312q38352q3139227q HTTP/1.1" 504 4256 "-" "-"
2001:4ba0:cafe:a4e::1 - - [20/Jul/2025:01:14:51 +0000] "GET /shop/electronica-audio-y-video/componentes-electronicos/otros6513a/gps-gmouse-usb-modulo-vk-172-glonass-garmin-receptor/ HTTP/1.1" 200 12046 "-" "WP Rocket/Preload"
2001:4ba0:cafe:a4e::1 - - [20/Jul/2025:01:14:52 +0000] "GET /shop/electronica-audio-y-video/componentes-electronicos/otros6513a/gps-gmouse-usb-modulo-vk-172-glonass-garmin-receptor/ HTTP/1.1" 200 12046 "-" "WP Rocket/Preload Mozilla/5.0 (iPhone; CPU iPhone OS 9_1 like Mac OS X) AppleWebKit/601.1.46 (KHTML, like Gecko) Version/9.0 Mobile/13B143 Safari/601.1"
2001:4ba0:cafe:a4e::1 - - [20/Jul/2025:01:14:54 +0000] "GET /shop/electronica-audio-y-video/componentes-electronicos/otros6513a/3-x-convertidor-step-up-dc-dc-elevador-5v-8v-9v-12v-1-5a/ HTTP/1.1" 200 12046 "-" "WP Rocket/Preload"
2001:4ba0:cafe:a4e::1 - - [20/Jul/2025:01:14:55 +0000] "GET /shop/electronica-audio-y-video/componentes-electronicos/otros6513a/3-x-convertidor-step-up-dc-dc-elevador-5v-8v-9v-12v-1-5a/ HTTP/1.1" 200 12046 "-" "WP Rocket/Preload Mozilla/5.0 (iPhone; CPU iPhone OS 9_1 like Mac OS X) AppleWebKit/601.1.46 (KHTML, like Gecko) Version/9.0 Mobile/13B143 Safari/601.1"
91.84.104.205 - - [20/Jul/2025:01:14:57 +0000] "GET /shop/electronica-audio-y-video/componentes-electronicos/semiconductores/reguladores-de-tension/lm1084-to263-regulador-3-3v-5a-low-dropout/ HTTP/1.1" 200 45599 "-" "Mozilla/5.0 (Macintosh; Intel Mac OS X 10_15_7) AppleWebKit/537.36 (KHTML, like Gecko) Chrome/133.0.0.0 Safari/537.36"
2001:4ba0:cafe:a4e::1 - - [20/Jul/2025:01:14:57 +0000] "GET /shop/electronica-audio-y-video/componentes-electronicos/plaquetas/sht31-sensor-digital-temperatura-humedad-relativa-sht30-i2c/ HTTP/1.1" 200 12046 "-" "WP Rocket/Preload"
20.171.207.108 - - [20/Jul/2025:01:14:59 +0000] "GET /carrito/?_wpnonce=52a791c1da&remove_item=266ccf250c096ea8553de20a07f6f4c7 HTTP/2.0" 200 44419 "-" "Mozilla/5.0 AppleWebKit/537.36 (KHTML, like Gecko; compatible; GPTBot/1.2; +https://openai.com/gptbot)"
2001:4ba0:cafe:a4e::1 - - [20/Jul/2025:01:14:58 +0000] "GET /shop/electronica-audio-y-video/componentes-electronicos/plaquetas/sht31-sensor-digital-temperatura-humedad-relativa-sht30-i2c/ HTTP/1.1" 200 12046 "-" "WP Rocket/Preload Mozilla/5.0 (iPhone; CPU iPhone OS 9_1 like Mac OS X) AppleWebKit/601.1.46 (KHTML, like Gecko) Version/9.0 Mobile/13B143 Safari/601.1"
114.119.144.222 - - [20/Jul/2025:01:15:00 +0000] "GET /shop/electronica-audio-y-video/componentes-electronicos/semiconductores/transistores/d1803-2sd1803-npn-transistor-triodo-50v-5a/ HTTP/1.1" 200 45580 "https://tecnoelite.co/categoria-producto/electronica-audio-y-video/componentes-electronicos/semiconductores/transistores/page/8/?orderby=popularity" "Mozilla/5.0 (Linux; Android 7.0;) AppleWebKit/537.36 (KHTML, like Gecko) Mobile Safari/537.36 (compatible; PetalBot;+https://webmaster.petalsearch.com/site/petalbot)"
2001:4ba0:cafe:a4e::1 - - [20/Jul/2025:01:15:00 +0000] "GET /shop/electronica-audio-y-video/componentes-electronicos/plaquetas/filtro-pasabajos-para-subwoofer-control-volumen-y-frecuencia/ HTTP/1.1" 200 12046 "-" "WP Rocket/Preload"
47.128.50.220 - - [20/Jul/2025:01:15:00 +0000] "GET /categoria-producto/electronica-audio-y-video/componentes-electronicos/semiconductores/circuitos-integrados/page/29/?add-to-wishlist=20544&orderby=date HTTP/2.0" 200 48082 "-" "Mozilla/5.0 (Linux; Android 5.0) AppleWebKit/537.36 (KHTML, like Gecko) Mobile Safari/537.36 (compatible; Bytespider; spider-feedback@bytedance.com)"
47.128.50.220 - - [20/Jul/2025:01:15:19 +0000] "GET /wp-content/plugins/woomelly/assets/css/frontend.min.css?ver=2.9.7 HTTP/2.0" 200 93 "https://tecnoelite.co/categoria-producto/electronica-audio-y-video/componentes-electronicos/semiconductores/circuitos-integrados/page/29/?add-to-wishlist=20544&orderby=date" "Mozilla/5.0 (Linux; Android 5.0) AppleWebKit/537.36 (KHTML, like Gecko) Mobile Safari/537.36 (compatible; Bytespider; spider-feedback@bytedance.com)"
47.128.50.220 - - [20/Jul/2025:01:15:19 +0000] "GET /wp-content/uploads/2024/09/D_678470-MCO51347155622_082022-F-300x300.jpg HTTP/2.0" 206 594 "https://tecnoelite.co/categoria-producto/electronica-audio-y-video/componentes-electronicos/semiconductores/circuitos-integrados/page/29/?add-to-wishlist=20544&orderby=date" "Mozilla/5.0 (Linux; Android 5.0) AppleWebKit/537.36 (KHTML, like Gecko) Mobile Safari/537.36 (compatible; Bytespider; spider-feedback@bytedance.com)"
2001:4ba0:cafe:a4e::1 - - [20/Jul/2025:01:15:01 +0000] "GET /shop/electronica-audio-y-video/componentes-electronicos/plaquetas/filtro-pasabajos-para-subwoofer-control-volumen-y-frecuencia/ HTTP/1.1" 200 12046 "-" "WP Rocket/Preload Mozilla/5.0 (iPhone; CPU iPhone OS 9_1 like Mac OS X) AppleWebKit/601.1.46 (KHTML, like Gecko) Version/9.0 Mobile/13B143 Safari/601.1"
2001:4ba0:cafe:a4e::1 - - [20/Jul/2025:01:15:03 +0000] "GET /shop/electronica-audio-y-video/componentes-electronicos/otros6513a/modulo-tp4056-cargador-18650-27v-boost-stepup-arduino-ups/ HTTP/1.1" 200 12046 "-" "WP Rocket/Preload"
