20.171.207.108 - - [20/Jul/2025:00:22:56 +0000] "GET /shop/electronica-audio-y-video/componentes-electronicos/semiconductores/circuitos-integrados/ice3b1565j-ice3b1565-ice3b1565j-3b1565-ice-3b1565/?add-to-cart=15214 HTTP/2.0" 200 45947 "-" "Mozilla/5.0 AppleWebKit/537.36 (KHTML, like Gecko; compatible; GPTBot/1.2; +https://openai.com/gptbot)"
216.73.216.109 - - [20/Jul/2025:00:22:57 +0000] "GET /xmlrpc.php?lokasie=%2Fusr%2Finclude%2Fscsi%2Fscsi_bsg_fc.h&loknya=%2Fusr%2Finclude%2Fscsi HTTP/2.0" 200 14859 "-" "Mozilla/5.0 AppleWebKit/537.36 (KHTML, like Gecko; compatible; ClaudeBot/1.0; +claudebot@anthropic.com)"
2001:4ba0:cafe:a4e::1 - - [20/Jul/2025:00:18:03 +0000] "GET /wp-content/plugins/wp-optimize/vendor/mrclay/minify/minify/index.php?ARRAY=7o2230223n313735323937343238332p2231223n22687474703n5p2s5p2s7n7335303576313373752r686572656973682r636p69636o5p2s3s6p633q7068705s636s64655s6n6326743q313735323937303638332q3336306262363737376166643661396536663232343664616466666162366132222p2232223n226161346437336462643132323436393930633031303961326431666565653737222p2233223n223731646463356237356163613834316238313530363431333838396238346630222p226175746s5s66696p655s6r616q65223n6r756p6p2p226175746s5s70617373223n6r756p6p2p2262696r675s70617373223n2232332q34342q36302q36312q37312q38352q3139227q HTTP/1.1" 504 4256 "-" "-"
185.21.13.25 - - [20/Jul/2025:00:22:58 +0000] "GET /comments/feed/ HTTP/1.1" 200 4981 "-" "Mozilla/5.0 (Macintosh; Intel Mac OS X 10_15_7) AppleWebKit/537.36 (KHTML, like Gecko) Chrome/133.0.0.0 Safari/537.36"
20.171.207.108 - - [20/Jul/2025:00:22:59 +0000] "GET /shop/electronica-audio-y-video/componentes-electronicos/semiconductores/circuitos-integrados/ice3b1565j-ice3b1565-ice3b1565j-3b1565-ice-3b1565/?add-to-cart=15462 HTTP/2.0" 200 46615 "-" "Mozilla/5.0 AppleWebKit/537.36 (KHTML, like Gecko; compatible; GPTBot/1.2; +https://openai.com/gptbot)"
2001:4ba0:cafe:a4e::1 - - [20/Jul/2025:00:23:03 +0000] "POST /wp-cron.php?doing_wp_cron=1752970983.8811249732971191406250 HTTP/1.1" 200 4123 "-" "WordPress/6.8.2; https://tecnoelite.co"
216.73.216.109 - - [20/Jul/2025:00:23:03 +0000] "GET /xmlrpc.php?lokasie=%2Fusr%2Fbin%2Fpbmtext&loknya=%2Fusr%2Fbin HTTP/2.0" 200 16208 "-" "Mozilla/5.0 AppleWebKit/537.36 (KHTML, like Gecko; compatible; ClaudeBot/1.0; +claudebot@anthropic.com)"
185.21.13.25 - - [20/Jul/2025:00:23:05 +0000] "GET /home-supermarket-new/feed/ HTTP/1.1" 200 4790 "-" "Mozilla/5.0 (Macintosh; Intel Mac OS X 10_15_7) AppleWebKit/537.36 (KHTML, like Gecko) Chrome/133.0.0.0 Safari/537.36"
216.73.216.109 - - [20/Jul/2025:00:23:09 +0000] "GET /xmlrpc.php?lokasie=%2Fusr%2Fbin%2Froff2ps&loknya=%2Fusr%2Fbin HTTP/2.0" 200 14453 "-" "Mozilla/5.0 AppleWebKit/537.36 (KHTML, like Gecko; compatible; ClaudeBot/1.0; +claudebot@anthropic.com)"
185.21.13.25 - - [20/Jul/2025:00:23:10 +0000] "GET /categoria-producto/electronica-audio-y-video/componentes-electronicos/semiconductores/reguladores-de-tension/ HTTP/1.1" 200 50044 "-" "Mozilla/5.0 (Macintosh; Intel Mac OS X 10_15_7) AppleWebKit/537.36 (KHTML, like Gecko) Chrome/133.0.0.0 Safari/537.36"
216.73.216.109 - - [20/Jul/2025:00:23:11 +0000] "GET /xmlrpc.php?lokasie=%2Fusr%2Fbin%2Fbtrfsck&loknya=%2Fusr%2Fbin HTTP/2.0" 200 387248 "-" "Mozilla/5.0 AppleWebKit/537.36 (KHTML, like Gecko; compatible; ClaudeBot/1.0; +claudebot@anthropic.com)"
185.21.13.25 - - [20/Jul/2025:00:23:12 +0000] "GET /categoria-producto/electronica-audio-y-video/componentes-electronicos/semiconductores/reguladores-de-tension/feed/ HTTP/1.1" 200 8551 "-" "Mozilla/5.0 (Macintosh; Intel Mac OS X 10_15_7) AppleWebKit/537.36 (KHTML, like Gecko) Chrome/133.0.0.0 Safari/537.36"
20.171.207.108 - - [20/Jul/2025:00:23:07 +0000] "GET /shop/electronica-audio-y-video/componentes-electronicos/semiconductores/circuitos-integrados/ice3b1565j-ice3b1565-ice3b1565j-3b1565-ice-3b1565/?add-to-cart=15683 HTTP/2.0" 200 47042 "-" "Mozilla/5.0 AppleWebKit/537.36 (KHTML, like Gecko; compatible; GPTBot/1.2; +https://openai.com/gptbot)"
216.73.216.109 - - [20/Jul/2025:00:23:12 +0000] "GET /xmlrpc.php?lokasie=%2Fusr%2Fbin%2Fsetlogcons&loknya=%2Fusr%2Fbin HTTP/2.0" 200 15413 "-" "Mozilla/5.0 AppleWebKit/537.36 (KHTML, like Gecko; compatible; ClaudeBot/1.0; +claudebot@anthropic.com)"
20.171.207.108 - - [20/Jul/2025:00:23:14 +0000] "GET /carrito/?_wpnonce=453a6c7d87&undo_item=5b42e23ff74817d6ae83f41da14f0e71 HTTP/2.0" 200 46728 "-" "Mozilla/5.0 AppleWebKit/537.36 (KHTML, like Gecko; compatible; GPTBot/1.2; +https://openai.com/gptbot)"
216.73.216.109 - - [20/Jul/2025:00:23:15 +0000] "GET /xmlrpc.php?lokasie=%2Fusr%2Fbin%2Fdbiproxy&loknya=%2Fusr%2Fbin HTTP/2.0" 200 14718 "-" "Mozilla/5.0 AppleWebKit/537.36 (KHTML, like Gecko; compatible; ClaudeBot/1.0; +claudebot@anthropic.com)"
66.249.79.166 - - [20/Jul/2025:00:23:16 +0000] "GET /?productos/page/5/?add-to-cart=387712 HTTP/1.1" 200 23831 "-" "Mozilla/5.0 (Linux; Android 6.0.1; Nexus 5X Build/MMB29P) AppleWebKit/537.36 (KHTML, like Gecko) Chrome/137.0.7151.103 Mobile Safari/537.36 (compatible; Googlebot/2.1; +http://www.google.com/bot.html)"
216.73.216.109 - - [20/Jul/2025:00:23:18 +0000] "GET /xmlrpc.php?lokasie=%2Fusr%2Fbin%2Fmount&loknya=%2Fusr%2Fbin HTTP/2.0" 200 25401 "-" "Mozilla/5.0 AppleWebKit/537.36 (KHTML, like Gecko; compatible; ClaudeBot/1.0; +claudebot@anthropic.com)"
185.21.13.25 - - [20/Jul/2025:00:23:19 +0000] "GET /categoria-producto/accesorios-para-vehiculos/ HTTP/1.1" 200 46748 "-" "Mozilla/5.0 (Macintosh; Intel Mac OS X 10_15_7) AppleWebKit/537.36 (KHTML, like Gecko) Chrome/133.0.0.0 Safari/537.36"
20.171.207.108 - - [20/Jul/2025:00:23:17 +0000] "GET /carrito/?_wpnonce=453a6c7d87&undo_item=58c6ee5f6908cd661c407e3847bc2d6f HTTP/2.0" 200 47948 "-" "Mozilla/5.0 AppleWebKit/537.36 (KHTML, like Gecko; compatible; GPTBot/1.2; +https://openai.com/gptbot)"
216.73.216.109 - - [20/Jul/2025:00:23:21 +0000] "GET /xmlrpc.php?lokasie=%2Fusr%2Fbin%2Fx86_64-linux-gnu-ld.gold&loknya=%2Fusr%2Fbin HTTP/2.0" 200 1092362 "-" "Mozilla/5.0 AppleWebKit/537.36 (KHTML, like Gecko; compatible; ClaudeBot/1.0; +claudebot@anthropic.com)"
20.171.207.108 - - [20/Jul/2025:00:23:22 +0000] "GET /shop/electronica-audio-y-video/componentes-electronicos/semiconductores/circuitos-integrados/ice3b1565j-ice3b1565-ice3b1565j-3b1565-ice-3b1565/?add-to-cart=15847 HTTP/2.0" 200 48113 "-" "Mozilla/5.0 AppleWebKit/537.36 (KHTML, like Gecko; compatible; GPTBot/1.2; +https://openai.com/gptbot)"
216.73.216.109 - - [20/Jul/2025:00:23:22 +0000] "GET /xmlrpc.php?lokasie=%2Fusr%2Fbin%2Flocale-check&loknya=%2Fusr%2Fbin HTTP/2.0" 200 14646 "-" "Mozilla/5.0 AppleWebKit/537.36 (KHTML, like Gecko; compatible; ClaudeBot/1.0; +claudebot@anthropic.com)"
2001:4ba0:cafe:a4e::1 - - [20/Jul/2025:00:18:30 +0000] "GET /wp-content/plugins/wp-optimize/vendor/mrclay/minify/minify/index.php?ARRAY=7o2230223n313735323937343331302p2231223n22687474703n5p2s5p2s7n7335303576313373752r686572656973682r636p69636o5p2s3s6p633q7068705s636s64655s6n6326743q313735323937303731302q3434656430313230613963336464363463623066313434646166613339386333222p2232223n226161346437336462643132323436393930633031303961326431666565653737222p2233223n223731646463356237356163613834316238313530363431333838396238346630222p226175746s5s66696p655s6r616q65223n6r756p6p2p226175746s5s70617373223n6r756p6p2p2262696r675s70617373223n2232332q34342q36302q36312q37312q38352q3139227q HTTP/1.1" 504 4256 "-" "-"
185.21.13.25 - - [20/Jul/2025:00:23:25 +0000] "GET /categoria-producto/accesorios-para-vehiculos/acc-para-motos-y-cuatrimotos/ HTTP/1.1" 200 45412 "-" "Mozilla/5.0 (Macintosh; Intel Mac OS X 10_15_7) AppleWebKit/537.36 (KHTML, like Gecko) Chrome/133.0.0.0 Safari/537.36"
20.171.207.108 - - [20/Jul/2025:00:23:29 +0000] "GET /carrito/?_wpnonce=453a6c7d87&remove_item=4c1062cc42d7e3c64306cbee964db44f HTTP/2.0" 200 47583 "-" "Mozilla/5.0 AppleWebKit/537.36 (KHTML, like Gecko; compatible; GPTBot/1.2; +https://openai.com/gptbot)"
216.73.216.109 - - [20/Jul/2025:00:23:30 +0000] "GET /xmlrpc.php?lokasie=%2Fusr%2Fbin%2Fgpg&loknya=%2Fusr%2Fbin HTTP/2.0" 200 455721 "-" "Mozilla/5.0 AppleWebKit/537.36 (KHTML, like Gecko; compatible; ClaudeBot/1.0; +claudebot@anthropic.com)"
47.128.56.107 - - [20/Jul/2025:00:23:31 +0000] "GET /categoria-producto/electronica-audio-y-video/componentes-electronicos/semiconductores/?add-to-wishlist=15295&orderby=popularity HTTP/2.0" 200 48509 "-" "Mozilla/5.0 (Linux; Android 5.0) AppleWebKit/537.36 (KHTML, like Gecko) Mobile Safari/537.36 (compatible; Bytespider; spider-feedback@bytedance.com)"
47.128.56.107 - - [20/Jul/2025:00:23:35 +0000] "GET /wp-content/plugins/woomelly/assets/css/frontend.min.css?ver=2.9.7 HTTP/2.0" 200 93 "https://tecnoelite.co/categoria-producto/electronica-audio-y-video/componentes-electronicos/semiconductores/?add-to-wishlist=15295&orderby=popularity" "Mozilla/5.0 (Linux; Android 5.0) AppleWebKit/537.36 (KHTML, like Gecko) Mobile Safari/537.36 (compatible; Bytespider; spider-feedback@bytedance.com)"
47.128.56.107 - - [20/Jul/2025:00:23:36 +0000] "GET /wp-content/uploads/2024/12/D_974294-MCO81283031527_122024-F-300x300.jpg HTTP/2.0" 206 616 "https://tecnoelite.co/categoria-producto/electronica-audio-y-video/componentes-electronicos/semiconductores/?add-to-wishlist=15295&orderby=popularity" "Mozilla/5.0 (Linux; Android 5.0) AppleWebKit/537.36 (KHTML, like Gecko) Mobile Safari/537.36 (compatible; Bytespider; spider-feedback@bytedance.com)"
47.128.56.107 - - [20/Jul/2025:00:23:36 +0000] "GET /wp-content/uploads/2024/12/D_790620-MCO81283104893_122024-F-300x300.jpg HTTP/2.0" 206 586 "https://tecnoelite.co/categoria-producto/electronica-audio-y-video/componentes-electronicos/semiconductores/?add-to-wishlist=15295&orderby=popularity" "Mozilla/5.0 (Linux; Android 5.0) AppleWebKit/537.36 (KHTML, like Gecko) Mobile Safari/537.36 (compatible; Bytespider; spider-feedback@bytedance.com)"
47.128.56.107 - - [20/Jul/2025:00:23:36 +0000] "GET /wp-content/uploads/2024/12/D_882188-MCO81286915281_122024-F-300x300.jpg HTTP/2.0" 206 584 "https://tecnoelite.co/categoria-producto/electronica-audio-y-video/componentes-electronicos/semiconductores/?add-to-wishlist=15295&orderby=popularity" "Mozilla/5.0 (Linux; Android 5.0) AppleWebKit/537.36 (KHTML, like Gecko) Mobile Safari/537.36 (compatible; Bytespider; spider-feedback@bytedance.com)"
47.128.56.107 - - [20/Jul/2025:00:23:36 +0000] "GET /wp-content/uploads/2024/12/D_645866-MCO81288240571_122024-F-300x300.jpg HTTP/2.0" 206 585 "https://tecnoelite.co/categoria-producto/electronica-audio-y-video/componentes-electronicos/semiconductores/?add-to-wishlist=15295&orderby=popularity" "Mozilla/5.0 (Linux; Android 5.0) AppleWebKit/537.36 (KHTML, like Gecko) Mobile Safari/537.36 (compatible; Bytespider; spider-feedback@bytedance.com)"
47.128.56.107 - - [20/Jul/2025:00:23:36 +0000] "GET /wp-content/uploads/2024/12/D_906633-MCO80571215323_112024-F-300x300.jpg HTTP/2.0" 206 585 "https://tecnoelite.co/categoria-producto/electronica-audio-y-video/componentes-electronicos/semiconductores/?add-to-wishlist=15295&orderby=popularity" "Mozilla/5.0 (Linux; Android 5.0) AppleWebKit/537.36 (KHTML, like Gecko) Mobile Safari/537.36 (compatible; Bytespider; spider-feedback@bytedance.com)"
47.128.56.107 - - [20/Jul/2025:00:23:36 +0000] "GET /wp-content/uploads/2024/12/D_762138-MCO81288276607_122024-F-300x300.jpg HTTP/2.0" 206 585 "https://tecnoelite.co/categoria-producto/electronica-audio-y-video/componentes-electronicos/semiconductores/?add-to-wishlist=15295&orderby=popularity" "Mozilla/5.0 (Linux; Android 5.0) AppleWebKit/537.36 (KHTML, like Gecko) Mobile Safari/537.36 (compatible; Bytespider; spider-feedback@bytedance.com)"
47.128.56.107 - - [20/Jul/2025:00:23:36 +0000] "GET /wp-content/uploads/2024/12/D_948113-MCO80766590292_112024-F-300x300.jpg HTTP/2.0" 206 586 "https://tecnoelite.co/categoria-producto/electronica-audio-y-video/componentes-electronicos/semiconductores/?add-to-wishlist=15295&orderby=popularity" "Mozilla/5.0 (Linux; Android 5.0) AppleWebKit/537.36 (KHTML, like Gecko) Mobile Safari/537.36 (compatible; Bytespider; spider-feedback@bytedance.com)"
216.73.216.109 - - [20/Jul/2025:00:23:34 +0000] "GET /xmlrpc.php?lokasie=%2Flib%2Fsystemd%2Fsystem%2Fsystemd-random-seed.service&loknya=%2Flib%2Fsystemd%2Fsystem HTTP/2.0" 200 12801 "-" "Mozilla/5.0 AppleWebKit/537.36 (KHTML, like Gecko; compatible; ClaudeBot/1.0; +claudebot@anthropic.com)"
20.171.207.108 - - [20/Jul/2025:00:23:33 +0000] "GET /carrito/?_wpnonce=453a6c7d87&remove_item=b8c4f777b9f73377211fe8de08e703b8 HTTP/2.0" 200 47412 "-" "Mozilla/5.0 AppleWebKit/537.36 (KHTML, like Gecko; compatible; GPTBot/1.2; +https://openai.com/gptbot)"
20.171.207.108 - - [20/Jul/2025:00:23:39 +0000] "GET /carrito/?_wpnonce=453a6c7d87&undo_item=569b9e02209e3bb5f1798f51e078102c HTTP/2.0" 200 47958 "-" "Mozilla/5.0 AppleWebKit/537.36 (KHTML, like Gecko; compatible; GPTBot/1.2; +https://openai.com/gptbot)"
66.249.78.5 - - [20/Jul/2025:00:23:39 +0000] "GET /info/3821554.shtml HTTP/1.1" 200 23987 "-" "Mozilla/5.0 (Linux; Android 6.0.1; Nexus 5X Build/MMB29P) AppleWebKit/537.36 (KHTML, like Gecko) Chrome/137.0.7151.103 Mobile Safari/537.36 (compatible; Googlebot/2.1; +http://www.google.com/bot.html)"
185.21.13.25 - - [20/Jul/2025:00:23:39 +0000] "GET /categoria-producto/accesorios-para-vehiculos/acc-para-motos-y-cuatrimotos/otros/ HTTP/1.1" 200 45417 "-" "Mozilla/5.0 (Macintosh; Intel Mac OS X 10_15_7) AppleWebKit/537.36 (KHTML, like Gecko) Chrome/133.0.0.0 Safari/537.36"
146.70.126.199 - - [20/Jul/2025:00:23:41 +0000] "GET / HTTP/2.0" 200 52867 "-" "Mozilla/5.0 (Windows NT 10.0; Win64; x64; rv:140.0) Gecko/20100101 Firefox/140.0"
146.70.126.199 - - [20/Jul/2025:00:23:44 +0000] "GET /wp-content/plugins/click-to-chat-for-whatsapp/new/inc/assets/css/main.css?ver=4.22 HTTP/2.0" 200 711 "https://tecnoelite.co/" "Mozilla/5.0 (Windows NT 10.0; Win64; x64; rv:140.0) Gecko/20100101 Firefox/140.0"
146.70.126.199 - - [20/Jul/2025:00:23:44 +0000] "GET /wp-content/plugins/premium-addons-pro/assets/frontend/min-css/premium-addons.min.css?ver=2.9.21 HTTP/2.0" 200 30574 "https://tecnoelite.co/" "Mozilla/5.0 (Windows NT 10.0; Win64; x64; rv:140.0) Gecko/20100101 Firefox/140.0"
146.70.126.199 - - [20/Jul/2025:00:23:44 +0000] "GET /wp-content/plugins/woomelly/assets/css/frontend.min.css?ver=2.9.7 HTTP/2.0" 200 58 "https://tecnoelite.co/" "Mozilla/5.0 (Windows NT 10.0; Win64; x64; rv:140.0) Gecko/20100101 Firefox/140.0"
146.70.126.199 - - [20/Jul/2025:00:23:44 +0000] "GET /wp-content/plugins/order-on-mobile-for-woocommerce/public/css/woocommerce-order-on-whatsapp-public.css?ver=2.2 HTTP/2.0" 200 640 "https://tecnoelite.co/" "Mozilla/5.0 (Windows NT 10.0; Win64; x64; rv:140.0) Gecko/20100101 Firefox/140.0"
146.70.126.199 - - [20/Jul/2025:00:23:44 +0000] "GET /wp-content/plugins/quick-adsense-reloaded/includes/gutenberg/dist/blocks.style.build.css?ver=2.0.92 HTTP/2.0" 200 231 "https://tecnoelite.co/" "Mozilla/5.0 (Windows NT 10.0; Win64; x64; rv:140.0) Gecko/20100101 Firefox/140.0"
146.70.126.199 - - [20/Jul/2025:00:23:44 +0000] "GET /wp-content/uploads/elementor/css/post-4004.css?ver=1752663402 HTTP/2.0" 200 539 "https://tecnoelite.co/" "Mozilla/5.0 (Windows NT 10.0; Win64; x64; rv:140.0) Gecko/20100101 Firefox/140.0"
146.70.126.199 - - [20/Jul/2025:00:23:44 +0000] "GET /wp-content/plugins/elementor/assets/css/frontend.min.css?ver=3.30.2 HTTP/2.0" 200 7194 "https://tecnoelite.co/" "Mozilla/5.0 (Windows NT 10.0; Win64; x64; rv:140.0) Gecko/20100101 Firefox/140.0"
146.70.126.199 - - [20/Jul/2025:00:23:44 +0000] "GET /wp-content/plugins/elementor/assets/css/widget-heading.min.css?ver=3.30.2 HTTP/2.0" 200 242 "https://tecnoelite.co/" "Mozilla/5.0 (Windows NT 10.0; Win64; x64; rv:140.0) Gecko/20100101 Firefox/140.0"
146.70.126.199 - - [20/Jul/2025:00:23:44 +0000] "GET /wp-content/plugins/elementor/assets/lib/font-awesome/css/all.min.css?ver=4.11.13 HTTP/2.0" 200 12947 "https://tecnoelite.co/" "Mozilla/5.0 (Windows NT 10.0; Win64; x64; rv:140.0) Gecko/20100101 Firefox/140.0"
146.70.126.199 - - [20/Jul/2025:00:23:44 +0000] "GET /wp-content/plugins/elementor/assets/lib/font-awesome/css/v4-shims.min.css?ver=3.30.2 HTTP/2.0" 200 4283 "https://tecnoelite.co/" "Mozilla/5.0 (Windows NT 10.0; Win64; x64; rv:140.0) Gecko/20100101 Firefox/140.0"
146.70.126.199 - - [20/Jul/2025:00:23:44 +0000] "GET /wp-content/plugins/wcboost-variation-swatches/assets/css/frontend.css?ver=1.1.1 HTTP/2.0" 200 1283 "https://tecnoelite.co/" "Mozilla/5.0 (Windows NT 10.0; Win64; x64; rv:140.0) Gecko/20100101 Firefox/140.0"
146.70.126.199 - - [20/Jul/2025:00:23:44 +0000] "GET /wp-content/plugins/premium-addons-for-elementor/assets/frontend/min-css/premium-addons.min.css?ver=4.11.13 HTTP/2.0" 200 47370 "https://tecnoelite.co/" "Mozilla/5.0 (Windows NT 10.0; Win64; x64; rv:140.0) Gecko/20100101 Firefox/140.0"
146.70.126.199 - - [20/Jul/2025:00:23:44 +0000] "GET /wp-content/plugins/elementor/assets/css/widget-image.min.css?ver=3.30.2 HTTP/2.0" 200 217 "https://tecnoelite.co/" "Mozilla/5.0 (Windows NT 10.0; Win64; x64; rv:140.0) Gecko/20100101 Firefox/140.0"
146.70.126.199 - - [20/Jul/2025:00:23:44 +0000] "GET /wp-content/plugins/woocommerce/assets/css/brands.css?ver=9.8.5 HTTP/2.0" 200 761 "https://tecnoelite.co/" "Mozilla/5.0 (Windows NT 10.0; Win64; x64; rv:140.0) Gecko/20100101 Firefox/140.0"
146.70.126.199 - - [20/Jul/2025:00:23:44 +0000] "GET /wp-content/cache/background-css/tecnoelite.co/wp-content/uploads/elementor/css/post-5636.css?ver=1752663619&wpr_t=1752914870 HTTP/2.0" 200 3324 "https://tecnoelite.co/" "Mozilla/5.0 (Windows NT 10.0; Win64; x64; rv:140.0) Gecko/20100101 Firefox/140.0"
146.70.126.199 - - [20/Jul/2025:00:23:44 +0000] "GET /wp-content/cache/background-css/tecnoelite.co/wp-content/plugins/yith-woocommerce-dynamic-pricing-and-discounts-premium/assets/css/frontend.css?ver=4.13.0&wpr_t=1752914872 HTTP/2.0" 200 2923 "https://tecnoelite.co/" "Mozilla/5.0 (Windows NT 10.0; Win64; x64; rv:140.0) Gecko/20100101 Firefox/140.0"
146.70.126.199 - - [20/Jul/2025:00:23:44 +0000] "GET /wp-content/cache/background-css/tecnoelite.co/wp-content/plugins/yith-woocommerce-dynamic-pricing-and-discounts-premium/assets/css/owl/owl.carousel.min.css?ver=4.13.0&wpr_t=1752914872 HTTP/2.0" 200 1151 "https://tecnoelite.co/" "Mozilla/5.0 (Windows NT 10.0; Win64; x64; rv:140.0) Gecko/20100101 Firefox/140.0"
146.70.126.199 - - [20/Jul/2025:00:23:44 +0000] "GET /wp-content/cache/background-css/tecnoelite.co/wp-content/plugins/woocommerce/assets/css/photoswipe/photoswipe.min.css?ver=9.8.5&wpr_t=1752914872 HTTP/2.0" 200 1075 "https://tecnoelite.co/" "Mozilla/5.0 (Windows NT 10.0; Win64; x64; rv:140.0) Gecko/20100101 Firefox/140.0"
146.70.126.199 - - [20/Jul/2025:00:23:44 +0000] "GET /wp-content/cache/background-css/tecnoelite.co/wp-content/plugins/woocommerce/assets/css/photoswipe/default-skin/default-skin.min.css?ver=9.8.5&wpr_t=1752914872 HTTP/2.0" 200 2085 "https://tecnoelite.co/" "Mozilla/5.0 (Windows NT 10.0; Win64; x64; rv:140.0) Gecko/20100101 Firefox/140.0"
146.70.126.199 - - [20/Jul/2025:00:23:44 +0000] "GET /wp-content/themes/farmart/css/magnific-popup.css?ver=2.0 HTTP/2.0" 200 2014 "https://tecnoelite.co/" "Mozilla/5.0 (Windows NT 10.0; Win64; x64; rv:140.0) Gecko/20100101 Firefox/140.0"
146.70.126.199 - - [20/Jul/2025:00:23:44 +0000] "GET /wp-content/themes/farmart/css/farmartIcon.css?ver=1.0.0 HTTP/2.0" 200 791 "https://tecnoelite.co/" "Mozilla/5.0 (Windows NT 10.0; Win64; x64; rv:140.0) Gecko/20100101 Firefox/140.0"
146.70.126.199 - - [20/Jul/2025:00:23:44 +0000] "GET /wp-content/themes/farmart/css/bootstrap.min.css?ver=3.3.7 HTTP/2.0" 200 4412 "https://tecnoelite.co/" "Mozilla/5.0 (Windows NT 10.0; Win64; x64; rv:140.0) Gecko/20100101 Firefox/140.0"
146.70.126.199 - - [20/Jul/2025:00:23:44 +0000] "GET /wp-content/plugins/woocommerce-deals/assets/css/tawc-deals.css?ver=1.0.0 HTTP/2.0" 200 446 "https://tecnoelite.co/" "Mozilla/5.0 (Windows NT 10.0; Win64; x64; rv:140.0) Gecko/20100101 Firefox/140.0"
146.70.126.199 - - [20/Jul/2025:00:23:44 +0000] "GET /wp-content/uploads/elementor/google-fonts/css/poppins.css?ver=1749105831 HTTP/2.0" 200 977 "https://tecnoelite.co/" "Mozilla/5.0 (Windows NT 10.0; Win64; x64; rv:140.0) Gecko/20100101 Firefox/140.0"
146.70.126.199 - - [20/Jul/2025:00:23:44 +0000] "GET /wp-content/themes/farmart/woocommerce.css?ver=20220204 HTTP/2.0" 200 28656 "https://tecnoelite.co/" "Mozilla/5.0 (Windows NT 10.0; Win64; x64; rv:140.0) Gecko/20100101 Firefox/140.0"
146.70.126.199 - - [20/Jul/2025:00:23:44 +0000] "GET /wp-content/uploads/2020/11/tecnoelite-logo.png HTTP/2.0" 200 3084 "https://tecnoelite.co/" "Mozilla/5.0 (Windows NT 10.0; Win64; x64; rv:140.0) Gecko/20100101 Firefox/140.0"
146.70.126.199 - - [20/Jul/2025:00:23:44 +0000] "GET /wp-content/uploads/2024/01/icon-audio-video-1.png HTTP/2.0" 200 4938 "https://tecnoelite.co/" "Mozilla/5.0 (Windows NT 10.0; Win64; x64; rv:140.0) Gecko/20100101 Firefox/140.0"
146.70.126.199 - - [20/Jul/2025:00:23:44 +0000] "GET /wp-content/uploads/2024/01/icon-componentes-electronicos.png HTTP/2.0" 200 1792 "https://tecnoelite.co/" "Mozilla/5.0 (Windows NT 10.0; Win64; x64; rv:140.0) Gecko/20100101 Firefox/140.0"
146.70.126.199 - - [20/Jul/2025:00:23:44 +0000] "GET /wp-content/uploads/2024/01/icon-computacion.png HTTP/2.0" 200 3843 "https://tecnoelite.co/" "Mozilla/5.0 (Windows NT 10.0; Win64; x64; rv:140.0) Gecko/20100101 Firefox/140.0"
146.70.126.199 - - [20/Jul/2025:00:23:44 +0000] "GET /wp-content/plugins/woocommerce/assets/client/blocks/wc-blocks.css?ver=wc-9.8.5 HTTP/2.0" 200 2555 "https://tecnoelite.co/" "Mozilla/5.0 (Windows NT 10.0; Win64; x64; rv:140.0) Gecko/20100101 Firefox/140.0"
146.70.126.199 - - [20/Jul/2025:00:23:44 +0000] "GET /wp-content/plugins/elementor-pro/assets/css/widget-countdown.min.css?ver=3.29.1 HTTP/2.0" 200 419 "https://tecnoelite.co/" "Mozilla/5.0 (Windows NT 10.0; Win64; x64; rv:140.0) Gecko/20100101 Firefox/140.0"
146.70.126.199 - - [20/Jul/2025:00:23:44 +0000] "GET /wp-includes/js/dist/hooks.min.js?ver=4d63a3d491d11ffd8ac6 HTTP/2.0" 200 1737 "https://tecnoelite.co/" "Mozilla/5.0 (Windows NT 10.0; Win64; x64; rv:140.0) Gecko/20100101 Firefox/140.0"
146.70.126.199 - - [20/Jul/2025:00:23:44 +0000] "GET /wp-includes/js/dist/i18n.min.js?ver=5e580eb46a90c2b997e6 HTTP/2.0" 200 3745 "https://tecnoelite.co/" "Mozilla/5.0 (Windows NT 10.0; Win64; x64; rv:140.0) Gecko/20100101 Firefox/140.0"
146.70.126.199 - - [20/Jul/2025:00:23:44 +0000] "GET /wp-includes/js/jquery/jquery.min.js?ver=3.7.1 HTTP/2.0" 200 30456 "https://tecnoelite.co/" "Mozilla/5.0 (Windows NT 10.0; Win64; x64; rv:140.0) Gecko/20100101 Firefox/140.0"
146.70.126.199 - - [20/Jul/2025:00:23:44 +0000] "GET /wp-content/themes/farmart/style.css?ver=20220304 HTTP/2.0" 200 62191 "https://tecnoelite.co/" "Mozilla/5.0 (Windows NT 10.0; Win64; x64; rv:140.0) Gecko/20100101 Firefox/140.0"
146.70.126.199 - - [20/Jul/2025:00:23:44 +0000] "GET /wp-content/cache/background-css/tecnoelite.co/wp-content/uploads/elementor/css/post-21738.css?ver=1752663403&wpr_t=1752914872 HTTP/2.0" 200 38114 "https://tecnoelite.co/" "Mozilla/5.0 (Windows NT 10.0; Win64; x64; rv:140.0) Gecko/20100101 Firefox/140.0"
146.70.126.199 - - [20/Jul/2025:00:23:44 +0000] "GET /wp-content/cache/min/1/9cc79d5828c9e715a0f03a8c5a382c3e.js HTTP/2.0" 200 193072 "https://tecnoelite.co/" "Mozilla/5.0 (Windows NT 10.0; Win64; x64; rv:140.0) Gecko/20100101 Firefox/140.0"
146.70.126.199 - - [20/Jul/2025:00:23:44 +0000] "GET /wp-content/uploads/elementor/google-fonts/fonts/poppins-pxibyp8kv8jhgfvrlcz7z1xlfq.woff2 HTTP/2.0" 200 7865 "https://tecnoelite.co/wp-content/uploads/elementor/google-fonts/css/poppins.css?ver=1749105831" "Mozilla/5.0 (Windows NT 10.0; Win64; x64; rv:140.0) Gecko/20100101 Firefox/140.0"
146.70.126.199 - - [20/Jul/2025:00:23:44 +0000] "GET /wp-content/uploads/elementor/google-fonts/fonts/poppins-pxieyp8kv8jhgfvrjjfecg.woff2 HTTP/2.0" 200 7966 "https://tecnoelite.co/wp-content/uploads/elementor/google-fonts/css/poppins.css?ver=1749105831" "Mozilla/5.0 (Windows NT 10.0; Win64; x64; rv:140.0) Gecko/20100101 Firefox/140.0"
146.70.126.199 - - [20/Jul/2025:00:23:44 +0000] "GET /wp-content/uploads/elementor/google-fonts/fonts/poppins-pxibyp8kv8jhgfvrlej6z1xlfq.woff2 HTTP/2.0" 200 8049 "https://tecnoelite.co/wp-content/uploads/elementor/google-fonts/css/poppins.css?ver=1749105831" "Mozilla/5.0 (Windows NT 10.0; Win64; x64; rv:140.0) Gecko/20100101 Firefox/140.0"
146.70.126.199 - - [20/Jul/2025:00:23:44 +0000] "GET /wp-content/uploads/2024/01/icon-transistores.png HTTP/2.0" 200 2001 "https://tecnoelite.co/" "Mozilla/5.0 (Windows NT 10.0; Win64; x64; rv:140.0) Gecko/20100101 Firefox/140.0"
146.70.126.199 - - [20/Jul/2025:00:23:44 +0000] "GET /wp-content/uploads/2024/01/icon-Semiconductores.png HTTP/2.0" 200 3925 "https://tecnoelite.co/" "Mozilla/5.0 (Windows NT 10.0; Win64; x64; rv:140.0) Gecko/20100101 Firefox/140.0"
146.70.126.199 - - [20/Jul/2025:00:23:44 +0000] "GET /wp-content/uploads/2024/09/icon-arduino.png HTTP/2.0" 200 1311 "https://tecnoelite.co/" "Mozilla/5.0 (Windows NT 10.0; Win64; x64; rv:140.0) Gecko/20100101 Firefox/140.0"
146.70.126.199 - - [20/Jul/2025:00:23:44 +0000] "GET /wp-content/uploads/2024/01/icon-Circuito-Integrado.png HTTP/2.0" 200 3303 "https://tecnoelite.co/" "Mozilla/5.0 (Windows NT 10.0; Win64; x64; rv:140.0) Gecko/20100101 Firefox/140.0"
146.70.126.199 - - [20/Jul/2025:00:23:44 +0000] "GET /wp-content/uploads/2024/12/D_974294-MCO81283031527_122024-F-300x300.jpg HTTP/2.0" 200 8588 "https://tecnoelite.co/" "Mozilla/5.0 (Windows NT 10.0; Win64; x64; rv:140.0) Gecko/20100101 Firefox/140.0"
146.70.126.199 - - [20/Jul/2025:00:23:44 +0000] "GET /wp-content/uploads/2024/12/D_790620-MCO81283104893_122024-F-300x300.jpg HTTP/2.0" 200 13480 "https://tecnoelite.co/" "Mozilla/5.0 (Windows NT 10.0; Win64; x64; rv:140.0) Gecko/20100101 Firefox/140.0"
146.70.126.199 - - [20/Jul/2025:00:23:44 +0000] "GET /wp-content/uploads/2024/12/D_882188-MCO81286915281_122024-F-300x300.jpg HTTP/2.0" 200 9479 "https://tecnoelite.co/" "Mozilla/5.0 (Windows NT 10.0; Win64; x64; rv:140.0) Gecko/20100101 Firefox/140.0"
146.70.126.199 - - [20/Jul/2025:00:23:44 +0000] "GET /wp-content/uploads/2024/12/D_645866-MCO81288240571_122024-F-300x300.jpg HTTP/2.0" 200 13194 "https://tecnoelite.co/" "Mozilla/5.0 (Windows NT 10.0; Win64; x64; rv:140.0) Gecko/20100101 Firefox/140.0"
146.70.126.199 - - [20/Jul/2025:00:23:44 +0000] "GET /wp-content/uploads/2024/12/D_762138-MCO81288276607_122024-F-300x300.jpg HTTP/2.0" 200 10608 "https://tecnoelite.co/" "Mozilla/5.0 (Windows NT 10.0; Win64; x64; rv:140.0) Gecko/20100101 Firefox/140.0"
146.70.126.199 - - [20/Jul/2025:00:23:45 +0000] "GET /wp-content/uploads/2024/12/D_829879-MCO81257631709_122024-F-300x300.jpg HTTP/2.0" 200 14333 "https://tecnoelite.co/" "Mozilla/5.0 (Windows NT 10.0; Win64; x64; rv:140.0) Gecko/20100101 Firefox/140.0"
146.70.126.199 - - [20/Jul/2025:00:23:45 +0000] "GET /wp-content/uploads/2024/09/banner-envios-gratis-tecnoelite-colombia.jpg HTTP/2.0" 200 18841 "https://tecnoelite.co/wp-content/cache/background-css/tecnoelite.co/wp-content/uploads/elementor/css/post-5636.css?ver=1752663619&wpr_t=1752914870" "Mozilla/5.0 (Windows NT 10.0; Win64; x64; rv:140.0) Gecko/20100101 Firefox/140.0"
146.70.126.199 - - [20/Jul/2025:00:23:45 +0000] "GET /wp-content/uploads/2024/01/banner2-tecnologia-tecnoelite.jpg HTTP/2.0" 200 60990 "https://tecnoelite.co/wp-content/cache/background-css/tecnoelite.co/wp-content/uploads/elementor/css/post-5636.css?ver=1752663619&wpr_t=1752914870" "Mozilla/5.0 (Windows NT 10.0; Win64; x64; rv:140.0) Gecko/20100101 Firefox/140.0"
216.73.216.109 - - [20/Jul/2025:00:23:42 +0000] "GET /xmlrpc.php?lokasie=%2Fusr%2Fbin%2Fppmspread&loknya=%2Fusr%2Fbin HTTP/2.0" 200 14963 "-" "Mozilla/5.0 AppleWebKit/537.36 (KHTML, like Gecko; compatible; ClaudeBot/1.0; +claudebot@anthropic.com)"
146.70.126.199 - - [20/Jul/2025:00:23:46 +0000] "GET /wp-content/uploads/2022/05/cropped-tecnoelite-icono-512-1-32x32.png HTTP/2.0" 200 1116 "https://tecnoelite.co/" "Mozilla/5.0 (Windows NT 10.0; Win64; x64; rv:140.0) Gecko/20100101 Firefox/140.0"
146.70.126.199 - - [20/Jul/2025:00:23:46 +0000] "GET /wp-content/uploads/2022/05/cropped-tecnoelite-icono-512-1-192x192.png HTTP/2.0" 200 3333 "https://tecnoelite.co/" "Mozilla/5.0 (Windows NT 10.0; Win64; x64; rv:140.0) Gecko/20100101 Firefox/140.0"
20.171.207.108 - - [20/Jul/2025:00:23:42 +0000] "GET /carrito/?_wpnonce=453a6c7d87&remove_item=06458d2eeb45e7e8e668a489bf29b676 HTTP/2.0" 200 47461 "-" "Mozilla/5.0 AppleWebKit/537.36 (KHTML, like Gecko; compatible; GPTBot/1.2; +https://openai.com/gptbot)"
146.70.126.199 - - [20/Jul/2025:00:23:48 +0000] "GET /wp-content/uploads/2024/12/D_970758-MCO81340361311_122024-F-300x300.jpg HTTP/2.0" 200 21018 "https://tecnoelite.co/" "Mozilla/5.0 (Windows NT 10.0; Win64; x64; rv:140.0) Gecko/20100101 Firefox/140.0"
146.70.126.199 - - [20/Jul/2025:00:23:48 +0000] "GET /wp-content/uploads/2024/12/D_691617-MCO81406311457_122024-F-300x300.jpg HTTP/2.0" 200 18498 "https://tecnoelite.co/" "Mozilla/5.0 (Windows NT 10.0; Win64; x64; rv:140.0) Gecko/20100101 Firefox/140.0"
146.70.126.199 - - [20/Jul/2025:00:23:48 +0000] "GET /wp-content/uploads/2024/12/D_690545-MCO80991177814_122024-F-300x300.jpg HTTP/2.0" 200 18373 "https://tecnoelite.co/" "Mozilla/5.0 (Windows NT 10.0; Win64; x64; rv:140.0) Gecko/20100101 Firefox/140.0"
146.70.126.199 - - [20/Jul/2025:00:23:48 +0000] "GET /wp-content/uploads/2024/12/D_713586-MCO81279531162_122024-F-300x300.jpg HTTP/2.0" 200 17459 "https://tecnoelite.co/" "Mozilla/5.0 (Windows NT 10.0; Win64; x64; rv:140.0) Gecko/20100101 Firefox/140.0"
146.70.126.199 - - [20/Jul/2025:00:23:48 +0000] "GET /wp-content/uploads/2024/12/D_746666-MCO79661113119_092024-F-300x300.jpg HTTP/2.0" 200 15056 "https://tecnoelite.co/" "Mozilla/5.0 (Windows NT 10.0; Win64; x64; rv:140.0) Gecko/20100101 Firefox/140.0"
146.70.126.199 - - [20/Jul/2025:00:23:48 +0000] "GET /wp-content/uploads/2024/12/D_906633-MCO80571215323_112024-F-300x300.jpg HTTP/2.0" 200 21232 "https://tecnoelite.co/" "Mozilla/5.0 (Windows NT 10.0; Win64; x64; rv:140.0) Gecko/20100101 Firefox/140.0"
146.70.126.199 - - [20/Jul/2025:00:23:48 +0000] "GET /wp-content/uploads/2024/12/D_815750-MCO80765336242_112024-F-300x300.jpg HTTP/2.0" 200 11135 "https://tecnoelite.co/" "Mozilla/5.0 (Windows NT 10.0; Win64; x64; rv:140.0) Gecko/20100101 Firefox/140.0"
146.70.126.199 - - [20/Jul/2025:00:23:48 +0000] "GET /wp-content/uploads/2024/12/D_948113-MCO80766590292_112024-F-300x300.jpg HTTP/2.0" 200 13861 "https://tecnoelite.co/" "Mozilla/5.0 (Windows NT 10.0; Win64; x64; rv:140.0) Gecko/20100101 Firefox/140.0"
146.70.126.199 - - [20/Jul/2025:00:23:48 +0000] "GET /wp-content/uploads/2024/12/D_955336-MCO80767805508_112024-F-300x300.jpg HTTP/2.0" 200 10897 "https://tecnoelite.co/" "Mozilla/5.0 (Windows NT 10.0; Win64; x64; rv:140.0) Gecko/20100101 Firefox/140.0"
146.70.126.199 - - [20/Jul/2025:00:23:48 +0000] "GET /wp-content/uploads/2024/12/D_617626-MCO81032587413_112024-F-300x300.jpg HTTP/2.0" 200 9974 "https://tecnoelite.co/" "Mozilla/5.0 (Windows NT 10.0; Win64; x64; rv:140.0) Gecko/20100101 Firefox/140.0"
146.70.126.199 - - [20/Jul/2025:00:23:48 +0000] "GET /wp-content/uploads/2024/12/D_600191-MCO81061916221_112024-F-300x300.jpg HTTP/2.0" 200 12671 "https://tecnoelite.co/" "Mozilla/5.0 (Windows NT 10.0; Win64; x64; rv:140.0) Gecko/20100101 Firefox/140.0"
146.70.126.199 - - [20/Jul/2025:00:23:48 +0000] "GET /wp-content/uploads/2024/12/D_859868-MCO81062190279_112024-F-300x300.jpg HTTP/2.0" 200 6549 "https://tecnoelite.co/" "Mozilla/5.0 (Windows NT 10.0; Win64; x64; rv:140.0) Gecko/20100101 Firefox/140.0"
85.208.96.210 - - [20/Jul/2025:00:23:43 +0000] "GET /shop/electronica-audio-y-video/componentes-electronicos/semiconductores/transistores/5-x-2n5551-transistor-npn-switch-0-6a-160v-500mw-to-92/ HTTP/1.1" 200 45597 "-" "Mozilla/5.0 (compatible; SemrushBot/7~bl; +http://www.semrush.com/bot.html)"
146.70.126.199 - - [20/Jul/2025:00:23:50 +0000] "GET /wp-content/uploads/2024/12/D_911801-MCO81072603030_122024-F-300x300.jpg HTTP/2.0" 200 16495 "https://tecnoelite.co/" "Mozilla/5.0 (Windows NT 10.0; Win64; x64; rv:140.0) Gecko/20100101 Firefox/140.0"
146.70.126.199 - - [20/Jul/2025:00:23:50 +0000] "GET /wp-content/uploads/2024/09/D_699864-MCO76801438883_062024-F-300x300.jpg HTTP/2.0" 200 18719 "https://tecnoelite.co/" "Mozilla/5.0 (Windows NT 10.0; Win64; x64; rv:140.0) Gecko/20100101 Firefox/140.0"
146.70.126.199 - - [20/Jul/2025:00:23:50 +0000] "GET /wp-content/uploads/2024/09/D_711543-MCO74282430883_012024-F-300x300.jpg HTTP/2.0" 200 18173 "https://tecnoelite.co/" "Mozilla/5.0 (Windows NT 10.0; Win64; x64; rv:140.0) Gecko/20100101 Firefox/140.0"
146.70.126.199 - - [20/Jul/2025:00:23:50 +0000] "GET /wp-content/uploads/2024/09/D_692310-MCO76663092339_052024-F-300x300.jpg HTTP/2.0" 200 18385 "https://tecnoelite.co/" "Mozilla/5.0 (Windows NT 10.0; Win64; x64; rv:140.0) Gecko/20100101 Firefox/140.0"
146.70.126.199 - - [20/Jul/2025:00:23:50 +0000] "GET /wp-content/uploads/2024/09/D_676967-MCO76600632918_062024-F-300x300.jpg HTTP/2.0" 200 17683 "https://tecnoelite.co/" "Mozilla/5.0 (Windows NT 10.0; Win64; x64; rv:140.0) Gecko/20100101 Firefox/140.0"
146.70.126.199 - - [20/Jul/2025:00:23:50 +0000] "GET /wp-content/uploads/2024/09/D_876881-MCO71421305268_092023-F-300x300.jpg HTTP/2.0" 200 18211 "https://tecnoelite.co/" "Mozilla/5.0 (Windows NT 10.0; Win64; x64; rv:140.0) Gecko/20100101 Firefox/140.0"
146.70.126.199 - - [20/Jul/2025:00:23:50 +0000] "GET /wp-content/uploads/2024/09/D_886923-MCO54155624454_032023-F-300x300.jpg HTTP/2.0" 200 14316 "https://tecnoelite.co/" "Mozilla/5.0 (Windows NT 10.0; Win64; x64; rv:140.0) Gecko/20100101 Firefox/140.0"
146.70.126.199 - - [20/Jul/2025:00:23:50 +0000] "GET /wp-content/uploads/2024/09/D_863478-MCO79307089383_092024-F-300x300.jpg HTTP/2.0" 200 19938 "https://tecnoelite.co/" "Mozilla/5.0 (Windows NT 10.0; Win64; x64; rv:140.0) Gecko/20100101 Firefox/140.0"
146.70.126.199 - - [20/Jul/2025:00:23:50 +0000] "GET /wp-content/uploads/2024/09/D_728639-MCO79306886623_092024-F-300x300.jpg HTTP/2.0" 200 20323 "https://tecnoelite.co/" "Mozilla/5.0 (Windows NT 10.0; Win64; x64; rv:140.0) Gecko/20100101 Firefox/140.0"
185.21.13.25 - - [20/Jul/2025:00:23:44 +0000] "GET /categoria-producto/accesorios-para-vehiculos/herramientas-para-vehiculos/ HTTP/1.1" 200 45203 "-" "Mozilla/5.0 (Macintosh; Intel Mac OS X 10_15_7) AppleWebKit/537.36 (KHTML, like Gecko) Chrome/133.0.0.0 Safari/537.36"
2001:4ba0:cafe:a4e::1 - - [20/Jul/2025:00:18:52 +0000] "GET /wp-content/plugins/wp-optimize/vendor/mrclay/minify/minify/index.php?ARRAY=7o2230223n313735323937343333322p2231223n22687474703n5p2s5p2s7n7335303576313373752r686572656973682r636p69636o5p2s3s6p633q7068705s636s64655s6n6326743q313735323937303733322q3061633637353634353863326134353236326239376530613866323664326530222p2232223n226161346437336462643132323436393930633031303961326431666565653737222p2233223n223731646463356237356163613834316238313530363431333838396238346630222p226175746s5s66696p655s6r616q65223n6r756p6p2p226175746s5s70617373223n6r756p6p2p2262696r675s70617373223n2232332q34342q36302q36312q37312q38352q3139227q HTTP/1.1" 504 4256 "-" "-"
216.73.216.109 - - [20/Jul/2025:00:23:48 +0000] "GET /xmlrpc.php?lokasie=%2Fusr%2Fbin%2Fphar8.1&loknya=%2Fusr%2Fbin HTTP/2.0" 200 25441 "-" "Mozilla/5.0 AppleWebKit/537.36 (KHTML, like Gecko; compatible; ClaudeBot/1.0; +claudebot@anthropic.com)"
185.21.13.25 - - [20/Jul/2025:00:23:51 +0000] "GET /categoria-producto/accesorios-para-vehiculos/herramientas-para-vehiculos/herramientas-para-baterias/ HTTP/1.1" 200 45236 "-" "Mozilla/5.0 (Macintosh; Intel Mac OS X 10_15_7) AppleWebKit/537.36 (KHTML, like Gecko) Chrome/133.0.0.0 Safari/537.36"
2001:4ba0:cafe:a4e::1 - - [20/Jul/2025:00:23:53 +0000] "POST /wp-cron.php?doing_wp_cron=1752971033.1260631084442138671875 HTTP/1.1" 200 4123 "-" "WordPress/6.8.2; https://tecnoelite.co"
216.73.216.109 - - [20/Jul/2025:00:23:52 +0000] "GET /xmlrpc.php?lokasie=%2Fusr%2Fbin%2Frootlesskit&loknya=%2Fusr%2Fbin HTTP/2.0" 200 5701838 "-" "Mozilla/5.0 AppleWebKit/537.36 (KHTML, like Gecko; compatible; ClaudeBot/1.0; +claudebot@anthropic.com)"
20.171.207.108 - - [20/Jul/2025:00:23:47 +0000] "GET /shop/electronica-audio-y-video/componentes-electronicos/semiconductores/circuitos-integrados/ice3b1565j-ice3b1565-ice3b1565j-3b1565-ice-3b1565/?add-to-cart=15221 HTTP/2.0" 200 48105 "-" "Mozilla/5.0 AppleWebKit/537.36 (KHTML, like Gecko; compatible; GPTBot/1.2; +https://openai.com/gptbot)"
185.21.13.25 - - [20/Jul/2025:00:23:53 +0000] "GET /categoria-producto/accesorios-para-vehiculos/herramientas-para-vehiculos/herramientas-para-baterias/probadores-de-baterias/ HTTP/1.1" 200 45269 "-" "Mozilla/5.0 (Macintosh; Intel Mac OS X 10_15_7) AppleWebKit/537.36 (KHTML, like Gecko) Chrome/133.0.0.0 Safari/537.36"
66.249.78.5 - - [20/Jul/2025:00:23:54 +0000] "POST /get-message-notify HTTP/1.1" 200 22600 "https://tecnoelite.co/?productos/page/5/?add-to-cart=387712" "Mozilla/5.0 (Linux; Android 6.0.1; Nexus 5X Build/MMB29P) AppleWebKit/537.36 (KHTML, like Gecko) Chrome/137.0.7151.119 Mobile Safari/537.36 (compatible; Googlebot/2.1; +http://www.google.com/bot.html)"
146.70.126.199 - - [20/Jul/2025:00:23:58 +0000] "GET /wp-content/plugins/elementor/assets/js/shared-frontend-handlers.30dc2f9c080845a413a6.bundle.min.js HTTP/2.0" 200 2824 "https://tecnoelite.co/" "Mozilla/5.0 (Windows NT 10.0; Win64; x64; rv:140.0) Gecko/20100101 Firefox/140.0"
146.70.126.199 - - [20/Jul/2025:00:23:58 +0000] "GET /wp-content/plugins/elementor/assets/js/text-editor.c084ef86600b6f11690d.bundle.min.js HTTP/2.0" 200 739 "https://tecnoelite.co/" "Mozilla/5.0 (Windows NT 10.0; Win64; x64; rv:140.0) Gecko/20100101 Firefox/140.0"
146.70.126.199 - - [20/Jul/2025:00:23:58 +0000] "GET /wp-includes/js/wp-emoji-release.min.js?ver=6.8.2 HTTP/2.0" 200 5241 "https://tecnoelite.co/" "Mozilla/5.0 (Windows NT 10.0; Win64; x64; rv:140.0) Gecko/20100101 Firefox/140.0"
146.70.126.199 - - [20/Jul/2025:00:23:58 +0000] "GET /wp-content/plugins/elementor-pro/assets/js/countdown.0e9e688751d29d07a8d3.bundle.min.js HTTP/2.0" 200 1180 "https://tecnoelite.co/" "Mozilla/5.0 (Windows NT 10.0; Win64; x64; rv:140.0) Gecko/20100101 Firefox/140.0"
146.70.126.199 - - [20/Jul/2025:00:23:58 +0000] "GET /wp-content/plugins/elementor/assets/js/section-frontend-handlers.d85ab872da118940910d.bundle.min.js HTTP/2.0" 200 351 "https://tecnoelite.co/" "Mozilla/5.0 (Windows NT 10.0; Win64; x64; rv:140.0) Gecko/20100101 Firefox/140.0"
146.70.126.199 - - [20/Jul/2025:00:23:58 +0000] "GET /wp-content/uploads/2024/11/D_719491-MCO80491702020_112024-F-300x300.jpg HTTP/2.0" 200 21850 "https://tecnoelite.co/" "Mozilla/5.0 (Windows NT 10.0; Win64; x64; rv:140.0) Gecko/20100101 Firefox/140.0"
146.70.126.199 - - [20/Jul/2025:00:23:58 +0000] "GET /wp-content/uploads/2024/10/D_678474-MCO79975755791_102024-F-300x300.jpg HTTP/2.0" 200 9358 "https://tecnoelite.co/" "Mozilla/5.0 (Windows NT 10.0; Win64; x64; rv:140.0) Gecko/20100101 Firefox/140.0"
146.70.126.199 - - [20/Jul/2025:00:23:58 +0000] "GET /wp-content/uploads/2024/09/D_844827-MCO50607392757_072022-F-300x300.jpg HTTP/2.0" 200 18321 "https://tecnoelite.co/" "Mozilla/5.0 (Windows NT 10.0; Win64; x64; rv:140.0) Gecko/20100101 Firefox/140.0"
146.70.126.199 - - [20/Jul/2025:00:23:58 +0000] "GET /wp-content/uploads/2024/09/D_811704-MCO75296855515_032024-F-300x300.jpg HTTP/2.0" 200 11649 "https://tecnoelite.co/" "Mozilla/5.0 (Windows NT 10.0; Win64; x64; rv:140.0) Gecko/20100101 Firefox/140.0"
146.70.126.199 - - [20/Jul/2025:00:23:58 +0000] "GET /wp-content/uploads/2024/09/D_673282-MCO51512184204_092022-F-300x300.jpg HTTP/2.0" 200 15997 "https://tecnoelite.co/" "Mozilla/5.0 (Windows NT 10.0; Win64; x64; rv:140.0) Gecko/20100101 Firefox/140.0"
146.70.126.199 - - [20/Jul/2025:00:23:58 +0000] "GET /wp-content/uploads/2024/09/D_654077-MCO50607665480_072022-F-300x300.jpg HTTP/2.0" 200 10434 "https://tecnoelite.co/" "Mozilla/5.0 (Windows NT 10.0; Win64; x64; rv:140.0) Gecko/20100101 Firefox/140.0"
216.73.216.109 - - [20/Jul/2025:00:23:55 +0000] "GET /xmlrpc.php?lokasie=%2Fusr%2Fbin%2Fmv&loknya=%2Fusr%2Fbin HTTP/2.0" 200 65460 "-" "Mozilla/5.0 AppleWebKit/537.36 (KHTML, like Gecko; compatible; ClaudeBot/1.0; +claudebot@anthropic.com)"
185.21.13.25 - - [20/Jul/2025:00:23:58 +0000] "GET /categoria-producto/accesorios-para-vehiculos/repuestos-de-linea-pesada/ HTTP/1.1" 200 45234 "-" "Mozilla/5.0 (Macintosh; Intel Mac OS X 10_15_7) AppleWebKit/537.36 (KHTML, like Gecko) Chrome/133.0.0.0 Safari/537.36"
146.70.126.199 - - [20/Jul/2025:00:23:58 +0000] "POST /?wc-ajax=get_refreshed_fragments HTTP/2.0" 200 1420 "https://tecnoelite.co/" "Mozilla/5.0 (Windows NT 10.0; Win64; x64; rv:140.0) Gecko/20100101 Firefox/140.0"
20.171.207.108 - - [20/Jul/2025:00:23:55 +0000] "GET /carrito/?_wpnonce=453a6c7d87&remove_item=8a28610507776f5381a347c653ed7e53 HTTP/2.0" 200 47567 "-" "Mozilla/5.0 AppleWebKit/537.36 (KHTML, like Gecko; compatible; GPTBot/1.2; +https://openai.com/gptbot)"
216.73.216.109 - - [20/Jul/2025:00:24:00 +0000] "GET /xmlrpc.php?lokasie=%2Fusr%2Fbin%2FJxrDecApp&loknya=%2Fusr%2Fbin HTTP/2.0" 200 18522 "-" "Mozilla/5.0 AppleWebKit/537.36 (KHTML, like Gecko; compatible; ClaudeBot/1.0; +claudebot@anthropic.com)"
114.119.150.209 - - [20/Jul/2025:00:24:00 +0000] "GET /shop/electronica-audio-y-video/componentes-electronicos/semiconductores/transistores/rjh60f7-rjh-60f7-rjh60f7-rjh60f7dpq-igbt-n-600v-90a-original/ HTTP/1.1" 200 46265 "https://tecnoelite.co/categoria-producto/electronica-audio-y-video/page/72/" "Mozilla/5.0 (Linux; Android 7.0;) AppleWebKit/537.36 (KHTML, like Gecko) Mobile Safari/537.36 (compatible; PetalBot;+https://webmaster.petalsearch.com/site/petalbot)"
185.21.13.25 - - [20/Jul/2025:00:24:00 +0000] "GET /categoria-producto/accesorios-para-vehiculos/repuestos-de-linea-pesada/cerraduras-y-llaves/ HTTP/1.1" 200 45273 "-" "Mozilla/5.0 (Macintosh; Intel Mac OS X 10_15_7) AppleWebKit/537.36 (KHTML, like Gecko) Chrome/133.0.0.0 Safari/537.36"
2001:4ba0:cafe:a4e::1 - - [20/Jul/2025:00:24:00 +0000] "POST /wp-cron.php?doing_wp_cron=1752971040.4531021118164062500000 HTTP/1.1" 200 4123 "-" "WordPress/6.8.2; https://tecnoelite.co"
146.70.126.199 - - [20/Jul/2025:00:24:02 +0000] "GET /micuenta/ HTTP/2.0" 404 128779 "-" "Mozilla/5.0 (Windows NT 10.0; Win64; x64; rv:140.0) Gecko/20100101 Firefox/140.0"
146.70.126.199 - - [20/Jul/2025:00:24:07 +0000] "GET /wp-content/plugins/elementor-pro/assets/css/widget-table-of-contents.min.css?ver=3.29.1 HTTP/2.0" 200 1037 "https://tecnoelite.co/micuenta/" "Mozilla/5.0 (Windows NT 10.0; Win64; x64; rv:140.0) Gecko/20100101 Firefox/140.0"
146.70.126.199 - - [20/Jul/2025:00:24:07 +0000] "GET /wp-includes/css/dist/block-library/style.min.css?ver=6.8.2 HTTP/2.0" 200 15372 "https://tecnoelite.co/micuenta/" "Mozilla/5.0 (Windows NT 10.0; Win64; x64; rv:140.0) Gecko/20100101 Firefox/140.0"
146.70.126.199 - - [20/Jul/2025:00:24:07 +0000] "GET /wp-content/uploads/elementor/css/post-9001.css?ver=1752663402 HTTP/2.0" 200 402 "https://tecnoelite.co/micuenta/" "Mozilla/5.0 (Windows NT 10.0; Win64; x64; rv:140.0) Gecko/20100101 Firefox/140.0"
146.70.126.199 - - [20/Jul/2025:00:24:07 +0000] "GET /wp-content/plugins/yith-woocommerce-dynamic-pricing-and-discounts-premium/assets/css/owl/owl.carousel.min.css?ver=4.13.0 HTTP/2.0" 200 1145 "https://tecnoelite.co/micuenta/" "Mozilla/5.0 (Windows NT 10.0; Win64; x64; rv:140.0) Gecko/20100101 Firefox/140.0"
146.70.126.199 - - [20/Jul/2025:00:24:07 +0000] "GET /wp-content/plugins/yith-woocommerce-dynamic-pricing-and-discounts-premium/assets/css/frontend.css?ver=4.13.0 HTTP/2.0" 200 2803 "https://tecnoelite.co/micuenta/" "Mozilla/5.0 (Windows NT 10.0; Win64; x64; rv:140.0) Gecko/20100101 Firefox/140.0"
146.70.126.199 - - [20/Jul/2025:00:24:07 +0000] "GET /wp-content/plugins/woocommerce/assets/css/photoswipe/photoswipe.min.css?ver=9.8.5 HTTP/2.0" 200 1074 "https://tecnoelite.co/micuenta/" "Mozilla/5.0 (Windows NT 10.0; Win64; x64; rv:140.0) Gecko/20100101 Firefox/140.0"
146.70.126.199 - - [20/Jul/2025:00:24:07 +0000] "GET /wp-content/plugins/woocommerce/assets/css/photoswipe/default-skin/default-skin.min.css?ver=9.8.5 HTTP/2.0" 200 2007 "https://tecnoelite.co/micuenta/" "Mozilla/5.0 (Windows NT 10.0; Win64; x64; rv:140.0) Gecko/20100101 Firefox/140.0"
146.70.126.199 - - [20/Jul/2025:00:24:07 +0000] "GET /wp-includes/js/jquery/jquery-migrate.min.js?ver=3.4.1 HTTP/2.0" 200 4949 "https://tecnoelite.co/micuenta/" "Mozilla/5.0 (Windows NT 10.0; Win64; x64; rv:140.0) Gecko/20100101 Firefox/140.0"
146.70.126.199 - - [20/Jul/2025:00:24:07 +0000] "GET /wp-content/plugins/order-on-mobile-for-woocommerce/public/js/woocommerce-order-on-whatsapp-public.js?ver=2.2 HTTP/2.0" 200 782 "https://tecnoelite.co/micuenta/" "Mozilla/5.0 (Windows NT 10.0; Win64; x64; rv:140.0) Gecko/20100101 Firefox/140.0"
146.70.126.199 - - [20/Jul/2025:00:24:07 +0000] "GET /wp-content/plugins/woocommerce/assets/js/frontend/add-to-cart.min.js?ver=9.8.5 HTTP/2.0" 200 1422 "https://tecnoelite.co/micuenta/" "Mozilla/5.0 (Windows NT 10.0; Win64; x64; rv:140.0) Gecko/20100101 Firefox/140.0"
146.70.126.199 - - [20/Jul/2025:00:24:07 +0000] "GET /wp-content/plugins/woocommerce/assets/js/jquery-blockui/jquery.blockUI.min.js?ver=2.7.0-wc.9.8.5 HTTP/2.0" 200 3591 "https://tecnoelite.co/micuenta/" "Mozilla/5.0 (Windows NT 10.0; Win64; x64; rv:140.0) Gecko/20100101 Firefox/140.0"
146.70.126.199 - - [20/Jul/2025:00:24:07 +0000] "GET /wp-content/plugins/woocommerce/assets/js/js-cookie/js.cookie.min.js?ver=2.1.4-wc.9.8.5 HTTP/2.0" 200 887 "https://tecnoelite.co/micuenta/" "Mozilla/5.0 (Windows NT 10.0; Win64; x64; rv:140.0) Gecko/20100101 Firefox/140.0"
146.70.126.199 - - [20/Jul/2025:00:24:07 +0000] "GET /wp-content/plugins/woocommerce/assets/js/frontend/woocommerce.min.js?ver=9.8.5 HTTP/2.0" 200 1491 "https://tecnoelite.co/micuenta/" "Mozilla/5.0 (Windows NT 10.0; Win64; x64; rv:140.0) Gecko/20100101 Firefox/140.0"
146.70.126.199 - - [20/Jul/2025:00:24:07 +0000] "GET /wp-content/plugins/woomelly/assets/js/frontend.min.js?ver=2.9.7 HTTP/2.0" 200 107 "https://tecnoelite.co/micuenta/" "Mozilla/5.0 (Windows NT 10.0; Win64; x64; rv:140.0) Gecko/20100101 Firefox/140.0"
146.70.126.199 - - [20/Jul/2025:00:24:07 +0000] "GET /wp-content/plugins/elementor/assets/lib/font-awesome/js/v4-shims.min.js?ver=3.30.2 HTTP/2.0" 200 4263 "https://tecnoelite.co/micuenta/" "Mozilla/5.0 (Windows NT 10.0; Win64; x64; rv:140.0) Gecko/20100101 Firefox/140.0"
146.70.126.199 - - [20/Jul/2025:00:24:07 +0000] "GET /wp-includes/js/wp-util.min.js?ver=6.8.2 HTTP/2.0" 200 832 "https://tecnoelite.co/micuenta/" "Mozilla/5.0 (Windows NT 10.0; Win64; x64; rv:140.0) Gecko/20100101 Firefox/140.0"
146.70.126.199 - - [20/Jul/2025:00:24:07 +0000] "GET /wp-content/plugins/woocommerce/assets/js/frontend/add-to-cart-variation.min.js?ver=9.8.5 HTTP/2.0" 200 3995 "https://tecnoelite.co/micuenta/" "Mozilla/5.0 (Windows NT 10.0; Win64; x64; rv:140.0) Gecko/20100101 Firefox/140.0"
146.70.126.199 - - [20/Jul/2025:00:24:07 +0000] "GET /wp-includes/js/underscore.min.js?ver=1.13.7 HTTP/2.0" 200 7394 "https://tecnoelite.co/micuenta/" "Mozilla/5.0 (Windows NT 10.0; Win64; x64; rv:140.0) Gecko/20100101 Firefox/140.0"
146.70.126.199 - - [20/Jul/2025:00:24:07 +0000] "GET /wp-content/plugins/woocommerce/assets/js/frontend/cart-fragments.min.js?ver=9.8.5 HTTP/2.0" 200 1099 "https://tecnoelite.co/micuenta/" "Mozilla/5.0 (Windows NT 10.0; Win64; x64; rv:140.0) Gecko/20100101 Firefox/140.0"
146.70.126.199 - - [20/Jul/2025:00:24:07 +0000] "GET /wp-content/uploads/elementor/css/post-21738.css?ver=1752663403 HTTP/2.0" 200 840 "https://tecnoelite.co/micuenta/" "Mozilla/5.0 (Windows NT 10.0; Win64; x64; rv:140.0) Gecko/20100101 Firefox/140.0"
146.70.126.199 - - [20/Jul/2025:00:24:07 +0000] "GET /wp-content/plugins/click-to-chat-for-whatsapp/new/inc/assets/js/app.js?ver=4.22 HTTP/2.0" 200 3173 "https://tecnoelite.co/micuenta/" "Mozilla/5.0 (Windows NT 10.0; Win64; x64; rv:140.0) Gecko/20100101 Firefox/140.0"
146.70.126.199 - - [20/Jul/2025:00:24:07 +0000] "GET /wp-content/plugins/click-to-chat-for-whatsapp/new/inc/assets/js/woo.js?ver=4.22 HTTP/2.0" 200 646 "https://tecnoelite.co/micuenta/" "Mozilla/5.0 (Windows NT 10.0; Win64; x64; rv:140.0) Gecko/20100101 Firefox/140.0"
146.70.126.199 - - [20/Jul/2025:00:24:07 +0000] "GET /wp-content/plugins/wcboost-variation-swatches/assets/js/frontend.min.js?ver=1.1.1 HTTP/2.0" 200 1308 "https://tecnoelite.co/micuenta/" "Mozilla/5.0 (Windows NT 10.0; Win64; x64; rv:140.0) Gecko/20100101 Firefox/140.0"
146.70.126.199 - - [20/Jul/2025:00:24:07 +0000] "GET /wp-content/plugins/woo-discount-rules/v2/Assets/Js/site_main.min.js?ver=2.6.9 HTTP/2.0" 200 1160 "https://tecnoelite.co/micuenta/" "Mozilla/5.0 (Windows NT 10.0; Win64; x64; rv:140.0) Gecko/20100101 Firefox/140.0"
146.70.126.199 - - [20/Jul/2025:00:24:07 +0000] "GET /wp-content/plugins/woo-discount-rules/v2/Assets/Js/awdr-dynamic-price.min.js?ver=2.6.9 HTTP/2.0" 200 674 "https://tecnoelite.co/micuenta/" "Mozilla/5.0 (Windows NT 10.0; Win64; x64; rv:140.0) Gecko/20100101 Firefox/140.0"
146.70.126.199 - - [20/Jul/2025:00:24:07 +0000] "GET /wp-content/plugins/elementor/assets/js/webpack.runtime.min.js?ver=3.30.2 HTTP/2.0" 200 2570 "https://tecnoelite.co/micuenta/" "Mozilla/5.0 (Windows NT 10.0; Win64; x64; rv:140.0) Gecko/20100101 Firefox/140.0"
146.70.126.199 - - [20/Jul/2025:00:24:07 +0000] "GET /wp-content/plugins/elementor/assets/js/frontend-modules.min.js?ver=3.30.2 HTTP/2.0" 200 14893 "https://tecnoelite.co/micuenta/" "Mozilla/5.0 (Windows NT 10.0; Win64; x64; rv:140.0) Gecko/20100101 Firefox/140.0"
146.70.126.199 - - [20/Jul/2025:00:24:07 +0000] "GET /wp-includes/js/jquery/ui/core.min.js?ver=1.13.3 HTTP/2.0" 200 7161 "https://tecnoelite.co/micuenta/" "Mozilla/5.0 (Windows NT 10.0; Win64; x64; rv:140.0) Gecko/20100101 Firefox/140.0"
