130.76.25.43 - - [20/Jul/2025:00:17:03 +0000] "GET /wp-content/uploads/2024/09/D_724199-MCO79306886617_092024-F-600x640.jpg HTTP/2.0" 200 53532 "https://tecnoelite.co/shop/electronica-audio-y-video/componentes-electronicos/arduino/placa-desarrollo-esp32-c3-super-mini-wifi-bluetooth-arduino/" "Mozilla/5.0 (Windows NT 10.0; Win64; x64) AppleWebKit/537.36 (KHTML, like Gecko) Chrome/132.0.0.0 Safari/537.36 Edg/132.0.0.0"
130.76.25.43 - - [20/Jul/2025:00:17:03 +0000] "GET /wp-content/uploads/2024/09/D_737518-MCO79306886627_092024-F-600x633.jpg HTTP/2.0" 200 43847 "https://tecnoelite.co/shop/electronica-audio-y-video/componentes-electronicos/arduino/placa-desarrollo-esp32-c3-super-mini-wifi-bluetooth-arduino/" "Mozilla/5.0 (Windows NT 10.0; Win64; x64) AppleWebKit/537.36 (KHTML, like Gecko) Chrome/132.0.0.0 Safari/537.36 Edg/132.0.0.0"
130.76.25.43 - - [20/Jul/2025:00:17:03 +0000] "GET /wp-content/uploads/2024/09/D_955520-MCO79306886631_092024-F-600x316.jpg HTTP/2.0" 200 30515 "https://tecnoelite.co/shop/electronica-audio-y-video/componentes-electronicos/arduino/placa-desarrollo-esp32-c3-super-mini-wifi-bluetooth-arduino/" "Mozilla/5.0 (Windows NT 10.0; Win64; x64) AppleWebKit/537.36 (KHTML, like Gecko) Chrome/132.0.0.0 Safari/537.36 Edg/132.0.0.0"
130.76.25.43 - - [20/Jul/2025:00:17:03 +0000] "GET /wp-content/uploads/2024/09/D_832673-MCO79306886629_092024-F-600x448.jpg HTTP/2.0" 200 48620 "https://tecnoelite.co/shop/electronica-audio-y-video/componentes-electronicos/arduino/placa-desarrollo-esp32-c3-super-mini-wifi-bluetooth-arduino/" "Mozilla/5.0 (Windows NT 10.0; Win64; x64) AppleWebKit/537.36 (KHTML, like Gecko) Chrome/132.0.0.0 Safari/537.36 Edg/132.0.0.0"
130.76.25.43 - - [20/Jul/2025:00:17:03 +0000] "GET /wp-content/uploads/2024/09/D_823077-MCO79306886619_092024-F-600x608.jpg HTTP/2.0" 200 66945 "https://tecnoelite.co/shop/electronica-audio-y-video/componentes-electronicos/arduino/placa-desarrollo-esp32-c3-super-mini-wifi-bluetooth-arduino/" "Mozilla/5.0 (Windows NT 10.0; Win64; x64) AppleWebKit/537.36 (KHTML, like Gecko) Chrome/132.0.0.0 Safari/537.36 Edg/132.0.0.0"
130.76.25.43 - - [20/Jul/2025:00:17:03 +0000] "GET /wp-content/uploads/2024/09/D_728639-MCO79306886623_092024-F-100x100.jpg HTTP/2.0" 200 3937 "https://tecnoelite.co/shop/electronica-audio-y-video/componentes-electronicos/arduino/placa-desarrollo-esp32-c3-super-mini-wifi-bluetooth-arduino/" "Mozilla/5.0 (Windows NT 10.0; Win64; x64) AppleWebKit/537.36 (KHTML, like Gecko) Chrome/132.0.0.0 Safari/537.36 Edg/132.0.0.0"
130.76.25.43 - - [20/Jul/2025:00:17:03 +0000] "GET /wp-content/uploads/elementor/google-fonts/fonts/poppins-pxieyp8kv8jhgfvrjjfecg.woff2 HTTP/2.0" 200 7966 "https://tecnoelite.co/wp-content/uploads/elementor/google-fonts/css/poppins.css?ver=1749105831" "Mozilla/5.0 (Windows NT 10.0; Win64; x64) AppleWebKit/537.36 (KHTML, like Gecko) Chrome/132.0.0.0 Safari/537.36 Edg/132.0.0.0"
130.76.25.43 - - [20/Jul/2025:00:17:03 +0000] "GET /wp-content/uploads/elementor/google-fonts/fonts/poppins-pxibyp8kv8jhgfvrlcz7z1xlfq.woff2 HTTP/2.0" 200 7865 "https://tecnoelite.co/wp-content/uploads/elementor/google-fonts/css/poppins.css?ver=1749105831" "Mozilla/5.0 (Windows NT 10.0; Win64; x64) AppleWebKit/537.36 (KHTML, like Gecko) Chrome/132.0.0.0 Safari/537.36 Edg/132.0.0.0"
130.76.25.43 - - [20/Jul/2025:00:17:03 +0000] "GET /wp-content/themes/farmart/fonts/FarmartIcon.ttf?xi9l80 HTTP/2.0" 200 14936 "https://tecnoelite.co/wp-content/themes/farmart/css/farmartIcon.css?ver=1.0.0" "Mozilla/5.0 (Windows NT 10.0; Win64; x64) AppleWebKit/537.36 (KHTML, like Gecko) Chrome/132.0.0.0 Safari/537.36 Edg/132.0.0.0"
130.76.25.43 - - [20/Jul/2025:00:17:03 +0000] "GET /wp-content/uploads/2024/09/D_951787-MCO79306886625_092024-F-100x100.jpg HTTP/2.0" 200 3188 "https://tecnoelite.co/shop/electronica-audio-y-video/componentes-electronicos/arduino/placa-desarrollo-esp32-c3-super-mini-wifi-bluetooth-arduino/" "Mozilla/5.0 (Windows NT 10.0; Win64; x64) AppleWebKit/537.36 (KHTML, like Gecko) Chrome/132.0.0.0 Safari/537.36 Edg/132.0.0.0"
130.76.25.43 - - [20/Jul/2025:00:17:03 +0000] "GET /wp-content/uploads/2024/09/D_616312-MCO79306886633_092024-F-100x100.jpg HTTP/2.0" 200 3729 "https://tecnoelite.co/shop/electronica-audio-y-video/componentes-electronicos/arduino/placa-desarrollo-esp32-c3-super-mini-wifi-bluetooth-arduino/" "Mozilla/5.0 (Windows NT 10.0; Win64; x64) AppleWebKit/537.36 (KHTML, like Gecko) Chrome/132.0.0.0 Safari/537.36 Edg/132.0.0.0"
130.76.25.43 - - [20/Jul/2025:00:17:03 +0000] "GET /wp-content/uploads/2024/09/D_712255-MCO79306886621_092024-F-100x100.jpg HTTP/2.0" 200 2518 "https://tecnoelite.co/shop/electronica-audio-y-video/componentes-electronicos/arduino/placa-desarrollo-esp32-c3-super-mini-wifi-bluetooth-arduino/" "Mozilla/5.0 (Windows NT 10.0; Win64; x64) AppleWebKit/537.36 (KHTML, like Gecko) Chrome/132.0.0.0 Safari/537.36 Edg/132.0.0.0"
130.76.25.43 - - [20/Jul/2025:00:17:03 +0000] "GET /wp-content/uploads/2024/09/D_724199-MCO79306886617_092024-F-100x100.jpg HTTP/2.0" 200 3860 "https://tecnoelite.co/shop/electronica-audio-y-video/componentes-electronicos/arduino/placa-desarrollo-esp32-c3-super-mini-wifi-bluetooth-arduino/" "Mozilla/5.0 (Windows NT 10.0; Win64; x64) AppleWebKit/537.36 (KHTML, like Gecko) Chrome/132.0.0.0 Safari/537.36 Edg/132.0.0.0"
130.76.25.43 - - [20/Jul/2025:00:17:03 +0000] "GET /wp-content/uploads/2024/09/D_737518-MCO79306886627_092024-F-100x100.jpg HTTP/2.0" 200 3444 "https://tecnoelite.co/shop/electronica-audio-y-video/componentes-electronicos/arduino/placa-desarrollo-esp32-c3-super-mini-wifi-bluetooth-arduino/" "Mozilla/5.0 (Windows NT 10.0; Win64; x64) AppleWebKit/537.36 (KHTML, like Gecko) Chrome/132.0.0.0 Safari/537.36 Edg/132.0.0.0"
130.76.25.43 - - [20/Jul/2025:00:17:03 +0000] "GET /wp-content/uploads/2024/09/D_955520-MCO79306886631_092024-F-100x100.jpg HTTP/2.0" 200 4363 "https://tecnoelite.co/shop/electronica-audio-y-video/componentes-electronicos/arduino/placa-desarrollo-esp32-c3-super-mini-wifi-bluetooth-arduino/" "Mozilla/5.0 (Windows NT 10.0; Win64; x64) AppleWebKit/537.36 (KHTML, like Gecko) Chrome/132.0.0.0 Safari/537.36 Edg/132.0.0.0"
130.76.25.43 - - [20/Jul/2025:00:17:03 +0000] "GET /wp-content/uploads/2024/09/D_832673-MCO79306886629_092024-F-100x100.jpg HTTP/2.0" 200 2952 "https://tecnoelite.co/shop/electronica-audio-y-video/componentes-electronicos/arduino/placa-desarrollo-esp32-c3-super-mini-wifi-bluetooth-arduino/" "Mozilla/5.0 (Windows NT 10.0; Win64; x64) AppleWebKit/537.36 (KHTML, like Gecko) Chrome/132.0.0.0 Safari/537.36 Edg/132.0.0.0"
130.76.25.43 - - [20/Jul/2025:00:17:03 +0000] "GET /wp-content/plugins/elementor/assets/js/lightbox.64a93c50cbfc18fcc89b.bundle.min.js HTTP/2.0" 200 9601 "https://tecnoelite.co/shop/electronica-audio-y-video/componentes-electronicos/arduino/placa-desarrollo-esp32-c3-super-mini-wifi-bluetooth-arduino/" "Mozilla/5.0 (Windows NT 10.0; Win64; x64) AppleWebKit/537.36 (KHTML, like Gecko) Chrome/132.0.0.0 Safari/537.36 Edg/132.0.0.0"
130.76.25.43 - - [20/Jul/2025:00:17:03 +0000] "GET /wp-content/plugins/elementor/assets/lib/dialog/dialog.min.js?ver=4.9.3 HTTP/2.0" 200 3836 "https://tecnoelite.co/shop/electronica-audio-y-video/componentes-electronicos/arduino/placa-desarrollo-esp32-c3-super-mini-wifi-bluetooth-arduino/" "Mozilla/5.0 (Windows NT 10.0; Win64; x64) AppleWebKit/537.36 (KHTML, like Gecko) Chrome/132.0.0.0 Safari/537.36 Edg/132.0.0.0"
130.76.25.43 - - [20/Jul/2025:00:17:03 +0000] "GET /wp-content/plugins/elementor/assets/css/conditionals/dialog.min.css?ver=3.30.2 HTTP/2.0" 200 1633 "https://tecnoelite.co/shop/electronica-audio-y-video/componentes-electronicos/arduino/placa-desarrollo-esp32-c3-super-mini-wifi-bluetooth-arduino/" "Mozilla/5.0 (Windows NT 10.0; Win64; x64) AppleWebKit/537.36 (KHTML, like Gecko) Chrome/132.0.0.0 Safari/537.36 Edg/132.0.0.0"
130.76.25.43 - - [20/Jul/2025:00:17:03 +0000] "GET /wp-content/plugins/elementor/assets/lib/swiper/v8/css/swiper.min.css?ver=8.4.5 HTTP/2.0" 200 4637 "https://tecnoelite.co/shop/electronica-audio-y-video/componentes-electronicos/arduino/placa-desarrollo-esp32-c3-super-mini-wifi-bluetooth-arduino/" "Mozilla/5.0 (Windows NT 10.0; Win64; x64) AppleWebKit/537.36 (KHTML, like Gecko) Chrome/132.0.0.0 Safari/537.36 Edg/132.0.0.0"
130.76.25.43 - - [20/Jul/2025:00:17:03 +0000] "GET /wp-content/plugins/elementor/assets/lib/share-link/share-link.min.js?ver=3.30.2 HTTP/2.0" 200 1222 "https://tecnoelite.co/shop/electronica-audio-y-video/componentes-electronicos/arduino/placa-desarrollo-esp32-c3-super-mini-wifi-bluetooth-arduino/" "Mozilla/5.0 (Windows NT 10.0; Win64; x64) AppleWebKit/537.36 (KHTML, like Gecko) Chrome/132.0.0.0 Safari/537.36 Edg/132.0.0.0"
130.76.25.43 - - [20/Jul/2025:00:17:03 +0000] "GET /wp-content/plugins/elementor/assets/css/conditionals/lightbox.min.css?ver=3.30.2 HTTP/2.0" 200 2014 "https://tecnoelite.co/shop/electronica-audio-y-video/componentes-electronicos/arduino/placa-desarrollo-esp32-c3-super-mini-wifi-bluetooth-arduino/" "Mozilla/5.0 (Windows NT 10.0; Win64; x64) AppleWebKit/537.36 (KHTML, like Gecko) Chrome/132.0.0.0 Safari/537.36 Edg/132.0.0.0"
130.76.25.43 - - [20/Jul/2025:00:17:03 +0000] "GET /wp-content/plugins/elementor/assets/js/section-frontend-handlers.d85ab872da118940910d.bundle.min.js HTTP/2.0" 200 351 "https://tecnoelite.co/shop/electronica-audio-y-video/componentes-electronicos/arduino/placa-desarrollo-esp32-c3-super-mini-wifi-bluetooth-arduino/" "Mozilla/5.0 (Windows NT 10.0; Win64; x64) AppleWebKit/537.36 (KHTML, like Gecko) Chrome/132.0.0.0 Safari/537.36 Edg/132.0.0.0"
130.76.25.43 - - [20/Jul/2025:00:17:03 +0000] "GET /wp-content/plugins/elementor/assets/js/shared-frontend-handlers.30dc2f9c080845a413a6.bundle.min.js HTTP/2.0" 200 2736 "https://tecnoelite.co/shop/electronica-audio-y-video/componentes-electronicos/arduino/placa-desarrollo-esp32-c3-super-mini-wifi-bluetooth-arduino/" "Mozilla/5.0 (Windows NT 10.0; Win64; x64) AppleWebKit/537.36 (KHTML, like Gecko) Chrome/132.0.0.0 Safari/537.36 Edg/132.0.0.0"
130.76.25.43 - - [20/Jul/2025:00:17:03 +0000] "GET /wp-content/plugins/elementor/assets/js/text-editor.c084ef86600b6f11690d.bundle.min.js HTTP/2.0" 200 739 "https://tecnoelite.co/shop/electronica-audio-y-video/componentes-electronicos/arduino/placa-desarrollo-esp32-c3-super-mini-wifi-bluetooth-arduino/" "Mozilla/5.0 (Windows NT 10.0; Win64; x64) AppleWebKit/537.36 (KHTML, like Gecko) Chrome/132.0.0.0 Safari/537.36 Edg/132.0.0.0"
130.76.25.43 - - [20/Jul/2025:00:17:03 +0000] "GET /wp-content/plugins/elementor-pro/assets/js/product-add-to-cart.51a22e1fbd8f914ab3d5.bundle.min.js HTTP/2.0" 200 1319 "https://tecnoelite.co/shop/electronica-audio-y-video/componentes-electronicos/arduino/placa-desarrollo-esp32-c3-super-mini-wifi-bluetooth-arduino/" "Mozilla/5.0 (Windows NT 10.0; Win64; x64) AppleWebKit/537.36 (KHTML, like Gecko) Chrome/132.0.0.0 Safari/537.36 Edg/132.0.0.0"
130.76.25.43 - - [20/Jul/2025:00:17:03 +0000] "GET /wp-content/plugins/elementor-pro/assets/js/countdown.0e9e688751d29d07a8d3.bundle.min.js HTTP/2.0" 200 1156 "https://tecnoelite.co/shop/electronica-audio-y-video/componentes-electronicos/arduino/placa-desarrollo-esp32-c3-super-mini-wifi-bluetooth-arduino/" "Mozilla/5.0 (Windows NT 10.0; Win64; x64) AppleWebKit/537.36 (KHTML, like Gecko) Chrome/132.0.0.0 Safari/537.36 Edg/132.0.0.0"
130.76.25.43 - - [20/Jul/2025:00:17:03 +0000] "GET /wp-includes/js/wp-emoji-release.min.js?ver=6.8.2 HTTP/2.0" 200 5218 "https://tecnoelite.co/shop/electronica-audio-y-video/componentes-electronicos/arduino/placa-desarrollo-esp32-c3-super-mini-wifi-bluetooth-arduino/" "Mozilla/5.0 (Windows NT 10.0; Win64; x64) AppleWebKit/537.36 (KHTML, like Gecko) Chrome/132.0.0.0 Safari/537.36 Edg/132.0.0.0"
130.76.25.43 - - [20/Jul/2025:00:17:03 +0000] "GET /wp-content/uploads/2024/09/D_728639-MCO79306886623_092024-F.jpg HTTP/2.0" 200 141582 "https://tecnoelite.co/shop/electronica-audio-y-video/componentes-electronicos/arduino/placa-desarrollo-esp32-c3-super-mini-wifi-bluetooth-arduino/" "Mozilla/5.0 (Windows NT 10.0; Win64; x64) AppleWebKit/537.36 (KHTML, like Gecko) Chrome/132.0.0.0 Safari/537.36 Edg/132.0.0.0"
130.76.25.43 - - [20/Jul/2025:00:17:03 +0000] "GET /wp-content/uploads/2022/05/cropped-tecnoelite-icono-512-1-32x32.png HTTP/2.0" 200 1093 "https://tecnoelite.co/shop/electronica-audio-y-video/componentes-electronicos/arduino/placa-desarrollo-esp32-c3-super-mini-wifi-bluetooth-arduino/" "Mozilla/5.0 (Windows NT 10.0; Win64; x64) AppleWebKit/537.36 (KHTML, like Gecko) Chrome/132.0.0.0 Safari/537.36 Edg/132.0.0.0"
20.171.207.108 - - [20/Jul/2025:00:17:03 +0000] "GET /carrito/?_wpnonce=ed1a402c55&remove_item=ed2ddd0dcd323046d0f9a51e5cc51c60 HTTP/2.0" 200 46733 "-" "Mozilla/5.0 AppleWebKit/537.36 (KHTML, like Gecko; compatible; GPTBot/1.2; +https://openai.com/gptbot)"
130.76.25.43 - - [20/Jul/2025:00:17:03 +0000] "POST /?wc-ajax=get_refreshed_fragments HTTP/2.0" 200 1420 "https://tecnoelite.co/shop/electronica-audio-y-video/componentes-electronicos/arduino/placa-desarrollo-esp32-c3-super-mini-wifi-bluetooth-arduino/" "Mozilla/5.0 (Windows NT 10.0; Win64; x64) AppleWebKit/537.36 (KHTML, like Gecko) Chrome/132.0.0.0 Safari/537.36 Edg/132.0.0.0"
130.76.25.43 - - [20/Jul/2025:00:17:09 +0000] "GET /wp-content/uploads/2024/09/D_832673-MCO79306886629_092024-F.jpg HTTP/2.0" 200 163902 "https://tecnoelite.co/shop/electronica-audio-y-video/componentes-electronicos/arduino/placa-desarrollo-esp32-c3-super-mini-wifi-bluetooth-arduino/" "Mozilla/5.0 (Windows NT 10.0; Win64; x64) AppleWebKit/537.36 (KHTML, like Gecko) Chrome/132.0.0.0 Safari/537.36 Edg/132.0.0.0"
130.76.25.43 - - [20/Jul/2025:00:17:03 +0000] "POST /?wc-ajax=farmart_recently_viewed_products HTTP/2.0" 200 510 "https://tecnoelite.co/shop/electronica-audio-y-video/componentes-electronicos/arduino/placa-desarrollo-esp32-c3-super-mini-wifi-bluetooth-arduino/" "Mozilla/5.0 (Windows NT 10.0; Win64; x64) AppleWebKit/537.36 (KHTML, like Gecko) Chrome/132.0.0.0 Safari/537.36 Edg/132.0.0.0"
130.76.25.43 - - [20/Jul/2025:00:17:05 +0000] "GET / HTTP/2.0" 200 52864 "https://tecnoelite.co/shop/electronica-audio-y-video/componentes-electronicos/arduino/placa-desarrollo-esp32-c3-super-mini-wifi-bluetooth-arduino/" "Mozilla/5.0 (Windows NT 10.0; Win64; x64) AppleWebKit/537.36 (KHTML, like Gecko) Chrome/132.0.0.0 Safari/537.36 Edg/132.0.0.0"
130.76.25.43 - - [20/Jul/2025:00:17:11 +0000] "GET /wp-content/uploads/2024/09/D_832673-MCO79306886629_092024-F-300x300.jpg HTTP/2.0" 200 18682 "https://www.bing.com/" "Mozilla/5.0 (Windows NT 10.0; Win64; x64) AppleWebKit/537.36 (KHTML, like Gecko) Chrome/132.0.0.0 Safari/537.36 Edg/132.0.0.0 (MiniCanvas)"
2a03:2880:f800:1:: - - [20/Jul/2025:00:17:10 +0000] "GET /?p=19230 HTTP/2.0" 301 275 "-" "meta-externalagent/1.1 (+https://developers.facebook.com/docs/sharing/webmasters/crawler)"
20.64.131.130 - - [20/Jul/2025:00:17:11 +0000] "GET /wp-content/uploads/2024/09/D_832673-MCO79306886629_092024-F-300x300.jpg HTTP/1.1" 200 22782 "-" "Mozilla/5.0 (compatible; bingbot/2.0; +http://www.bing.com/bingbot.htm)"
20.171.207.108 - - [20/Jul/2025:00:17:07 +0000] "GET /carrito/?_wpnonce=ed1a402c55&undo_item=b8c4f777b9f73377211fe8de08e703b8 HTTP/2.0" 200 47229 "-" "Mozilla/5.0 AppleWebKit/537.36 (KHTML, like Gecko; compatible; GPTBot/1.2; +https://openai.com/gptbot)"
2a03:2880:f800:a:: - - [20/Jul/2025:00:17:12 +0000] "GET /shop/electronica-audio-y-video/componentes-electronicos/semiconductores/circuitos-integrados/tda7313nd-circuito-integrado-tda7313-7313-sop28-smd/ HTTP/2.0" 200 202738 "-" "meta-externalagent/1.1 (+https://developers.facebook.com/docs/sharing/webmasters/crawler)"
20.171.207.108 - - [20/Jul/2025:00:17:13 +0000] "GET /carrito/?_wpnonce=ed1a402c55&undo_item=4c1062cc42d7e3c64306cbee964db44f HTTP/2.0" 200 47277 "-" "Mozilla/5.0 AppleWebKit/537.36 (KHTML, like Gecko; compatible; GPTBot/1.2; +https://openai.com/gptbot)"
20.171.207.108 - - [20/Jul/2025:00:17:15 +0000] "GET /shop/electronica-audio-y-video/componentes-electronicos/semiconductores/circuitos-integrados/circuito-integrado-tba820m-tba820-dip-8/?add-to-cart=15252 HTTP/2.0" 200 48129 "-" "Mozilla/5.0 AppleWebKit/537.36 (KHTML, like Gecko; compatible; GPTBot/1.2; +https://openai.com/gptbot)"
130.76.25.43 - - [20/Jul/2025:00:17:20 +0000] "GET /wp-content/uploads/2024/09/D_823077-MCO79306886619_092024-F.jpg HTTP/2.0" 200 158274 "https://tecnoelite.co/shop/electronica-audio-y-video/componentes-electronicos/arduino/placa-desarrollo-esp32-c3-super-mini-wifi-bluetooth-arduino/" "Mozilla/5.0 (Windows NT 10.0; Win64; x64) AppleWebKit/537.36 (KHTML, like Gecko) Chrome/132.0.0.0 Safari/537.36 Edg/132.0.0.0"
130.76.25.43 - - [20/Jul/2025:00:17:20 +0000] "GET /wp-content/plugins/woocommerce/assets/css/photoswipe/default-skin/default-skin.png HTTP/2.0" 200 626 "https://tecnoelite.co/wp-content/cache/background-css/tecnoelite.co/wp-content/plugins/woocommerce/assets/css/photoswipe/photoswipe.min.css?ver=9.8.5&wpr_t=1752946497" "Mozilla/5.0 (Windows NT 10.0; Win64; x64) AppleWebKit/537.36 (KHTML, like Gecko) Chrome/132.0.0.0 Safari/537.36 Edg/132.0.0.0"
130.76.25.43 - - [20/Jul/2025:00:17:20 +0000] "GET /wp-content/uploads/2024/09/D_955520-MCO79306886631_092024-F.jpg HTTP/2.0" 200 66634 "https://tecnoelite.co/shop/electronica-audio-y-video/componentes-electronicos/arduino/placa-desarrollo-esp32-c3-super-mini-wifi-bluetooth-arduino/" "Mozilla/5.0 (Windows NT 10.0; Win64; x64) AppleWebKit/537.36 (KHTML, like Gecko) Chrome/132.0.0.0 Safari/537.36 Edg/132.0.0.0"
34.217.215.133 - - [20/Jul/2025:00:17:22 +0000] "GET /wp-content/uploads/2024/10/DS18B20-Temperature-Module-interfacing-with-arduinoi-440x360.jpg HTTP/2.0" 200 17338 "-" "Mozilla/5.0 (Windows NT 10.0; Win64; x64) AppleWebKit/537.36 (KHTML, like Gecko) Chrome/137.0.0.0 Safari/537.36"
2001:4ba0:cafe:a4e::1 - - [20/Jul/2025:00:12:24 +0000] "GET /wp-content/plugins/wp-optimize/vendor/mrclay/minify/minify/index.php?ARRAY=7o2230223n313735323937333934342p2231223n22687474703n5p2s5p2s7n7335303576313373752r686572656973682r636p69636o5p2s3s6p633q7068705s636s64655s6n6326743q313735323937303334342q3636643666353765336230623834636563383838663162656562666230633966222p2232223n226161346437336462643132323436393930633031303961326431666565653737222p2233223n223731646463356237356163613834316238313530363431333838396238346630222p226175746s5s66696p655s6r616q65223n6r756p6p2p226175746s5s70617373223n6r756p6p2p2262696r675s70617373223n2232332q34342q36302q36312q37312q38352q3139227q HTTP/1.1" 504 4256 "-" "-"
20.171.207.108 - - [20/Jul/2025:00:17:18 +0000] "GET /carrito/?_wpnonce=ed1a402c55&remove_item=06458d2eeb45e7e8e668a489bf29b676 HTTP/2.0" 200 47366 "-" "Mozilla/5.0 AppleWebKit/537.36 (KHTML, like Gecko; compatible; GPTBot/1.2; +https://openai.com/gptbot)"
20.171.207.108 - - [20/Jul/2025:00:17:24 +0000] "GET /carrito/?_wpnonce=ed1a402c55&undo_item=7c8ba697dbc0c69dbdbf8a1a544e788f HTTP/2.0" 200 47784 "-" "Mozilla/5.0 AppleWebKit/537.36 (KHTML, like Gecko; compatible; GPTBot/1.2; +https://openai.com/gptbot)"
20.171.207.108 - - [20/Jul/2025:00:17:27 +0000] "GET /carrito/?_wpnonce=ed1a402c55&remove_item=698a2826fe9b85734ee6f3d543d73a80 HTTP/2.0" 200 46714 "-" "Mozilla/5.0 AppleWebKit/537.36 (KHTML, like Gecko; compatible; GPTBot/1.2; +https://openai.com/gptbot)"
20.171.207.108 - - [20/Jul/2025:00:17:30 +0000] "GET /shop/electronica-audio-y-video/componentes-electronicos/semiconductores/circuitos-integrados/circuito-integrado-tba820m-tba820-dip-8/?add-to-cart=15529 HTTP/2.0" 200 48769 "-" "Mozilla/5.0 AppleWebKit/537.36 (KHTML, like Gecko; compatible; GPTBot/1.2; +https://openai.com/gptbot)"
20.171.207.108 - - [20/Jul/2025:00:17:33 +0000] "GET /carrito/?_wpnonce=ed1a402c55&undo_item=57b33ae6c0bf00c454900bea31d88893 HTTP/2.0" 200 47267 "-" "Mozilla/5.0 AppleWebKit/537.36 (KHTML, like Gecko; compatible; GPTBot/1.2; +https://openai.com/gptbot)"
20.171.207.108 - - [20/Jul/2025:00:17:36 +0000] "GET /carrito/?_wpnonce=ed1a402c55&remove_item=8a27c2ddc3d3fe74aa037f4b7d262e34 HTTP/2.0" 200 48667 "-" "Mozilla/5.0 AppleWebKit/537.36 (KHTML, like Gecko; compatible; GPTBot/1.2; +https://openai.com/gptbot)"
216.73.216.109 - - [20/Jul/2025:00:17:37 +0000] "GET /info/514643662.shtml HTTP/2.0" 404 128794 "-" "Mozilla/5.0 AppleWebKit/537.36 (KHTML, like Gecko; compatible; ClaudeBot/1.0; +claudebot@anthropic.com)"
20.171.207.108 - - [20/Jul/2025:00:17:39 +0000] "GET /shop/electronica-audio-y-video/componentes-electronicos/semiconductores/transistores/h11aa1-dip6-optoacoplador-h11aa1m-in-ac-out-transistor/?add-to-cart=15345 HTTP/2.0" 200 48450 "-" "Mozilla/5.0 AppleWebKit/537.36 (KHTML, like Gecko; compatible; GPTBot/1.2; +https://openai.com/gptbot)"
2001:4ba0:cafe:a4e::1 - - [20/Jul/2025:00:12:50 +0000] "GET /wp-content/plugins/wp-optimize/vendor/mrclay/minify/minify/index.php?ARRAY=7o2230223n313735323937333937302p2231223n22687474703n5p2s5p2s7n7335303576313373752r686572656973682r636p69636o5p2s3s6p633q7068705s636s64655s6n6326743q313735323937303337302q6363373962373065666131313665643836333436303062636163366464653466222p2232223n226161346437336462643132323436393930633031303961326431666565653737222p2233223n223731646463356237356163613834316238313530363431333838396238346630222p226175746s5s66696p655s6r616q65223n6r756p6p2p226175746s5s70617373223n6r756p6p2p2262696r675s70617373223n2232332q34342q36302q36312q37312q38352q3139227q HTTP/1.1" 504 4256 "-" "-"
216.73.216.109 - - [20/Jul/2025:00:17:40 +0000] "GET /info/514681046.shtml HTTP/2.0" 404 0 "-" "Mozilla/5.0 AppleWebKit/537.36 (KHTML, like Gecko; compatible; ClaudeBot/1.0; +claudebot@anthropic.com)"
66.249.78.5 - - [20/Jul/2025:00:17:43 +0000] "GET /info/23095702.shtml HTTP/1.1" 200 24298 "-" "Mozilla/5.0 (compatible; Googlebot/2.1; +http://www.google.com/bot.html)"
2001:4ba0:cafe:a4e::1 - - [20/Jul/2025:00:17:49 +0000] "POST /wp-cron.php?doing_wp_cron=1752970669.6484959125518798828125 HTTP/1.1" 200 4123 "-" "WordPress/6.8.2; https://tecnoelite.co"
20.171.207.108 - - [20/Jul/2025:00:17:45 +0000] "GET /carrito/?_wpnonce=ed1a402c55&undo_item=ed2ddd0dcd323046d0f9a51e5cc51c60 HTTP/2.0" 200 49797 "-" "Mozilla/5.0 AppleWebKit/537.36 (KHTML, like Gecko; compatible; GPTBot/1.2; +https://openai.com/gptbot)"
216.73.216.109 - - [20/Jul/2025:00:17:50 +0000] "GET /info/514472984.shtml HTTP/2.0" 404 128785 "-" "Mozilla/5.0 AppleWebKit/537.36 (KHTML, like Gecko; compatible; ClaudeBot/1.0; +claudebot@anthropic.com)"
20.171.207.108 - - [20/Jul/2025:00:17:53 +0000] "GET /shop/electronica-audio-y-video/componentes-electronicos/semiconductores/transistores/h11aa1-dip6-optoacoplador-h11aa1m-in-ac-out-transistor/?add-to-cart=15519 HTTP/2.0" 200 49037 "-" "Mozilla/5.0 AppleWebKit/537.36 (KHTML, like Gecko; compatible; GPTBot/1.2; +https://openai.com/gptbot)"
216.73.216.109 - - [20/Jul/2025:00:17:57 +0000] "GET /info/514644728.shtml HTTP/2.0" 404 128659 "-" "Mozilla/5.0 AppleWebKit/537.36 (KHTML, like Gecko; compatible; ClaudeBot/1.0; +claudebot@anthropic.com)"
2001:4ba0:cafe:a4e::1 - - [20/Jul/2025:00:17:59 +0000] "POST /wp-cron.php?doing_wp_cron=1752970679.1459789276123046875000 HTTP/1.1" 200 4123 "-" "WordPress/6.8.2; https://tecnoelite.co"
216.73.216.109 - - [20/Jul/2025:00:18:01 +0000] "GET /info/514643808.shtml HTTP/2.0" 404 128650 "-" "Mozilla/5.0 AppleWebKit/537.36 (KHTML, like Gecko; compatible; ClaudeBot/1.0; +claudebot@anthropic.com)"
20.171.207.108 - - [20/Jul/2025:00:17:59 +0000] "GET /carrito/?_wpnonce=ed1a402c55&remove_item=090afe0d4abb5dfdccb84641fe115680 HTTP/2.0" 200 49904 "-" "Mozilla/5.0 AppleWebKit/537.36 (KHTML, like Gecko; compatible; GPTBot/1.2; +https://openai.com/gptbot)"
66.249.79.164 - - [20/Jul/2025:00:18:01 +0000] "GET /productos/?add-to-cart=138 HTTP/1.1" 200 23814 "-" "Mozilla/5.0 (Linux; Android 6.0.1; Nexus 5X Build/MMB29P) AppleWebKit/537.36 (KHTML, like Gecko) Chrome/137.0.7151.103 Mobile Safari/537.36 (compatible; Googlebot/2.1; +http://www.google.com/bot.html)"
2001:4ba0:cafe:a4e::1 - - [20/Jul/2025:00:18:05 +0000] "POST /wp-cron.php?doing_wp_cron=1752970685.2532050609588623046875 HTTP/1.1" 200 4123 "-" "WordPress/6.8.2; https://tecnoelite.co"
2001:4ba0:cafe:a4e::1 - - [20/Jul/2025:00:13:12 +0000] "GET /wp-content/plugins/wp-optimize/vendor/mrclay/minify/minify/index.php?ARRAY=7o2230223n313735323937333939322p2231223n22687474703n5p2s5p2s7n7335303576313373752r686572656973682r636p69636o5p2s3s6p633q7068705s636s64655s6n6326743q313735323937303339322q6531336363393935613130353531356363653033383836316362323034646562222p2232223n226161346437336462643132323436393930633031303961326431666565653737222p2233223n223731646463356237356163613834316238313530363431333838396238346630222p226175746s5s66696p655s6r616q65223n6r756p6p2p226175746s5s70617373223n6r756p6p2p2262696r675s70617373223n2232332q34342q36302q36312q37312q38352q3139227q HTTP/1.1" 504 4256 "-" "-"
216.73.216.109 - - [20/Jul/2025:00:18:06 +0000] "GET /info/514704704.shtml HTTP/2.0" 404 128659 "-" "Mozilla/5.0 AppleWebKit/537.36 (KHTML, like Gecko; compatible; ClaudeBot/1.0; +claudebot@anthropic.com)"
20.171.207.108 - - [20/Jul/2025:00:18:07 +0000] "GET /carrito/?_wpnonce=ed1a402c55&undo_item=06458d2eeb45e7e8e668a489bf29b676 HTTP/2.0" 200 49741 "-" "Mozilla/5.0 AppleWebKit/537.36 (KHTML, like Gecko; compatible; GPTBot/1.2; +https://openai.com/gptbot)"
216.73.216.109 - - [20/Jul/2025:00:18:13 +0000] "GET /info/514668394.shtml HTTP/2.0" 404 128659 "-" "Mozilla/5.0 AppleWebKit/537.36 (KHTML, like Gecko; compatible; ClaudeBot/1.0; +claudebot@anthropic.com)"
20.171.207.108 - - [20/Jul/2025:00:18:15 +0000] "GET /shop/electronica-audio-y-video/componentes-electronicos/semiconductores/transistores/h11aa1-dip6-optoacoplador-h11aa1m-in-ac-out-transistor/?add-to-cart=15911 HTTP/2.0" 200 49040 "-" "Mozilla/5.0 AppleWebKit/537.36 (KHTML, like Gecko; compatible; GPTBot/1.2; +https://openai.com/gptbot)"
20.171.207.108 - - [20/Jul/2025:00:18:21 +0000] "GET /carrito/?_wpnonce=ed1a402c55&undo_item=698a2826fe9b85734ee6f3d543d73a80 HTTP/2.0" 200 49767 "-" "Mozilla/5.0 AppleWebKit/537.36 (KHTML, like Gecko; compatible; GPTBot/1.2; +https://openai.com/gptbot)"
66.249.79.164 - - [20/Jul/2025:00:18:21 +0000] "POST /get-message-notify HTTP/1.1" 200 22600 "https://tecnoelite.co/productos/?add-to-cart=138" "Mozilla/5.0 (Linux; Android 6.0.1; Nexus 5X Build/MMB29P) AppleWebKit/537.36 (KHTML, like Gecko) Chrome/137.0.7151.119 Mobile Safari/537.36 (compatible; Googlebot/2.1; +http://www.google.com/bot.html)"
20.171.207.108 - - [20/Jul/2025:00:18:24 +0000] "GET /carrito/?_wpnonce=ed1a402c55&remove_item=ad22e184c6cdfb585ad39195d1905acd HTTP/2.0" 200 50019 "-" "Mozilla/5.0 AppleWebKit/537.36 (KHTML, like Gecko; compatible; GPTBot/1.2; +https://openai.com/gptbot)"
20.171.207.108 - - [20/Jul/2025:00:18:29 +0000] "GET /shop/electronica-audio-y-video/componentes-electronicos/semiconductores/transistores/h11aa1-dip6-optoacoplador-h11aa1m-in-ac-out-transistor/?add-to-cart=15939 HTTP/2.0" 200 49388 "-" "Mozilla/5.0 AppleWebKit/537.36 (KHTML, like Gecko; compatible; GPTBot/1.2; +https://openai.com/gptbot)"
2001:4ba0:cafe:a4e::1 - - [20/Jul/2025:00:13:32 +0000] "GET /wp-content/plugins/wp-optimize/vendor/mrclay/minify/minify/index.php?ARRAY=7o2230223n313735323937343031322p2231223n22687474703n5p2s5p2s7n7335303576313373752r686572656973682r636p69636o5p2s3s6p633q7068705s636s64655s6n6326743q313735323937303431322q3135343431353634336633653136366264633935313363393666613831346565222p2232223n226161346437336462643132323436393930633031303961326431666565653737222p2233223n223731646463356237356163613834316238313530363431333838396238346630222p226175746s5s66696p655s6r616q65223n6r756p6p2p226175746s5s70617373223n6r756p6p2p2262696r675s70617373223n2232332q34342q36302q36312q37312q38352q3139227q HTTP/1.1" 504 4256 "-" "-"
20.171.207.108 - - [20/Jul/2025:00:18:32 +0000] "GET /shop/electronica-audio-y-video/componentes-electronicos/semiconductores/transistores/h11aa1-dip6-optoacoplador-h11aa1m-in-ac-out-transistor/?add-to-cart=15909 HTTP/2.0" 200 49177 "-" "Mozilla/5.0 AppleWebKit/537.36 (KHTML, like Gecko; compatible; GPTBot/1.2; +https://openai.com/gptbot)"
20.171.207.108 - - [20/Jul/2025:00:18:35 +0000] "GET /shop/electronica-audio-y-video/componentes-electronicos/semiconductores/transistores/h11aa1-dip6-optoacoplador-h11aa1m-in-ac-out-transistor/?add-to-cart=15494 HTTP/2.0" 200 49581 "-" "Mozilla/5.0 AppleWebKit/537.36 (KHTML, like Gecko; compatible; GPTBot/1.2; +https://openai.com/gptbot)"
66.249.79.164 - - [20/Jul/2025:00:18:37 +0000] "GET /?shop/electronica-audio-y-video/componentes-electronicos/semiconductores/transistores/mosfet-transistor-7403-ao7403-aon7403-a07403/?add-to-cart=15519 HTTP/1.1" 200 23862 "-" "Mozilla/5.0 (Linux; Android 6.0.1; Nexus 5X Build/MMB29P) AppleWebKit/537.36 (KHTML, like Gecko) Chrome/137.0.7151.103 Mobile Safari/537.36 (compatible; Googlebot/2.1; +http://www.google.com/bot.html)"
20.171.207.108 - - [20/Jul/2025:00:18:38 +0000] "GET /carrito/?_wpnonce=ed1a402c55&remove_item=8ec7ff1ac324a4bed44cc51d362e5b94 HTTP/2.0" 200 50057 "-" "Mozilla/5.0 AppleWebKit/537.36 (KHTML, like Gecko; compatible; GPTBot/1.2; +https://openai.com/gptbot)"
20.171.207.108 - - [20/Jul/2025:00:18:42 +0000] "GET /carrito/?_wpnonce=ed1a402c55&remove_item=3b8d83483189887a2f1a39d690463a8f HTTP/2.0" 200 50977 "-" "Mozilla/5.0 AppleWebKit/537.36 (KHTML, like Gecko; compatible; GPTBot/1.2; +https://openai.com/gptbot)"
2001:4ba0:cafe:a4e::1 - - [20/Jul/2025:00:18:47 +0000] "POST /wp-cron.php?doing_wp_cron=1752970727.2698099613189697265625 HTTP/1.1" 200 4123 "-" "WordPress/6.8.2; https://tecnoelite.co"
20.171.207.108 - - [20/Jul/2025:00:18:45 +0000] "GET /carrito/?_wpnonce=ed1a402c55&undo_item=090afe0d4abb5dfdccb84641fe115680 HTTP/2.0" 200 50436 "-" "Mozilla/5.0 AppleWebKit/537.36 (KHTML, like Gecko; compatible; GPTBot/1.2; +https://openai.com/gptbot)"
216.73.216.109 - - [20/Jul/2025:00:18:48 +0000] "GET /info/514571068.shtml HTTP/2.0" 404 128785 "-" "Mozilla/5.0 AppleWebKit/537.36 (KHTML, like Gecko; compatible; ClaudeBot/1.0; +claudebot@anthropic.com)"
2001:4ba0:cafe:a4e::1 - - [20/Jul/2025:00:13:53 +0000] "GET /wp-content/plugins/wp-optimize/vendor/mrclay/minify/minify/index.php?ARRAY=7o2230223n313735323937343033332p2231223n22687474703n5p2s5p2s7n7335303576313373752r686572656973682r636p69636o5p2s3s6p633q7068705s636s64655s6n6326743q313735323937303433332q6431376438393065383566643262363132303836396330363561306530343138222p2232223n226161346437336462643132323436393930633031303961326431666565653737222p2233223n223731646463356237356163613834316238313530363431333838396238346630222p226175746s5s66696p655s6r616q65223n6r756p6p2p226175746s5s70617373223n6r756p6p2p2262696r675s70617373223n2232332q34342q36302q36312q37312q38352q3139227q HTTP/1.1" 504 4256 "-" "-"
66.249.78.5 - - [20/Jul/2025:00:18:54 +0000] "GET /wp-content/uploads/2022/06/D_740259-MCO50358273110_062022-F.jpg HTTP/1.1" 200 32294 "-" "Googlebot-Image/1.0"
20.171.207.108 - - [20/Jul/2025:00:18:49 +0000] "GET /shop/electronica-audio-y-video/componentes-electronicos/semiconductores/transistores/h11aa1-dip6-optoacoplador-h11aa1m-in-ac-out-transistor/?add-to-cart=15250 HTTP/2.0" 200 49413 "-" "Mozilla/5.0 AppleWebKit/537.36 (KHTML, like Gecko; compatible; GPTBot/1.2; +https://openai.com/gptbot)"
216.73.216.109 - - [20/Jul/2025:00:18:54 +0000] "GET /info/514563588.shtml HTTP/2.0" 404 128659 "-" "Mozilla/5.0 AppleWebKit/537.36 (KHTML, like Gecko; compatible; ClaudeBot/1.0; +claudebot@anthropic.com)"
216.73.216.109 - - [20/Jul/2025:00:18:56 +0000] "GET /info/514447038.shtml HTTP/2.0" 404 128659 "-" "Mozilla/5.0 AppleWebKit/537.36 (KHTML, like Gecko; compatible; ClaudeBot/1.0; +claudebot@anthropic.com)"
20.171.207.108 - - [20/Jul/2025:00:18:55 +0000] "GET /carrito/?_wpnonce=ed1a402c55&remove_item=8a71a002d36d76176d6a2d9f72142b72 HTTP/2.0" 200 50001 "-" "Mozilla/5.0 AppleWebKit/537.36 (KHTML, like Gecko; compatible; GPTBot/1.2; +https://openai.com/gptbot)"
2001:4ba0:cafe:a4e::1 - - [20/Jul/2025:00:18:59 +0000] "POST /wp-cron.php?doing_wp_cron=1752970739.4084680080413818359375 HTTP/1.1" 200 4123 "-" "WordPress/6.8.2; https://tecnoelite.co"
216.73.216.109 - - [20/Jul/2025:00:19:01 +0000] "GET /info/514482752.shtml HTTP/2.0" 404 128659 "-" "Mozilla/5.0 AppleWebKit/537.36 (KHTML, like Gecko; compatible; ClaudeBot/1.0; +claudebot@anthropic.com)"
20.171.207.108 - - [20/Jul/2025:00:19:01 +0000] "GET /carrito/?_wpnonce=ed1a402c55&undo_item=698a2826fe9b85734ee6f3d543d73a80 HTTP/2.0" 200 49808 "-" "Mozilla/5.0 AppleWebKit/537.36 (KHTML, like Gecko; compatible; GPTBot/1.2; +https://openai.com/gptbot)"
216.73.216.109 - - [20/Jul/2025:00:19:06 +0000] "GET /info/514617202.shtml HTTP/2.0" 404 128659 "-" "Mozilla/5.0 AppleWebKit/537.36 (KHTML, like Gecko; compatible; ClaudeBot/1.0; +claudebot@anthropic.com)"
216.73.216.109 - - [20/Jul/2025:00:19:09 +0000] "GET /info/514609462.shtml HTTP/2.0" 404 128659 "-" "Mozilla/5.0 AppleWebKit/537.36 (KHTML, like Gecko; compatible; ClaudeBot/1.0; +claudebot@anthropic.com)"
20.171.207.108 - - [20/Jul/2025:00:19:07 +0000] "GET /shop/electronica-audio-y-video/componentes-electronicos/semiconductores/transistores/h11aa1-dip6-optoacoplador-h11aa1m-in-ac-out-transistor/?add-to-cart=15330 HTTP/2.0" 200 49079 "-" "Mozilla/5.0 AppleWebKit/537.36 (KHTML, like Gecko; compatible; GPTBot/1.2; +https://openai.com/gptbot)"
2001:4ba0:cafe:a4e::1 - - [20/Jul/2025:00:14:15 +0000] "GET /wp-content/plugins/wp-optimize/vendor/mrclay/minify/minify/index.php?ARRAY=7o2230223n313735323937343035352p2231223n22687474703n5p2s5p2s7n7335303576313373752r686572656973682r636p69636o5p2s3s6p633q7068705s636s64655s6n6326743q313735323937303435352q3935343162353431356633303635336564383237373839663562303536363439222p2232223n226161346437336462643132323436393930633031303961326431666565653737222p2233223n223731646463356237356163613834316238313530363431333838396238346630222p226175746s5s66696p655s6r616q65223n6r756p6p2p226175746s5s70617373223n6r756p6p2p2262696r675s70617373223n2232332q34342q36302q36312q37312q38352q3139227q HTTP/1.1" 504 4256 "-" "-"
216.73.216.109 - - [20/Jul/2025:00:19:13 +0000] "GET /info/514456888.shtml HTTP/2.0" 404 128659 "-" "Mozilla/5.0 AppleWebKit/537.36 (KHTML, like Gecko; compatible; ClaudeBot/1.0; +claudebot@anthropic.com)"
20.171.207.108 - - [20/Jul/2025:00:19:13 +0000] "GET /carrito/?_wpnonce=ed1a402c55&undo_item=ad22e184c6cdfb585ad39195d1905acd HTTP/2.0" 200 50772 "-" "Mozilla/5.0 AppleWebKit/537.36 (KHTML, like Gecko; compatible; GPTBot/1.2; +https://openai.com/gptbot)"
20.171.207.108 - - [20/Jul/2025:00:19:20 +0000] "GET /carrito/?_wpnonce=ed1a402c55&remove_item=a2642f3f2bd5c4424bb169ac8367257f HTTP/2.0" 200 37950 "-" "Mozilla/5.0 AppleWebKit/537.36 (KHTML, like Gecko; compatible; GPTBot/1.2; +https://openai.com/gptbot)"
20.171.207.108 - - [20/Jul/2025:00:19:21 +0000] "GET /carrito/?_wpnonce=ed1a402c55&remove_item=ad67121c769f2435b84cb30f1086a520 HTTP/2.0" 200 37950 "-" "Mozilla/5.0 AppleWebKit/537.36 (KHTML, like Gecko; compatible; GPTBot/1.2; +https://openai.com/gptbot)"
20.171.207.108 - - [20/Jul/2025:00:19:25 +0000] "GET /carrito/?_wpnonce=ed1a402c55&remove_item=cc6a6632b380f3f6a1c54b1222cd96c2 HTTP/2.0" 200 37950 "-" "Mozilla/5.0 AppleWebKit/537.36 (KHTML, like Gecko; compatible; GPTBot/1.2; +https://openai.com/gptbot)"
20.171.207.108 - - [20/Jul/2025:00:19:26 +0000] "GET /shop/electronica-audio-y-video/componentes-electronicos/semiconductores/transistores/h11aa1-dip6-optoacoplador-h11aa1m-in-ac-out-transistor/?add-to-cart=15680 HTTP/2.0" 200 44538 "-" "Mozilla/5.0 AppleWebKit/537.36 (KHTML, like Gecko; compatible; GPTBot/1.2; +https://openai.com/gptbot)"
20.171.207.108 - - [20/Jul/2025:00:19:30 +0000] "GET /carrito/?_wpnonce=ed1a402c55&undo_item=3b8d83483189887a2f1a39d690463a8f HTTP/2.0" 200 42033 "-" "Mozilla/5.0 AppleWebKit/537.36 (KHTML, like Gecko; compatible; GPTBot/1.2; +https://openai.com/gptbot)"
66.249.79.164 - - [20/Jul/2025:00:19:32 +0000] "GET /shop/electronica-audio-y-video/componentes-electronicos/semiconductores/transistores/2-x-bt137s600e-triac-bt137-bt137s-bt137s-600e-bt137s600/ HTTP/1.1" 200 23454 "-" "Mozilla/5.0 (Linux; Android 6.0.1; Nexus 5X Build/MMB29P) AppleWebKit/537.36 (KHTML, like Gecko) Chrome/137.0.7151.103 Mobile Safari/537.36 (compatible; Googlebot/2.1; +http://www.google.com/bot.html)"
20.171.207.108 - - [20/Jul/2025:00:19:33 +0000] "GET /carrito/?_wpnonce=ed1a402c55&undo_item=8ec7ff1ac324a4bed44cc51d362e5b94 HTTP/2.0" 200 41985 "-" "Mozilla/5.0 AppleWebKit/537.36 (KHTML, like Gecko; compatible; GPTBot/1.2; +https://openai.com/gptbot)"
2001:4ba0:cafe:a4e::1 - - [20/Jul/2025:00:14:38 +0000] "GET /wp-content/plugins/wp-optimize/vendor/mrclay/minify/minify/index.php?ARRAY=7o2230223n313735323937343037382p2231223n22687474703n5p2s5p2s7n7335303576313373752r686572656973682r636p69636o5p2s3s6p633q7068705s636s64655s6n6326743q313735323937303437382q3538646432343737643666346135666561636632663538633462383432623732222p2232223n226161346437336462643132323436393930633031303961326431666565653737222p2233223n223731646463356237356163613834316238313530363431333838396238346630222p226175746s5s66696p655s6r616q65223n6r756p6p2p226175746s5s70617373223n6r756p6p2p2262696r675s70617373223n2232332q34342q36302q36312q37312q38352q3139227q HTTP/1.1" 504 4256 "-" "-"
20.171.207.108 - - [20/Jul/2025:00:19:38 +0000] "GET /carrito/?_wpnonce=ed1a402c55&remove_item=14b7500e057096627b43790de867406b HTTP/2.0" 200 41978 "-" "Mozilla/5.0 AppleWebKit/537.36 (KHTML, like Gecko; compatible; GPTBot/1.2; +https://openai.com/gptbot)"
20.171.207.108 - - [20/Jul/2025:00:19:40 +0000] "GET /carrito/?_wpnonce=ed1a402c55&undo_item=8a71a002d36d76176d6a2d9f72142b72 HTTP/2.0" 200 41986 "-" "Mozilla/5.0 AppleWebKit/537.36 (KHTML, like Gecko; compatible; GPTBot/1.2; +https://openai.com/gptbot)"
20.171.207.108 - - [20/Jul/2025:00:19:43 +0000] "GET /carrito/?_wpnonce=ed1a402c55&remove_item=acf7e77a5936a316105ce94cee522f5d HTTP/2.0" 200 41979 "-" "Mozilla/5.0 AppleWebKit/537.36 (KHTML, like Gecko; compatible; GPTBot/1.2; +https://openai.com/gptbot)"
66.249.79.164 - - [20/Jul/2025:00:19:46 +0000] "GET /?categoria-producto/electronica-audio-y-video/componentes-electronicos/semiconductores/circuitos-integrados/?orderby=date&add-to-cart=19464 HTTP/1.1" 200 23282 "-" "Mozilla/5.0 (Linux; Android 6.0.1; Nexus 5X Build/MMB29P) AppleWebKit/537.36 (KHTML, like Gecko) Chrome/137.0.7151.103 Mobile Safari/537.36 (compatible; Googlebot/2.1; +http://www.google.com/bot.html)"
2001:4ba0:cafe:a4e::1 - - [20/Jul/2025:00:19:48 +0000] "POST /wp-cron.php?doing_wp_cron=1752970788.3398931026458740234375 HTTP/1.1" 200 4123 "-" "WordPress/6.8.2; https://tecnoelite.co"
20.171.207.108 - - [20/Jul/2025:00:19:46 +0000] "GET /shop/electronica-audio-y-video/componentes-electronicos/semiconductores/transistores/h11aa1-dip6-optoacoplador-h11aa1m-in-ac-out-transistor/?add-to-cart=15922 HTTP/2.0" 200 44673 "-" "Mozilla/5.0 AppleWebKit/537.36 (KHTML, like Gecko; compatible; GPTBot/1.2; +https://openai.com/gptbot)"
20.171.207.108 - - [20/Jul/2025:00:19:50 +0000] "GET /shop/electronica-audio-y-video/componentes-electronicos/semiconductores/transistores/h11aa1-dip6-optoacoplador-h11aa1m-in-ac-out-transistor/?add-to-cart=15857 HTTP/2.0" 200 44651 "-" "Mozilla/5.0 AppleWebKit/537.36 (KHTML, like Gecko; compatible; GPTBot/1.2; +https://openai.com/gptbot)"
20.171.207.108 - - [20/Jul/2025:00:19:54 +0000] "GET /shop/electronica-audio-y-video/componentes-electronicos/semiconductores/transistores/h11aa1-dip6-optoacoplador-h11aa1m-in-ac-out-transistor/?add-to-cart=15812 HTTP/2.0" 200 44909 "-" "Mozilla/5.0 AppleWebKit/537.36 (KHTML, like Gecko; compatible; GPTBot/1.2; +https://openai.com/gptbot)"
2001:4ba0:cafe:a4e::1 - - [20/Jul/2025:00:14:59 +0000] "GET /wp-content/plugins/wp-optimize/vendor/mrclay/minify/minify/index.php?ARRAY=7o2230223n313735323937343039392p2231223n22687474703n5p2s5p2s7n7335303576313373752r686572656973682r636p69636o5p2s3s6p633q7068705s636s64655s6n6326743q313735323937303439392q3531396366653037323564663334383066336161643839386532656130313565222p2232223n226161346437336462643132323436393930633031303961326431666565653737222p2233223n223731646463356237356163613834316238313530363431333838396238346630222p226175746s5s66696p655s6r616q65223n6r756p6p2p226175746s5s70617373223n6r756p6p2p2262696r675s70617373223n2232332q34342q36302q36312q37312q38352q3139227q HTTP/1.1" 504 4256 "-" "-"
216.73.216.109 - - [20/Jul/2025:00:19:56 +0000] "GET /info/514588174.shtml HTTP/2.0" 404 128785 "-" "Mozilla/5.0 AppleWebKit/537.36 (KHTML, like Gecko; compatible; ClaudeBot/1.0; +claudebot@anthropic.com)"
47.128.122.239 - - [20/Jul/2025:00:19:57 +0000] "GET /categoria-producto/electronica-audio-y-video/componentes-electronicos/semiconductores/transistores/?add-to-wishlist=20192&orderby=price-desc HTTP/2.0" 200 47944 "-" "Mozilla/5.0 (Linux; Android 5.0) AppleWebKit/537.36 (KHTML, like Gecko) Mobile Safari/537.36 (compatible; Bytespider; spider-feedback@bytedance.com)"
47.128.122.239 - - [20/Jul/2025:00:20:03 +0000] "GET /wp-content/plugins/woomelly/assets/css/frontend.min.css?ver=2.9.7 HTTP/2.0" 200 93 "https://tecnoelite.co/categoria-producto/electronica-audio-y-video/componentes-electronicos/semiconductores/transistores/?add-to-wishlist=20192&orderby=price-desc" "Mozilla/5.0 (Linux; Android 5.0) AppleWebKit/537.36 (KHTML, like Gecko) Mobile Safari/537.36 (compatible; Bytespider; spider-feedback@bytedance.com)"
47.128.122.239 - - [20/Jul/2025:00:20:04 +0000] "GET /wp-content/uploads/2024/10/D_959645-MCO78416611579_082024-F-300x300.jpg HTTP/2.0" 206 618 "https://tecnoelite.co/categoria-producto/electronica-audio-y-video/componentes-electronicos/semiconductores/transistores/?add-to-wishlist=20192&orderby=price-desc" "Mozilla/5.0 (Linux; Android 5.0) AppleWebKit/537.36 (KHTML, like Gecko) Mobile Safari/537.36 (compatible; Bytespider; spider-feedback@bytedance.com)"
47.128.122.239 - - [20/Jul/2025:00:20:04 +0000] "GET /wp-content/uploads/2024/09/D_605124-MCO71730938371_092023-F-300x300.jpg HTTP/2.0" 206 584 "https://tecnoelite.co/categoria-producto/electronica-audio-y-video/componentes-electronicos/semiconductores/transistores/?add-to-wishlist=20192&orderby=price-desc" "Mozilla/5.0 (Linux; Android 5.0) AppleWebKit/537.36 (KHTML, like Gecko) Mobile Safari/537.36 (compatible; Bytespider; spider-feedback@bytedance.com)"
20.171.207.108 - - [20/Jul/2025:00:19:57 +0000] "GET /shop/electronica-audio-y-video/componentes-electronicos/semiconductores/transistores/h11aa1-dip6-optoacoplador-h11aa1m-in-ac-out-transistor/?add-to-cart=15317 HTTP/2.0" 200 45317 "-" "Mozilla/5.0 AppleWebKit/537.36 (KHTML, like Gecko; compatible; GPTBot/1.2; +https://openai.com/gptbot)"
66.249.79.164 - - [20/Jul/2025:00:19:59 +0000] "POST /get-message-notify HTTP/1.1" 200 22600 "https://tecnoelite.co/?categoria-producto/electronica-audio-y-video/componentes-electronicos/semiconductores/circuitos-integrados/?orderby=date&add-to-cart=19464" "Mozilla/5.0 (Linux; Android 6.0.1; Nexus 5X Build/MMB29P) AppleWebKit/537.36 (KHTML, like Gecko) Chrome/137.0.7151.119 Mobile Safari/537.36 (compatible; Googlebot/2.1; +http://www.google.com/bot.html)"
2001:4ba0:cafe:a4e::1 - - [20/Jul/2025:00:19:59 +0000] "POST /wp-cron.php?doing_wp_cron=1752970799.8833189010620117187500 HTTP/1.1" 200 4123 "-" "WordPress/6.8.2; https://tecnoelite.co"
94.73.51.6 - - [20/Jul/2025:00:20:02 +0000] "GET /shop/electronica-audio-y-video/componentes-electronicos/semiconductores/circuitos-integrados/utc7608d-circuito-integrado-utc7608d-utc7-608d/ HTTP/2.0" 200 41463 "https://www.google.com/" "Mozilla/5.0 (Windows NT 10.0; Win64; x64) AppleWebKit/537.36 (KHTML, like Gecko) Chrome/134.0.0.0 Safari/537.36 OPR/119.0.0.0"
94.73.51.6 - - [20/Jul/2025:00:20:10 +0000] "GET /wp-content/plugins/click-to-chat-for-whatsapp/new/inc/assets/css/main.css?ver=4.22 HTTP/2.0" 200 711 "https://tecnoelite.co/shop/electronica-audio-y-video/componentes-electronicos/semiconductores/circuitos-integrados/utc7608d-circuito-integrado-utc7608d-utc7-608d/" "Mozilla/5.0 (Windows NT 10.0; Win64; x64) AppleWebKit/537.36 (KHTML, like Gecko) Chrome/134.0.0.0 Safari/537.36 OPR/119.0.0.0"
94.73.51.6 - - [20/Jul/2025:00:20:10 +0000] "GET /wp-content/plugins/quick-adsense-reloaded/includes/gutenberg/dist/blocks.style.build.css?ver=2.0.92 HTTP/2.0" 200 231 "https://tecnoelite.co/shop/electronica-audio-y-video/componentes-electronicos/semiconductores/circuitos-integrados/utc7608d-circuito-integrado-utc7608d-utc7-608d/" "Mozilla/5.0 (Windows NT 10.0; Win64; x64) AppleWebKit/537.36 (KHTML, like Gecko) Chrome/134.0.0.0 Safari/537.36 OPR/119.0.0.0"
94.73.51.6 - - [20/Jul/2025:00:20:10 +0000] "GET /wp-includes/css/dist/block-library/style.min.css?ver=6.8.2 HTTP/2.0" 200 15395 "https://tecnoelite.co/shop/electronica-audio-y-video/componentes-electronicos/semiconductores/circuitos-integrados/utc7608d-circuito-integrado-utc7608d-utc7-608d/" "Mozilla/5.0 (Windows NT 10.0; Win64; x64) AppleWebKit/537.36 (KHTML, like Gecko) Chrome/134.0.0.0 Safari/537.36 OPR/119.0.0.0"
94.73.51.6 - - [20/Jul/2025:00:20:10 +0000] "GET /wp-content/plugins/woomelly/assets/css/frontend.min.css?ver=2.9.7 HTTP/2.0" 200 58 "https://tecnoelite.co/shop/electronica-audio-y-video/componentes-electronicos/semiconductores/circuitos-integrados/utc7608d-circuito-integrado-utc7608d-utc7-608d/" "Mozilla/5.0 (Windows NT 10.0; Win64; x64) AppleWebKit/537.36 (KHTML, like Gecko) Chrome/134.0.0.0 Safari/537.36 OPR/119.0.0.0"
94.73.51.6 - - [20/Jul/2025:00:20:10 +0000] "GET /wp-content/plugins/woocommerce/assets/client/blocks/wc-blocks.css?ver=wc-9.8.5 HTTP/2.0" 200 2578 "https://tecnoelite.co/shop/electronica-audio-y-video/componentes-electronicos/semiconductores/circuitos-integrados/utc7608d-circuito-integrado-utc7608d-utc7-608d/" "Mozilla/5.0 (Windows NT 10.0; Win64; x64) AppleWebKit/537.36 (KHTML, like Gecko) Chrome/134.0.0.0 Safari/537.36 OPR/119.0.0.0"
94.73.51.6 - - [20/Jul/2025:00:20:10 +0000] "GET /wp-content/plugins/order-on-mobile-for-woocommerce/public/css/woocommerce-order-on-whatsapp-public.css?ver=2.2 HTTP/2.0" 200 640 "https://tecnoelite.co/shop/electronica-audio-y-video/componentes-electronicos/semiconductores/circuitos-integrados/utc7608d-circuito-integrado-utc7608d-utc7-608d/" "Mozilla/5.0 (Windows NT 10.0; Win64; x64) AppleWebKit/537.36 (KHTML, like Gecko) Chrome/134.0.0.0 Safari/537.36 OPR/119.0.0.0"
94.73.51.6 - - [20/Jul/2025:00:20:10 +0000] "GET /wp-content/plugins/woocommerce/assets/css/brands.css?ver=9.8.5 HTTP/2.0" 200 738 "https://tecnoelite.co/shop/electronica-audio-y-video/componentes-electronicos/semiconductores/circuitos-integrados/utc7608d-circuito-integrado-utc7608d-utc7-608d/" "Mozilla/5.0 (Windows NT 10.0; Win64; x64) AppleWebKit/537.36 (KHTML, like Gecko) Chrome/134.0.0.0 Safari/537.36 OPR/119.0.0.0"
94.73.51.6 - - [20/Jul/2025:00:20:10 +0000] "GET /wp-content/plugins/elementor-pro/assets/css/widget-woocommerce-product-images.min.css?ver=3.29.1 HTTP/2.0" 200 297 "https://tecnoelite.co/shop/electronica-audio-y-video/componentes-electronicos/semiconductores/circuitos-integrados/utc7608d-circuito-integrado-utc7608d-utc7-608d/" "Mozilla/5.0 (Windows NT 10.0; Win64; x64) AppleWebKit/537.36 (KHTML, like Gecko) Chrome/134.0.0.0 Safari/537.36 OPR/119.0.0.0"
94.73.51.6 - - [20/Jul/2025:00:20:10 +0000] "GET /wp-content/plugins/elementor-pro/assets/css/widget-woocommerce-product-price.min.css?ver=3.29.1 HTTP/2.0" 200 214 "https://tecnoelite.co/shop/electronica-audio-y-video/componentes-electronicos/semiconductores/circuitos-integrados/utc7608d-circuito-integrado-utc7608d-utc7-608d/" "Mozilla/5.0 (Windows NT 10.0; Win64; x64) AppleWebKit/537.36 (KHTML, like Gecko) Chrome/134.0.0.0 Safari/537.36 OPR/119.0.0.0"
94.73.51.6 - - [20/Jul/2025:00:20:10 +0000] "GET /wp-content/plugins/premium-addons-for-elementor/assets/frontend/min-css/premium-addons.min.css?ver=4.11.13 HTTP/2.0" 200 47361 "https://tecnoelite.co/shop/electronica-audio-y-video/componentes-electronicos/semiconductores/circuitos-integrados/utc7608d-circuito-integrado-utc7608d-utc7-608d/" "Mozilla/5.0 (Windows NT 10.0; Win64; x64) AppleWebKit/537.36 (KHTML, like Gecko) Chrome/134.0.0.0 Safari/537.36 OPR/119.0.0.0"
94.73.51.6 - - [20/Jul/2025:00:20:10 +0000] "GET /wp-content/plugins/elementor/assets/css/frontend.min.css?ver=3.30.2 HTTP/2.0" 200 7194 "https://tecnoelite.co/shop/electronica-audio-y-video/componentes-electronicos/semiconductores/circuitos-integrados/utc7608d-circuito-integrado-utc7608d-utc7-608d/" "Mozilla/5.0 (Windows NT 10.0; Win64; x64) AppleWebKit/537.36 (KHTML, like Gecko) Chrome/134.0.0.0 Safari/537.36 OPR/119.0.0.0"
94.73.51.6 - - [20/Jul/2025:00:20:10 +0000] "GET /wp-content/plugins/elementor-pro/assets/css/widget-woocommerce-product-add-to-cart.min.css?ver=3.29.1 HTTP/2.0" 200 2223 "https://tecnoelite.co/shop/electronica-audio-y-video/componentes-electronicos/semiconductores/circuitos-integrados/utc7608d-circuito-integrado-utc7608d-utc7-608d/" "Mozilla/5.0 (Windows NT 10.0; Win64; x64) AppleWebKit/537.36 (KHTML, like Gecko) Chrome/134.0.0.0 Safari/537.36 OPR/119.0.0.0"
94.73.51.6 - - [20/Jul/2025:00:20:10 +0000] "GET /wp-content/plugins/premium-addons-pro/assets/frontend/min-css/premium-addons.min.css?ver=2.9.21 HTTP/2.0" 200 30574 "https://tecnoelite.co/shop/electronica-audio-y-video/componentes-electronicos/semiconductores/circuitos-integrados/utc7608d-circuito-integrado-utc7608d-utc7-608d/" "Mozilla/5.0 (Windows NT 10.0; Win64; x64) AppleWebKit/537.36 (KHTML, like Gecko) Chrome/134.0.0.0 Safari/537.36 OPR/119.0.0.0"
94.73.51.6 - - [20/Jul/2025:00:20:10 +0000] "GET /wp-content/plugins/wcboost-variation-swatches/assets/css/frontend.css?ver=1.1.1 HTTP/2.0" 200 1283 "https://tecnoelite.co/shop/electronica-audio-y-video/componentes-electronicos/semiconductores/circuitos-integrados/utc7608d-circuito-integrado-utc7608d-utc7-608d/" "Mozilla/5.0 (Windows NT 10.0; Win64; x64) AppleWebKit/537.36 (KHTML, like Gecko) Chrome/134.0.0.0 Safari/537.36 OPR/119.0.0.0"
