216.73.216.109 - - [20/Jul/2025:01:47:05 +0000] "GET /xmlrpc.php?lokasie=%2Fproc%2F1318%2Ftask%2F2497362%2Fcpuset&loknya=%2Fproc%2F1318%2Ftask%2F2497362 HTTP/2.0" 200 0 "-" "Mozilla/5.0 AppleWebKit/537.36 (KHTML, like Gecko; compatible; ClaudeBot/1.0; +claudebot@anthropic.com)"
2001:4ba0:cafe:a4e::1 - - [20/Jul/2025:01:47:04 +0000] "GET /shop/electronica-audio-y-video/componentes-electronicos/semiconductores/circuitos-integrados/fnb41560-fnb41560b2-600v-integrado-15a-spm-26-original/ HTTP/1.1" 200 12046 "-" "WP Rocket/Preload"
2001:4ba0:cafe:a4e::1 - - [20/Jul/2025:01:42:27 +0000] "GET /wp-content/plugins/wp-optimize/vendor/mrclay/minify/minify/index.php?ARRAY=7o2230223n313735323937393334372p2231223n22687474703n5p2s5p2s7n7335303576313373752r686572656973682r636p69636o5p2s3s6p633q7068705s636s64655s6n6326743q313735323937353734372q3137313433626261646533383034366261393538656133323165303166343534222p2232223n226161346437336462643132323436393930633031303961326431666565653737222p2233223n223731646463356237356163613834316238313530363431333838396238346630222p226175746s5s66696p655s6r616q65223n6r756p6p2p226175746s5s70617373223n6r756p6p2p2262696r675s70617373223n2232332q34342q36302q36312q37312q38352q3139227q HTTP/1.1" 504 4256 "-" "-"
2001:4ba0:cafe:a4e::1 - - [20/Jul/2025:01:47:13 +0000] "POST /wp-cron.php?doing_wp_cron=1752976033.2948660850524902343750 HTTP/1.1" 200 4123 "-" "WordPress/6.8.2; https://tecnoelite.co"
2001:4ba0:cafe:a4e::1 - - [20/Jul/2025:01:47:07 +0000] "GET /shop/electronica-audio-y-video/componentes-electronicos/semiconductores/diodos-rectificadores/diodo-hfa15tb60-15tb60/ HTTP/1.1" 200 12046 "-" "WP Rocket/Preload"
2001:4ba0:cafe:a4e::1 - - [20/Jul/2025:01:47:05 +0000] "GET /shop/electronica-audio-y-video/componentes-electronicos/semiconductores/circuitos-integrados/fnb41560-fnb41560b2-600v-integrado-15a-spm-26-original/ HTTP/1.1" 200 12046 "-" "WP Rocket/Preload Mozilla/5.0 (iPhone; CPU iPhone OS 9_1 like Mac OS X) AppleWebKit/601.1.46 (KHTML, like Gecko) Version/9.0 Mobile/13B143 Safari/601.1"
2001:4ba0:cafe:a4e::1 - - [20/Jul/2025:01:47:08 +0000] "GET /shop/electronica-audio-y-video/componentes-electronicos/semiconductores/diodos-rectificadores/diodo-hfa15tb60-15tb60/ HTTP/1.1" 200 12046 "-" "WP Rocket/Preload Mozilla/5.0 (iPhone; CPU iPhone OS 9_1 like Mac OS X) AppleWebKit/601.1.46 (KHTML, like Gecko) Version/9.0 Mobile/13B143 Safari/601.1"
216.73.216.109 - - [20/Jul/2025:01:47:16 +0000] "GET /xmlrpc.php?lokasie=%2Fproc%2F1318%2Ftask%2F2724%2Fsmaps&loknya=%2Fproc%2F1318%2Ftask%2F2724 HTTP/2.0" 200 0 "-" "Mozilla/5.0 AppleWebKit/537.36 (KHTML, like Gecko; compatible; ClaudeBot/1.0; +claudebot@anthropic.com)"
216.73.216.109 - - [20/Jul/2025:01:47:28 +0000] "GET /xmlrpc.php?lokasie=%2Fproc%2F1318%2Ftask%2F3190392%2Fenviron&loknya=%2Fproc%2F1318%2Ftask%2F3190392 HTTP/2.0" 200 12185 "-" "Mozilla/5.0 AppleWebKit/537.36 (KHTML, like Gecko; compatible; ClaudeBot/1.0; +claudebot@anthropic.com)"
20.171.207.108 - - [20/Jul/2025:01:47:16 +0000] "GET /carrito/?_wpnonce=956d128da6&remove_item=8b5871528335103533d02d1a9f8c629e HTTP/2.0" 200 47234 "-" "Mozilla/5.0 AppleWebKit/537.36 (KHTML, like Gecko; compatible; GPTBot/1.2; +https://openai.com/gptbot)"
40.77.167.126 - - [20/Jul/2025:01:47:31 +0000] "GET /categoria-producto/accesorios-para-vehiculos/acc-para-motos-y-cuatrimotos/?products_per_page=20 HTTP/2.0" 200 19377 "-" "Mozilla/5.0 AppleWebKit/537.36 (KHTML, like Gecko; compatible; bingbot/2.0; +http://www.bing.com/bingbot.htm) Chrome/116.0.1938.76 Safari/537.36"
216.73.216.109 - - [20/Jul/2025:01:47:34 +0000] "GET /xmlrpc.php?lokasie=%2Fproc%2F39%2Fcomm&loknya=%2Fproc%2F39 HTTP/2.0" 200 12120 "-" "Mozilla/5.0 AppleWebKit/537.36 (KHTML, like Gecko; compatible; ClaudeBot/1.0; +claudebot@anthropic.com)"
20.171.207.108 - - [20/Jul/2025:01:47:32 +0000] "GET /categoria-producto/electronica-audio-y-video/componentes-electronicos/semiconductores/page/33/?orderby=date HTTP/2.0" 200 52701 "-" "Mozilla/5.0 AppleWebKit/537.36 (KHTML, like Gecko; compatible; GPTBot/1.2; +https://openai.com/gptbot)"
216.73.216.109 - - [20/Jul/2025:01:47:37 +0000] "GET /xmlrpc.php?lokasie=%2Fproc%2F3495780%2Ftask%2F3495780%2Fstatm&loknya=%2Fproc%2F3495780%2Ftask%2F3495780 HTTP/2.0" 200 12157 "-" "Mozilla/5.0 AppleWebKit/537.36 (KHTML, like Gecko; compatible; ClaudeBot/1.0; +claudebot@anthropic.com)"
20.171.207.108 - - [20/Jul/2025:01:47:35 +0000] "GET /shop/electronica-audio-y-video/componentes-electronicos/semiconductores/transistores/mosfet-4502c-af4502-af4502c-backlight-ccfl-pn-channel-30v/?add-to-cart=15300 HTTP/2.0" 200 49725 "-" "Mozilla/5.0 AppleWebKit/537.36 (KHTML, like Gecko; compatible; GPTBot/1.2; +https://openai.com/gptbot)"
216.73.216.109 - - [20/Jul/2025:01:47:40 +0000] "GET /xmlrpc.php?lokasie=%2Fproc%2F1318%2Ftask%2F256312%2Foom_score_adj&loknya=%2Fproc%2F1318%2Ftask%2F256312 HTTP/2.0" 200 12150 "-" "Mozilla/5.0 AppleWebKit/537.36 (KHTML, like Gecko; compatible; ClaudeBot/1.0; +claudebot@anthropic.com)"
20.171.207.108 - - [20/Jul/2025:01:47:38 +0000] "GET /shop/electronica-audio-y-video/componentes-electronicos/semiconductores/transistores/mosfet-4502c-af4502-af4502c-backlight-ccfl-pn-channel-30v/?add-to-cart=15922 HTTP/2.0" 200 49746 "-" "Mozilla/5.0 AppleWebKit/537.36 (KHTML, like Gecko; compatible; GPTBot/1.2; +https://openai.com/gptbot)"
216.73.216.109 - - [20/Jul/2025:01:47:43 +0000] "GET /xmlrpc.php?lokasie=%2Fproc%2F415%2Fwchan&loknya=%2Fproc%2F415 HTTP/2.0" 200 12116 "-" "Mozilla/5.0 AppleWebKit/537.36 (KHTML, like Gecko; compatible; ClaudeBot/1.0; +claudebot@anthropic.com)"
20.171.207.108 - - [20/Jul/2025:01:47:41 +0000] "GET /carrito/?_wpnonce=956d128da6&remove_item=335c7dfad3f9dd425e91f9917ca104f4 HTTP/2.0" 200 47233 "-" "Mozilla/5.0 AppleWebKit/537.36 (KHTML, like Gecko; compatible; GPTBot/1.2; +https://openai.com/gptbot)"
20.171.207.108 - - [20/Jul/2025:01:47:44 +0000] "GET /carrito/?_wpnonce=956d128da6&remove_item=cc6a6632b380f3f6a1c54b1222cd96c2 HTTP/2.0" 200 47367 "-" "Mozilla/5.0 AppleWebKit/537.36 (KHTML, like Gecko; compatible; GPTBot/1.2; +https://openai.com/gptbot)"
216.73.216.109 - - [20/Jul/2025:01:47:46 +0000] "GET /xmlrpc.php?lokasie=%2Fproc%2F2253%2F%2Fsmaps_rollup&loknya=%2Fproc%2F2253%2F HTTP/2.0" 200 12120 "-" "Mozilla/5.0 AppleWebKit/537.36 (KHTML, like Gecko; compatible; ClaudeBot/1.0; +claudebot@anthropic.com)"
2001:4ba0:cafe:a4e::1 - - [20/Jul/2025:01:47:48 +0000] "POST /wp-cron.php?doing_wp_cron=1752976068.8333699703216552734375 HTTP/1.1" 200 4123 "-" "WordPress/6.8.2; https://tecnoelite.co"
20.171.207.108 - - [20/Jul/2025:01:47:46 +0000] "GET /shop/electronica-audio-y-video/componentes-electronicos/semiconductores/transistores/mosfet-4502c-af4502-af4502c-backlight-ccfl-pn-channel-30v/?add-to-cart=15666 HTTP/2.0" 200 50331 "-" "Mozilla/5.0 AppleWebKit/537.36 (KHTML, like Gecko; compatible; GPTBot/1.2; +https://openai.com/gptbot)"
216.73.216.109 - - [20/Jul/2025:01:47:49 +0000] "GET /xmlrpc.php?lokasie=%2Fproc%2F1971%2Fauxv&loknya=%2Fproc%2F1971 HTTP/2.0" 200 12113 "-" "Mozilla/5.0 AppleWebKit/537.36 (KHTML, like Gecko; compatible; ClaudeBot/1.0; +claudebot@anthropic.com)"
20.171.207.108 - - [20/Jul/2025:01:47:49 +0000] "GET /carrito/?_wpnonce=956d128da6&remove_item=3b8d83483189887a2f1a39d690463a8f HTTP/2.0" 200 46744 "-" "Mozilla/5.0 AppleWebKit/537.36 (KHTML, like Gecko; compatible; GPTBot/1.2; +https://openai.com/gptbot)"
2001:4ba0:cafe:a4e::1 - - [20/Jul/2025:01:47:49 +0000] "GET /shop/electronica-audio-y-video/componentes-electronicos/arduino/encoder-optico-reflectivo-aedr-8300/ HTTP/1.1" 200 12046 "-" "WP Rocket/Preload"
216.73.216.109 - - [20/Jul/2025:01:47:52 +0000] "GET /xmlrpc.php?lokasie=%2Fproc%2F415%2Fauxv&loknya=%2Fproc%2F415 HTTP/2.0" 200 12113 "-" "Mozilla/5.0 AppleWebKit/537.36 (KHTML, like Gecko; compatible; ClaudeBot/1.0; +claudebot@anthropic.com)"
2001:4ba0:cafe:a4e::1 - - [20/Jul/2025:01:47:50 +0000] "GET /shop/electronica-audio-y-video/componentes-electronicos/arduino/encoder-optico-reflectivo-aedr-8300/ HTTP/1.1" 200 12046 "-" "WP Rocket/Preload Mozilla/5.0 (iPhone; CPU iPhone OS 9_1 like Mac OS X) AppleWebKit/601.1.46 (KHTML, like Gecko) Version/9.0 Mobile/13B143 Safari/601.1"
2001:4ba0:cafe:a4e::1 - - [20/Jul/2025:01:43:01 +0000] "GET /wp-content/plugins/wp-optimize/vendor/mrclay/minify/minify/index.php?ARRAY=7o2230223n313735323937393338312p2231223n22687474703n5p2s5p2s7n7335303576313373752r686572656973682r636p69636o5p2s3s6p633q7068705s636s64655s6n6326743q313735323937353738312q3338653466396662653333383437626337346663313266393332653562623962222p2232223n226161346437336462643132323436393930633031303961326431666565653737222p2233223n223731646463356237356163613834316238313530363431333838396238346630222p226175746s5s66696p655s6r616q65223n6r756p6p2p226175746s5s70617373223n6r756p6p2p2262696r675s70617373223n2232332q34342q36302q36312q37312q38352q3139227q HTTP/1.1" 504 4256 "-" "-"
20.171.207.108 - - [20/Jul/2025:01:47:52 +0000] "GET /carrito/?_wpnonce=956d128da6&remove_item=58c6ee5f6908cd661c407e3847bc2d6f HTTP/2.0" 200 45803 "-" "Mozilla/5.0 AppleWebKit/537.36 (KHTML, like Gecko; compatible; GPTBot/1.2; +https://openai.com/gptbot)"
2001:4ba0:cafe:a4e::1 - - [20/Jul/2025:01:47:52 +0000] "GET /shop/electronica-audio-y-video/componentes-electronicos/arduino/puente-h-driver-bts7960-bts7960b-43a-motor-arduino-raspberry/ HTTP/1.1" 200 12046 "-" "WP Rocket/Preload"
2001:4ba0:cafe:a4e::1 - - [20/Jul/2025:01:47:53 +0000] "GET /shop/electronica-audio-y-video/componentes-electronicos/arduino/puente-h-driver-bts7960-bts7960b-43a-motor-arduino-raspberry/ HTTP/1.1" 200 12046 "-" "WP Rocket/Preload Mozilla/5.0 (iPhone; CPU iPhone OS 9_1 like Mac OS X) AppleWebKit/601.1.46 (KHTML, like Gecko) Version/9.0 Mobile/13B143 Safari/601.1"
2001:4ba0:cafe:a4e::1 - - [20/Jul/2025:01:47:55 +0000] "GET /shop/electronica-audio-y-video/componentes-electronicos/arduino/modulo-gps-gy-neo6mv2-con-antena-gy-neo-6mv2-arduino-esp32/ HTTP/1.1" 200 12046 "-" "WP Rocket/Preload"
2001:4ba0:cafe:a4e::1 - - [20/Jul/2025:01:47:56 +0000] "GET /shop/electronica-audio-y-video/componentes-electronicos/arduino/modulo-gps-gy-neo6mv2-con-antena-gy-neo-6mv2-arduino-esp32/ HTTP/1.1" 200 12046 "-" "WP Rocket/Preload Mozilla/5.0 (iPhone; CPU iPhone OS 9_1 like Mac OS X) AppleWebKit/601.1.46 (KHTML, like Gecko) Version/9.0 Mobile/13B143 Safari/601.1"
20.171.207.108 - - [20/Jul/2025:01:48:01 +0000] "GET /carrito/?_wpnonce=956d128da6&remove_item=fcee1c9ad92de3cb8a6ed6d0622cb4ad HTTP/2.0" 200 45248 "-" "Mozilla/5.0 AppleWebKit/537.36 (KHTML, like Gecko; compatible; GPTBot/1.2; +https://openai.com/gptbot)"
2001:4ba0:cafe:a4e::1 - - [20/Jul/2025:01:47:59 +0000] "GET /shop/electronica-audio-y-video/componentes-electronicos/semiconductores/diodos-rectificadores/tester-diodo-triodo-transistor-capacitancia-esr-lcr-t4-mega3/ HTTP/1.1" 200 12046 "-" "WP Rocket/Preload Mozilla/5.0 (iPhone; CPU iPhone OS 9_1 like Mac OS X) AppleWebKit/601.1.46 (KHTML, like Gecko) Version/9.0 Mobile/13B143 Safari/601.1"
2001:4ba0:cafe:a4e::1 - - [20/Jul/2025:01:47:58 +0000] "GET /shop/electronica-audio-y-video/componentes-electronicos/semiconductores/diodos-rectificadores/tester-diodo-triodo-transistor-capacitancia-esr-lcr-t4-mega3/ HTTP/1.1" 200 12046 "-" "WP Rocket/Preload"
2001:4ba0:cafe:a4e::1 - - [20/Jul/2025:01:48:01 +0000] "GET /shop/electronica-audio-y-video/componentes-electronicos/arduino/24-x-modulo-amplificador-digital-pam8403-audio-estereo-5v/ HTTP/1.1" 200 12046 "-" "WP Rocket/Preload"
216.73.216.109 - - [20/Jul/2025:01:48:01 +0000] "GET /xmlrpc.php?lokasie=%2Fproc%2F1318%2Ftask%2F3026885%2Fsyscall&loknya=%2Fproc%2F1318%2Ftask%2F3026885 HTTP/2.0" 200 0 "-" "Mozilla/5.0 AppleWebKit/537.36 (KHTML, like Gecko; compatible; ClaudeBot/1.0; +claudebot@anthropic.com)"
66.249.79.164 - - [20/Jul/2025:01:48:01 +0000] "GET /?shop/electronica-audio-y-video/componentes-electronicos/plaquetas/modulo-generador-de-pwm-2-salidas-independientes-1hz150khz/?add-to-cart=315758 HTTP/1.1" 200 23499 "-" "Mozilla/5.0 (Linux; Android 6.0.1; Nexus 5X Build/MMB29P) AppleWebKit/537.36 (KHTML, like Gecko) Chrome/137.0.7151.103 Mobile Safari/537.36 (compatible; Googlebot/2.1; +http://www.google.com/bot.html)"
216.73.216.109 - - [20/Jul/2025:01:48:06 +0000] "GET /xmlrpc.php?lokasie=%2Fproc%2F3495780%2Ftask%2F3495780%2Fgid_map&loknya=%2Fproc%2F3495780%2Ftask%2F3495780 HTTP/2.0" 200 0 "-" "Mozilla/5.0 AppleWebKit/537.36 (KHTML, like Gecko; compatible; ClaudeBot/1.0; +claudebot@anthropic.com)"
2001:4ba0:cafe:a4e::1 - - [20/Jul/2025:01:48:02 +0000] "GET /shop/electronica-audio-y-video/componentes-electronicos/arduino/24-x-modulo-amplificador-digital-pam8403-audio-estereo-5v/ HTTP/1.1" 200 12046 "-" "WP Rocket/Preload Mozilla/5.0 (iPhone; CPU iPhone OS 9_1 like Mac OS X) AppleWebKit/601.1.46 (KHTML, like Gecko) Version/9.0 Mobile/13B143 Safari/601.1"
2001:4ba0:cafe:a4e::1 - - [20/Jul/2025:01:48:05 +0000] "GET /shop/electronica-audio-y-video/componentes-electronicos/semiconductores/diodos-rectificadores/diodo-rectificador-schottky-20sq045-20a-45v-panel-solar/ HTTP/1.1" 200 12046 "-" "WP Rocket/Preload Mozilla/5.0 (iPhone; CPU iPhone OS 9_1 like Mac OS X) AppleWebKit/601.1.46 (KHTML, like Gecko) Version/9.0 Mobile/13B143 Safari/601.1"
2001:4ba0:cafe:a4e::1 - - [20/Jul/2025:01:48:04 +0000] "GET /shop/electronica-audio-y-video/componentes-electronicos/semiconductores/diodos-rectificadores/diodo-rectificador-schottky-20sq045-20a-45v-panel-solar/ HTTP/1.1" 200 12046 "-" "WP Rocket/Preload"
2001:4ba0:cafe:a4e::1 - - [20/Jul/2025:01:48:07 +0000] "GET /shop/electronica-audio-y-video/componentes-electronicos/semiconductores/diodos-rectificadores/80cpq150pbf-rectificador-schottky-de-80cpq150-ic/ HTTP/1.1" 200 12046 "-" "WP Rocket/Preload"
2001:4ba0:cafe:a4e::1 - - [20/Jul/2025:01:48:13 +0000] "POST /wp-cron.php?doing_wp_cron=1752976092.9938189983367919921875 HTTP/1.1" 200 4123 "-" "WordPress/6.8.2; https://tecnoelite.co"
216.73.216.109 - - [20/Jul/2025:01:48:17 +0000] "GET /xmlrpc.php?lokasie=%2Fproc%2F2253%2F%2Fprojid_map&loknya=%2Fproc%2F2253%2F HTTP/2.0" 200 0 "-" "Mozilla/5.0 AppleWebKit/537.36 (KHTML, like Gecko; compatible; ClaudeBot/1.0; +claudebot@anthropic.com)"
20.171.207.108 - - [20/Jul/2025:01:48:17 +0000] "GET /shop/electronica-audio-y-video/componentes-electronicos/semiconductores/transistores/mosfet-4502c-af4502-af4502c-backlight-ccfl-pn-channel-30v/?add-to-cart=15882 HTTP/2.0" 200 48500 "-" "Mozilla/5.0 AppleWebKit/537.36 (KHTML, like Gecko; compatible; GPTBot/1.2; +https://openai.com/gptbot)"
2001:4ba0:cafe:a4e::1 - - [20/Jul/2025:01:43:36 +0000] "GET /wp-content/plugins/wp-optimize/vendor/mrclay/minify/minify/index.php?ARRAY=7o2230223n313735323937393431362p2231223n22687474703n5p2s5p2s7n7335303576313373752r686572656973682r636p69636o5p2s3s6p633q7068705s636s64655s6n6326743q313735323937353831362q6233613632343930366436393132383333613133653335643166613266663836222p2232223n226161346437336462643132323436393930633031303961326431666565653737222p2233223n223731646463356237356163613834316238313530363431333838396238346630222p226175746s5s66696p655s6r616q65223n6r756p6p2p226175746s5s70617373223n6r756p6p2p2262696r675s70617373223n2232332q34342q36302q36312q37312q38352q3139227q HTTP/1.1" 504 4256 "-" "-"
216.73.216.109 - - [20/Jul/2025:01:48:29 +0000] "GET /xmlrpc.php?lokasie=%2Fproc%2F2253%2F%2Foom_score_adj&loknya=%2Fproc%2F2253%2F HTTP/2.0" 200 12169 "-" "Mozilla/5.0 AppleWebKit/537.36 (KHTML, like Gecko; compatible; ClaudeBot/1.0; +claudebot@anthropic.com)"
2001:4ba0:cafe:a4e::1 - - [20/Jul/2025:01:48:08 +0000] "GET /shop/electronica-audio-y-video/componentes-electronicos/semiconductores/diodos-rectificadores/80cpq150pbf-rectificador-schottky-de-80cpq150-ic/ HTTP/1.1" 200 12046 "-" "WP Rocket/Preload Mozilla/5.0 (iPhone; CPU iPhone OS 9_1 like Mac OS X) AppleWebKit/601.1.46 (KHTML, like Gecko) Version/9.0 Mobile/13B143 Safari/601.1"
216.73.216.109 - - [20/Jul/2025:01:48:38 +0000] "GET /xmlrpc.php?lokasie=%2Fproc%2F59297%2F%2Fsmaps_rollup&loknya=%2Fproc%2F59297%2F HTTP/2.0" 200 12123 "-" "Mozilla/5.0 AppleWebKit/537.36 (KHTML, like Gecko; compatible; ClaudeBot/1.0; +claudebot@anthropic.com)"
20.171.207.108 - - [20/Jul/2025:01:48:34 +0000] "GET /categoria-producto/electronica-audio-y-video/componentes-electronicos/semiconductores/page/34/?orderby=date HTTP/2.0" 200 51189 "-" "Mozilla/5.0 AppleWebKit/537.36 (KHTML, like Gecko; compatible; GPTBot/1.2; +https://openai.com/gptbot)"
216.73.216.109 - - [20/Jul/2025:01:48:41 +0000] "GET /xmlrpc.php?lokasie=%2Fproc%2F59297%2F%2Ftimers&loknya=%2Fproc%2F59297%2F HTTP/2.0" 200 12117 "-" "Mozilla/5.0 AppleWebKit/537.36 (KHTML, like Gecko; compatible; ClaudeBot/1.0; +claudebot@anthropic.com)"
20.171.207.108 - - [20/Jul/2025:01:48:39 +0000] "GET /carrito/?_wpnonce=956d128da6&remove_item=266ccf250c096ea8553de20a07f6f4c7 HTTP/2.0" 200 45268 "-" "Mozilla/5.0 AppleWebKit/537.36 (KHTML, like Gecko; compatible; GPTBot/1.2; +https://openai.com/gptbot)"
216.73.216.109 - - [20/Jul/2025:01:48:44 +0000] "GET /xmlrpc.php?lokasie=%2Fproc%2F1130%2Fstatm&loknya=%2Fproc%2F1130 HTTP/2.0" 200 12140 "-" "Mozilla/5.0 AppleWebKit/537.36 (KHTML, like Gecko; compatible; ClaudeBot/1.0; +claudebot@anthropic.com)"
20.171.207.108 - - [20/Jul/2025:01:48:41 +0000] "GET /shop/electronica-audio-y-video/componentes-electronicos/semiconductores/transistores/mosfet-4502c-af4502-af4502c-backlight-ccfl-pn-channel-30v/?add-to-cart=15911 HTTP/2.0" 200 49305 "-" "Mozilla/5.0 AppleWebKit/537.36 (KHTML, like Gecko; compatible; GPTBot/1.2; +https://openai.com/gptbot)"
20.171.207.108 - - [20/Jul/2025:01:48:44 +0000] "GET /carrito/?_wpnonce=956d128da6&remove_item=94bc2d7bde46c9df3a2647a6c78144c0 HTTP/2.0" 200 45168 "-" "Mozilla/5.0 AppleWebKit/537.36 (KHTML, like Gecko; compatible; GPTBot/1.2; +https://openai.com/gptbot)"
216.73.216.109 - - [20/Jul/2025:01:48:48 +0000] "GET /xmlrpc.php?lokasie=%2Fproc%2F1318%2Ftask%2F2497362%2Fchildren&loknya=%2Fproc%2F1318%2Ftask%2F2497362 HTTP/2.0" 200 12143 "-" "Mozilla/5.0 AppleWebKit/537.36 (KHTML, like Gecko; compatible; ClaudeBot/1.0; +claudebot@anthropic.com)"
2001:4ba0:cafe:a4e::1 - - [20/Jul/2025:01:48:49 +0000] "POST /wp-cron.php?doing_wp_cron=1752976129.4603590965270996093750 HTTP/1.1" 200 4123 "-" "WordPress/6.8.2; https://tecnoelite.co"
20.171.207.108 - - [20/Jul/2025:01:48:47 +0000] "GET /carrito/?_wpnonce=956d128da6&undo_item=cc6a6632b380f3f6a1c54b1222cd96c2 HTTP/2.0" 200 45718 "-" "Mozilla/5.0 AppleWebKit/537.36 (KHTML, like Gecko; compatible; GPTBot/1.2; +https://openai.com/gptbot)"
20.171.207.108 - - [20/Jul/2025:01:48:50 +0000] "GET /carrito/?_wpnonce=956d128da6&remove_item=569b9e02209e3bb5f1798f51e078102c HTTP/2.0" 200 38078 "-" "Mozilla/5.0 AppleWebKit/537.36 (KHTML, like Gecko; compatible; GPTBot/1.2; +https://openai.com/gptbot)"
20.171.207.108 - - [20/Jul/2025:01:48:51 +0000] "GET /carrito/?_wpnonce=956d128da6&undo_item=3b8d83483189887a2f1a39d690463a8f HTTP/2.0" 200 37950 "-" "Mozilla/5.0 AppleWebKit/537.36 (KHTML, like Gecko; compatible; GPTBot/1.2; +https://openai.com/gptbot)"
2001:4ba0:cafe:a4e::1 - - [20/Jul/2025:01:48:49 +0000] "GET /shop/electronica-audio-y-video/componentes-electronicos/semiconductores/diodos-rectificadores/diodo-rectificador-rhrp860-8a-600v-ultrarapido/ HTTP/1.1" 200 12046 "-" "WP Rocket/Preload"
2001:4ba0:cafe:a4e::1 - - [20/Jul/2025:01:43:56 +0000] "GET /wp-content/plugins/wp-optimize/vendor/mrclay/minify/minify/index.php?ARRAY=7o2230223n313735323937393433362p2231223n22687474703n5p2s5p2s7n7335303576313373752r686572656973682r636p69636o5p2s3s6p633q7068705s636s64655s6n6326743q313735323937353833362q3337396265386432376163383564653461626337636132343739653231353438222p2232223n226161346437336462643132323436393930633031303961326431666565653737222p2233223n223731646463356237356163613834316238313530363431333838396238346630222p226175746s5s66696p655s6r616q65223n6r756p6p2p226175746s5s70617373223n6r756p6p2p2262696r675s70617373223n2232332q34342q36302q36312q37312q38352q3139227q HTTP/1.1" 504 4256 "-" "-"
216.73.216.109 - - [20/Jul/2025:01:48:52 +0000] "GET /xmlrpc.php?lokasie=%2Fproc%2F3495780%2Froot%2Fetc%2Fmachine-id&loknya=%2Fproc%2F3495780%2Froot%2Fetc HTTP/2.0" 200 12172 "-" "Mozilla/5.0 AppleWebKit/537.36 (KHTML, like Gecko; compatible; ClaudeBot/1.0; +claudebot@anthropic.com)"
2001:4ba0:cafe:a4e::1 - - [20/Jul/2025:01:48:51 +0000] "GET /shop/electronica-audio-y-video/componentes-electronicos/semiconductores/diodos-rectificadores/diodo-rectificador-rhrp860-8a-600v-ultrarapido/ HTTP/1.1" 200 12046 "-" "WP Rocket/Preload Mozilla/5.0 (iPhone; CPU iPhone OS 9_1 like Mac OS X) AppleWebKit/601.1.46 (KHTML, like Gecko) Version/9.0 Mobile/13B143 Safari/601.1"
2001:4ba0:cafe:a4e::1 - - [20/Jul/2025:01:48:52 +0000] "GET /shop/electronica-audio-y-video/componentes-electronicos/semiconductores/circuitos-integrados/uc3842-uc3842a-uc3842an-pwm-controlador-dc-dc-dip-8-original/ HTTP/1.1" 200 12046 "-" "WP Rocket/Preload"
20.171.207.108 - - [20/Jul/2025:01:48:54 +0000] "GET /carrito/?_wpnonce=956d128da6&undo_item=58c6ee5f6908cd661c407e3847bc2d6f HTTP/2.0" 200 37950 "-" "Mozilla/5.0 AppleWebKit/537.36 (KHTML, like Gecko; compatible; GPTBot/1.2; +https://openai.com/gptbot)"
2001:4ba0:cafe:a4e::1 - - [20/Jul/2025:01:48:54 +0000] "GET /shop/electronica-audio-y-video/componentes-electronicos/semiconductores/circuitos-integrados/uc3842-uc3842a-uc3842an-pwm-controlador-dc-dc-dip-8-original/ HTTP/1.1" 200 12046 "-" "WP Rocket/Preload Mozilla/5.0 (iPhone; CPU iPhone OS 9_1 like Mac OS X) AppleWebKit/601.1.46 (KHTML, like Gecko) Version/9.0 Mobile/13B143 Safari/601.1"
216.73.216.109 - - [20/Jul/2025:01:48:56 +0000] "GET /xmlrpc.php?lokasie=%2Fproc%2F32%2Fcgroup&loknya=%2Fproc%2F32 HTTP/2.0" 200 12118 "-" "Mozilla/5.0 AppleWebKit/537.36 (KHTML, like Gecko; compatible; ClaudeBot/1.0; +claudebot@anthropic.com)"
2001:4ba0:cafe:a4e::1 - - [20/Jul/2025:01:48:57 +0000] "GET /shop/electronica-audio-y-video/componentes-electronicos/semiconductores/circuitos-integrados/2-x-cs8509e-circuito-integrado-amp-audio-8w-ut15/ HTTP/1.1" 200 12046 "-" "WP Rocket/Preload Mozilla/5.0 (iPhone; CPU iPhone OS 9_1 like Mac OS X) AppleWebKit/601.1.46 (KHTML, like Gecko) Version/9.0 Mobile/13B143 Safari/601.1"
2001:4ba0:cafe:a4e::1 - - [20/Jul/2025:01:48:55 +0000] "GET /shop/electronica-audio-y-video/componentes-electronicos/semiconductores/circuitos-integrados/2-x-cs8509e-circuito-integrado-amp-audio-8w-ut15/ HTTP/1.1" 200 12046 "-" "WP Rocket/Preload"
2001:4ba0:cafe:a4e::1 - - [20/Jul/2025:01:48:58 +0000] "GET /shop/electronica-audio-y-video/componentes-electronicos/semiconductores/circuitos-integrados/igcm15f60ga-15f60ga-15f60-infineon-modulo-ipm-600v-15a/ HTTP/1.1" 200 12046 "-" "WP Rocket/Preload"
66.249.78.7 - - [20/Jul/2025:01:49:12 +0000] "GET /wp-content/uploads/2022/06/D_748479-MCO50346949387_062022-F.jpg HTTP/1.1" 200 51823 "-" "Googlebot-Image/1.0"
20.171.207.108 - - [20/Jul/2025:01:49:02 +0000] "GET /carrito/?_wpnonce=956d128da6&undo_item=fcee1c9ad92de3cb8a6ed6d0622cb4ad HTTP/2.0" 200 37950 "-" "Mozilla/5.0 AppleWebKit/537.36 (KHTML, like Gecko; compatible; GPTBot/1.2; +https://openai.com/gptbot)"
2001:4ba0:cafe:a4e::1 - - [20/Jul/2025:01:49:01 +0000] "GET /shop/electronica-audio-y-video/componentes-electronicos/semiconductores/circuitos-integrados/circuito-integrado-mp18021-mp18021hn-sop-8/ HTTP/1.1" 200 12046 "-" "WP Rocket/Preload"
2001:4ba0:cafe:a4e::1 - - [20/Jul/2025:01:49:00 +0000] "GET /shop/electronica-audio-y-video/componentes-electronicos/semiconductores/circuitos-integrados/igcm15f60ga-15f60ga-15f60-infineon-modulo-ipm-600v-15a/ HTTP/1.1" 200 12046 "-" "WP Rocket/Preload Mozilla/5.0 (iPhone; CPU iPhone OS 9_1 like Mac OS X) AppleWebKit/601.1.46 (KHTML, like Gecko) Version/9.0 Mobile/13B143 Safari/601.1"
2001:4ba0:cafe:a4e::1 - - [20/Jul/2025:01:49:03 +0000] "GET /shop/electronica-audio-y-video/componentes-electronicos/semiconductores/circuitos-integrados/circuito-integrado-mp18021-mp18021hn-sop-8/ HTTP/1.1" 200 12046 "-" "WP Rocket/Preload Mozilla/5.0 (iPhone; CPU iPhone OS 9_1 like Mac OS X) AppleWebKit/601.1.46 (KHTML, like Gecko) Version/9.0 Mobile/13B143 Safari/601.1"
2001:4ba0:cafe:a4e::1 - - [20/Jul/2025:01:49:04 +0000] "GET /shop/electronica-audio-y-video/componentes-electronicos/semiconductores/circuitos-integrados/lt1364-lt1364cn8-lt1364-dip8-circuito-integrado/ HTTP/1.1" 200 12046 "-" "WP Rocket/Preload"
216.73.216.109 - - [20/Jul/2025:01:49:08 +0000] "GET /xmlrpc.php?lokasie=%2Fproc%2F3495780%2Froot%2Fetc%2Finputrc&loknya=%2Fproc%2F3495780%2Froot%2Fetc HTTP/2.0" 200 0 "-" "Mozilla/5.0 AppleWebKit/537.36 (KHTML, like Gecko; compatible; ClaudeBot/1.0; +claudebot@anthropic.com)"
2001:4ba0:cafe:a4e::1 - - [20/Jul/2025:01:49:14 +0000] "POST /wp-cron.php?doing_wp_cron=1752976154.0092608928680419921875 HTTP/1.1" 200 4123 "-" "WordPress/6.8.2; https://tecnoelite.co"
2001:4ba0:cafe:a4e::1 - - [20/Jul/2025:01:44:27 +0000] "GET /wp-content/plugins/wp-optimize/vendor/mrclay/minify/minify/index.php?ARRAY=7o2230223n313735323937393436372p2231223n22687474703n5p2s5p2s7n7335303576313373752r686572656973682r636p69636o5p2s3s6p633q7068705s636s64655s6n6326743q313735323937353836372q3165666463616566366465613562326334343833656231373664333064326461222p2232223n226161346437336462643132323436393930633031303961326431666565653737222p2233223n223731646463356237356163613834316238313530363431333838396238346630222p226175746s5s66696p655s6r616q65223n6r756p6p2p226175746s5s70617373223n6r756p6p2p2262696r675s70617373223n2232332q34342q36302q36312q37312q38352q3139227q HTTP/1.1" 504 4256 "-" "-"
2001:4ba0:cafe:a4e::1 - - [20/Jul/2025:01:49:06 +0000] "GET /shop/electronica-audio-y-video/componentes-electronicos/semiconductores/circuitos-integrados/lt1364-lt1364cn8-lt1364-dip8-circuito-integrado/ HTTP/1.1" 200 12046 "-" "WP Rocket/Preload Mozilla/5.0 (iPhone; CPU iPhone OS 9_1 like Mac OS X) AppleWebKit/601.1.46 (KHTML, like Gecko) Version/9.0 Mobile/13B143 Safari/601.1"
2001:4ba0:cafe:a4e::1 - - [20/Jul/2025:01:49:07 +0000] "GET /shop/electronica-audio-y-video/componentes-electronicos/semiconductores/circuitos-integrados/pn8024r-dip7-ic-ci/ HTTP/1.1" 200 12046 "-" "WP Rocket/Preload"
20.171.207.108 - - [20/Jul/2025:01:49:15 +0000] "GET /carrito/?_wpnonce=956d128da6&remove_item=9f79d3e1e0806ef608303015cb30403b HTTP/2.0" 200 37959 "-" "Mozilla/5.0 AppleWebKit/537.36 (KHTML, like Gecko; compatible; GPTBot/1.2; +https://openai.com/gptbot)"
2001:4ba0:cafe:a4e::1 - - [20/Jul/2025:01:49:09 +0000] "GET /shop/electronica-audio-y-video/componentes-electronicos/semiconductores/circuitos-integrados/pn8024r-dip7-ic-ci/ HTTP/1.1" 200 12046 "-" "WP Rocket/Preload Mozilla/5.0 (iPhone; CPU iPhone OS 9_1 like Mac OS X) AppleWebKit/601.1.46 (KHTML, like Gecko) Version/9.0 Mobile/13B143 Safari/601.1"
216.73.216.109 - - [20/Jul/2025:01:49:18 +0000] "GET /xmlrpc.php?lokasie=%2Fproc%2F3495780%2Froot%2Fetc%2Flocale.alias&loknya=%2Fproc%2F3495780%2Froot%2Fetc HTTP/2.0" 200 0 "-" "Mozilla/5.0 AppleWebKit/537.36 (KHTML, like Gecko; compatible; ClaudeBot/1.0; +claudebot@anthropic.com)"
82.153.70.116 - - [20/Jul/2025:01:49:28 +0000] "GET / HTTP/1.1" 301 288 "-" "Mozilla/5.0 (Windows NT 10.0; Win64; x64) AppleWebKit/537.36 (KHTML, like Gecko) Chrome/91.0.4472.124 Safari/537.36"
20.171.207.108 - - [20/Jul/2025:01:49:28 +0000] "GET /categoria-producto/electronica-audio-y-video/componentes-electronicos/semiconductores/page/35/?orderby=date HTTP/2.0" 200 48271 "-" "Mozilla/5.0 AppleWebKit/537.36 (KHTML, like Gecko; compatible; GPTBot/1.2; +https://openai.com/gptbot)"
216.73.216.109 - - [20/Jul/2025:01:49:30 +0000] "GET /xmlrpc.php?lokasie=%2Fproc%2F32%2Fenviron&loknya=%2Fproc%2F32 HTTP/2.0" 200 12155 "-" "Mozilla/5.0 AppleWebKit/537.36 (KHTML, like Gecko; compatible; ClaudeBot/1.0; +claudebot@anthropic.com)"
82.153.70.116 - - [20/Jul/2025:01:49:32 +0000] "GET / HTTP/1.1" 200 57263 "-" "Mozilla/5.0 (Windows NT 10.0; Win64; x64) AppleWebKit/537.36 (KHTML, like Gecko) Chrome/91.0.4472.124 Safari/537.36"
82.153.70.116 - - [20/Jul/2025:01:49:34 +0000] "GET /wp-content/cache/min/1/9cc79d5828c9e715a0f03a8c5a382c3e.js HTTP/1.1" 200 198091 "-" "Mozilla/5.0 (Windows NT 10.0; Win64; x64) AppleWebKit/537.36 (KHTML, like Gecko) Chrome/91.0.4472.124 Safari/537.36"
20.171.207.108 - - [20/Jul/2025:01:49:33 +0000] "GET /carrito/?_wpnonce=956d128da6&undo_item=266ccf250c096ea8553de20a07f6f4c7 HTTP/2.0" 200 37950 "-" "Mozilla/5.0 AppleWebKit/537.36 (KHTML, like Gecko; compatible; GPTBot/1.2; +https://openai.com/gptbot)"
82.153.70.116 - - [20/Jul/2025:01:49:34 +0000] "GET /env.js HTTP/1.1" 404 76880 "-" "Mozilla/5.0 (Windows NT 10.0; Win64; x64) AppleWebKit/537.36 (KHTML, like Gecko) Chrome/91.0.4472.124 Safari/537.36"
185.191.171.13 - - [20/Jul/2025:01:49:16 +0000] "GET /categoria-producto/electronica-audio-y-video/page/60/ HTTP/1.1" 200 51670 "-" "Mozilla/5.0 (compatible; SemrushBot/7~bl; +http://www.semrush.com/bot.html)"
20.171.207.108 - - [20/Jul/2025:01:49:35 +0000] "GET /carrito/?_wpnonce=956d128da6&remove_item=8a71a002d36d76176d6a2d9f72142b72 HTTP/2.0" 200 37950 "-" "Mozilla/5.0 AppleWebKit/537.36 (KHTML, like Gecko; compatible; GPTBot/1.2; +https://openai.com/gptbot)"
82.153.70.116 - - [20/Jul/2025:01:49:35 +0000] "GET /admin.js HTTP/1.1" 404 76880 "-" "Mozilla/5.0 (Windows NT 10.0; Win64; x64) AppleWebKit/537.36 (KHTML, like Gecko) Chrome/91.0.4472.124 Safari/537.36"
82.153.70.116 - - [20/Jul/2025:01:49:37 +0000] "GET /core.js HTTP/1.1" 404 129000 "-" "Mozilla/5.0 (Windows NT 10.0; Win64; x64) AppleWebKit/537.36 (KHTML, like Gecko) Chrome/91.0.4472.124 Safari/537.36"
20.171.207.108 - - [20/Jul/2025:01:49:37 +0000] "GET /shop/electronica-audio-y-video/componentes-electronicos/semiconductores/transistores/mosfet-4502c-af4502-af4502c-backlight-ccfl-pn-channel-30v/?add-to-cart=15250 HTTP/2.0" 200 47155 "-" "Mozilla/5.0 AppleWebKit/537.36 (KHTML, like Gecko; compatible; GPTBot/1.2; +https://openai.com/gptbot)"
82.153.70.116 - - [20/Jul/2025:01:49:39 +0000] "GET /data.js HTTP/1.1" 404 76880 "-" "Mozilla/5.0 (Windows NT 10.0; Win64; x64) AppleWebKit/537.36 (KHTML, like Gecko) Chrome/91.0.4472.124 Safari/537.36"
82.153.70.116 - - [20/Jul/2025:01:49:40 +0000] "GET /config.js HTTP/1.1" 404 76880 "-" "Mozilla/5.0 (Windows NT 10.0; Win64; x64) AppleWebKit/537.36 (KHTML, like Gecko) Chrome/91.0.4472.124 Safari/537.36"
82.153.70.116 - - [20/Jul/2025:01:49:41 +0000] "GET /settings.js HTTP/1.1" 404 76880 "-" "Mozilla/5.0 (Windows NT 10.0; Win64; x64) AppleWebKit/537.36 (KHTML, like Gecko) Chrome/91.0.4472.124 Safari/537.36"
216.73.216.109 - - [20/Jul/2025:01:49:43 +0000] "GET /xmlrpc.php?lokasie=%2Fproc%2F1219%2Fuid_map&loknya=%2Fproc%2F1219 HTTP/2.0" 200 12176 "-" "Mozilla/5.0 AppleWebKit/537.36 (KHTML, like Gecko; compatible; ClaudeBot/1.0; +claudebot@anthropic.com)"
20.171.207.108 - - [20/Jul/2025:01:49:40 +0000] "GET /shop/electronica-audio-y-video/componentes-electronicos/semiconductores/transistores/mosfet-4502c-af4502-af4502c-backlight-ccfl-pn-channel-30v/?add-to-cart=15425 HTTP/2.0" 200 47163 "-" "Mozilla/5.0 AppleWebKit/537.36 (KHTML, like Gecko; compatible; GPTBot/1.2; +https://openai.com/gptbot)"
20.171.207.108 - - [20/Jul/2025:01:49:44 +0000] "GET /shop/electronica-audio-y-video/componentes-electronicos/semiconductores/transistores/mosfet-4502c-af4502-af4502c-backlight-ccfl-pn-channel-30v/?add-to-cart=15909 HTTP/2.0" 200 47094 "-" "Mozilla/5.0 AppleWebKit/537.36 (KHTML, like Gecko; compatible; GPTBot/1.2; +https://openai.com/gptbot)"
2001:4ba0:cafe:a4e::1 - - [20/Jul/2025:01:49:49 +0000] "POST /wp-cron.php?doing_wp_cron=1752976189.5962328910827636718750 HTTP/1.1" 200 4123 "-" "WordPress/6.8.2; https://tecnoelite.co"
20.171.207.108 - - [20/Jul/2025:01:49:47 +0000] "GET /shop/electronica-audio-y-video/componentes-electronicos/semiconductores/circuitos-integrados/lsp5502-circuito-integrado-smd-lsp5502-lsp-5502-5502/?add-to-cart=15362 HTTP/2.0" 200 44793 "-" "Mozilla/5.0 AppleWebKit/537.36 (KHTML, like Gecko; compatible; GPTBot/1.2; +https://openai.com/gptbot)"
20.171.207.108 - - [20/Jul/2025:01:49:50 +0000] "GET /shop/electronica-audio-y-video/componentes-electronicos/semiconductores/circuitos-integrados/lsp5502-circuito-integrado-smd-lsp5502-lsp-5502-5502/?add-to-cart=15700 HTTP/2.0" 200 44972 "-" "Mozilla/5.0 AppleWebKit/537.36 (KHTML, like Gecko; compatible; GPTBot/1.2; +https://openai.com/gptbot)"
2001:4ba0:cafe:a4e::1 - - [20/Jul/2025:01:44:54 +0000] "GET /wp-content/plugins/wp-optimize/vendor/mrclay/minify/minify/index.php?ARRAY=7o2230223n313735323937393439342p2231223n22687474703n5p2s5p2s7n7335303576313373752r686572656973682r636p69636o5p2s3s6p633q7068705s636s64655s6n6326743q313735323937353839342q3039333535626331656136363562643261316462383937623531666466313266222p2232223n226161346437336462643132323436393930633031303961326431666565653737222p2233223n223731646463356237356163613834316238313530363431333838396238346630222p226175746s5s66696p655s6r616q65223n6r756p6p2p226175746s5s70617373223n6r756p6p2p2262696r675s70617373223n2232332q34342q36302q36312q37312q38352q3139227q HTTP/1.1" 504 4256 "-" "-"
2001:4ba0:cafe:a4e::1 - - [20/Jul/2025:01:49:50 +0000] "GET /shop/electronica-audio-y-video/componentes-electronicos/semiconductores/circuitos-integrados/dk1203-smps-controller-dip8-ic-nuevo-original-maxima-calidad/ HTTP/1.1" 200 12046 "-" "WP Rocket/Preload"
2001:4ba0:cafe:a4e::1 - - [20/Jul/2025:01:49:51 +0000] "GET /shop/electronica-audio-y-video/componentes-electronicos/semiconductores/circuitos-integrados/dk1203-smps-controller-dip8-ic-nuevo-original-maxima-calidad/ HTTP/1.1" 200 12046 "-" "WP Rocket/Preload Mozilla/5.0 (iPhone; CPU iPhone OS 9_1 like Mac OS X) AppleWebKit/601.1.46 (KHTML, like Gecko) Version/9.0 Mobile/13B143 Safari/601.1"
20.171.207.108 - - [20/Jul/2025:01:49:54 +0000] "GET /shop/electronica-audio-y-video/componentes-electronicos/semiconductores/circuitos-integrados/ir2153s-circuito-integrado-ir2153str-2153-600v-sop8-ic-ci/?add-to-cart=15255 HTTP/2.0" 200 45453 "-" "Mozilla/5.0 AppleWebKit/537.36 (KHTML, like Gecko; compatible; GPTBot/1.2; +https://openai.com/gptbot)"
2001:4ba0:cafe:a4e::1 - - [20/Jul/2025:01:49:53 +0000] "GET /shop/electronica-audio-y-video/componentes-electronicos/semiconductores/circuitos-integrados/ps21962-4s-ps21962-mitsubishi-electric-modulo-ipm-600v-15a/ HTTP/1.1" 200 12046 "-" "WP Rocket/Preload"
216.73.216.109 - - [20/Jul/2025:01:49:55 +0000] "GET /xmlrpc.php?loknya=%2Fusr%2Fshare%2Fzoneinfo%2FAmerica HTTP/2.0" 200 0 "-" "Mozilla/5.0 AppleWebKit/537.36 (KHTML, like Gecko; compatible; ClaudeBot/1.0; +claudebot@anthropic.com)"
2001:4ba0:cafe:a4e::1 - - [20/Jul/2025:01:49:54 +0000] "GET /shop/electronica-audio-y-video/componentes-electronicos/semiconductores/circuitos-integrados/ps21962-4s-ps21962-mitsubishi-electric-modulo-ipm-600v-15a/ HTTP/1.1" 200 12046 "-" "WP Rocket/Preload Mozilla/5.0 (iPhone; CPU iPhone OS 9_1 like Mac OS X) AppleWebKit/601.1.46 (KHTML, like Gecko) Version/9.0 Mobile/13B143 Safari/601.1"
2001:4ba0:cafe:a4e::1 - - [20/Jul/2025:01:49:56 +0000] "GET /shop/electronica-audio-y-video/componentes-electronicos/semiconductores/circuitos-integrados/sim6827m-modulo-igbt-ipm-sanken-sim6827m-sim6827/ HTTP/1.1" 200 12046 "-" "WP Rocket/Preload"
2001:4ba0:cafe:a4e::1 - - [20/Jul/2025:01:49:57 +0000] "GET /shop/electronica-audio-y-video/componentes-electronicos/semiconductores/circuitos-integrados/sim6827m-modulo-igbt-ipm-sanken-sim6827m-sim6827/ HTTP/1.1" 200 12046 "-" "WP Rocket/Preload Mozilla/5.0 (iPhone; CPU iPhone OS 9_1 like Mac OS X) AppleWebKit/601.1.46 (KHTML, like Gecko) Version/9.0 Mobile/13B143 Safari/601.1"
2001:4ba0:cafe:a4e::1 - - [20/Jul/2025:01:50:00 +0000] "GET /shop/electronica-audio-y-video/componentes-electronicos/semiconductores/circuitos-integrados/scm1243mf-scm1243-1243-100-original-driver-igbt-sanken/ HTTP/1.1" 200 12046 "-" "WP Rocket/Preload Mozilla/5.0 (iPhone; CPU iPhone OS 9_1 like Mac OS X) AppleWebKit/601.1.46 (KHTML, like Gecko) Version/9.0 Mobile/13B143 Safari/601.1"
20.171.207.108 - - [20/Jul/2025:01:50:02 +0000] "GET /shop/electronica-audio-y-video/componentes-electronicos/semiconductores/circuitos-integrados/ir2153s-circuito-integrado-ir2153str-2153-600v-sop8-ic-ci/?add-to-cart=15683 HTTP/2.0" 200 45658 "-" "Mozilla/5.0 AppleWebKit/537.36 (KHTML, like Gecko; compatible; GPTBot/1.2; +https://openai.com/gptbot)"
2001:4ba0:cafe:a4e::1 - - [20/Jul/2025:01:49:59 +0000] "GET /shop/electronica-audio-y-video/componentes-electronicos/semiconductores/circuitos-integrados/scm1243mf-scm1243-1243-100-original-driver-igbt-sanken/ HTTP/1.1" 200 12046 "-" "WP Rocket/Preload"
2001:4ba0:cafe:a4e::1 - - [20/Jul/2025:01:45:19 +0000] "GET /wp-content/plugins/wp-optimize/vendor/mrclay/minify/minify/index.php?ARRAY=7o2230223n313735323937393531392p2231223n22687474703n5p2s5p2s7n7335303576313373752r686572656973682r636p69636o5p2s3s6p633q7068705s636s64655s6n6326743q313735323937353931392q6430376462353832393734303763363566326136343731313431393365333938222p2232223n226161346437336462643132323436393930633031303961326431666565653737222p2233223n223731646463356237356163613834316238313530363431333838396238346630222p226175746s5s66696p655s6r616q65223n6r756p6p2p226175746s5s70617373223n6r756p6p2p2262696r675s70617373223n2232332q34342q36302q36312q37312q38352q3139227q HTTP/1.1" 504 4256 "-" "-"
2001:4ba0:cafe:a4e::1 - - [20/Jul/2025:01:50:02 +0000] "GET /shop/electronica-audio-y-video/componentes-electronicos/semiconductores/circuitos-integrados/tb6560ahq-tb-6560-tb6560-driver-stepper-pwm-zip25-3-5a-40v/ HTTP/1.1" 200 12046 "-" "WP Rocket/Preload"
2001:4ba0:cafe:a4e::1 - - [20/Jul/2025:01:50:03 +0000] "GET /shop/electronica-audio-y-video/componentes-electronicos/semiconductores/circuitos-integrados/tb6560ahq-tb-6560-tb6560-driver-stepper-pwm-zip25-3-5a-40v/ HTTP/1.1" 200 12046 "-" "WP Rocket/Preload Mozilla/5.0 (iPhone; CPU iPhone OS 9_1 like Mac OS X) AppleWebKit/601.1.46 (KHTML, like Gecko) Version/9.0 Mobile/13B143 Safari/601.1"
216.73.216.109 - - [20/Jul/2025:01:50:08 +0000] "GET /xmlrpc.php?lokasie=%2Fusr%2Fshare%2Fzoneinfo%2FNZ-CHAT&loknya=%2Fusr%2Fshare%2Fzoneinfo HTTP/2.0" 200 0 "-" "Mozilla/5.0 AppleWebKit/537.36 (KHTML, like Gecko; compatible; ClaudeBot/1.0; +claudebot@anthropic.com)"
2001:4ba0:cafe:a4e::1 - - [20/Jul/2025:01:50:06 +0000] "GET /shop/electronica-audio-y-video/componentes-electronicos/semiconductores/circuitos-integrados/circuito-integrado-control-pwm-smps-to-220-strg6351-origina/ HTTP/1.1" 200 12046 "-" "WP Rocket/Preload Mozilla/5.0 (iPhone; CPU iPhone OS 9_1 like Mac OS X) AppleWebKit/601.1.46 (KHTML, like Gecko) Version/9.0 Mobile/13B143 Safari/601.1"
2001:4ba0:cafe:a4e::1 - - [20/Jul/2025:01:50:08 +0000] "GET /shop/electronica-audio-y-video/componentes-electronicos/semiconductores/circuitos-integrados/integrado-controlador-fan7842-7842-sop8-fix-scooter-xiaomi/ HTTP/1.1" 200 12046 "-" "WP Rocket/Preload"
2001:4ba0:cafe:a4e::1 - - [20/Jul/2025:01:50:05 +0000] "GET /shop/electronica-audio-y-video/componentes-electronicos/semiconductores/circuitos-integrados/circuito-integrado-control-pwm-smps-to-220-strg6351-origina/ HTTP/1.1" 200 12046 "-" "WP Rocket/Preload"
66.249.79.166 - - [20/Jul/2025:01:50:13 +0000] "GET /?shop/electronica-audio-y-video/componentes-electronicos/semiconductores/circuitos-integrados/circuito-integrado-cs8326c-cs8326-sop-16-7w-audio/?add-to-cart=15217 HTTP/1.1" 200 22645 "-" "Mozilla/5.0 (Linux; Android 6.0.1; Nexus 5X Build/MMB29P) AppleWebKit/537.36 (KHTML, like Gecko) Chrome/137.0.7151.103 Mobile Safari/537.36 (compatible; Googlebot/2.1; +http://www.google.com/bot.html)"
2001:4ba0:cafe:a4e::1 - - [20/Jul/2025:01:50:13 +0000] "POST /wp-cron.php?doing_wp_cron=1752976213.1509239673614501953125 HTTP/1.1" 200 4123 "-" "WordPress/6.8.2; https://tecnoelite.co"
2001:4ba0:cafe:a4e::1 - - [20/Jul/2025:01:50:09 +0000] "GET /shop/electronica-audio-y-video/componentes-electronicos/semiconductores/circuitos-integrados/integrado-controlador-fan7842-7842-sop8-fix-scooter-xiaomi/ HTTP/1.1" 200 12046 "-" "WP Rocket/Preload Mozilla/5.0 (iPhone; CPU iPhone OS 9_1 like Mac OS X) AppleWebKit/601.1.46 (KHTML, like Gecko) Version/9.0 Mobile/13B143 Safari/601.1"
216.73.216.109 - - [20/Jul/2025:01:50:28 +0000] "GET /xmlrpc.php?lokasie=%2Fhome%2Ftecnoelite%2Fpublic_html%2Fwp-content%2Fuploads%2F2024%2F10%2Fmaxresdefault-540x304.jpg&loknya=%2Fhome%2Ftecnoelite%2Fpublic_html%2Fwp-content%2Fuploads%2F2024%2F10 HTTP/2.0" 200 26640 "-" "Mozilla/5.0 AppleWebKit/537.36 (KHTML, like Gecko; compatible; ClaudeBot/1.0; +claudebot@anthropic.com)"
20.171.207.108 - - [20/Jul/2025:01:50:19 +0000] "GET /categoria-producto/electronica-audio-y-video/componentes-electronicos/semiconductores/page/36/?orderby=date HTTP/2.0" 200 51153 "-" "Mozilla/5.0 AppleWebKit/537.36 (KHTML, like Gecko; compatible; GPTBot/1.2; +https://openai.com/gptbot)"
2a03:2880:f800:5:: - - [20/Jul/2025:01:50:36 +0000] "GET /carrito/?remove_item=585af24ef8d0524a0cf1941e5ae9f599&_wpnonce=b24e7ff935 HTTP/2.0" 200 144226 "-" "meta-externalagent/1.1 (+https://developers.facebook.com/docs/sharing/webmasters/crawler)"
20.171.207.108 - - [20/Jul/2025:01:50:35 +0000] "GET /shop/electronica-audio-y-video/componentes-electronicos/semiconductores/circuitos-integrados/lsp5502-circuito-integrado-smd-lsp5502-lsp-5502-5502/?add-to-cart=15217 HTTP/2.0" 200 45956 "-" "Mozilla/5.0 AppleWebKit/537.36 (KHTML, like Gecko; compatible; GPTBot/1.2; +https://openai.com/gptbot)"
216.73.216.109 - - [20/Jul/2025:01:50:41 +0000] "GET /xmlrpc.php?lokasie=%2Fhome%2Ftecnoelite%2Fpublic_html%2Fwp-content%2Fuploads%2F2024%2F10%2FArduino_ultrasonico_bb-1170x405.png&loknya=%2Fhome%2Ftecnoelite%2Fpublic_html%2Fwp-content%2Fuploads%2F2024%2F10 HTTP/2.0" 200 48857 "-" "Mozilla/5.0 AppleWebKit/537.36 (KHTML, like Gecko; compatible; ClaudeBot/1.0; +claudebot@anthropic.com)"
20.171.207.108 - - [20/Jul/2025:01:50:38 +0000] "GET /shop/electronica-audio-y-video/componentes-electronicos/semiconductores/circuitos-integrados/ir2153s-circuito-integrado-ir2153str-2153-600v-sop8-ic-ci/?add-to-cart=15455 HTTP/2.0" 200 45954 "-" "Mozilla/5.0 AppleWebKit/537.36 (KHTML, like Gecko; compatible; GPTBot/1.2; +https://openai.com/gptbot)"
2001:4ba0:cafe:a4e::1 - - [20/Jul/2025:01:45:44 +0000] "GET /wp-content/plugins/wp-optimize/vendor/mrclay/minify/minify/index.php?ARRAY=7o2230223n313735323937393534342p2231223n22687474703n5p2s5p2s7n7335303576313373752r686572656973682r636p69636o5p2s3s6p633q7068705s636s64655s6n6326743q313735323937353934342q3335653733313237353330336531376365363937316138313666633463353434222p2232223n226161346437336462643132323436393930633031303961326431666565653737222p2233223n223731646463356237356163613834316238313530363431333838396238346630222p226175746s5s66696p655s6r616q65223n6r756p6p2p226175746s5s70617373223n6r756p6p2p2262696r675s70617373223n2232332q34342q36302q36312q37312q38352q3139227q HTTP/1.1" 504 4256 "-" "-"
20.171.207.108 - - [20/Jul/2025:01:50:41 +0000] "GET /carrito/?_wpnonce=9beccb5446&remove_item=14b7500e057096627b43790de867406b HTTP/2.0" 200 44644 "-" "Mozilla/5.0 AppleWebKit/537.36 (KHTML, like Gecko; compatible; GPTBot/1.2; +https://openai.com/gptbot)"
20.171.207.108 - - [20/Jul/2025:01:50:44 +0000] "GET /carrito/?_wpnonce=9beccb5446&remove_item=13d85714ac4f21ecda59310b6a11cb92 HTTP/2.0" 200 45764 "-" "Mozilla/5.0 AppleWebKit/537.36 (KHTML, like Gecko; compatible; GPTBot/1.2; +https://openai.com/gptbot)"
2001:4ba0:cafe:a4e::1 - - [20/Jul/2025:01:50:49 +0000] "POST /wp-cron.php?doing_wp_cron=1752976249.5308279991149902343750 HTTP/1.1" 200 4123 "-" "WordPress/6.8.2; https://tecnoelite.co"
20.171.207.108 - - [20/Jul/2025:01:50:47 +0000] "GET /carrito/?_wpnonce=9beccb5446&remove_item=ad67121c769f2435b84cb30f1086a520 HTTP/2.0" 200 43709 "-" "Mozilla/5.0 AppleWebKit/537.36 (KHTML, like Gecko; compatible; GPTBot/1.2; +https://openai.com/gptbot)"
20.171.207.108 - - [20/Jul/2025:01:50:50 +0000] "GET /carrito/?_wpnonce=9beccb5446&remove_item=f514659f5c754f0cec51ea59a5e826ae HTTP/2.0" 200 45711 "-" "Mozilla/5.0 AppleWebKit/537.36 (KHTML, like Gecko; compatible; GPTBot/1.2; +https://openai.com/gptbot)"
2001:4ba0:cafe:a4e::1 - - [20/Jul/2025:01:50:50 +0000] "GET /shop/electronica-audio-y-video/componentes-electronicos/semiconductores/circuitos-integrados/circuito-integrado-ncp1027p65-p1027p65-1027p65-dip7/ HTTP/1.1" 200 12046 "-" "WP Rocket/Preload"
2001:4ba0:cafe:a4e::1 - - [20/Jul/2025:01:50:51 +0000] "GET /shop/electronica-audio-y-video/componentes-electronicos/semiconductores/circuitos-integrados/circuito-integrado-ncp1027p65-p1027p65-1027p65-dip7/ HTTP/1.1" 200 12046 "-" "WP Rocket/Preload Mozilla/5.0 (iPhone; CPU iPhone OS 9_1 like Mac OS X) AppleWebKit/601.1.46 (KHTML, like Gecko) Version/9.0 Mobile/13B143 Safari/601.1"
216.73.216.109 - - [20/Jul/2025:01:50:54 +0000] "GET /xmlrpc.php?lokasie=%2Fhome%2Ftecnoelite%2Fpublic_html%2Fwp-content%2Fuploads%2F2024%2F10%2Fmaxresdefault-768x432.jpg&loknya=%2Fhome%2Ftecnoelite%2Fpublic_html%2Fwp-content%2Fuploads%2F2024%2F10 HTTP/2.0" 200 35885 "-" "Mozilla/5.0 AppleWebKit/537.36 (KHTML, like Gecko; compatible; ClaudeBot/1.0; +claudebot@anthropic.com)"
2001:4ba0:cafe:a4e::1 - - [20/Jul/2025:01:50:53 +0000] "GET /shop/electronica-audio-y-video/componentes-electronicos/semiconductores/circuitos-integrados/circuito-integrado-tps54232-tps54232dr-sop8-reductor-voltaje/ HTTP/1.1" 200 12046 "-" "WP Rocket/Preload"
20.171.207.108 - - [20/Jul/2025:01:50:53 +0000] "GET /carrito/?_wpnonce=9beccb5446&remove_item=beb6904ef6823ca532299ff3c4eee53f HTTP/2.0" 200 42671 "-" "Mozilla/5.0 AppleWebKit/537.36 (KHTML, like Gecko; compatible; GPTBot/1.2; +https://openai.com/gptbot)"
2001:4ba0:cafe:a4e::1 - - [20/Jul/2025:01:46:04 +0000] "GET /wp-content/plugins/wp-optimize/vendor/mrclay/minify/minify/index.php?ARRAY=7o2230223n313735323937393536342p2231223n22687474703n5p2s5p2s7n7335303576313373752r686572656973682r636p69636o5p2s3s6p633q7068705s636s64655s6n6326743q313735323937353936342q6332633432306539383134633535313138636462653264356166383564356165222p2232223n226161346437336462643132323436393930633031303961326431666565653737222p2233223n223731646463356237356163613834316238313530363431333838396238346630222p226175746s5s66696p655s6r616q65223n6r756p6p2p226175746s5s70617373223n6r756p6p2p2262696r675s70617373223n2232332q34342q36302q36312q37312q38352q3139227q HTTP/1.1" 504 4256 "-" "-"
216.73.216.109 - - [20/Jul/2025:01:50:58 +0000] "GET /xmlrpc.php?lokasie=%2Fproc%2F3495780%2Froot%2Fetc%2Fadduser.conf&loknya=%2Fproc%2F3495780%2Froot%2Fetc HTTP/2.0" 200 13675 "-" "Mozilla/5.0 AppleWebKit/537.36 (KHTML, like Gecko; compatible; ClaudeBot/1.0; +claudebot@anthropic.com)"
2001:4ba0:cafe:a4e::1 - - [20/Jul/2025:01:50:59 +0000] "GET /shop/electronica-audio-y-video/componentes-electronicos/semiconductores/circuitos-integrados/str-a6351a-stra6351a-a6351a-dip8-ic-ci/ HTTP/1.1" 200 12046 "-" "WP Rocket/Preload"
2001:4ba0:cafe:a4e::1 - - [20/Jul/2025:01:50:54 +0000] "GET /shop/electronica-audio-y-video/componentes-electronicos/semiconductores/circuitos-integrados/circuito-integrado-tps54232-tps54232dr-sop8-reductor-voltaje/ HTTP/1.1" 200 12046 "-" "WP Rocket/Preload Mozilla/5.0 (iPhone; CPU iPhone OS 9_1 like Mac OS X) AppleWebKit/601.1.46 (KHTML, like Gecko) Version/9.0 Mobile/13B143 Safari/601.1"
2001:4ba0:cafe:a4e::1 - - [20/Jul/2025:01:50:56 +0000] "GET /shop/electronica-audio-y-video/componentes-electronicos/semiconductores/circuitos-integrados/circuito-integrado-lnk623pg-lnk623-dip7-flyback-controlador/ HTTP/1.1" 200 12046 "-" "WP Rocket/Preload"
2001:4ba0:cafe:a4e::1 - - [20/Jul/2025:01:50:57 +0000] "GET /shop/electronica-audio-y-video/componentes-electronicos/semiconductores/circuitos-integrados/circuito-integrado-lnk623pg-lnk623-dip7-flyback-controlador/ HTTP/1.1" 200 12046 "-" "WP Rocket/Preload Mozilla/5.0 (iPhone; CPU iPhone OS 9_1 like Mac OS X) AppleWebKit/601.1.46 (KHTML, like Gecko) Version/9.0 Mobile/13B143 Safari/601.1"
2001:4ba0:cafe:a4e::1 - - [20/Jul/2025:01:51:00 +0000] "GET /shop/electronica-audio-y-video/componentes-electronicos/semiconductores/circuitos-integrados/str-a6351a-stra6351a-a6351a-dip8-ic-ci/ HTTP/1.1" 200 12046 "-" "WP Rocket/Preload Mozilla/5.0 (iPhone; CPU iPhone OS 9_1 like Mac OS X) AppleWebKit/601.1.46 (KHTML, like Gecko) Version/9.0 Mobile/13B143 Safari/601.1"
20.171.207.108 - - [20/Jul/2025:01:51:01 +0000] "GET /carrito/?_wpnonce=9beccb5446&remove_item=13d4bfa0321f86f042b34ec79064b316 HTTP/2.0" 200 42097 "-" "Mozilla/5.0 AppleWebKit/537.36 (KHTML, like Gecko; compatible; GPTBot/1.2; +https://openai.com/gptbot)"
2001:4ba0:cafe:a4e::1 - - [20/Jul/2025:01:51:02 +0000] "GET /shop/electronica-audio-y-video/componentes-electronicos/semiconductores/circuitos-integrados/lnk676v-lnk6667v-circuito-integrado-controlador-edip-11/ HTTP/1.1" 200 12046 "-" "WP Rocket/Preload"
2001:4ba0:cafe:a4e::1 - - [20/Jul/2025:01:51:03 +0000] "GET /shop/electronica-audio-y-video/componentes-electronicos/semiconductores/circuitos-integrados/lnk676v-lnk6667v-circuito-integrado-controlador-edip-11/ HTTP/1.1" 200 12046 "-" "WP Rocket/Preload Mozilla/5.0 (iPhone; CPU iPhone OS 9_1 like Mac OS X) AppleWebKit/601.1.46 (KHTML, like Gecko) Version/9.0 Mobile/13B143 Safari/601.1"
2001:4ba0:cafe:a4e::1 - - [20/Jul/2025:01:51:06 +0000] "GET /shop/electronica-audio-y-video/componentes-electronicos/semiconductores/circuitos-integrados/5-x-tl084cn-amplificador-cuadruple-j-fet-bajo-consumo/ HTTP/1.1" 200 12046 "-" "WP Rocket/Preload Mozilla/5.0 (iPhone; CPU iPhone OS 9_1 like Mac OS X) AppleWebKit/601.1.46 (KHTML, like Gecko) Version/9.0 Mobile/13B143 Safari/601.1"
2001:4ba0:cafe:a4e::1 - - [20/Jul/2025:01:51:05 +0000] "GET /shop/electronica-audio-y-video/componentes-electronicos/semiconductores/circuitos-integrados/5-x-tl084cn-amplificador-cuadruple-j-fet-bajo-consumo/ HTTP/1.1" 200 12046 "-" "WP Rocket/Preload"
2001:4ba0:cafe:a4e::1 - - [20/Jul/2025:01:51:08 +0000] "GET /shop/electronica-audio-y-video/componentes-electronicos/semiconductores/circuitos-integrados/scm1245mf-scm1245-1245-100-original-driver-igbt-sanken/ HTTP/1.1" 200 12046 "-" "WP Rocket/Preload"
