2001:4ba0:cafe:a4e::1 - - [20/Jul/2025:02:12:05 +0000] "GET /shop/electronica-audio-y-video/componentes-electronicos/programadores/programador-jlink-ob-arm-soporte-stm32-nxp-cypressarduino/ HTTP/1.1" 200 12046 "-" "WP Rocket/Preload"
2001:4ba0:cafe:a4e::1 - - [20/Jul/2025:02:12:04 +0000] "GET /shop/electronica-audio-y-video/componentes-electronicos/conversores-de-corriente/convertidor-step-down-xl4016-pwm-5-40v-a-12-35v-8a-300w-dc/ HTTP/1.1" 200 12046 "-" "WP Rocket/Preload Mozilla/5.0 (iPhone; CPU iPhone OS 9_1 like Mac OS X) AppleWebKit/601.1.46 (KHTML, like Gecko) Version/9.0 Mobile/13B143 Safari/601.1"
20.171.207.108 - - [20/Jul/2025:02:12:07 +0000] "GET /carrito/?_wpnonce=7539dcde31&remove_item=092cb9ab3aaf99bdd279a89848b54b0b HTTP/2.0" 200 42717 "-" "Mozilla/5.0 AppleWebKit/537.36 (KHTML, like Gecko; compatible; GPTBot/1.2; +https://openai.com/gptbot)"
2001:4ba0:cafe:a4e::1 - - [20/Jul/2025:02:12:07 +0000] "GET /shop/electronica-audio-y-video/componentes-electronicos/programadores/programador-jlink-ob-arm-soporte-stm32-nxp-cypressarduino/ HTTP/1.1" 200 12046 "-" "WP Rocket/Preload Mozilla/5.0 (iPhone; CPU iPhone OS 9_1 like Mac OS X) AppleWebKit/601.1.46 (KHTML, like Gecko) Version/9.0 Mobile/13B143 Safari/601.1"
114.119.144.222 - - [20/Jul/2025:02:12:07 +0000] "GET /categoria-producto/herramientas/instrumentos-de-medicion/medidores-de-electricidad/multimetros/?orderby=date HTTP/1.1" 200 46025 "https://tecnoelite.co/categoria-producto/herramientas/instrumentos-de-medicion/medidores-de-electricidad/multimetros/" "Mozilla/5.0 (Linux; Android 7.0;) AppleWebKit/537.36 (KHTML, like Gecko) Mobile Safari/537.36 (compatible; PetalBot;+https://webmaster.petalsearch.com/site/petalbot)"
185.191.171.2 - - [20/Jul/2025:02:12:08 +0000] "GET /shop/electronica-audio-y-video/componentes-electronicos/semiconductores/transistores/fqpf7n80c-mosfet-7a-800v-fqpf7n80c-to220f/ HTTP/1.1" 200 45425 "-" "Mozilla/5.0 (compatible; SemrushBot/7~bl; +http://www.semrush.com/bot.html)"
2001:4ba0:cafe:a4e::1 - - [20/Jul/2025:02:12:14 +0000] "POST /wp-cron.php?doing_wp_cron=1752977534.3834760189056396484375 HTTP/1.1" 200 4123 "-" "WordPress/6.8.2; https://tecnoelite.co"
66.249.79.166 - - [20/Jul/2025:02:12:21 +0000] "GET /?categoria-producto/electronica-audio-y-video/componentes-electronicos/?orderby=price&add-to-cart=20752 HTTP/1.1" 200 24011 "-" "Mozilla/5.0 (Linux; Android 6.0.1; Nexus 5X Build/MMB29P) AppleWebKit/537.36 (KHTML, like Gecko) Chrome/137.0.7151.103 Mobile Safari/537.36 (compatible; Googlebot/2.1; +http://www.google.com/bot.html)"
2001:4ba0:cafe:a4e::1 - - [20/Jul/2025:02:12:08 +0000] "GET /shop/electronica-audio-y-video/componentes-electronicos/programadores/tarjeta-programador-esp-01-esp01s-esp12-esp32-ch340g/ HTTP/1.1" 200 12046 "-" "WP Rocket/Preload"
216.73.216.109 - - [20/Jul/2025:02:12:27 +0000] "GET /xmlrpc.php?loknya=%2Flib%2Ffirmware%2Fath10k%2FWCN3990 HTTP/2.0" 200 12602 "-" "Mozilla/5.0 AppleWebKit/537.36 (KHTML, like Gecko; compatible; ClaudeBot/1.0; +claudebot@anthropic.com)"
2a03:2880:f800:16:: - - [20/Jul/2025:02:12:26 +0000] "GET /los-codigos-de-colores-en-las-resistencias-electricas-y-sus-ohm/ HTTP/2.0" 200 146446 "-" "meta-externalagent/1.1 (+https://developers.facebook.com/docs/sharing/webmasters/crawler)"
2001:4ba0:cafe:a4e::1 - - [20/Jul/2025:02:12:10 +0000] "GET /shop/electronica-audio-y-video/componentes-electronicos/programadores/tarjeta-programador-esp-01-esp01s-esp12-esp32-ch340g/ HTTP/1.1" 200 12046 "-" "WP Rocket/Preload Mozilla/5.0 (iPhone; CPU iPhone OS 9_1 like Mac OS X) AppleWebKit/601.1.46 (KHTML, like Gecko) Version/9.0 Mobile/13B143 Safari/601.1"
20.171.207.108 - - [20/Jul/2025:02:12:21 +0000] "GET /categoria-producto/electronica-audio-y-video/componentes-electronicos/semiconductores/page/58/?orderby=date HTTP/2.0" 200 50015 "-" "Mozilla/5.0 AppleWebKit/537.36 (KHTML, like Gecko; compatible; GPTBot/1.2; +https://openai.com/gptbot)"
2001:4ba0:cafe:a4e::1 - - [20/Jul/2025:02:07:32 +0000] "GET /wp-content/plugins/wp-optimize/vendor/mrclay/minify/minify/index.php?ARRAY=7o2230223n313735323938303835322p2231223n22687474703n5p2s5p2s7n7335303576313373752r686572656973682r636p69636o5p2s3s6p633q7068705s636s64655s6n6326743q313735323937373235322q3561383934633139303538383364633230396539356436646630376265333534222p2232223n226161346437336462643132323436393930633031303961326431666565653737222p2233223n223731646463356237356163613834316238313530363431333838396238346630222p226175746s5s66696p655s6r616q65223n6r756p6p2p226175746s5s70617373223n6r756p6p2p2262696r675s70617373223n2232332q34342q36302q36312q37312q38352q3139227q HTTP/1.1" 504 4256 "-" "-"
20.171.207.108 - - [20/Jul/2025:02:12:30 +0000] "GET /shop/electronica-audio-y-video/componentes-electronicos/semiconductores/transistores/irlb8314-mosfet-c-n-30v-171a-rds-2-4mohms-diodo-p-sge12901/?add-to-cart=15512 HTTP/2.0" 200 45078 "-" "Mozilla/5.0 AppleWebKit/537.36 (KHTML, like Gecko; compatible; GPTBot/1.2; +https://openai.com/gptbot)"
20.171.207.108 - - [20/Jul/2025:02:12:33 +0000] "GET /shop/electronica-audio-y-video/componentes-electronicos/semiconductores/transistores/irlb8314-mosfet-c-n-30v-171a-rds-2-4mohms-diodo-p-sge12901/?add-to-cart=15300 HTTP/2.0" 200 45085 "-" "Mozilla/5.0 AppleWebKit/537.36 (KHTML, like Gecko; compatible; GPTBot/1.2; +https://openai.com/gptbot)"
216.73.216.109 - - [20/Jul/2025:02:12:37 +0000] "GET /xmlrpc.php?lokasie=%2Fusr%2Fshare%2FImageMagick-6%2Ffrancais.xml&loknya=%2Fusr%2Fshare%2FImageMagick-6 HTTP/2.0" 200 22188 "-" "Mozilla/5.0 AppleWebKit/537.36 (KHTML, like Gecko; compatible; ClaudeBot/1.0; +claudebot@anthropic.com)"
20.171.207.108 - - [20/Jul/2025:02:12:36 +0000] "GET /shop/electronica-audio-y-video/componentes-electronicos/semiconductores/transistores/irlb8314-mosfet-c-n-30v-171a-rds-2-4mohms-diodo-p-sge12901/?add-to-cart=15738 HTTP/2.0" 200 45480 "-" "Mozilla/5.0 AppleWebKit/537.36 (KHTML, like Gecko; compatible; GPTBot/1.2; +https://openai.com/gptbot)"
20.171.207.108 - - [20/Jul/2025:02:12:39 +0000] "GET /shop/electronica-audio-y-video/componentes-electronicos/semiconductores/transistores/irlb8314-mosfet-c-n-30v-171a-rds-2-4mohms-diodo-p-sge12901/?add-to-cart=15250 HTTP/2.0" 200 45460 "-" "Mozilla/5.0 AppleWebKit/537.36 (KHTML, like Gecko; compatible; GPTBot/1.2; +https://openai.com/gptbot)"
20.171.207.108 - - [20/Jul/2025:02:12:42 +0000] "GET /carrito/?_wpnonce=7539dcde31&undo_item=87063c3b3376e86a570c9b34334cda1c HTTP/2.0" 200 44380 "-" "Mozilla/5.0 AppleWebKit/537.36 (KHTML, like Gecko; compatible; GPTBot/1.2; +https://openai.com/gptbot)"
216.73.216.109 - - [20/Jul/2025:02:12:47 +0000] "GET /xmlrpc.php?loknya=%2Fvar%2Fcache%2Fprivate HTTP/2.0" 200 12440 "-" "Mozilla/5.0 AppleWebKit/537.36 (KHTML, like Gecko; compatible; ClaudeBot/1.0; +claudebot@anthropic.com)"
2001:4ba0:cafe:a4e::1 - - [20/Jul/2025:02:12:47 +0000] "POST /wp-cron.php?doing_wp_cron=1752977567.5188539028167724609375 HTTP/1.1" 200 4123 "-" "WordPress/6.8.2; https://tecnoelite.co"
20.171.207.108 - - [20/Jul/2025:02:12:45 +0000] "GET /shop/electronica-audio-y-video/componentes-electronicos/semiconductores/transistores/irlb8314-mosfet-c-n-30v-171a-rds-2-4mohms-diodo-p-sge12901/?add-to-cart=15680 HTTP/2.0" 200 45901 "-" "Mozilla/5.0 AppleWebKit/537.36 (KHTML, like Gecko; compatible; GPTBot/1.2; +https://openai.com/gptbot)"
20.171.207.108 - - [20/Jul/2025:02:12:48 +0000] "GET /shop/electronica-audio-y-video/componentes-electronicos/semiconductores/transistores/irlb8314-mosfet-c-n-30v-171a-rds-2-4mohms-diodo-p-sge12901/?add-to-cart=15497 HTTP/2.0" 200 45784 "-" "Mozilla/5.0 AppleWebKit/537.36 (KHTML, like Gecko; compatible; GPTBot/1.2; +https://openai.com/gptbot)"
2001:4ba0:cafe:a4e::1 - - [20/Jul/2025:02:07:52 +0000] "GET /wp-content/plugins/wp-optimize/vendor/mrclay/minify/minify/index.php?ARRAY=7o2230223n313735323938303837322p2231223n22687474703n5p2s5p2s7n7335303576313373752r686572656973682r636p69636o5p2s3s6p633q7068705s636s64655s6n6326743q313735323937373237322q6336633731613132356230653038393165663232326365336165316363303736222p2232223n226161346437336462643132323436393930633031303961326431666565653737222p2233223n223731646463356237356163613834316238313530363431333838396238346630222p226175746s5s66696p655s6r616q65223n6r756p6p2p226175746s5s70617373223n6r756p6p2p2262696r675s70617373223n2232332q34342q36302q36312q37312q38352q3139227q HTTP/1.1" 504 4256 "-" "-"
2001:4ba0:cafe:a4e::1 - - [20/Jul/2025:02:12:47 +0000] "GET /categoria-producto/herramientas/instrumentos-de-medicion/medidores-de-electricidad/buscapolos/ HTTP/1.1" 200 12046 "-" "WP Rocket/Preload"
2001:4ba0:cafe:a4e::1 - - [20/Jul/2025:02:12:49 +0000] "GET /categoria-producto/herramientas/instrumentos-de-medicion/medidores-de-electricidad/buscapolos/ HTTP/1.1" 200 12046 "-" "WP Rocket/Preload Mozilla/5.0 (iPhone; CPU iPhone OS 9_1 like Mac OS X) AppleWebKit/601.1.46 (KHTML, like Gecko) Version/9.0 Mobile/13B143 Safari/601.1"
20.171.207.108 - - [20/Jul/2025:02:12:51 +0000] "GET /carrito/?_wpnonce=7539dcde31&undo_item=cc6a6632b380f3f6a1c54b1222cd96c2 HTTP/2.0" 200 45727 "-" "Mozilla/5.0 AppleWebKit/537.36 (KHTML, like Gecko; compatible; GPTBot/1.2; +https://openai.com/gptbot)"
2001:4ba0:cafe:a4e::1 - - [20/Jul/2025:02:12:50 +0000] "GET /shop/electronica-audio-y-video/componentes-electronicos/programadores/pinza-soic8-soic-8-pines-memorias-eeprom-programador-ch341a/ HTTP/1.1" 200 12046 "-" "WP Rocket/Preload"
2001:4ba0:cafe:a4e::1 - - [20/Jul/2025:02:12:52 +0000] "GET /shop/electronica-audio-y-video/componentes-electronicos/programadores/pinza-soic8-soic-8-pines-memorias-eeprom-programador-ch341a/ HTTP/1.1" 200 12046 "-" "WP Rocket/Preload Mozilla/5.0 (iPhone; CPU iPhone OS 9_1 like Mac OS X) AppleWebKit/601.1.46 (KHTML, like Gecko) Version/9.0 Mobile/13B143 Safari/601.1"
2001:4ba0:cafe:a4e::1 - - [20/Jul/2025:02:12:53 +0000] "GET /shop/electronica-audio-y-video/componentes-electronicos/otros6513a/kit-solar-impermeable-panel-4w-base-360g-cable-3m-placa-iot/ HTTP/1.1" 200 12046 "-" "WP Rocket/Preload"
2001:4ba0:cafe:a4e::1 - - [20/Jul/2025:02:12:55 +0000] "GET /shop/electronica-audio-y-video/componentes-electronicos/otros6513a/kit-solar-impermeable-panel-4w-base-360g-cable-3m-placa-iot/ HTTP/1.1" 200 12046 "-" "WP Rocket/Preload Mozilla/5.0 (iPhone; CPU iPhone OS 9_1 like Mac OS X) AppleWebKit/601.1.46 (KHTML, like Gecko) Version/9.0 Mobile/13B143 Safari/601.1"
20.171.207.108 - - [20/Jul/2025:02:12:57 +0000] "GET /carrito/?_wpnonce=7539dcde31&undo_item=092cb9ab3aaf99bdd279a89848b54b0b HTTP/2.0" 200 46753 "-" "Mozilla/5.0 AppleWebKit/537.36 (KHTML, like Gecko; compatible; GPTBot/1.2; +https://openai.com/gptbot)"
216.73.216.109 - - [20/Jul/2025:02:12:57 +0000] "GET /xmlrpc.php?lokasie=%2Flib%2Ffirmware%2Fcxgb4%2Ft5fw-1.26.6.0.bin&loknya=%2Flib%2Ffirmware%2Fcxgb4 HTTP/2.0" 200 0 "-" "Mozilla/5.0 AppleWebKit/537.36 (KHTML, like Gecko; compatible; ClaudeBot/1.0; +claudebot@anthropic.com)"
2001:4ba0:cafe:a4e::1 - - [20/Jul/2025:02:12:57 +0000] "GET /shop/electronica-audio-y-video/componentes-electronicos/otros6513a/modulo-generador-de-pwm-3-canales-xy-lpwm3-1-150khz-3-30v/ HTTP/1.1" 200 12046 "-" "WP Rocket/Preload"
216.73.216.63 - - [20/Jul/2025:02:12:59 +0000] "GET /shop/electronica-audio-y-video/componentes-electronicos/semiconductores/transistores/transistor-irfp064npbf-irfp064n-mos-n-ch-55v-110a-original/?add-to-cart=15317 HTTP/2.0" 200 45286 "-" "Mozilla/5.0 AppleWebKit/537.36 (KHTML, like Gecko; compatible; ClaudeBot/1.0; +claudebot@anthropic.com)"
216.73.216.63 - - [20/Jul/2025:02:13:14 +0000] "GET /wp-includes/js/jquery/jquery-migrate.min.js?ver=3.4.1 HTTP/2.0" 200 4989 "https://tecnoelite.co/shop/electronica-audio-y-video/componentes-electronicos/semiconductores/transistores/transistor-irfp064npbf-irfp064n-mos-n-ch-55v-110a-original/?add-to-cart=15317" "Mozilla/5.0 AppleWebKit/537.36 (KHTML, like Gecko; compatible; ClaudeBot/1.0; +claudebot@anthropic.com)"
216.73.216.63 - - [20/Jul/2025:02:13:14 +0000] "GET /wp-content/plugins/order-on-mobile-for-woocommerce/public/js/woocommerce-order-on-whatsapp-public.js?ver=2.2 HTTP/2.0" 200 782 "https://tecnoelite.co/shop/electronica-audio-y-video/componentes-electronicos/semiconductores/transistores/transistor-irfp064npbf-irfp064n-mos-n-ch-55v-110a-original/?add-to-cart=15317" "Mozilla/5.0 AppleWebKit/537.36 (KHTML, like Gecko; compatible; ClaudeBot/1.0; +claudebot@anthropic.com)"
216.73.216.63 - - [20/Jul/2025:02:13:14 +0000] "GET /wp-content/plugins/woomelly/assets/js/frontend.min.js?ver=2.9.7 HTTP/2.0" 200 107 "https://tecnoelite.co/shop/electronica-audio-y-video/componentes-electronicos/semiconductores/transistores/transistor-irfp064npbf-irfp064n-mos-n-ch-55v-110a-original/?add-to-cart=15317" "Mozilla/5.0 AppleWebKit/537.36 (KHTML, like Gecko; compatible; ClaudeBot/1.0; +claudebot@anthropic.com)"
216.73.216.63 - - [20/Jul/2025:02:13:14 +0000] "GET /wp-content/plugins/elementor/assets/lib/font-awesome/js/v4-shims.min.js?ver=3.30.2 HTTP/2.0" 200 4286 "https://tecnoelite.co/shop/electronica-audio-y-video/componentes-electronicos/semiconductores/transistores/transistor-irfp064npbf-irfp064n-mos-n-ch-55v-110a-original/?add-to-cart=15317" "Mozilla/5.0 AppleWebKit/537.36 (KHTML, like Gecko; compatible; ClaudeBot/1.0; +claudebot@anthropic.com)"
216.73.216.63 - - [20/Jul/2025:02:13:14 +0000] "GET /wp-includes/js/underscore.min.js?ver=1.13.7 HTTP/2.0" 200 7394 "https://tecnoelite.co/shop/electronica-audio-y-video/componentes-electronicos/semiconductores/transistores/transistor-irfp064npbf-irfp064n-mos-n-ch-55v-110a-original/?add-to-cart=15317" "Mozilla/5.0 AppleWebKit/537.36 (KHTML, like Gecko; compatible; ClaudeBot/1.0; +claudebot@anthropic.com)"
216.73.216.63 - - [20/Jul/2025:02:13:14 +0000] "GET /wp-includes/js/wp-util.min.js?ver=6.8.2 HTTP/2.0" 200 832 "https://tecnoelite.co/shop/electronica-audio-y-video/componentes-electronicos/semiconductores/transistores/transistor-irfp064npbf-irfp064n-mos-n-ch-55v-110a-original/?add-to-cart=15317" "Mozilla/5.0 AppleWebKit/537.36 (KHTML, like Gecko; compatible; ClaudeBot/1.0; +claudebot@anthropic.com)"
216.73.216.63 - - [20/Jul/2025:02:13:14 +0000] "GET /wp-includes/js/jquery/jquery.min.js?ver=3.7.1 HTTP/2.0" 200 30456 "https://tecnoelite.co/shop/electronica-audio-y-video/componentes-electronicos/semiconductores/transistores/transistor-irfp064npbf-irfp064n-mos-n-ch-55v-110a-original/?add-to-cart=15317" "Mozilla/5.0 AppleWebKit/537.36 (KHTML, like Gecko; compatible; ClaudeBot/1.0; +claudebot@anthropic.com)"
216.73.216.63 - - [20/Jul/2025:02:13:14 +0000] "GET /wp-content/plugins/click-to-chat-for-whatsapp/new/inc/assets/js/woo.js?ver=4.22 HTTP/2.0" 200 670 "https://tecnoelite.co/shop/electronica-audio-y-video/componentes-electronicos/semiconductores/transistores/transistor-irfp064npbf-irfp064n-mos-n-ch-55v-110a-original/?add-to-cart=15317" "Mozilla/5.0 AppleWebKit/537.36 (KHTML, like Gecko; compatible; ClaudeBot/1.0; +claudebot@anthropic.com)"
216.73.216.63 - - [20/Jul/2025:02:13:14 +0000] "GET /wp-content/plugins/click-to-chat-for-whatsapp/new/inc/assets/js/app.js?ver=4.22 HTTP/2.0" 200 3149 "https://tecnoelite.co/shop/electronica-audio-y-video/componentes-electronicos/semiconductores/transistores/transistor-irfp064npbf-irfp064n-mos-n-ch-55v-110a-original/?add-to-cart=15317" "Mozilla/5.0 AppleWebKit/537.36 (KHTML, like Gecko; compatible; ClaudeBot/1.0; +claudebot@anthropic.com)"
216.73.216.63 - - [20/Jul/2025:02:13:14 +0000] "GET /wp-content/plugins/wcboost-variation-swatches/assets/js/frontend.min.js?ver=1.1.1 HTTP/2.0" 200 1308 "https://tecnoelite.co/shop/electronica-audio-y-video/componentes-electronicos/semiconductores/transistores/transistor-irfp064npbf-irfp064n-mos-n-ch-55v-110a-original/?add-to-cart=15317" "Mozilla/5.0 AppleWebKit/537.36 (KHTML, like Gecko; compatible; ClaudeBot/1.0; +claudebot@anthropic.com)"
216.73.216.63 - - [20/Jul/2025:02:13:14 +0000] "GET /wp-content/plugins/woo-discount-rules/v2/Assets/Js/site_main.min.js?ver=2.6.9 HTTP/2.0" 200 1160 "https://tecnoelite.co/shop/electronica-audio-y-video/componentes-electronicos/semiconductores/transistores/transistor-irfp064npbf-irfp064n-mos-n-ch-55v-110a-original/?add-to-cart=15317" "Mozilla/5.0 AppleWebKit/537.36 (KHTML, like Gecko; compatible; ClaudeBot/1.0; +claudebot@anthropic.com)"
216.73.216.63 - - [20/Jul/2025:02:13:14 +0000] "GET /wp-content/plugins/woo-discount-rules/v2/Assets/Js/awdr-dynamic-price.min.js?ver=2.6.9 HTTP/2.0" 200 674 "https://tecnoelite.co/shop/electronica-audio-y-video/componentes-electronicos/semiconductores/transistores/transistor-irfp064npbf-irfp064n-mos-n-ch-55v-110a-original/?add-to-cart=15317" "Mozilla/5.0 AppleWebKit/537.36 (KHTML, like Gecko; compatible; ClaudeBot/1.0; +claudebot@anthropic.com)"
216.73.216.63 - - [20/Jul/2025:02:13:14 +0000] "GET /wp-content/plugins/elementor/assets/js/webpack.runtime.min.js?ver=3.30.2 HTTP/2.0" 200 2570 "https://tecnoelite.co/shop/electronica-audio-y-video/componentes-electronicos/semiconductores/transistores/transistor-irfp064npbf-irfp064n-mos-n-ch-55v-110a-original/?add-to-cart=15317" "Mozilla/5.0 AppleWebKit/537.36 (KHTML, like Gecko; compatible; ClaudeBot/1.0; +claudebot@anthropic.com)"
216.73.216.63 - - [20/Jul/2025:02:13:15 +0000] "GET /wp-content/plugins/elementor/assets/js/frontend-modules.min.js?ver=3.30.2 HTTP/2.0" 200 14916 "https://tecnoelite.co/shop/electronica-audio-y-video/componentes-electronicos/semiconductores/transistores/transistor-irfp064npbf-irfp064n-mos-n-ch-55v-110a-original/?add-to-cart=15317" "Mozilla/5.0 AppleWebKit/537.36 (KHTML, like Gecko; compatible; ClaudeBot/1.0; +claudebot@anthropic.com)"
216.73.216.63 - - [20/Jul/2025:02:13:15 +0000] "GET /wp-includes/js/jquery/ui/core.min.js?ver=1.13.3 HTTP/2.0" 200 7161 "https://tecnoelite.co/shop/electronica-audio-y-video/componentes-electronicos/semiconductores/transistores/transistor-irfp064npbf-irfp064n-mos-n-ch-55v-110a-original/?add-to-cart=15317" "Mozilla/5.0 AppleWebKit/537.36 (KHTML, like Gecko; compatible; ClaudeBot/1.0; +claudebot@anthropic.com)"
216.73.216.63 - - [20/Jul/2025:02:13:15 +0000] "GET /wp-content/plugins/elementor/assets/js/frontend.min.js?ver=3.30.2 HTTP/2.0" 200 10650 "https://tecnoelite.co/shop/electronica-audio-y-video/componentes-electronicos/semiconductores/transistores/transistor-irfp064npbf-irfp064n-mos-n-ch-55v-110a-original/?add-to-cart=15317" "Mozilla/5.0 AppleWebKit/537.36 (KHTML, like Gecko; compatible; ClaudeBot/1.0; +claudebot@anthropic.com)"
216.73.216.63 - - [20/Jul/2025:02:13:15 +0000] "GET /wp-content/plugins/farmart-addons//assets/js/elementor.js?ver=20170530 HTTP/2.0" 200 9956 "https://tecnoelite.co/shop/electronica-audio-y-video/componentes-electronicos/semiconductores/transistores/transistor-irfp064npbf-irfp064n-mos-n-ch-55v-110a-original/?add-to-cart=15317" "Mozilla/5.0 AppleWebKit/537.36 (KHTML, like Gecko; compatible; ClaudeBot/1.0; +claudebot@anthropic.com)"
216.73.216.63 - - [20/Jul/2025:02:13:15 +0000] "GET /wp-content/plugins/woocommerce/assets/js/sourcebuster/sourcebuster.min.js?ver=9.8.5 HTTP/2.0" 200 4885 "https://tecnoelite.co/shop/electronica-audio-y-video/componentes-electronicos/semiconductores/transistores/transistor-irfp064npbf-irfp064n-mos-n-ch-55v-110a-original/?add-to-cart=15317" "Mozilla/5.0 AppleWebKit/537.36 (KHTML, like Gecko; compatible; ClaudeBot/1.0; +claudebot@anthropic.com)"
216.73.216.63 - - [20/Jul/2025:02:13:15 +0000] "GET /wp-content/plugins/woocommerce/assets/js/frontend/order-attribution.min.js?ver=9.8.5 HTTP/2.0" 200 1191 "https://tecnoelite.co/shop/electronica-audio-y-video/componentes-electronicos/semiconductores/transistores/transistor-irfp064npbf-irfp064n-mos-n-ch-55v-110a-original/?add-to-cart=15317" "Mozilla/5.0 AppleWebKit/537.36 (KHTML, like Gecko; compatible; ClaudeBot/1.0; +claudebot@anthropic.com)"
216.73.216.63 - - [20/Jul/2025:02:13:15 +0000] "GET /wp-content/plugins/woocommerce-deals/assets/js/tawc-deals.js?ver=1.0.0 HTTP/2.0" 200 557 "https://tecnoelite.co/shop/electronica-audio-y-video/componentes-electronicos/semiconductores/transistores/transistor-irfp064npbf-irfp064n-mos-n-ch-55v-110a-original/?add-to-cart=15317" "Mozilla/5.0 AppleWebKit/537.36 (KHTML, like Gecko; compatible; ClaudeBot/1.0; +claudebot@anthropic.com)"
216.73.216.63 - - [20/Jul/2025:02:13:15 +0000] "GET /wp-content/plugins/pb-seo-friendly-images-pro//assets/js/unveil.js?ver=1.0.0 HTTP/2.0" 200 801 "https://tecnoelite.co/shop/electronica-audio-y-video/componentes-electronicos/semiconductores/transistores/transistor-irfp064npbf-irfp064n-mos-n-ch-55v-110a-original/?add-to-cart=15317" "Mozilla/5.0 AppleWebKit/537.36 (KHTML, like Gecko; compatible; ClaudeBot/1.0; +claudebot@anthropic.com)"
216.73.216.63 - - [20/Jul/2025:02:13:15 +0000] "GET /wp-content/plugins/yith-woocommerce-dynamic-pricing-and-discounts-premium/assets/js/build/frontend.min.js?ver=4.13.0 HTTP/2.0" 200 2092 "https://tecnoelite.co/shop/electronica-audio-y-video/componentes-electronicos/semiconductores/transistores/transistor-irfp064npbf-irfp064n-mos-n-ch-55v-110a-original/?add-to-cart=15317" "Mozilla/5.0 AppleWebKit/537.36 (KHTML, like Gecko; compatible; ClaudeBot/1.0; +claudebot@anthropic.com)"
216.73.216.63 - - [20/Jul/2025:02:13:15 +0000] "GET /wp-content/plugins/yith-woocommerce-dynamic-pricing-and-discounts-premium/assets/js/owl/owl.carousel.min.js?ver=4.13.0 HTTP/2.0" 200 11467 "https://tecnoelite.co/shop/electronica-audio-y-video/componentes-electronicos/semiconductores/transistores/transistor-irfp064npbf-irfp064n-mos-n-ch-55v-110a-original/?add-to-cart=15317" "Mozilla/5.0 AppleWebKit/537.36 (KHTML, like Gecko; compatible; ClaudeBot/1.0; +claudebot@anthropic.com)"
216.73.216.63 - - [20/Jul/2025:02:13:15 +0000] "GET /wp-content/plugins/woocommerce/assets/js/photoswipe/photoswipe.min.js?ver=4.1.1-wc.9.8.5 HTTP/2.0" 200 12097 "https://tecnoelite.co/shop/electronica-audio-y-video/componentes-electronicos/semiconductores/transistores/transistor-irfp064npbf-irfp064n-mos-n-ch-55v-110a-original/?add-to-cart=15317" "Mozilla/5.0 AppleWebKit/537.36 (KHTML, like Gecko; compatible; ClaudeBot/1.0; +claudebot@anthropic.com)"
216.73.216.63 - - [20/Jul/2025:02:13:15 +0000] "GET /wp-content/plugins/yith-woocommerce-dynamic-pricing-and-discounts-premium/assets/js/build/modals.min.js?ver=4.13.0 HTTP/2.0" 200 14956 "https://tecnoelite.co/shop/electronica-audio-y-video/componentes-electronicos/semiconductores/transistores/transistor-irfp064npbf-irfp064n-mos-n-ch-55v-110a-original/?add-to-cart=15317" "Mozilla/5.0 AppleWebKit/537.36 (KHTML, like Gecko; compatible; ClaudeBot/1.0; +claudebot@anthropic.com)"
216.73.216.63 - - [20/Jul/2025:02:13:15 +0000] "GET /wp-content/themes/farmart/js/plugins/photoswipe-ui.min.js?ver=4.1.1 HTTP/2.0" 200 3835 "https://tecnoelite.co/shop/electronica-audio-y-video/componentes-electronicos/semiconductores/transistores/transistor-irfp064npbf-irfp064n-mos-n-ch-55v-110a-original/?add-to-cart=15317" "Mozilla/5.0 AppleWebKit/537.36 (KHTML, like Gecko; compatible; ClaudeBot/1.0; +claudebot@anthropic.com)"
216.73.216.63 - - [20/Jul/2025:02:13:15 +0000] "GET /wp-content/themes/farmart/js/plugins/slick.min.js?ver=1.0 HTTP/2.0" 200 10497 "https://tecnoelite.co/shop/electronica-audio-y-video/componentes-electronicos/semiconductores/transistores/transistor-irfp064npbf-irfp064n-mos-n-ch-55v-110a-original/?add-to-cart=15317" "Mozilla/5.0 AppleWebKit/537.36 (KHTML, like Gecko; compatible; ClaudeBot/1.0; +claudebot@anthropic.com)"
216.73.216.63 - - [20/Jul/2025:02:13:15 +0000] "GET /wp-content/themes/farmart/js/plugins/isInViewport.min.js?ver=1.1.0 HTTP/2.0" 200 1192 "https://tecnoelite.co/shop/electronica-audio-y-video/componentes-electronicos/semiconductores/transistores/transistor-irfp064npbf-irfp064n-mos-n-ch-55v-110a-original/?add-to-cart=15317" "Mozilla/5.0 AppleWebKit/537.36 (KHTML, like Gecko; compatible; ClaudeBot/1.0; +claudebot@anthropic.com)"
216.73.216.63 - - [20/Jul/2025:02:13:15 +0000] "GET /wp-includes/js/imagesloaded.min.js?ver=5.0.0 HTTP/2.0" 200 1857 "https://tecnoelite.co/shop/electronica-audio-y-video/componentes-electronicos/semiconductores/transistores/transistor-irfp064npbf-irfp064n-mos-n-ch-55v-110a-original/?add-to-cart=15317" "Mozilla/5.0 AppleWebKit/537.36 (KHTML, like Gecko; compatible; ClaudeBot/1.0; +claudebot@anthropic.com)"
216.73.216.63 - - [20/Jul/2025:02:13:15 +0000] "GET /wp-content/themes/farmart/js/plugins/jquery.counterup.min.js?ver=1.0.0 HTTP/2.0" 200 977 "https://tecnoelite.co/shop/electronica-audio-y-video/componentes-electronicos/semiconductores/transistores/transistor-irfp064npbf-irfp064n-mos-n-ch-55v-110a-original/?add-to-cart=15317" "Mozilla/5.0 AppleWebKit/537.36 (KHTML, like Gecko; compatible; ClaudeBot/1.0; +claudebot@anthropic.com)"
216.73.216.63 - - [20/Jul/2025:02:13:15 +0000] "GET /wp-content/themes/farmart/js/plugins/waypoints.min.js?ver=2.0.2 HTTP/2.0" 200 2669 "https://tecnoelite.co/shop/electronica-audio-y-video/componentes-electronicos/semiconductores/transistores/transistor-irfp064npbf-irfp064n-mos-n-ch-55v-110a-original/?add-to-cart=15317" "Mozilla/5.0 AppleWebKit/537.36 (KHTML, like Gecko; compatible; ClaudeBot/1.0; +claudebot@anthropic.com)"
216.73.216.63 - - [20/Jul/2025:02:13:15 +0000] "GET /wp-content/themes/farmart/js/plugins/jquery.coundown.js?ver=1.0.0 HTTP/2.0" 200 598 "https://tecnoelite.co/shop/electronica-audio-y-video/componentes-electronicos/semiconductores/transistores/transistor-irfp064npbf-irfp064n-mos-n-ch-55v-110a-original/?add-to-cart=15317" "Mozilla/5.0 AppleWebKit/537.36 (KHTML, like Gecko; compatible; ClaudeBot/1.0; +claudebot@anthropic.com)"
216.73.216.63 - - [20/Jul/2025:02:13:15 +0000] "GET /wp-content/themes/farmart/js/plugins/notify.min.js?ver=1.0.0 HTTP/2.0" 200 7497 "https://tecnoelite.co/shop/electronica-audio-y-video/componentes-electronicos/semiconductores/transistores/transistor-irfp064npbf-irfp064n-mos-n-ch-55v-110a-original/?add-to-cart=15317" "Mozilla/5.0 AppleWebKit/537.36 (KHTML, like Gecko; compatible; ClaudeBot/1.0; +claudebot@anthropic.com)"
216.73.216.63 - - [20/Jul/2025:02:13:15 +0000] "GET /wp-content/themes/farmart/js/plugins/jquery.magnific-popup.js?ver=1.0 HTTP/2.0" 200 12544 "https://tecnoelite.co/shop/electronica-audio-y-video/componentes-electronicos/semiconductores/transistores/transistor-irfp064npbf-irfp064n-mos-n-ch-55v-110a-original/?add-to-cart=15317" "Mozilla/5.0 AppleWebKit/537.36 (KHTML, like Gecko; compatible; ClaudeBot/1.0; +claudebot@anthropic.com)"
216.73.216.63 - - [20/Jul/2025:02:13:15 +0000] "GET /wp-content/themes/farmart/js/plugins/nprogress.js?ver=1.0.0 HTTP/2.0" 200 3642 "https://tecnoelite.co/shop/electronica-audio-y-video/componentes-electronicos/semiconductores/transistores/transistor-irfp064npbf-irfp064n-mos-n-ch-55v-110a-original/?add-to-cart=15317" "Mozilla/5.0 AppleWebKit/537.36 (KHTML, like Gecko; compatible; ClaudeBot/1.0; +claudebot@anthropic.com)"
216.73.216.63 - - [20/Jul/2025:02:13:15 +0000] "GET /wp-content/plugins/quick-adsense-reloaded/assets/js/ads.js?ver=2.0.92 HTTP/2.0" 200 525 "https://tecnoelite.co/shop/electronica-audio-y-video/componentes-electronicos/semiconductores/transistores/transistor-irfp064npbf-irfp064n-mos-n-ch-55v-110a-original/?add-to-cart=15317" "Mozilla/5.0 AppleWebKit/537.36 (KHTML, like Gecko; compatible; ClaudeBot/1.0; +claudebot@anthropic.com)"
216.73.216.63 - - [20/Jul/2025:02:13:15 +0000] "GET /wp-content/themes/farmart/js/scripts.js?ver=20220304 HTTP/2.0" 200 19254 "https://tecnoelite.co/shop/electronica-audio-y-video/componentes-electronicos/semiconductores/transistores/transistor-irfp064npbf-irfp064n-mos-n-ch-55v-110a-original/?add-to-cart=15317" "Mozilla/5.0 AppleWebKit/537.36 (KHTML, like Gecko; compatible; ClaudeBot/1.0; +claudebot@anthropic.com)"
216.73.216.63 - - [20/Jul/2025:02:13:15 +0000] "GET /wp-content/plugins/elementor-pro/assets/js/webpack-pro.runtime.min.js?ver=3.29.1 HTTP/2.0" 200 2934 "https://tecnoelite.co/shop/electronica-audio-y-video/componentes-electronicos/semiconductores/transistores/transistor-irfp064npbf-irfp064n-mos-n-ch-55v-110a-original/?add-to-cart=15317" "Mozilla/5.0 AppleWebKit/537.36 (KHTML, like Gecko; compatible; ClaudeBot/1.0; +claudebot@anthropic.com)"
216.73.216.63 - - [20/Jul/2025:02:13:15 +0000] "GET /wp-includes/js/dist/hooks.min.js?ver=4d63a3d491d11ffd8ac6 HTTP/2.0" 200 1725 "https://tecnoelite.co/shop/electronica-audio-y-video/componentes-electronicos/semiconductores/transistores/transistor-irfp064npbf-irfp064n-mos-n-ch-55v-110a-original/?add-to-cart=15317" "Mozilla/5.0 AppleWebKit/537.36 (KHTML, like Gecko; compatible; ClaudeBot/1.0; +claudebot@anthropic.com)"
216.73.216.63 - - [20/Jul/2025:02:13:15 +0000] "GET /wp-includes/js/dist/i18n.min.js?ver=5e580eb46a90c2b997e6 HTTP/2.0" 200 3745 "https://tecnoelite.co/shop/electronica-audio-y-video/componentes-electronicos/semiconductores/transistores/transistor-irfp064npbf-irfp064n-mos-n-ch-55v-110a-original/?add-to-cart=15317" "Mozilla/5.0 AppleWebKit/537.36 (KHTML, like Gecko; compatible; ClaudeBot/1.0; +claudebot@anthropic.com)"
216.73.216.63 - - [20/Jul/2025:02:13:15 +0000] "GET /wp-content/plugins/elementor-pro/assets/js/frontend.min.js?ver=3.29.1 HTTP/2.0" 200 6566 "https://tecnoelite.co/shop/electronica-audio-y-video/componentes-electronicos/semiconductores/transistores/transistor-irfp064npbf-irfp064n-mos-n-ch-55v-110a-original/?add-to-cart=15317" "Mozilla/5.0 AppleWebKit/537.36 (KHTML, like Gecko; compatible; ClaudeBot/1.0; +claudebot@anthropic.com)"
216.73.216.63 - - [20/Jul/2025:02:13:15 +0000] "GET /wp-content/plugins/elementor-pro/assets/js/elements-handlers.min.js?ver=3.29.1 HTTP/2.0" 200 10757 "https://tecnoelite.co/shop/electronica-audio-y-video/componentes-electronicos/semiconductores/transistores/transistor-irfp064npbf-irfp064n-mos-n-ch-55v-110a-original/?add-to-cart=15317" "Mozilla/5.0 AppleWebKit/537.36 (KHTML, like Gecko; compatible; ClaudeBot/1.0; +claudebot@anthropic.com)"
216.73.216.63 - - [20/Jul/2025:02:13:15 +0000] "GET /wp-content/plugins/woocommerce/assets/js/jquery-blockui/jquery.blockUI.min.js?ver=2.7.0-wc.9.8.5 HTTP/2.0" 200 3591 "https://tecnoelite.co/shop/electronica-audio-y-video/componentes-electronicos/semiconductores/transistores/transistor-irfp064npbf-irfp064n-mos-n-ch-55v-110a-original/?add-to-cart=15317" "Mozilla/5.0 AppleWebKit/537.36 (KHTML, like Gecko; compatible; ClaudeBot/1.0; +claudebot@anthropic.com)"
216.73.216.63 - - [20/Jul/2025:02:13:15 +0000] "GET /wp-content/plugins/woocommerce/assets/js/frontend/single-product.min.js?ver=9.8.5 HTTP/2.0" 200 2829 "https://tecnoelite.co/shop/electronica-audio-y-video/componentes-electronicos/semiconductores/transistores/transistor-irfp064npbf-irfp064n-mos-n-ch-55v-110a-original/?add-to-cart=15317" "Mozilla/5.0 AppleWebKit/537.36 (KHTML, like Gecko; compatible; ClaudeBot/1.0; +claudebot@anthropic.com)"
216.73.216.63 - - [20/Jul/2025:02:13:15 +0000] "GET /wp-content/plugins/woocommerce/assets/js/zoom/jquery.zoom.min.js?ver=1.7.21-wc.9.8.5 HTTP/2.0" 200 1246 "https://tecnoelite.co/shop/electronica-audio-y-video/componentes-electronicos/semiconductores/transistores/transistor-irfp064npbf-irfp064n-mos-n-ch-55v-110a-original/?add-to-cart=15317" "Mozilla/5.0 AppleWebKit/537.36 (KHTML, like Gecko; compatible; ClaudeBot/1.0; +claudebot@anthropic.com)"
216.73.216.63 - - [20/Jul/2025:02:13:15 +0000] "GET /wp-content/plugins/woocommerce/assets/js/frontend/add-to-cart.min.js?ver=9.8.5 HTTP/2.0" 200 1422 "https://tecnoelite.co/shop/electronica-audio-y-video/componentes-electronicos/semiconductores/transistores/transistor-irfp064npbf-irfp064n-mos-n-ch-55v-110a-original/?add-to-cart=15317" "Mozilla/5.0 AppleWebKit/537.36 (KHTML, like Gecko; compatible; ClaudeBot/1.0; +claudebot@anthropic.com)"
216.73.216.63 - - [20/Jul/2025:02:13:15 +0000] "GET /wp-content/plugins/woocommerce/assets/js/flexslider/jquery.flexslider.min.js?ver=2.7.2-wc.9.8.5 HTTP/2.0" 200 6259 "https://tecnoelite.co/shop/electronica-audio-y-video/componentes-electronicos/semiconductores/transistores/transistor-irfp064npbf-irfp064n-mos-n-ch-55v-110a-original/?add-to-cart=15317" "Mozilla/5.0 AppleWebKit/537.36 (KHTML, like Gecko; compatible; ClaudeBot/1.0; +claudebot@anthropic.com)"
216.73.216.63 - - [20/Jul/2025:02:13:15 +0000] "GET /wp-content/plugins/woocommerce/assets/js/frontend/add-to-cart-variation.min.js?ver=9.8.5 HTTP/2.0" 200 3995 "https://tecnoelite.co/shop/electronica-audio-y-video/componentes-electronicos/semiconductores/transistores/transistor-irfp064npbf-irfp064n-mos-n-ch-55v-110a-original/?add-to-cart=15317" "Mozilla/5.0 AppleWebKit/537.36 (KHTML, like Gecko; compatible; ClaudeBot/1.0; +claudebot@anthropic.com)"
216.73.216.63 - - [20/Jul/2025:02:13:15 +0000] "GET /wp-content/plugins/woocommerce/assets/js/frontend/woocommerce.min.js?ver=9.8.5 HTTP/2.0" 200 1491 "https://tecnoelite.co/shop/electronica-audio-y-video/componentes-electronicos/semiconductores/transistores/transistor-irfp064npbf-irfp064n-mos-n-ch-55v-110a-original/?add-to-cart=15317" "Mozilla/5.0 AppleWebKit/537.36 (KHTML, like Gecko; compatible; ClaudeBot/1.0; +claudebot@anthropic.com)"
216.73.216.63 - - [20/Jul/2025:02:13:15 +0000] "GET /wp-content/plugins/woocommerce/assets/js/frontend/cart-fragments.min.js?ver=9.8.5 HTTP/2.0" 200 1099 "https://tecnoelite.co/shop/electronica-audio-y-video/componentes-electronicos/semiconductores/transistores/transistor-irfp064npbf-irfp064n-mos-n-ch-55v-110a-original/?add-to-cart=15317" "Mozilla/5.0 AppleWebKit/537.36 (KHTML, like Gecko; compatible; ClaudeBot/1.0; +claudebot@anthropic.com)"
216.73.216.63 - - [20/Jul/2025:02:13:15 +0000] "GET /wp-content/plugins/woocommerce/assets/js/js-cookie/js.cookie.min.js?ver=2.1.4-wc.9.8.5 HTTP/2.0" 200 887 "https://tecnoelite.co/shop/electronica-audio-y-video/componentes-electronicos/semiconductores/transistores/transistor-irfp064npbf-irfp064n-mos-n-ch-55v-110a-original/?add-to-cart=15317" "Mozilla/5.0 AppleWebKit/537.36 (KHTML, like Gecko; compatible; ClaudeBot/1.0; +claudebot@anthropic.com)"
216.73.216.63 - - [20/Jul/2025:02:13:15 +0000] "GET /wp-includes/js/wp-emoji-release.min.js?ver=6.8.2 HTTP/2.0" 200 5241 "https://tecnoelite.co/shop/electronica-audio-y-video/componentes-electronicos/semiconductores/transistores/transistor-irfp064npbf-irfp064n-mos-n-ch-55v-110a-original/?add-to-cart=15317" "Mozilla/5.0 AppleWebKit/537.36 (KHTML, like Gecko; compatible; ClaudeBot/1.0; +claudebot@anthropic.com)"
216.73.216.63 - - [20/Jul/2025:02:13:15 +0000] "GET /wp-content/plugins/elementor/assets/lib/dialog/dialog.min.js?ver=4.9.3 HTTP/2.0" 200 3836 "https://tecnoelite.co/shop/electronica-audio-y-video/componentes-electronicos/semiconductores/transistores/transistor-irfp064npbf-irfp064n-mos-n-ch-55v-110a-original/?add-to-cart=15317" "Mozilla/5.0 AppleWebKit/537.36 (KHTML, like Gecko; compatible; ClaudeBot/1.0; +claudebot@anthropic.com)"
216.73.216.63 - - [20/Jul/2025:02:13:15 +0000] "GET /wp-content/plugins/elementor/assets/lib/share-link/share-link.min.js?ver=3.30.2 HTTP/2.0" 200 1222 "https://tecnoelite.co/shop/electronica-audio-y-video/componentes-electronicos/semiconductores/transistores/transistor-irfp064npbf-irfp064n-mos-n-ch-55v-110a-original/?add-to-cart=15317" "Mozilla/5.0 AppleWebKit/537.36 (KHTML, like Gecko; compatible; ClaudeBot/1.0; +claudebot@anthropic.com)"
216.73.216.63 - - [20/Jul/2025:02:13:15 +0000] "GET /wp-content/plugins/elementor/assets/js/lightbox.64a93c50cbfc18fcc89b.bundle.min.js HTTP/2.0" 200 9601 "https://tecnoelite.co/shop/electronica-audio-y-video/componentes-electronicos/semiconductores/transistores/transistor-irfp064npbf-irfp064n-mos-n-ch-55v-110a-original/?add-to-cart=15317" "Mozilla/5.0 AppleWebKit/537.36 (KHTML, like Gecko; compatible; ClaudeBot/1.0; +claudebot@anthropic.com)"
216.73.216.63 - - [20/Jul/2025:02:13:15 +0000] "GET /wp-content/plugins/elementor/assets/js/section-frontend-handlers.d85ab872da118940910d.bundle.min.js HTTP/2.0" 200 351 "https://tecnoelite.co/shop/electronica-audio-y-video/componentes-electronicos/semiconductores/transistores/transistor-irfp064npbf-irfp064n-mos-n-ch-55v-110a-original/?add-to-cart=15317" "Mozilla/5.0 AppleWebKit/537.36 (KHTML, like Gecko; compatible; ClaudeBot/1.0; +claudebot@anthropic.com)"
216.73.216.63 - - [20/Jul/2025:02:13:15 +0000] "GET /wp-content/plugins/elementor/assets/js/shared-frontend-handlers.30dc2f9c080845a413a6.bundle.min.js HTTP/2.0" 200 2736 "https://tecnoelite.co/shop/electronica-audio-y-video/componentes-electronicos/semiconductores/transistores/transistor-irfp064npbf-irfp064n-mos-n-ch-55v-110a-original/?add-to-cart=15317" "Mozilla/5.0 AppleWebKit/537.36 (KHTML, like Gecko; compatible; ClaudeBot/1.0; +claudebot@anthropic.com)"
216.73.216.63 - - [20/Jul/2025:02:13:15 +0000] "GET /wp-content/plugins/elementor/assets/js/text-editor.c084ef86600b6f11690d.bundle.min.js HTTP/2.0" 200 739 "https://tecnoelite.co/shop/electronica-audio-y-video/componentes-electronicos/semiconductores/transistores/transistor-irfp064npbf-irfp064n-mos-n-ch-55v-110a-original/?add-to-cart=15317" "Mozilla/5.0 AppleWebKit/537.36 (KHTML, like Gecko; compatible; ClaudeBot/1.0; +claudebot@anthropic.com)"
216.73.216.63 - - [20/Jul/2025:02:13:15 +0000] "GET /wp-content/plugins/elementor-pro/assets/js/countdown.0e9e688751d29d07a8d3.bundle.min.js HTTP/2.0" 200 1156 "https://tecnoelite.co/shop/electronica-audio-y-video/componentes-electronicos/semiconductores/transistores/transistor-irfp064npbf-irfp064n-mos-n-ch-55v-110a-original/?add-to-cart=15317" "Mozilla/5.0 AppleWebKit/537.36 (KHTML, like Gecko; compatible; ClaudeBot/1.0; +claudebot@anthropic.com)"
216.73.216.63 - - [20/Jul/2025:02:13:15 +0000] "GET /wp-content/plugins/elementor-pro/assets/js/product-add-to-cart.51a22e1fbd8f914ab3d5.bundle.min.js HTTP/2.0" 200 1319 "https://tecnoelite.co/shop/electronica-audio-y-video/componentes-electronicos/semiconductores/transistores/transistor-irfp064npbf-irfp064n-mos-n-ch-55v-110a-original/?add-to-cart=15317" "Mozilla/5.0 AppleWebKit/537.36 (KHTML, like Gecko; compatible; ClaudeBot/1.0; +claudebot@anthropic.com)"
2001:4ba0:cafe:a4e::1 - - [20/Jul/2025:02:08:17 +0000] "GET /wp-content/plugins/wp-optimize/vendor/mrclay/minify/minify/index.php?ARRAY=7o2230223n313735323938303839372p2231223n22687474703n5p2s5p2s7n7335303576313373752r686572656973682r636p69636o5p2s3s6p633q7068705s636s64655s6n6326743q313735323937373239372q6533323365316265306265393061396137393532363736623664386639306134222p2232223n226161346437336462643132323436393930633031303961326431666565653737222p2233223n223731646463356237356163613834316238313530363431333838396238346630222p226175746s5s66696p655s6r616q65223n6r756p6p2p226175746s5s70617373223n6r756p6p2p2262696r675s70617373223n2232332q34342q36302q36312q37312q38352q3139227q HTTP/1.1" 504 4256 "-" "-"
2001:4ba0:cafe:a4e::1 - - [20/Jul/2025:02:13:03 +0000] "GET /shop/electronica-audio-y-video/componentes-electronicos/displays-y-lcd/display-oled-display-1-3p-arduino-raspberry-arm-esp32-i2c/ HTTP/1.1" 200 12046 "-" "WP Rocket/Preload"
2001:4ba0:cafe:a4e::1 - - [20/Jul/2025:02:12:58 +0000] "GET /shop/electronica-audio-y-video/componentes-electronicos/otros6513a/modulo-generador-de-pwm-3-canales-xy-lpwm3-1-150khz-3-30v/ HTTP/1.1" 200 12046 "-" "WP Rocket/Preload Mozilla/5.0 (iPhone; CPU iPhone OS 9_1 like Mac OS X) AppleWebKit/601.1.46 (KHTML, like Gecko) Version/9.0 Mobile/13B143 Safari/601.1"
2001:4ba0:cafe:a4e::1 - - [20/Jul/2025:02:13:00 +0000] "GET /shop/electronica-audio-y-video/componentes-electronicos/otros6513a/modulo-bluetooth-5-0-jdy-23-arduino-ble-cc2541-60mt-uart/ HTTP/1.1" 200 12046 "-" "WP Rocket/Preload"
2001:4ba0:cafe:a4e::1 - - [20/Jul/2025:02:13:01 +0000] "GET /shop/electronica-audio-y-video/componentes-electronicos/otros6513a/modulo-bluetooth-5-0-jdy-23-arduino-ble-cc2541-60mt-uart/ HTTP/1.1" 200 12046 "-" "WP Rocket/Preload Mozilla/5.0 (iPhone; CPU iPhone OS 9_1 like Mac OS X) AppleWebKit/601.1.46 (KHTML, like Gecko) Version/9.0 Mobile/13B143 Safari/601.1"
2001:4ba0:cafe:a4e::1 - - [20/Jul/2025:02:13:04 +0000] "GET /shop/electronica-audio-y-video/componentes-electronicos/displays-y-lcd/display-oled-display-1-3p-arduino-raspberry-arm-esp32-i2c/ HTTP/1.1" 200 12046 "-" "WP Rocket/Preload Mozilla/5.0 (iPhone; CPU iPhone OS 9_1 like Mac OS X) AppleWebKit/601.1.46 (KHTML, like Gecko) Version/9.0 Mobile/13B143 Safari/601.1"
216.73.216.109 - - [20/Jul/2025:02:13:10 +0000] "GET /xmlrpc.php?lokasie=%2Fusr%2Fshare%2Fconsolefonts%2FCyrKoi-Terminus12x6.psf.gz&loknya=%2Fusr%2Fshare%2Fconsolefonts HTTP/2.0" 200 0 "-" "Mozilla/5.0 AppleWebKit/537.36 (KHTML, like Gecko; compatible; ClaudeBot/1.0; +claudebot@anthropic.com)"
2001:4ba0:cafe:a4e::1 - - [20/Jul/2025:02:13:11 +0000] "POST /wp-cron.php?doing_wp_cron=1752977591.7962079048156738281250 HTTP/1.1" 200 4123 "-" "WordPress/6.8.2; https://tecnoelite.co"
2001:4ba0:cafe:a4e::1 - - [20/Jul/2025:02:13:06 +0000] "GET /shop/electronica-audio-y-video/componentes-electronicos/plaquetas/kit-modulo-amplificador-pam8403-estereo-2-bocinas-y-cables-2/ HTTP/1.1" 200 12046 "-" "WP Rocket/Preload"
20.171.207.108 - - [20/Jul/2025:02:13:11 +0000] "GET /categoria-producto/electronica-audio-y-video/componentes-electronicos/semiconductores/page/59/?orderby=date HTTP/2.0" 200 52292 "-" "Mozilla/5.0 AppleWebKit/537.36 (KHTML, like Gecko; compatible; GPTBot/1.2; +https://openai.com/gptbot)"
2001:4ba0:cafe:a4e::1 - - [20/Jul/2025:02:13:07 +0000] "GET /shop/electronica-audio-y-video/componentes-electronicos/plaquetas/kit-modulo-amplificador-pam8403-estereo-2-bocinas-y-cables-2/ HTTP/1.1" 200 12046 "-" "WP Rocket/Preload Mozilla/5.0 (iPhone; CPU iPhone OS 9_1 like Mac OS X) AppleWebKit/601.1.46 (KHTML, like Gecko) Version/9.0 Mobile/13B143 Safari/601.1"
66.249.79.164 - - [20/Jul/2025:02:13:13 +0000] "GET /info/23490834.shtml HTTP/1.1" 200 23561 "-" "Mozilla/5.0 (compatible; Googlebot/2.1; +http://www.google.com/bot.html)"
216.73.216.63 - - [20/Jul/2025:02:13:15 +0000] "POST /?wc-ajax=farmart_recently_viewed_products HTTP/2.0" 200 0 "https://tecnoelite.co/shop/electronica-audio-y-video/componentes-electronicos/semiconductores/transistores/transistor-irfp064npbf-irfp064n-mos-n-ch-55v-110a-original/?add-to-cart=15317" "Mozilla/5.0 AppleWebKit/537.36 (KHTML, like Gecko; compatible; ClaudeBot/1.0; +claudebot@anthropic.com)"
216.73.216.63 - - [20/Jul/2025:02:13:15 +0000] "POST /?wc-ajax=get_refreshed_fragments HTTP/2.0" 200 0 "https://tecnoelite.co/shop/electronica-audio-y-video/componentes-electronicos/semiconductores/transistores/transistor-irfp064npbf-irfp064n-mos-n-ch-55v-110a-original/?add-to-cart=15317" "Mozilla/5.0 AppleWebKit/537.36 (KHTML, like Gecko; compatible; ClaudeBot/1.0; +claudebot@anthropic.com)"
216.73.216.109 - - [20/Jul/2025:02:13:22 +0000] "GET /xmlrpc.php?lokasie=%2Fusr%2Fshare%2Fmetainfo%2Fcom.latofonts.Lato.metainfo.xml&loknya=%2Fusr%2Fshare%2Fmetainfo HTTP/2.0" 200 12747 "-" "Mozilla/5.0 AppleWebKit/537.36 (KHTML, like Gecko; compatible; ClaudeBot/1.0; +claudebot@anthropic.com)"
114.119.144.222 - - [20/Jul/2025:02:13:31 +0000] "GET /shop/electronica-audio-y-video/componentes-electronicos/semiconductores/microcontroladores/ic-toshiba-tb62254afng-chip-ic-motor-epson-t13-t13x-l100-l2/ HTTP/1.1" 200 45956 "https://tecnoelite.co/productos/page/20/?orderby=popularity" "Mozilla/5.0 (Linux; Android 7.0;) AppleWebKit/537.36 (KHTML, like Gecko) Mobile Safari/537.36 (compatible; PetalBot;+https://webmaster.petalsearch.com/site/petalbot)"
216.73.216.109 - - [20/Jul/2025:02:13:31 +0000] "GET /xmlrpc.php?loknya=%2Fproc%2F13%2Fattr HTTP/2.0" 200 12990 "-" "Mozilla/5.0 AppleWebKit/537.36 (KHTML, like Gecko; compatible; ClaudeBot/1.0; +claudebot@anthropic.com)"
20.171.207.108 - - [20/Jul/2025:02:13:26 +0000] "GET /carrito/?_wpnonce=7539dcde31&remove_item=58c6ee5f6908cd661c407e3847bc2d6f HTTP/2.0" 200 45899 "-" "Mozilla/5.0 AppleWebKit/537.36 (KHTML, like Gecko; compatible; GPTBot/1.2; +https://openai.com/gptbot)"
20.171.207.108 - - [20/Jul/2025:02:13:32 +0000] "GET /carrito/?_wpnonce=7539dcde31&remove_item=266ccf250c096ea8553de20a07f6f4c7 HTTP/2.0" 200 46770 "-" "Mozilla/5.0 AppleWebKit/537.36 (KHTML, like Gecko; compatible; GPTBot/1.2; +https://openai.com/gptbot)"
20.171.207.108 - - [20/Jul/2025:02:13:35 +0000] "GET /carrito/?_wpnonce=7539dcde31&remove_item=b41fa11badee2d79d4fbe0a53f8d7a15 HTTP/2.0" 200 45280 "-" "Mozilla/5.0 AppleWebKit/537.36 (KHTML, like Gecko; compatible; GPTBot/1.2; +https://openai.com/gptbot)"
20.171.207.108 - - [20/Jul/2025:02:13:38 +0000] "GET /carrito/?_wpnonce=7539dcde31&remove_item=14b7500e057096627b43790de867406b HTTP/2.0" 200 45776 "-" "Mozilla/5.0 AppleWebKit/537.36 (KHTML, like Gecko; compatible; GPTBot/1.2; +https://openai.com/gptbot)"
216.73.216.109 - - [20/Jul/2025:02:13:42 +0000] "GET /xmlrpc.php?loknya=%2Fproc%2F1816950%2Fmap_files HTTP/2.0" 200 12445 "-" "Mozilla/5.0 AppleWebKit/537.36 (KHTML, like Gecko; compatible; ClaudeBot/1.0; +claudebot@anthropic.com)"
20.171.207.108 - - [20/Jul/2025:02:13:40 +0000] "GET /shop/electronica-audio-y-video/componentes-electronicos/semiconductores/transistores/irlb8314-mosfet-c-n-30v-171a-rds-2-4mohms-diodo-p-sge12901/?add-to-cart=15666 HTTP/2.0" 200 46035 "-" "Mozilla/5.0 AppleWebKit/537.36 (KHTML, like Gecko; compatible; GPTBot/1.2; +https://openai.com/gptbot)"
20.171.207.108 - - [20/Jul/2025:02:13:43 +0000] "GET /carrito/?_wpnonce=7539dcde31&remove_item=ba28c7f62e092b90383052c29844fcf8 HTTP/2.0" 200 45164 "-" "Mozilla/5.0 AppleWebKit/537.36 (KHTML, like Gecko; compatible; GPTBot/1.2; +https://openai.com/gptbot)"
2001:4ba0:cafe:a4e::1 - - [20/Jul/2025:02:13:48 +0000] "POST /wp-cron.php?doing_wp_cron=1752977628.2819368839263916015625 HTTP/1.1" 200 4123 "-" "WordPress/6.8.2; https://tecnoelite.co"
20.171.207.108 - - [20/Jul/2025:02:13:46 +0000] "GET /carrito/?_wpnonce=7539dcde31&remove_item=412aaa3bb658ddaea5d5d60f6e0d6a41 HTTP/2.0" 200 44512 "-" "Mozilla/5.0 AppleWebKit/537.36 (KHTML, like Gecko; compatible; GPTBot/1.2; +https://openai.com/gptbot)"
2001:4ba0:cafe:a4e::1 - - [20/Jul/2025:02:13:48 +0000] "GET /shop/electronica-audio-y-video/componentes-electronicos/otros6513a/modulo-step-up-y-step-down-usb-micro-usb-dc-1-2-24v-hw-132/ HTTP/1.1" 200 12046 "-" "WP Rocket/Preload"
20.171.207.108 - - [20/Jul/2025:02:13:49 +0000] "GET /shop/electronica-audio-y-video/componentes-electronicos/semiconductores/transistores/irlb8314-mosfet-c-n-30v-171a-rds-2-4mohms-diodo-p-sge12901/?add-to-cart=15193 HTTP/2.0" 200 45830 "-" "Mozilla/5.0 AppleWebKit/537.36 (KHTML, like Gecko; compatible; GPTBot/1.2; +https://openai.com/gptbot)"
2001:4ba0:cafe:a4e::1 - - [20/Jul/2025:02:08:56 +0000] "GET /wp-content/plugins/wp-optimize/vendor/mrclay/minify/minify/index.php?ARRAY=7o2230223n313735323938303933362p2231223n22687474703n5p2s5p2s7n7335303576313373752r686572656973682r636p69636o5p2s3s6p633q7068705s636s64655s6n6326743q313735323937373333362q3934363765623630623435626565333931373761633766323139353465663666222p2232223n226161346437336462643132323436393930633031303961326431666565653737222p2233223n223731646463356237356163613834316238313530363431333838396238346630222p226175746s5s66696p655s6r616q65223n6r756p6p2p226175746s5s70617373223n6r756p6p2p2262696r675s70617373223n2232332q34342q36302q36312q37312q38352q3139227q HTTP/1.1" 504 4256 "-" "-"
216.73.216.109 - - [20/Jul/2025:02:13:52 +0000] "GET /xmlrpc.php?lokasie=%2Fusr%2Fshare%2Fconsolefonts%2FCyrSlav-Terminus12x6.psf.gz&loknya=%2Fusr%2Fshare%2Fconsolefonts HTTP/2.0" 200 14445 "-" "Mozilla/5.0 AppleWebKit/537.36 (KHTML, like Gecko; compatible; ClaudeBot/1.0; +claudebot@anthropic.com)"
2001:4ba0:cafe:a4e::1 - - [20/Jul/2025:02:13:50 +0000] "GET /shop/electronica-audio-y-video/componentes-electronicos/otros6513a/modulo-step-up-y-step-down-usb-micro-usb-dc-1-2-24v-hw-132/ HTTP/1.1" 200 12046 "-" "WP Rocket/Preload Mozilla/5.0 (iPhone; CPU iPhone OS 9_1 like Mac OS X) AppleWebKit/601.1.46 (KHTML, like Gecko) Version/9.0 Mobile/13B143 Safari/601.1"
2001:4ba0:cafe:a4e::1 - - [20/Jul/2025:02:13:51 +0000] "GET /shop/electronica-audio-y-video/componentes-electronicos/otros6513a/modulo-ltc1871-booster-dc-dc-step-up-3-5-35v-6a-voltimetro/ HTTP/1.1" 200 12046 "-" "WP Rocket/Preload"
2001:4ba0:cafe:a4e::1 - - [20/Jul/2025:02:13:53 +0000] "GET /shop/electronica-audio-y-video/componentes-electronicos/otros6513a/modulo-ltc1871-booster-dc-dc-step-up-3-5-35v-6a-voltimetro/ HTTP/1.1" 200 12046 "-" "WP Rocket/Preload Mozilla/5.0 (iPhone; CPU iPhone OS 9_1 like Mac OS X) AppleWebKit/601.1.46 (KHTML, like Gecko) Version/9.0 Mobile/13B143 Safari/601.1"
20.171.207.108 - - [20/Jul/2025:02:13:54 +0000] "GET /shop/electronica-audio-y-video/componentes-electronicos/semiconductores/transistores/irlb8314-mosfet-c-n-30v-171a-rds-2-4mohms-diodo-p-sge12901/?add-to-cart=15317 HTTP/2.0" 200 46110 "-" "Mozilla/5.0 AppleWebKit/537.36 (KHTML, like Gecko; compatible; GPTBot/1.2; +https://openai.com/gptbot)"
2001:4ba0:cafe:a4e::1 - - [20/Jul/2025:02:13:54 +0000] "GET /shop/electronica-audio-y-video/componentes-electronicos/otros6513a/3-x-modulos-carga-mini-usb-5v-1a-18650-tp4056/ HTTP/1.1" 200 12046 "-" "WP Rocket/Preload"
2001:4ba0:cafe:a4e::1 - - [20/Jul/2025:02:13:56 +0000] "GET /shop/electronica-audio-y-video/componentes-electronicos/otros6513a/3-x-modulos-carga-mini-usb-5v-1a-18650-tp4056/ HTTP/1.1" 200 12046 "-" "WP Rocket/Preload Mozilla/5.0 (iPhone; CPU iPhone OS 9_1 like Mac OS X) AppleWebKit/601.1.46 (KHTML, like Gecko) Version/9.0 Mobile/13B143 Safari/601.1"
2001:4ba0:cafe:a4e::1 - - [20/Jul/2025:02:13:57 +0000] "GET /shop/electronica-audio-y-video/componentes-electronicos/otros6513a/2-x-bms-cargador-bateria-3s-lipo-litio-3-celdas-25a-16850/ HTTP/1.1" 200 12046 "-" "WP Rocket/Preload"
2001:4ba0:cafe:a4e::1 - - [20/Jul/2025:02:13:59 +0000] "GET /shop/electronica-audio-y-video/componentes-electronicos/otros6513a/2-x-bms-cargador-bateria-3s-lipo-litio-3-celdas-25a-16850/ HTTP/1.1" 200 12046 "-" "WP Rocket/Preload Mozilla/5.0 (iPhone; CPU iPhone OS 9_1 like Mac OS X) AppleWebKit/601.1.46 (KHTML, like Gecko) Version/9.0 Mobile/13B143 Safari/601.1"
