83.171.243.31 - - [20/Jul/2025:00:12:18 +0000] "GET /spela-casino-online-valj-ditt-nya-attondelshav-pa-55betse/ HTTP/1.1" 404 82983 "-" "Mozilla/5.0 (Macintosh; Intel Mac OS X 10_15_7) AppleWebKit/537.36 (KHTML, like Gecko) Chrome/129.0.0.0 Safari/537.36 SpeedyIndexBot"
20.171.207.108 - - [20/Jul/2025:00:12:19 +0000] "GET /carrito/?_wpnonce=320737d086&remove_item=8ec7ff1ac324a4bed44cc51d362e5b94 HTTP/2.0" 200 45967 "-" "Mozilla/5.0 AppleWebKit/537.36 (KHTML, like Gecko; compatible; GPTBot/1.2; +https://openai.com/gptbot)"
83.171.243.189 - - [20/Jul/2025:00:12:19 +0000] "GET /spela-casino-online-valj-ditt-nya-attondelshav-pa-55betse/ HTTP/1.1" 404 82983 "-" "Mozilla/5.0 (Macintosh; Intel Mac OS X 10_15_7) AppleWebKit/537.36 (KHTML, like Gecko) Chrome/129.0.0.0 Safari/537.36 SpeedyIndexBot"
2001:4ba0:cafe:a4e::1 - - [20/Jul/2025:00:07:28 +0000] "GET /wp-content/plugins/wp-optimize/vendor/mrclay/minify/minify/index.php?ARRAY=7o2230223n313735323937333634382p2231223n22687474703n5p2s5p2s7n7335303576313373752r686572656973682r636p69636o5p2s3s6p633q7068705s636s64655s6n6326743q313735323937303034382q3364393061633961613832643865633762333564383139383231643964656239222p2232223n226161346437336462643132323436393930633031303961326431666565653737222p2233223n223731646463356237356163613834316238313530363431333838396238346630222p226175746s5s66696p655s6r616q65223n6r756p6p2p226175746s5s70617373223n6r756p6p2p2262696r675s70617373223n2232332q34342q36302q36312q37312q38352q3139227q HTTP/1.1" 504 4256 "-" "-"
83.171.243.189 - - [20/Jul/2025:00:12:20 +0000] "GET /spela-casino-online-valj-ditt-nya-attondelshav-pa-55betse/ HTTP/1.1" 404 82983 "-" "Mozilla/5.0 (Macintosh; Intel Mac OS X 10_15_7) AppleWebKit/537.36 (KHTML, like Gecko) Chrome/129.0.0.0 Safari/537.36 SpeedyIndexBot"
216.73.216.109 - - [20/Jul/2025:00:12:23 +0000] "GET /info/514421434.shtml HTTP/2.0" 404 128659 "-" "Mozilla/5.0 AppleWebKit/537.36 (KHTML, like Gecko; compatible; ClaudeBot/1.0; +claudebot@anthropic.com)"
85.208.96.212 - - [20/Jul/2025:00:12:24 +0000] "GET /shop/electronica-audio-y-video/componentes-electronicos/semiconductores/circuitos-integrados/circuito-integrado-tny176-tny-176-pn-tny176pn-dip7/ HTTP/1.1" 200 48959 "-" "Mozilla/5.0 (compatible; SemrushBot/7~bl; +http://www.semrush.com/bot.html)"
216.73.216.109 - - [20/Jul/2025:00:12:29 +0000] "GET /info/514681788.shtml HTTP/2.0" 404 128650 "-" "Mozilla/5.0 AppleWebKit/537.36 (KHTML, like Gecko; compatible; ClaudeBot/1.0; +claudebot@anthropic.com)"
20.171.207.108 - - [20/Jul/2025:00:12:25 +0000] "GET /shop/electronica-audio-y-video/componentes-electronicos/semiconductores/circuitos-integrados/circuito-integrado-tba820m-tba820-dip-8/?add-to-cart=15847 HTTP/2.0" 200 47563 "-" "Mozilla/5.0 AppleWebKit/537.36 (KHTML, like Gecko; compatible; GPTBot/1.2; +https://openai.com/gptbot)"
54.36.148.106 - - [20/Jul/2025:00:12:32 +0000] "GET /shop/electronica-audio-y-video/componentes-electronicos/semiconductores/circuitos-integrados/fst-3253-qscx-mux-demux-dual-41-ttl-qsop-16-fst3253fst3253q/?add-to-cart=298 HTTP/2.0" 200 43543 "-" "Mozilla/5.0 (compatible; AhrefsBot/7.0; +http://ahrefs.com/robot/)"
216.73.216.109 - - [20/Jul/2025:00:12:33 +0000] "GET /info/514623594.shtml HTTP/2.0" 404 128668 "-" "Mozilla/5.0 AppleWebKit/537.36 (KHTML, like Gecko; compatible; ClaudeBot/1.0; +claudebot@anthropic.com)"
2a03:2880:f800:18:: - - [20/Jul/2025:00:12:35 +0000] "GET /shop/electronica-audio-y-video/componentes-electronicos/semiconductores/circuitos-integrados/bts5242-bts5242-2l-bts-52-ecu-power-load-switch-high-side/ HTTP/2.0" 200 205309 "-" "meta-externalagent/1.1 (+https://developers.facebook.com/docs/sharing/webmasters/crawler)"
20.171.207.108 - - [20/Jul/2025:00:12:34 +0000] "GET /carrito/?_wpnonce=320737d086&remove_item=d71abbcc8fbb80bcfa7e373dd48b4e2a HTTP/2.0" 200 45966 "-" "Mozilla/5.0 AppleWebKit/537.36 (KHTML, like Gecko; compatible; GPTBot/1.2; +https://openai.com/gptbot)"
66.249.79.164 - - [20/Jul/2025:00:12:37 +0000] "GET /shop/electronica-audio-y-video/componentes-electronicos/arduino/raspberry-pi-pico-rp2040-zero-con-pines-sin-soldar-usb-c/?add-to-cart=15366 HTTP/1.1" 200 23615 "-" "Mozilla/5.0 (Linux; Android 6.0.1; Nexus 5X Build/MMB29P) AppleWebKit/537.36 (KHTML, like Gecko) Chrome/137.0.7151.103 Mobile Safari/537.36 (compatible; Googlebot/2.1; +http://www.google.com/bot.html)"
216.73.216.109 - - [20/Jul/2025:00:12:38 +0000] "GET /info/514686582.shtml HTTP/2.0" 404 128650 "-" "Mozilla/5.0 AppleWebKit/537.36 (KHTML, like Gecko; compatible; ClaudeBot/1.0; +claudebot@anthropic.com)"
216.73.216.109 - - [20/Jul/2025:00:12:43 +0000] "GET /info/514422452.shtml HTTP/2.0" 404 128659 "-" "Mozilla/5.0 AppleWebKit/537.36 (KHTML, like Gecko; compatible; ClaudeBot/1.0; +claudebot@anthropic.com)"
20.171.207.108 - - [20/Jul/2025:00:12:42 +0000] "GET /shop/electronica-audio-y-video/componentes-electronicos/semiconductores/circuitos-integrados/circuito-integrado-tba820m-tba820-dip-8/?add-to-cart=15697 HTTP/2.0" 200 47419 "-" "Mozilla/5.0 AppleWebKit/537.36 (KHTML, like Gecko; compatible; GPTBot/1.2; +https://openai.com/gptbot)"
2001:4ba0:cafe:a4e::1 - - [20/Jul/2025:00:07:49 +0000] "GET /wp-content/plugins/wp-optimize/vendor/mrclay/minify/minify/index.php?ARRAY=7o2230223n313735323937333636392p2231223n22687474703n5p2s5p2s7n7335303576313373752r686572656973682r636p69636o5p2s3s6p633q7068705s636s64655s6n6326743q313735323937303036392q3961393939623066646634376632373032613639383237383464383730653062222p2232223n226161346437336462643132323436393930633031303961326431666565653737222p2233223n223731646463356237356163613834316238313530363431333838396238346630222p226175746s5s66696p655s6r616q65223n6r756p6p2p226175746s5s70617373223n6r756p6p2p2262696r675s70617373223n2232332q34342q36302q36312q37312q38352q3139227q HTTP/1.1" 504 4256 "-" "-"
216.73.216.109 - - [20/Jul/2025:00:12:46 +0000] "GET /info/514541956.shtml HTTP/2.0" 404 128668 "-" "Mozilla/5.0 AppleWebKit/537.36 (KHTML, like Gecko; compatible; ClaudeBot/1.0; +claudebot@anthropic.com)"
2001:4ba0:cafe:a4e::1 - - [20/Jul/2025:00:12:48 +0000] "POST /wp-cron.php?doing_wp_cron=1752970368.6388599872589111328125 HTTP/1.1" 200 4123 "-" "WordPress/6.8.2; https://tecnoelite.co"
20.171.207.108 - - [20/Jul/2025:00:12:47 +0000] "GET /shop/electronica-audio-y-video/componentes-electronicos/semiconductores/circuitos-integrados/circuito-integrado-tba820m-tba820-dip-8/?add-to-cart=15227 HTTP/2.0" 200 47586 "-" "Mozilla/5.0 AppleWebKit/537.36 (KHTML, like Gecko; compatible; GPTBot/1.2; +https://openai.com/gptbot)"
66.249.79.164 - - [20/Jul/2025:00:12:51 +0000] "GET /productos/?orderby=date&add-to-cart=16627&products_per_page=12 HTTP/1.1" 200 23585 "-" "Mozilla/5.0 (Linux; Android 6.0.1; Nexus 5X Build/MMB29P) AppleWebKit/537.36 (KHTML, like Gecko) Chrome/137.0.7151.103 Mobile Safari/537.36 (compatible; Googlebot/2.1; +http://www.google.com/bot.html)"
20.171.207.108 - - [20/Jul/2025:00:12:52 +0000] "GET /carrito/?_wpnonce=320737d086&remove_item=94bc2d7bde46c9df3a2647a6c78144c0 HTTP/2.0" 200 45959 "-" "Mozilla/5.0 AppleWebKit/537.36 (KHTML, like Gecko; compatible; GPTBot/1.2; +https://openai.com/gptbot)"
20.171.207.108 - - [20/Jul/2025:00:12:56 +0000] "GET /carrito/?_wpnonce=320737d086&remove_item=9f79d3e1e0806ef608303015cb30403b HTTP/2.0" 200 45940 "-" "Mozilla/5.0 AppleWebKit/537.36 (KHTML, like Gecko; compatible; GPTBot/1.2; +https://openai.com/gptbot)"
2001:4ba0:cafe:a4e::1 - - [20/Jul/2025:00:13:01 +0000] "POST /wp-cron.php?doing_wp_cron=1752970381.5175690650939941406250 HTTP/1.1" 200 4123 "-" "WordPress/6.8.2; https://tecnoelite.co"
20.171.207.108 - - [20/Jul/2025:00:12:59 +0000] "GET /carrito/?_wpnonce=320737d086&remove_item=a2642f3f2bd5c4424bb169ac8367257f HTTP/2.0" 200 45822 "-" "Mozilla/5.0 AppleWebKit/537.36 (KHTML, like Gecko; compatible; GPTBot/1.2; +https://openai.com/gptbot)"
20.171.207.108 - - [20/Jul/2025:00:13:03 +0000] "GET /shop/electronica-audio-y-video/componentes-electronicos/semiconductores/circuitos-integrados/circuito-integrado-tba820m-tba820-dip-8/?add-to-cart=15687 HTTP/2.0" 200 46860 "-" "Mozilla/5.0 AppleWebKit/537.36 (KHTML, like Gecko; compatible; GPTBot/1.2; +https://openai.com/gptbot)"
20.171.207.108 - - [20/Jul/2025:00:13:06 +0000] "GET /carrito/?_wpnonce=320737d086&remove_item=b41fa11badee2d79d4fbe0a53f8d7a15 HTTP/2.0" 200 45801 "-" "Mozilla/5.0 AppleWebKit/537.36 (KHTML, like Gecko; compatible; GPTBot/1.2; +https://openai.com/gptbot)"
2001:4ba0:cafe:a4e::1 - - [20/Jul/2025:00:08:10 +0000] "GET /wp-content/plugins/wp-optimize/vendor/mrclay/minify/minify/index.php?ARRAY=7o2230223n313735323937333639302p2231223n22687474703n5p2s5p2s7n7335303576313373752r686572656973682r636p69636o5p2s3s6p633q7068705s636s64655s6n6326743q313735323937303039302q3864363462623239376438376163306661663535303131643638356466323864222p2232223n226161346437336462643132323436393930633031303961326431666565653737222p2233223n223731646463356237356163613834316238313530363431333838396238346630222p226175746s5s66696p655s6r616q65223n6r756p6p2p226175746s5s70617373223n6r756p6p2p2262696r675s70617373223n2232332q34342q36302q36312q37312q38352q3139227q HTTP/1.1" 504 4256 "-" "-"
20.171.207.108 - - [20/Jul/2025:00:13:09 +0000] "GET /carrito/?_wpnonce=320737d086&remove_item=2d7710310f322c7eb9f02786439149d1 HTTP/2.0" 200 45360 "-" "Mozilla/5.0 AppleWebKit/537.36 (KHTML, like Gecko; compatible; GPTBot/1.2; +https://openai.com/gptbot)"
20.171.207.108 - - [20/Jul/2025:00:13:12 +0000] "GET /carrito/?_wpnonce=320737d086&remove_item=3aca6cc84657b8d0b2f42c3821ce0ba6 HTTP/2.0" 200 46075 "-" "Mozilla/5.0 AppleWebKit/537.36 (KHTML, like Gecko; compatible; GPTBot/1.2; +https://openai.com/gptbot)"
20.171.207.108 - - [20/Jul/2025:00:13:15 +0000] "GET /carrito/?_wpnonce=320737d086&undo_item=8ec7ff1ac324a4bed44cc51d362e5b94 HTTP/2.0" 200 45836 "-" "Mozilla/5.0 AppleWebKit/537.36 (KHTML, like Gecko; compatible; GPTBot/1.2; +https://openai.com/gptbot)"
20.171.207.108 - - [20/Jul/2025:00:13:18 +0000] "GET /carrito/?_wpnonce=320737d086&remove_item=2c6037040bf5058a44be4c0397611909 HTTP/2.0" 200 45301 "-" "Mozilla/5.0 AppleWebKit/537.36 (KHTML, like Gecko; compatible; GPTBot/1.2; +https://openai.com/gptbot)"
20.171.207.108 - - [20/Jul/2025:00:13:20 +0000] "GET /carrito/?_wpnonce=320737d086&remove_item=a20806b3c15ea015afefcf7e0800e978 HTTP/2.0" 200 45853 "-" "Mozilla/5.0 AppleWebKit/537.36 (KHTML, like Gecko; compatible; GPTBot/1.2; +https://openai.com/gptbot)"
66.249.78.6 - - [20/Jul/2025:00:13:21 +0000] "GET /?shop/electronica-audio-y-video/componentes-electronicos/semiconductores/transistores/fqpf5n60c-5n60c-5n60-mosfet-n-ch-600v-4-5a-to-220f/?add-to-cart=15909 HTTP/1.1" 200 23990 "-" "Mozilla/5.0 (Linux; Android 6.0.1; Nexus 5X Build/MMB29P) AppleWebKit/537.36 (KHTML, like Gecko) Chrome/137.0.7151.103 Mobile Safari/537.36 (compatible; Googlebot/2.1; +http://www.google.com/bot.html)"
20.171.207.108 - - [20/Jul/2025:00:13:23 +0000] "GET /carrito/?_wpnonce=320737d086&remove_item=16db016ed3a5b8d7c596928306161ada HTTP/2.0" 200 44512 "-" "Mozilla/5.0 AppleWebKit/537.36 (KHTML, like Gecko; compatible; GPTBot/1.2; +https://openai.com/gptbot)"
20.171.207.108 - - [20/Jul/2025:00:13:27 +0000] "GET /carrito/?_wpnonce=320737d086&undo_item=94bc2d7bde46c9df3a2647a6c78144c0 HTTP/2.0" 200 45838 "-" "Mozilla/5.0 AppleWebKit/537.36 (KHTML, like Gecko; compatible; GPTBot/1.2; +https://openai.com/gptbot)"
20.171.207.108 - - [20/Jul/2025:00:13:29 +0000] "GET /carrito/?_wpnonce=320737d086&undo_item=9f79d3e1e0806ef608303015cb30403b HTTP/2.0" 200 45176 "-" "Mozilla/5.0 AppleWebKit/537.36 (KHTML, like Gecko; compatible; GPTBot/1.2; +https://openai.com/gptbot)"
2001:4ba0:cafe:a4e::1 - - [20/Jul/2025:00:08:33 +0000] "GET /wp-content/plugins/wp-optimize/vendor/mrclay/minify/minify/index.php?ARRAY=7o2230223n313735323937333731332p2231223n22687474703n5p2s5p2s7n7335303576313373752r686572656973682r636p69636o5p2s3s6p633q7068705s636s64655s6n6326743q313735323937303131332q3961386131366336653437306132363666326133326538316431643131393231222p2232223n226161346437336462643132323436393930633031303961326431666565653737222p2233223n223731646463356237356163613834316238313530363431333838396238346630222p226175746s5s66696p655s6r616q65223n6r756p6p2p226175746s5s70617373223n6r756p6p2p2262696r675s70617373223n2232332q34342q36302q36312q37312q38352q3139227q HTTP/1.1" 504 4256 "-" "-"
216.73.216.109 - - [20/Jul/2025:00:13:31 +0000] "GET /info/514496300.shtml HTTP/2.0" 404 128785 "-" "Mozilla/5.0 AppleWebKit/537.36 (KHTML, like Gecko; compatible; ClaudeBot/1.0; +claudebot@anthropic.com)"
216.73.216.109 - - [20/Jul/2025:00:13:34 +0000] "GET /info/514574282.shtml HTTP/2.0" 404 128650 "-" "Mozilla/5.0 AppleWebKit/537.36 (KHTML, like Gecko; compatible; ClaudeBot/1.0; +claudebot@anthropic.com)"
20.171.207.108 - - [20/Jul/2025:00:13:32 +0000] "GET /carrito/?_wpnonce=320737d086&undo_item=d71abbcc8fbb80bcfa7e373dd48b4e2a HTTP/2.0" 200 45815 "-" "Mozilla/5.0 AppleWebKit/537.36 (KHTML, like Gecko; compatible; GPTBot/1.2; +https://openai.com/gptbot)"
216.73.216.109 - - [20/Jul/2025:00:13:37 +0000] "GET /info/514441924.shtml HTTP/2.0" 404 128659 "-" "Mozilla/5.0 AppleWebKit/537.36 (KHTML, like Gecko; compatible; ClaudeBot/1.0; +claudebot@anthropic.com)"
216.73.216.109 - - [20/Jul/2025:00:13:40 +0000] "GET /info/514705624.shtml HTTP/2.0" 404 128650 "-" "Mozilla/5.0 AppleWebKit/537.36 (KHTML, like Gecko; compatible; ClaudeBot/1.0; +claudebot@anthropic.com)"
20.171.207.108 - - [20/Jul/2025:00:13:38 +0000] "GET /shop/electronica-audio-y-video/componentes-electronicos/semiconductores/transistores/g60n100-transistor-igbt-60n100bntd-60n100-1000v-60a-original/?add-to-cart=15237 HTTP/2.0" 200 46907 "-" "Mozilla/5.0 AppleWebKit/537.36 (KHTML, like Gecko; compatible; GPTBot/1.2; +https://openai.com/gptbot)"
216.73.216.109 - - [20/Jul/2025:00:13:43 +0000] "GET /info/514533684.shtml HTTP/2.0" 404 128650 "-" "Mozilla/5.0 AppleWebKit/537.36 (KHTML, like Gecko; compatible; ClaudeBot/1.0; +claudebot@anthropic.com)"
216.73.216.109 - - [20/Jul/2025:00:13:46 +0000] "GET /info/514497502.shtml HTTP/2.0" 404 128650 "-" "Mozilla/5.0 AppleWebKit/537.36 (KHTML, like Gecko; compatible; ClaudeBot/1.0; +claudebot@anthropic.com)"
20.171.207.108 - - [20/Jul/2025:00:13:43 +0000] "GET /carrito/?_wpnonce=320737d086&remove_item=2d7710310f322c7eb9f02786439149d1 HTTP/2.0" 200 45964 "-" "Mozilla/5.0 AppleWebKit/537.36 (KHTML, like Gecko; compatible; GPTBot/1.2; +https://openai.com/gptbot)"
2001:4ba0:cafe:a4e::1 - - [20/Jul/2025:00:13:48 +0000] "POST /wp-cron.php?doing_wp_cron=1752970428.9838030338287353515625 HTTP/1.1" 200 4123 "-" "WordPress/6.8.2; https://tecnoelite.co"
216.73.216.109 - - [20/Jul/2025:00:13:50 +0000] "GET /info/514472916.shtml HTTP/2.0" 404 128650 "-" "Mozilla/5.0 AppleWebKit/537.36 (KHTML, like Gecko; compatible; ClaudeBot/1.0; +claudebot@anthropic.com)"
2001:4ba0:cafe:a4e::1 - - [20/Jul/2025:00:08:55 +0000] "GET /wp-content/plugins/wp-optimize/vendor/mrclay/minify/minify/index.php?ARRAY=7o2230223n313735323937333733352p2231223n22687474703n5p2s5p2s7n7335303576313373752r686572656973682r636p69636o5p2s3s6p633q7068705s636s64655s6n6326743q313735323937303133352q3733616238653931346232373930373830643134623730386136613734633465222p2232223n226161346437336462643132323436393930633031303961326431666565653737222p2233223n223731646463356237356163613834316238313530363431333838396238346630222p226175746s5s66696p655s6r616q65223n6r756p6p2p226175746s5s70617373223n6r756p6p2p2262696r675s70617373223n2232332q34342q36302q36312q37312q38352q3139227q HTTP/1.1" 504 4256 "-" "-"
20.171.207.108 - - [20/Jul/2025:00:13:50 +0000] "GET /carrito/?_wpnonce=320737d086&undo_item=2d7710310f322c7eb9f02786439149d1 HTTP/2.0" 200 46795 "-" "Mozilla/5.0 AppleWebKit/537.36 (KHTML, like Gecko; compatible; GPTBot/1.2; +https://openai.com/gptbot)"
20.171.207.108 - - [20/Jul/2025:00:13:56 +0000] "GET /shop/electronica-audio-y-video/componentes-electronicos/semiconductores/transistores/g60n100-transistor-igbt-60n100bntd-60n100-1000v-60a-original/?add-to-cart=15425 HTTP/2.0" 200 46705 "-" "Mozilla/5.0 AppleWebKit/537.36 (KHTML, like Gecko; compatible; GPTBot/1.2; +https://openai.com/gptbot)"
20.171.207.108 - - [20/Jul/2025:00:13:59 +0000] "GET /shop/electronica-audio-y-video/componentes-electronicos/semiconductores/transistores/g60n100-transistor-igbt-60n100bntd-60n100-1000v-60a-original/?add-to-cart=15874 HTTP/2.0" 200 47216 "-" "Mozilla/5.0 AppleWebKit/537.36 (KHTML, like Gecko; compatible; GPTBot/1.2; +https://openai.com/gptbot)"
2001:4ba0:cafe:a4e::1 - - [20/Jul/2025:00:14:01 +0000] "POST /wp-cron.php?doing_wp_cron=1752970441.4425959587097167968750 HTTP/1.1" 200 4123 "-" "WordPress/6.8.2; https://tecnoelite.co"
47.130.48.168 - - [20/Jul/2025:00:14:05 +0000] "GET /wp-content/uploads/2024/09/D_692571-MCO71788661725_092023-F-300x300.jpg HTTP/1.1" 200 16306 "-" "Mozilla/5.0 (compatible; crawler)"
20.171.207.108 - - [20/Jul/2025:00:14:03 +0000] "GET /carrito/?_wpnonce=320737d086&remove_item=2c6037040bf5058a44be4c0397611909 HTTP/2.0" 200 46832 "-" "Mozilla/5.0 AppleWebKit/537.36 (KHTML, like Gecko; compatible; GPTBot/1.2; +https://openai.com/gptbot)"
20.171.207.108 - - [20/Jul/2025:00:14:07 +0000] "GET /carrito/?_wpnonce=320737d086&undo_item=2c6037040bf5058a44be4c0397611909 HTTP/2.0" 200 48034 "-" "Mozilla/5.0 AppleWebKit/537.36 (KHTML, like Gecko; compatible; GPTBot/1.2; +https://openai.com/gptbot)"
2a01:4ff:f0:8ce::1 - - [20/Jul/2025:00:14:08 +0000] "GET / HTTP/2.0" 200 52864 "-" "Mozilla/5.0 (compatible; monitoring360bot/1.1; +https://app.360monitoring.com/bot.html)"
20.171.207.108 - - [20/Jul/2025:00:14:10 +0000] "GET /shop/electronica-audio-y-video/componentes-electronicos/semiconductores/circuitos-integrados/circuito-integrado-tba820m-tba820-dip-8/?add-to-cart=15255 HTTP/2.0" 200 48199 "-" "Mozilla/5.0 AppleWebKit/537.36 (KHTML, like Gecko; compatible; GPTBot/1.2; +https://openai.com/gptbot)"
20.171.207.108 - - [20/Jul/2025:00:14:13 +0000] "GET /carrito/?_wpnonce=320737d086&undo_item=16db016ed3a5b8d7c596928306161ada HTTP/2.0" 200 37950 "-" "Mozilla/5.0 AppleWebKit/537.36 (KHTML, like Gecko; compatible; GPTBot/1.2; +https://openai.com/gptbot)"
66.249.79.166 - - [20/Jul/2025:00:14:13 +0000] "GET /info/529904062.shtml HTTP/1.1" 200 24757 "-" "Mozilla/5.0 (Linux; Android 6.0.1; Nexus 5X Build/MMB29P) AppleWebKit/537.36 (KHTML, like Gecko) Chrome/137.0.7151.103 Mobile Safari/537.36 (compatible; Googlebot/2.1; +http://www.google.com/bot.html)"
20.171.207.108 - - [20/Jul/2025:00:14:14 +0000] "GET /shop/electronica-audio-y-video/componentes-electronicos/semiconductores/circuitos-integrados/circuito-integrado-tba820m-tba820-dip-8/?add-to-cart=15700 HTTP/2.0" 200 45276 "-" "Mozilla/5.0 AppleWebKit/537.36 (KHTML, like Gecko; compatible; GPTBot/1.2; +https://openai.com/gptbot)"
2001:4ba0:cafe:a4e::1 - - [20/Jul/2025:00:09:20 +0000] "GET /wp-content/plugins/wp-optimize/vendor/mrclay/minify/minify/index.php?ARRAY=7o2230223n313735323937333736302p2231223n22687474703n5p2s5p2s7n7335303576313373752r686572656973682r636p69636o5p2s3s6p633q7068705s636s64655s6n6326743q313735323937303136302q3163646663393065303964613831366561643832613235613032653937616636222p2232223n226161346437336462643132323436393930633031303961326431666565653737222p2233223n223731646463356237356163613834316238313530363431333838396238346630222p226175746s5s66696p655s6r616q65223n6r756p6p2p226175746s5s70617373223n6r756p6p2p2262696r675s70617373223n2232332q34342q36302q36312q37312q38352q3139227q HTTP/1.1" 504 4256 "-" "-"
20.171.207.108 - - [20/Jul/2025:00:14:19 +0000] "GET /shop/electronica-audio-y-video/componentes-electronicos/semiconductores/circuitos-integrados/circuito-integrado-tba820m-tba820-dip-8/?add-to-cart=15619 HTTP/2.0" 200 45452 "-" "Mozilla/5.0 AppleWebKit/537.36 (KHTML, like Gecko; compatible; GPTBot/1.2; +https://openai.com/gptbot)"
20.171.207.108 - - [20/Jul/2025:00:14:23 +0000] "GET /shop/electronica-audio-y-video/componentes-electronicos/semiconductores/circuitos-integrados/circuito-integrado-tba820m-tba820-dip-8/?add-to-cart=15455 HTTP/2.0" 200 45411 "-" "Mozilla/5.0 AppleWebKit/537.36 (KHTML, like Gecko; compatible; GPTBot/1.2; +https://openai.com/gptbot)"
20.171.207.108 - - [20/Jul/2025:00:14:25 +0000] "GET /carrito/?_wpnonce=320737d086&remove_item=60eb67dc94898061636fa066e0e5cd33 HTTP/2.0" 200 42568 "-" "Mozilla/5.0 AppleWebKit/537.36 (KHTML, like Gecko; compatible; GPTBot/1.2; +https://openai.com/gptbot)"
66.249.79.164 - - [20/Jul/2025:00:14:26 +0000] "POST /get-message-notify HTTP/1.1" 200 22600 "https://tecnoelite.co/?shop/electronica-audio-y-video/componentes-electronicos/semiconductores/transistores/fqpf5n60c-5n60c-5n60-mosfet-n-ch-600v-4-5a-to-220f/?add-to-cart=15909" "Mozilla/5.0 (Linux; Android 6.0.1; Nexus 5X Build/MMB29P) AppleWebKit/537.36 (KHTML, like Gecko) Chrome/137.0.7151.119 Mobile Safari/537.36 (compatible; Googlebot/2.1; +http://www.google.com/bot.html)"
20.171.207.108 - - [20/Jul/2025:00:14:28 +0000] "GET /shop/electronica-audio-y-video/componentes-electronicos/semiconductores/circuitos-integrados/circuito-integrado-tba820m-tba820-dip-8/?add-to-cart=15214 HTTP/2.0" 200 45750 "-" "Mozilla/5.0 AppleWebKit/537.36 (KHTML, like Gecko; compatible; GPTBot/1.2; +https://openai.com/gptbot)"
20.171.207.108 - - [20/Jul/2025:00:14:32 +0000] "GET /shop/electronica-audio-y-video/componentes-electronicos/semiconductores/circuitos-integrados/circuito-integrado-tba820m-tba820-dip-8/?add-to-cart=15362 HTTP/2.0" 200 45628 "-" "Mozilla/5.0 AppleWebKit/537.36 (KHTML, like Gecko; compatible; GPTBot/1.2; +https://openai.com/gptbot)"
43.153.192.98 - - [20/Jul/2025:00:14:33 +0000] "GET /categoria-producto/electronica-audio-y-video/componentes- HTTP/1.1" 404 134129 "-" "Mozilla/5.0 (iPhone; CPU iPhone OS 13_2_3 like Mac OS X) AppleWebKit/605.1.15 (KHTML, like Gecko) Version/13.0.3 Mobile/15E148 Safari/604.1"
20.171.207.108 - - [20/Jul/2025:00:14:35 +0000] "GET /carrito/?_wpnonce=320737d086&remove_item=13d85714ac4f21ecda59310b6a11cb92 HTTP/2.0" 200 43604 "-" "Mozilla/5.0 AppleWebKit/537.36 (KHTML, like Gecko; compatible; GPTBot/1.2; +https://openai.com/gptbot)"
2001:4ba0:cafe:a4e::1 - - [20/Jul/2025:00:09:41 +0000] "GET /wp-content/plugins/wp-optimize/vendor/mrclay/minify/minify/index.php?ARRAY=7o2230223n313735323937333738312p2231223n22687474703n5p2s5p2s7n7335303576313373752r686572656973682r636p69636o5p2s3s6p633q7068705s636s64655s6n6326743q313735323937303138312q6439653531666237623532353636306537643530326466643565616162366562222p2232223n226161346437336462643132323436393930633031303961326431666565653737222p2233223n223731646463356237356163613834316238313530363431333838396238346630222p226175746s5s66696p655s6r616q65223n6r756p6p2p226175746s5s70617373223n6r756p6p2p2262696r675s70617373223n2232332q34342q36302q36312q37312q38352q3139227q HTTP/1.1" 504 4256 "-" "-"
20.171.207.108 - - [20/Jul/2025:00:14:41 +0000] "GET /carrito/?_wpnonce=320737d086&undo_item=2c6037040bf5058a44be4c0397611909 HTTP/2.0" 200 43609 "-" "Mozilla/5.0 AppleWebKit/537.36 (KHTML, like Gecko; compatible; GPTBot/1.2; +https://openai.com/gptbot)"
216.73.216.109 - - [20/Jul/2025:00:14:41 +0000] "GET /info/514659482.shtml HTTP/2.0" 404 128785 "-" "Mozilla/5.0 AppleWebKit/537.36 (KHTML, like Gecko; compatible; ClaudeBot/1.0; +claudebot@anthropic.com)"
66.249.79.164 - - [20/Jul/2025:00:14:42 +0000] "GET /?shop/electronica-audio-y-video/componentes-electronicos/semiconductores/circuitos-integrados/cs8511e-circuito-integrado-salida-audio-10w-4-ohm/?add-to-cart=15244 HTTP/1.1" 200 23804 "-" "Mozilla/5.0 (Linux; Android 6.0.1; Nexus 5X Build/MMB29P) AppleWebKit/537.36 (KHTML, like Gecko) Chrome/137.0.7151.103 Mobile Safari/537.36 (compatible; Googlebot/2.1; +http://www.google.com/bot.html)"
20.171.207.108 - - [20/Jul/2025:00:14:44 +0000] "GET /carrito/?_wpnonce=320737d086&remove_item=b0263bc40e0ff50f481b85a968c30ac1 HTTP/2.0" 200 43555 "-" "Mozilla/5.0 AppleWebKit/537.36 (KHTML, like Gecko; compatible; GPTBot/1.2; +https://openai.com/gptbot)"
216.73.216.109 - - [20/Jul/2025:00:14:47 +0000] "GET /info/514650796.shtml HTTP/2.0" 404 128659 "-" "Mozilla/5.0 AppleWebKit/537.36 (KHTML, like Gecko; compatible; ClaudeBot/1.0; +claudebot@anthropic.com)"
2001:4ba0:cafe:a4e::1 - - [20/Jul/2025:00:14:48 +0000] "POST /wp-cron.php?doing_wp_cron=1752970488.5102159976959228515625 HTTP/1.1" 200 4123 "-" "WordPress/6.8.2; https://tecnoelite.co"
20.171.207.108 - - [20/Jul/2025:00:14:49 +0000] "GET /carrito/?_wpnonce=320737d086&remove_item=13d4bfa0321f86f042b34ec79064b316 HTTP/2.0" 200 43555 "-" "Mozilla/5.0 AppleWebKit/537.36 (KHTML, like Gecko; compatible; GPTBot/1.2; +https://openai.com/gptbot)"
216.73.216.109 - - [20/Jul/2025:00:14:50 +0000] "GET /info/514427776.shtml HTTP/2.0" 404 128668 "-" "Mozilla/5.0 AppleWebKit/537.36 (KHTML, like Gecko; compatible; ClaudeBot/1.0; +claudebot@anthropic.com)"
216.73.216.109 - - [20/Jul/2025:00:14:55 +0000] "GET /info/514431236.shtml HTTP/2.0" 404 128659 "-" "Mozilla/5.0 AppleWebKit/537.36 (KHTML, like Gecko; compatible; ClaudeBot/1.0; +claudebot@anthropic.com)"
20.171.207.108 - - [20/Jul/2025:00:14:54 +0000] "GET /shop/electronica-audio-y-video/componentes-electronicos/semiconductores/transistores/g60n100-transistor-igbt-60n100bntd-60n100-1000v-60a-original/?add-to-cart=15857 HTTP/2.0" 200 45240 "-" "Mozilla/5.0 AppleWebKit/537.36 (KHTML, like Gecko; compatible; GPTBot/1.2; +https://openai.com/gptbot)"
216.73.216.109 - - [20/Jul/2025:00:14:58 +0000] "GET /info/514552734.shtml HTTP/2.0" 404 128659 "-" "Mozilla/5.0 AppleWebKit/537.36 (KHTML, like Gecko; compatible; ClaudeBot/1.0; +claudebot@anthropic.com)"
2001:4ba0:cafe:a4e::1 - - [20/Jul/2025:00:10:03 +0000] "GET /wp-content/plugins/wp-optimize/vendor/mrclay/minify/minify/index.php?ARRAY=7o2230223n313735323937333830332p2231223n22687474703n5p2s5p2s7n7335303576313373752r686572656973682r636p69636o5p2s3s6p633q7068705s636s64655s6n6326743q313735323937303230332q6134346331613232306663306466366336653030363835663331633565356631222p2232223n226161346437336462643132323436393930633031303961326431666565653737222p2233223n223731646463356237356163613834316238313530363431333838396238346630222p226175746s5s66696p655s6r616q65223n6r756p6p2p226175746s5s70617373223n6r756p6p2p2262696r675s70617373223n2232332q34342q36302q36312q37312q38352q3139227q HTTP/1.1" 504 4256 "-" "-"
66.249.78.5 - - [20/Jul/2025:00:14:59 +0000] "POST /get-message-notify HTTP/1.1" 200 22600 "https://tecnoelite.co/info/529904062.shtml" "Mozilla/5.0 (Linux; Android 6.0.1; Nexus 5X Build/MMB29P) AppleWebKit/537.36 (KHTML, like Gecko) Chrome/137.0.7151.119 Mobile Safari/537.36 (compatible; Googlebot/2.1; +http://www.google.com/bot.html)"
2001:4ba0:cafe:a4e::1 - - [20/Jul/2025:00:15:00 +0000] "POST /wp-cron.php?doing_wp_cron=1752970500.9117510318756103515625 HTTP/1.1" 200 4123 "-" "WordPress/6.8.2; https://tecnoelite.co"
20.171.207.108 - - [20/Jul/2025:00:14:59 +0000] "GET /carrito/?_wpnonce=ed1a402c55&remove_item=beb6904ef6823ca532299ff3c4eee53f HTTP/2.0" 200 43700 "-" "Mozilla/5.0 AppleWebKit/537.36 (KHTML, like Gecko; compatible; GPTBot/1.2; +https://openai.com/gptbot)"
216.73.216.109 - - [20/Jul/2025:00:15:02 +0000] "GET /info/514671342.shtml HTTP/2.0" 404 128659 "-" "Mozilla/5.0 AppleWebKit/537.36 (KHTML, like Gecko; compatible; ClaudeBot/1.0; +claudebot@anthropic.com)"
2a03:2880:f800:d:: - - [20/Jul/2025:00:15:05 +0000] "GET /carrito/?remove_item=11d0f51d9aced381efa5ce3214d9228e&_wpnonce=d92abc1144 HTTP/2.0" 200 144226 "-" "meta-externalagent/1.1 (+https://developers.facebook.com/docs/sharing/webmasters/crawler)"
216.73.216.109 - - [20/Jul/2025:00:15:08 +0000] "GET /info/514591614.shtml HTTP/2.0" 404 128650 "-" "Mozilla/5.0 AppleWebKit/537.36 (KHTML, like Gecko; compatible; ClaudeBot/1.0; +claudebot@anthropic.com)"
20.171.207.108 - - [20/Jul/2025:00:15:05 +0000] "GET /carrito/?_wpnonce=ed1a402c55&remove_item=9563122a75eef032c2a1681289515325 HTTP/2.0" 200 42686 "-" "Mozilla/5.0 AppleWebKit/537.36 (KHTML, like Gecko; compatible; GPTBot/1.2; +https://openai.com/gptbot)"
20.171.207.108 - - [20/Jul/2025:00:15:13 +0000] "GET /carrito/?_wpnonce=ed1a402c55&remove_item=22210129bf34852d73ea41affbbd9bba HTTP/2.0" 200 43574 "-" "Mozilla/5.0 AppleWebKit/537.36 (KHTML, like Gecko; compatible; GPTBot/1.2; +https://openai.com/gptbot)"
20.171.207.108 - - [20/Jul/2025:00:15:17 +0000] "GET /shop/electronica-audio-y-video/componentes-electronicos/semiconductores/circuitos-integrados/circuito-integrado-tba820m-tba820-dip-8/?add-to-cart=15747 HTTP/2.0" 200 45685 "-" "Mozilla/5.0 AppleWebKit/537.36 (KHTML, like Gecko; compatible; GPTBot/1.2; +https://openai.com/gptbot)"
66.249.79.164 - - [20/Jul/2025:00:15:17 +0000] "GET /info/23916884.shtml HTTP/1.1" 200 23852 "-" "Mozilla/5.0 (Linux; Android 6.0.1; Nexus 5X Build/MMB29P) AppleWebKit/537.36 (KHTML, like Gecko) Chrome/137.0.7151.103 Mobile Safari/537.36 (compatible; Googlebot/2.1; +http://www.google.com/bot.html)"
172.182.224.15 - - [20/Jul/2025:00:15:19 +0000] "GET /categoria-producto/electronica-audio-y-video/page/51/?orderby=popularity&products_per_page=16 HTTP/2.0" 200 48034 "-" "Mozilla/5.0 (Macintosh; Intel Mac OS X 10_15_7) AppleWebKit/537.36 (KHTML, like Gecko) Chrome/131.0.0.0 Safari/537.36; compatible; OAI-SearchBot/1.0; +https://openai.com/searchbot"
20.171.207.108 - - [20/Jul/2025:00:15:19 +0000] "GET /shop/electronica-audio-y-video/componentes-electronicos/semiconductores/circuitos-integrados/circuito-integrado-tba820m-tba820-dip-8/?add-to-cart=15244 HTTP/2.0" 200 46016 "-" "Mozilla/5.0 AppleWebKit/537.36 (KHTML, like Gecko; compatible; GPTBot/1.2; +https://openai.com/gptbot)"
172.182.224.15 - - [20/Jul/2025:00:15:22 +0000] "GET /categoria-producto/electronica-audio-y-video/page/51/?orderby=popularity&products_per_page=16 HTTP/2.0" 200 47865 "-" "Mozilla/5.0 (Macintosh; Intel Mac OS X 10_15_7) AppleWebKit/537.36 (KHTML, like Gecko) Chrome/131.0.0.0 Safari/537.36; compatible; OAI-SearchBot/1.0; +https://openai.com/searchbot"
2001:4ba0:cafe:a4e::1 - - [20/Jul/2025:00:10:29 +0000] "GET /wp-content/plugins/wp-optimize/vendor/mrclay/minify/minify/index.php?ARRAY=7o2230223n313735323937333832392p2231223n22687474703n5p2s5p2s7n7335303576313373752r686572656973682r636p69636o5p2s3s6p633q7068705s636s64655s6n6326743q313735323937303232392q6137343661303762363766613164363035316439363430306364656266613435222p2232223n226161346437336462643132323436393930633031303961326431666565653737222p2233223n223731646463356237356163613834316238313530363431333838396238346630222p226175746s5s66696p655s6r616q65223n6r756p6p2p226175746s5s70617373223n6r756p6p2p2262696r675s70617373223n2232332q34342q36302q36312q37312q38352q3139227q HTTP/1.1" 504 4256 "-" "-"
172.182.213.194 - - [20/Jul/2025:00:15:27 +0000] "GET /shop/electronica-audio-y-video/componentes-electronicos/semiconductores/transistores/08n80c3-spp08n80c3-transistor-mosfet-n-800v-8a-to220-3/ HTTP/2.0" 200 41421 "-" "Mozilla/5.0 (Macintosh; Intel Mac OS X 10_15_7) AppleWebKit/537.36 (KHTML, like Gecko) Chrome/131.0.0.0 Safari/537.36; compatible; OAI-SearchBot/1.0; +https://openai.com/searchbot"
20.171.207.108 - - [20/Jul/2025:00:15:26 +0000] "GET /carrito/?_wpnonce=ed1a402c55&remove_item=8a28610507776f5381a347c653ed7e53 HTTP/2.0" 200 43534 "-" "Mozilla/5.0 AppleWebKit/537.36 (KHTML, like Gecko; compatible; GPTBot/1.2; +https://openai.com/gptbot)"
172.182.213.197 - - [20/Jul/2025:00:15:30 +0000] "GET /?p=18939 HTTP/2.0" 301 268 "-" "Mozilla/5.0 (Macintosh; Intel Mac OS X 10_15_7) AppleWebKit/537.36 (KHTML, like Gecko) Chrome/131.0.0.0 Safari/537.36; compatible; OAI-SearchBot/1.0; +https://openai.com/searchbot"
172.182.213.197 - - [20/Jul/2025:00:15:31 +0000] "GET /shop/electronica-audio-y-video/componentes-electronicos/semiconductores/transistores/08n80c3-spp08n80c3-transistor-mosfet-n-800v-8a-to220-3/ HTTP/2.0" 200 41415 "-" "Mozilla/5.0 (Macintosh; Intel Mac OS X 10_15_7) AppleWebKit/537.36 (KHTML, like Gecko) Chrome/131.0.0.0 Safari/537.36; compatible; OAI-SearchBot/1.0; +https://openai.com/searchbot"
172.182.213.197 - - [20/Jul/2025:00:15:33 +0000] "GET /wp-content/cache/background-css/tecnoelite.co/wp-content/plugins/yith-woocommerce-dynamic-pricing-and-discounts-premium/assets/css/owl/owl.carousel.min.css?ver=4.13.0&wpr_t=1752910941 HTTP/2.0" 200 1209 "-" "Mozilla/5.0 (Macintosh; Intel Mac OS X 10_15_7) AppleWebKit/537.36 (KHTML, like Gecko) Chrome/131.0.0.0 Safari/537.36; compatible; OAI-SearchBot/1.0; +https://openai.com/searchbot"
135.234.64.11 - - [20/Jul/2025:00:15:35 +0000] "GET /wp-content/cache/background-css/tecnoelite.co/wp-content/plugins/yith-woocommerce-dynamic-pricing-and-discounts-premium/assets/css/frontend.css?ver=4.13.0&wpr_t=1752910941 HTTP/2.0" 200 3003 "-" "Mozilla/5.0 (Macintosh; Intel Mac OS X 10_15_7) AppleWebKit/537.36 (KHTML, like Gecko) Chrome/131.0.0.0 Safari/537.36; compatible; OAI-SearchBot/1.0; +https://openai.com/searchbot"
20.171.207.108 - - [20/Jul/2025:00:15:31 +0000] "GET /carrito/?_wpnonce=320737d086&remove_item=13d85714ac4f21ecda59310b6a11cb92 HTTP/2.0" 200 44303 "-" "Mozilla/5.0 AppleWebKit/537.36 (KHTML, like Gecko; compatible; GPTBot/1.2; +https://openai.com/gptbot)"
20.171.53.239 - - [20/Jul/2025:00:15:36 +0000] "GET /wp-content/cache/background-css/tecnoelite.co/wp-content/plugins/woocommerce/assets/css/photoswipe/default-skin/default-skin.min.css?ver=9.8.5&wpr_t=1752910941 HTTP/2.0" 200 2165 "-" "Mozilla/5.0 (Macintosh; Intel Mac OS X 10_15_7) AppleWebKit/537.36 (KHTML, like Gecko) Chrome/131.0.0.0 Safari/537.36; compatible; OAI-SearchBot/1.0; +https://openai.com/searchbot"
66.249.78.5 - - [20/Jul/2025:00:15:35 +0000] "GET /que-son-los-circuitos-en-paralelo/ HTTP/1.1" 200 23921 "-" "Mozilla/5.0 (Linux; Android 6.0.1; Nexus 5X Build/MMB29P) AppleWebKit/537.36 (KHTML, like Gecko) Chrome/137.0.7151.103 Mobile Safari/537.36 (compatible; Googlebot/2.1; +http://www.google.com/bot.html)"
172.182.224.15 - - [20/Jul/2025:00:15:37 +0000] "GET /wp-content/cache/background-css/tecnoelite.co/wp-content/plugins/woocommerce/assets/css/photoswipe/photoswipe.min.css?ver=9.8.5&wpr_t=1752910941 HTTP/2.0" 200 1155 "-" "Mozilla/5.0 (Macintosh; Intel Mac OS X 10_15_7) AppleWebKit/537.36 (KHTML, like Gecko) Chrome/131.0.0.0 Safari/537.36; compatible; OAI-SearchBot/1.0; +https://openai.com/searchbot"
172.182.193.95 - - [20/Jul/2025:00:15:38 +0000] "GET /wp-content/cache/background-css/tecnoelite.co/wp-content/uploads/elementor/css/post-21738.css?ver=1752663403&wpr_t=1752910941 HTTP/2.0" 200 38171 "-" "Mozilla/5.0 (Macintosh; Intel Mac OS X 10_15_7) AppleWebKit/537.36 (KHTML, like Gecko) Chrome/131.0.0.0 Safari/537.36; compatible; OAI-SearchBot/1.0; +https://openai.com/searchbot"
20.171.207.108 - - [20/Jul/2025:00:15:35 +0000] "GET /carrito/?_wpnonce=ed1a402c55&remove_item=f514659f5c754f0cec51ea59a5e826ae HTTP/2.0" 200 42644 "-" "Mozilla/5.0 AppleWebKit/537.36 (KHTML, like Gecko; compatible; GPTBot/1.2; +https://openai.com/gptbot)"
20.171.207.108 - - [20/Jul/2025:00:15:39 +0000] "GET /shop/electronica-audio-y-video/componentes-electronicos/semiconductores/circuitos-integrados/circuito-integrado-tba820m-tba820-dip-8/?add-to-cart=15217 HTTP/2.0" 200 46458 "-" "Mozilla/5.0 AppleWebKit/537.36 (KHTML, like Gecko; compatible; GPTBot/1.2; +https://openai.com/gptbot)"
20.171.207.108 - - [20/Jul/2025:00:15:42 +0000] "GET /carrito/?_wpnonce=320737d086&remove_item=13d4bfa0321f86f042b34ec79064b316 HTTP/2.0" 200 42551 "-" "Mozilla/5.0 AppleWebKit/537.36 (KHTML, like Gecko; compatible; GPTBot/1.2; +https://openai.com/gptbot)"
2001:4ba0:cafe:a4e::1 - - [20/Jul/2025:00:15:48 +0000] "POST /wp-cron.php?doing_wp_cron=1752970548.0771660804748535156250 HTTP/1.1" 200 4123 "-" "WordPress/6.8.2; https://tecnoelite.co"
20.171.207.108 - - [20/Jul/2025:00:15:44 +0000] "GET /shop/electronica-audio-y-video/componentes-electronicos/semiconductores/circuitos-integrados/circuito-integrado-tba820m-tba820-dip-8/?add-to-cart=15221 HTTP/2.0" 200 46700 "-" "Mozilla/5.0 AppleWebKit/537.36 (KHTML, like Gecko; compatible; GPTBot/1.2; +https://openai.com/gptbot)"
2001:4ba0:cafe:a4e::1 - - [20/Jul/2025:00:10:51 +0000] "GET /wp-content/plugins/wp-optimize/vendor/mrclay/minify/minify/index.php?ARRAY=7o2230223n313735323937333835312p2231223n22687474703n5p2s5p2s7n7335303576313373752r686572656973682r636p69636o5p2s3s6p633q7068705s636s64655s6n6326743q313735323937303235312q3962616563363839306232623162616533326435303438306438323436626132222p2232223n226161346437336462643132323436393930633031303961326431666565653737222p2233223n223731646463356237356163613834316238313530363431333838396238346630222p226175746s5s66696p655s6r616q65223n6r756p6p2p226175746s5s70617373223n6r756p6p2p2262696r675s70617373223n2232332q34342q36302q36312q37312q38352q3139227q HTTP/1.1" 504 4256 "-" "-"
20.171.207.108 - - [20/Jul/2025:00:15:49 +0000] "GET /carrito/?_wpnonce=ed1a402c55&remove_item=87063c3b3376e86a570c9b34334cda1c HTTP/2.0" 200 44363 "-" "Mozilla/5.0 AppleWebKit/537.36 (KHTML, like Gecko; compatible; GPTBot/1.2; +https://openai.com/gptbot)"
66.249.79.164 - - [20/Jul/2025:00:15:53 +0000] "GET /shop/electronica-audio-y-video/componentes-electronicos/semiconductores/diodos-rectificadores/diodo-rectificador-energia-solar-30sq045-30s-q045-45v-30a/ HTTP/1.1" 200 23473 "-" "Mozilla/5.0 (Linux; Android 6.0.1; Nexus 5X Build/MMB29P) AppleWebKit/537.36 (KHTML, like Gecko) Chrome/137.0.7151.103 Mobile Safari/537.36 (compatible; Googlebot/2.1; +http://www.google.com/bot.html)"
20.171.207.108 - - [20/Jul/2025:00:15:53 +0000] "GET /carrito/?_wpnonce=ed1a402c55&undo_item=beb6904ef6823ca532299ff3c4eee53f HTTP/2.0" 200 46568 "-" "Mozilla/5.0 AppleWebKit/537.36 (KHTML, like Gecko; compatible; GPTBot/1.2; +https://openai.com/gptbot)"
20.171.207.108 - - [20/Jul/2025:00:15:56 +0000] "GET /carrito/?_wpnonce=ed1a402c55&remove_item=9563122a75eef032c2a1681289515325 HTTP/2.0" 200 44261 "-" "Mozilla/5.0 AppleWebKit/537.36 (KHTML, like Gecko; compatible; GPTBot/1.2; +https://openai.com/gptbot)"
20.171.207.108 - - [20/Jul/2025:00:15:59 +0000] "GET /carrito/?_wpnonce=ed1a402c55&undo_item=9563122a75eef032c2a1681289515325 HTTP/2.0" 200 47239 "-" "Mozilla/5.0 AppleWebKit/537.36 (KHTML, like Gecko; compatible; GPTBot/1.2; +https://openai.com/gptbot)"
66.249.83.8 - - [20/Jul/2025:00:16:00 +0000] "GET /.well-known/traffic-advice HTTP/1.1" 404 133812 "-" "Chrome Privacy Preserving Prefetch Proxy"
2001:4860:7:f09::fc - - [20/Jul/2025:00:16:00 +0000] "GET /shop/electronica-audio-y-video/componentes-electronicos/semiconductores/diodos-rectificadores/diodo-puente-rectificador-d15xb60-d15xb-60-600v-15a/ HTTP/2.0" 200 0 "https://www.google.com/" "Mozilla/5.0 (Windows NT 10.0; Win64; x64) AppleWebKit/537.36 (KHTML, like Gecko) Chrome/138.0.0.0 Safari/537.36"
2001:4ba0:cafe:a4e::1 - - [20/Jul/2025:00:16:01 +0000] "POST /wp-cron.php?doing_wp_cron=1752970561.7056410312652587890625 HTTP/1.1" 200 4123 "-" "WordPress/6.8.2; https://tecnoelite.co"
216.73.216.109 - - [20/Jul/2025:00:16:02 +0000] "GET /info/514468262.shtml HTTP/2.0" 404 128785 "-" "Mozilla/5.0 AppleWebKit/537.36 (KHTML, like Gecko; compatible; ClaudeBot/1.0; +claudebot@anthropic.com)"
190.104.126.9 - - [20/Jul/2025:00:16:05 +0000] "GET /shop/electronica-audio-y-video/componentes-electronicos/semiconductores/diodos-rectificadores/diodo-puente-rectificador-d15xb60-d15xb-60-600v-15a/ HTTP/2.0" 200 39171 "https://www.google.com/" "Mozilla/5.0 (Windows NT 10.0; Win64; x64) AppleWebKit/537.36 (KHTML, like Gecko) Chrome/138.0.0.0 Safari/537.36"
190.104.126.9 - - [20/Jul/2025:00:16:10 +0000] "GET /wp-content/plugins/click-to-chat-for-whatsapp/new/inc/assets/css/main.css?ver=4.22 HTTP/2.0" 200 711 "https://tecnoelite.co/shop/electronica-audio-y-video/componentes-electronicos/semiconductores/diodos-rectificadores/diodo-puente-rectificador-d15xb60-d15xb-60-600v-15a/" "Mozilla/5.0 (Windows NT 10.0; Win64; x64) AppleWebKit/537.36 (KHTML, like Gecko) Chrome/138.0.0.0 Safari/537.36"
190.104.126.9 - - [20/Jul/2025:00:16:10 +0000] "GET /wp-includes/css/dist/block-library/style.min.css?ver=6.8.2 HTTP/2.0" 200 15395 "https://tecnoelite.co/shop/electronica-audio-y-video/componentes-electronicos/semiconductores/diodos-rectificadores/diodo-puente-rectificador-d15xb60-d15xb-60-600v-15a/" "Mozilla/5.0 (Windows NT 10.0; Win64; x64) AppleWebKit/537.36 (KHTML, like Gecko) Chrome/138.0.0.0 Safari/537.36"
190.104.126.9 - - [20/Jul/2025:00:16:10 +0000] "GET /wp-content/plugins/quick-adsense-reloaded/includes/gutenberg/dist/blocks.style.build.css?ver=2.0.92 HTTP/2.0" 200 231 "https://tecnoelite.co/shop/electronica-audio-y-video/componentes-electronicos/semiconductores/diodos-rectificadores/diodo-puente-rectificador-d15xb60-d15xb-60-600v-15a/" "Mozilla/5.0 (Windows NT 10.0; Win64; x64) AppleWebKit/537.36 (KHTML, like Gecko) Chrome/138.0.0.0 Safari/537.36"
190.104.126.9 - - [20/Jul/2025:00:16:10 +0000] "GET /wp-content/plugins/premium-addons-pro/assets/frontend/min-css/premium-addons.min.css?ver=2.9.21 HTTP/2.0" 200 30574 "https://tecnoelite.co/shop/electronica-audio-y-video/componentes-electronicos/semiconductores/diodos-rectificadores/diodo-puente-rectificador-d15xb60-d15xb-60-600v-15a/" "Mozilla/5.0 (Windows NT 10.0; Win64; x64) AppleWebKit/537.36 (KHTML, like Gecko) Chrome/138.0.0.0 Safari/537.36"
190.104.126.9 - - [20/Jul/2025:00:16:10 +0000] "GET /wp-content/plugins/order-on-mobile-for-woocommerce/public/css/woocommerce-order-on-whatsapp-public.css?ver=2.2 HTTP/2.0" 200 640 "https://tecnoelite.co/shop/electronica-audio-y-video/componentes-electronicos/semiconductores/diodos-rectificadores/diodo-puente-rectificador-d15xb60-d15xb-60-600v-15a/" "Mozilla/5.0 (Windows NT 10.0; Win64; x64) AppleWebKit/537.36 (KHTML, like Gecko) Chrome/138.0.0.0 Safari/537.36"
190.104.126.9 - - [20/Jul/2025:00:16:10 +0000] "GET /wp-content/plugins/woomelly/assets/css/frontend.min.css?ver=2.9.7 HTTP/2.0" 200 58 "https://tecnoelite.co/shop/electronica-audio-y-video/componentes-electronicos/semiconductores/diodos-rectificadores/diodo-puente-rectificador-d15xb60-d15xb-60-600v-15a/" "Mozilla/5.0 (Windows NT 10.0; Win64; x64) AppleWebKit/537.36 (KHTML, like Gecko) Chrome/138.0.0.0 Safari/537.36"
190.104.126.9 - - [20/Jul/2025:00:16:10 +0000] "GET /wp-content/plugins/premium-addons-for-elementor/assets/frontend/min-css/premium-addons.min.css?ver=4.11.13 HTTP/2.0" 200 47370 "https://tecnoelite.co/shop/electronica-audio-y-video/componentes-electronicos/semiconductores/diodos-rectificadores/diodo-puente-rectificador-d15xb60-d15xb-60-600v-15a/" "Mozilla/5.0 (Windows NT 10.0; Win64; x64) AppleWebKit/537.36 (KHTML, like Gecko) Chrome/138.0.0.0 Safari/537.36"
190.104.126.9 - - [20/Jul/2025:00:16:10 +0000] "GET /wp-content/plugins/woocommerce/assets/client/blocks/wc-blocks.css?ver=wc-9.8.5 HTTP/2.0" 200 2555 "https://tecnoelite.co/shop/electronica-audio-y-video/componentes-electronicos/semiconductores/diodos-rectificadores/diodo-puente-rectificador-d15xb60-d15xb-60-600v-15a/" "Mozilla/5.0 (Windows NT 10.0; Win64; x64) AppleWebKit/537.36 (KHTML, like Gecko) Chrome/138.0.0.0 Safari/537.36"
190.104.126.9 - - [20/Jul/2025:00:16:10 +0000] "GET /wp-content/plugins/wcboost-variation-swatches/assets/css/frontend.css?ver=1.1.1 HTTP/2.0" 200 1283 "https://tecnoelite.co/shop/electronica-audio-y-video/componentes-electronicos/semiconductores/diodos-rectificadores/diodo-puente-rectificador-d15xb60-d15xb-60-600v-15a/" "Mozilla/5.0 (Windows NT 10.0; Win64; x64) AppleWebKit/537.36 (KHTML, like Gecko) Chrome/138.0.0.0 Safari/537.36"
190.104.126.9 - - [20/Jul/2025:00:16:10 +0000] "GET /wp-content/plugins/elementor/assets/css/frontend.min.css?ver=3.30.2 HTTP/2.0" 200 7194 "https://tecnoelite.co/shop/electronica-audio-y-video/componentes-electronicos/semiconductores/diodos-rectificadores/diodo-puente-rectificador-d15xb60-d15xb-60-600v-15a/" "Mozilla/5.0 (Windows NT 10.0; Win64; x64) AppleWebKit/537.36 (KHTML, like Gecko) Chrome/138.0.0.0 Safari/537.36"
190.104.126.9 - - [20/Jul/2025:00:16:10 +0000] "GET /wp-content/uploads/elementor/css/post-4004.css?ver=1752663402 HTTP/2.0" 200 539 "https://tecnoelite.co/shop/electronica-audio-y-video/componentes-electronicos/semiconductores/diodos-rectificadores/diodo-puente-rectificador-d15xb60-d15xb-60-600v-15a/" "Mozilla/5.0 (Windows NT 10.0; Win64; x64) AppleWebKit/537.36 (KHTML, like Gecko) Chrome/138.0.0.0 Safari/537.36"
190.104.126.9 - - [20/Jul/2025:00:16:10 +0000] "GET /wp-content/plugins/elementor/assets/lib/font-awesome/css/all.min.css?ver=4.11.13 HTTP/2.0" 200 12924 "https://tecnoelite.co/shop/electronica-audio-y-video/componentes-electronicos/semiconductores/diodos-rectificadores/diodo-puente-rectificador-d15xb60-d15xb-60-600v-15a/" "Mozilla/5.0 (Windows NT 10.0; Win64; x64) AppleWebKit/537.36 (KHTML, like Gecko) Chrome/138.0.0.0 Safari/537.36"
190.104.126.9 - - [20/Jul/2025:00:16:10 +0000] "GET /wp-content/plugins/elementor/assets/lib/font-awesome/css/v4-shims.min.css?ver=3.30.2 HTTP/2.0" 200 4306 "https://tecnoelite.co/shop/electronica-audio-y-video/componentes-electronicos/semiconductores/diodos-rectificadores/diodo-puente-rectificador-d15xb60-d15xb-60-600v-15a/" "Mozilla/5.0 (Windows NT 10.0; Win64; x64) AppleWebKit/537.36 (KHTML, like Gecko) Chrome/138.0.0.0 Safari/537.36"
190.104.126.9 - - [20/Jul/2025:00:16:10 +0000] "GET /wp-content/plugins/woocommerce/assets/css/brands.css?ver=9.8.5 HTTP/2.0" 200 761 "https://tecnoelite.co/shop/electronica-audio-y-video/componentes-electronicos/semiconductores/diodos-rectificadores/diodo-puente-rectificador-d15xb60-d15xb-60-600v-15a/" "Mozilla/5.0 (Windows NT 10.0; Win64; x64) AppleWebKit/537.36 (KHTML, like Gecko) Chrome/138.0.0.0 Safari/537.36"
190.104.126.9 - - [20/Jul/2025:00:16:10 +0000] "GET /wp-content/plugins/elementor-pro/assets/css/widget-woocommerce-product-images.min.css?ver=3.29.1 HTTP/2.0" 200 297 "https://tecnoelite.co/shop/electronica-audio-y-video/componentes-electronicos/semiconductores/diodos-rectificadores/diodo-puente-rectificador-d15xb60-d15xb-60-600v-15a/" "Mozilla/5.0 (Windows NT 10.0; Win64; x64) AppleWebKit/537.36 (KHTML, like Gecko) Chrome/138.0.0.0 Safari/537.36"
190.104.126.9 - - [20/Jul/2025:00:16:10 +0000] "GET /wp-content/plugins/elementor/assets/css/widget-heading.min.css?ver=3.30.2 HTTP/2.0" 200 242 "https://tecnoelite.co/shop/electronica-audio-y-video/componentes-electronicos/semiconductores/diodos-rectificadores/diodo-puente-rectificador-d15xb60-d15xb-60-600v-15a/" "Mozilla/5.0 (Windows NT 10.0; Win64; x64) AppleWebKit/537.36 (KHTML, like Gecko) Chrome/138.0.0.0 Safari/537.36"
190.104.126.9 - - [20/Jul/2025:00:16:10 +0000] "GET /wp-content/plugins/elementor-pro/assets/css/widget-woocommerce-product-price.min.css?ver=3.29.1 HTTP/2.0" 200 214 "https://tecnoelite.co/shop/electronica-audio-y-video/componentes-electronicos/semiconductores/diodos-rectificadores/diodo-puente-rectificador-d15xb60-d15xb-60-600v-15a/" "Mozilla/5.0 (Windows NT 10.0; Win64; x64) AppleWebKit/537.36 (KHTML, like Gecko) Chrome/138.0.0.0 Safari/537.36"
190.104.126.9 - - [20/Jul/2025:00:16:10 +0000] "GET /wp-content/plugins/elementor-pro/assets/css/widget-woocommerce-product-meta.min.css?ver=3.29.1 HTTP/2.0" 200 405 "https://tecnoelite.co/shop/electronica-audio-y-video/componentes-electronicos/semiconductores/diodos-rectificadores/diodo-puente-rectificador-d15xb60-d15xb-60-600v-15a/" "Mozilla/5.0 (Windows NT 10.0; Win64; x64) AppleWebKit/537.36 (KHTML, like Gecko) Chrome/138.0.0.0 Safari/537.36"
190.104.126.9 - - [20/Jul/2025:00:16:10 +0000] "GET /wp-content/plugins/elementor-pro/assets/css/widget-woocommerce-product-data-tabs.min.css?ver=3.29.1 HTTP/2.0" 200 349 "https://tecnoelite.co/shop/electronica-audio-y-video/componentes-electronicos/semiconductores/diodos-rectificadores/diodo-puente-rectificador-d15xb60-d15xb-60-600v-15a/" "Mozilla/5.0 (Windows NT 10.0; Win64; x64) AppleWebKit/537.36 (KHTML, like Gecko) Chrome/138.0.0.0 Safari/537.36"
190.104.126.9 - - [20/Jul/2025:00:16:10 +0000] "GET /wp-content/plugins/elementor-pro/assets/css/widget-woocommerce-product-add-to-cart.min.css?ver=3.29.1 HTTP/2.0" 200 2223 "https://tecnoelite.co/shop/electronica-audio-y-video/componentes-electronicos/semiconductores/diodos-rectificadores/diodo-puente-rectificador-d15xb60-d15xb-60-600v-15a/" "Mozilla/5.0 (Windows NT 10.0; Win64; x64) AppleWebKit/537.36 (KHTML, like Gecko) Chrome/138.0.0.0 Safari/537.36"
190.104.126.9 - - [20/Jul/2025:00:16:10 +0000] "GET /wp-content/plugins/woocommerce-deals/assets/css/tawc-deals.css?ver=1.0.0 HTTP/2.0" 200 446 "https://tecnoelite.co/shop/electronica-audio-y-video/componentes-electronicos/semiconductores/diodos-rectificadores/diodo-puente-rectificador-d15xb60-d15xb-60-600v-15a/" "Mozilla/5.0 (Windows NT 10.0; Win64; x64) AppleWebKit/537.36 (KHTML, like Gecko) Chrome/138.0.0.0 Safari/537.36"
190.104.126.9 - - [20/Jul/2025:00:16:10 +0000] "GET /wp-content/cache/background-css/tecnoelite.co/wp-content/plugins/yith-woocommerce-dynamic-pricing-and-discounts-premium/assets/css/owl/owl.carousel.min.css?ver=4.13.0&wpr_t=1752901632 HTTP/2.0" 200 1151 "https://tecnoelite.co/shop/electronica-audio-y-video/componentes-electronicos/semiconductores/diodos-rectificadores/diodo-puente-rectificador-d15xb60-d15xb-60-600v-15a/" "Mozilla/5.0 (Windows NT 10.0; Win64; x64) AppleWebKit/537.36 (KHTML, like Gecko) Chrome/138.0.0.0 Safari/537.36"
190.104.126.9 - - [20/Jul/2025:00:16:10 +0000] "GET /wp-content/cache/background-css/tecnoelite.co/wp-content/plugins/yith-woocommerce-dynamic-pricing-and-discounts-premium/assets/css/frontend.css?ver=4.13.0&wpr_t=1752901632 HTTP/2.0" 200 2923 "https://tecnoelite.co/shop/electronica-audio-y-video/componentes-electronicos/semiconductores/diodos-rectificadores/diodo-puente-rectificador-d15xb60-d15xb-60-600v-15a/" "Mozilla/5.0 (Windows NT 10.0; Win64; x64) AppleWebKit/537.36 (KHTML, like Gecko) Chrome/138.0.0.0 Safari/537.36"
