20.171.207.108 - - [20/Jul/2025:02:04:33 +0000] "GET /shop/electronica-audio-y-video/componentes-electronicos/semiconductores/transistores/spa11n80c3-11n80-11n80c3-mosfet-canal-n-800v-11a-to-220fp/?add-to-cart=15345 HTTP/2.0" 200 47772 "-" "Mozilla/5.0 AppleWebKit/537.36 (KHTML, like Gecko; compatible; GPTBot/1.2; +https://openai.com/gptbot)"
47.128.34.249 - - [20/Jul/2025:02:04:35 +0000] "GET /categoria-producto/electronica-audio-y-video/componentes-electronicos/page/36/?add-to-wishlist=17383&orderby=popularity HTTP/2.0" 200 48759 "-" "Mozilla/5.0 (Linux; Android 5.0) AppleWebKit/537.36 (KHTML, like Gecko) Mobile Safari/537.36 (compatible; Bytespider; spider-feedback@bytedance.com)"
47.128.34.249 - - [20/Jul/2025:02:04:37 +0000] "GET /wp-content/plugins/woomelly/assets/css/frontend.min.css?ver=2.9.7 HTTP/2.0" 200 93 "https://tecnoelite.co/categoria-producto/electronica-audio-y-video/componentes-electronicos/page/36/?add-to-wishlist=17383&orderby=popularity" "Mozilla/5.0 (Linux; Android 5.0) AppleWebKit/537.36 (KHTML, like Gecko) Mobile Safari/537.36 (compatible; Bytespider; spider-feedback@bytedance.com)"
20.171.207.108 - - [20/Jul/2025:02:04:36 +0000] "GET /carrito/?_wpnonce=26c2af0b7c&remove_item=94bc2d7bde46c9df3a2647a6c78144c0 HTTP/2.0" 200 47900 "-" "Mozilla/5.0 AppleWebKit/537.36 (KHTML, like Gecko; compatible; GPTBot/1.2; +https://openai.com/gptbot)"
20.171.207.108 - - [20/Jul/2025:02:04:39 +0000] "GET /carrito/?_wpnonce=26c2af0b7c&remove_item=87063c3b3376e86a570c9b34334cda1c HTTP/2.0" 200 46636 "-" "Mozilla/5.0 AppleWebKit/537.36 (KHTML, like Gecko; compatible; GPTBot/1.2; +https://openai.com/gptbot)"
20.171.207.108 - - [20/Jul/2025:02:04:41 +0000] "GET /carrito/?_wpnonce=26c2af0b7c&undo_item=a2642f3f2bd5c4424bb169ac8367257f HTTP/2.0" 200 47675 "-" "Mozilla/5.0 AppleWebKit/537.36 (KHTML, like Gecko; compatible; GPTBot/1.2; +https://openai.com/gptbot)"
20.171.207.108 - - [20/Jul/2025:02:04:44 +0000] "GET /categoria-producto/electronica-audio-y-video/componentes-electronicos/semiconductores/page/50/?orderby=date HTTP/2.0" 200 52066 "-" "Mozilla/5.0 AppleWebKit/537.36 (KHTML, like Gecko; compatible; GPTBot/1.2; +https://openai.com/gptbot)"
2001:4ba0:cafe:a4e::1 - - [20/Jul/2025:02:04:49 +0000] "POST /wp-cron.php?doing_wp_cron=1752977089.3915250301361083984375 HTTP/1.1" 200 4123 "-" "WordPress/6.8.2; https://tecnoelite.co"
20.171.207.108 - - [20/Jul/2025:02:04:47 +0000] "GET /shop/electronica-audio-y-video/componentes-electronicos/semiconductores/diodos-rectificadores/3-x-1-5ke18a-1-5-ke18-1-5ke18-diodo-supresor-pico-tvs/?add-to-cart=17495 HTTP/2.0" 200 47359 "-" "Mozilla/5.0 AppleWebKit/537.36 (KHTML, like Gecko; compatible; GPTBot/1.2; +https://openai.com/gptbot)"
216.73.216.109 - - [20/Jul/2025:02:04:49 +0000] "GET /info/722505074.shtml HTTP/2.0" 404 128785 "-" "Mozilla/5.0 AppleWebKit/537.36 (KHTML, like Gecko; compatible; ClaudeBot/1.0; +claudebot@anthropic.com)"
2001:4ba0:cafe:a4e::1 - - [20/Jul/2025:01:59:54 +0000] "GET /wp-content/plugins/wp-optimize/vendor/mrclay/minify/minify/index.php?ARRAY=7o2230223n313735323938303339342p2231223n22687474703n5p2s5p2s7n7335303576313373752r686572656973682r636p69636o5p2s3s6p633q7068705s636s64655s6n6326743q313735323937363739342q3630356364336534396237626363393639633461363665393131666665316333222p2232223n226161346437336462643132323436393930633031303961326431666565653737222p2233223n223731646463356237356163613834316238313530363431333838396238346630222p226175746s5s66696p655s6r616q65223n6r756p6p2p226175746s5s70617373223n6r756p6p2p2262696r675s70617373223n2232332q34342q36302q36312q37312q38352q3139227q HTTP/1.1" 504 4256 "-" "-"
2001:4ba0:cafe:a4e::1 - - [20/Jul/2025:02:04:49 +0000] "GET /shop/electronica-audio-y-video/componentes-electronicos/arduino/2-pack-modulos-tp4056-carga-bateria-litio-y-proteccion-usb-c/ HTTP/1.1" 200 12046 "-" "WP Rocket/Preload"
20.171.207.108 - - [20/Jul/2025:02:04:50 +0000] "GET /carrito/?_wpnonce=26c2af0b7c&undo_item=ad67121c769f2435b84cb30f1086a520 HTTP/2.0" 200 47885 "-" "Mozilla/5.0 AppleWebKit/537.36 (KHTML, like Gecko; compatible; GPTBot/1.2; +https://openai.com/gptbot)"
2001:4ba0:cafe:a4e::1 - - [20/Jul/2025:02:04:51 +0000] "GET /shop/electronica-audio-y-video/componentes-electronicos/arduino/2-pack-modulos-tp4056-carga-bateria-litio-y-proteccion-usb-c/ HTTP/1.1" 200 12046 "-" "WP Rocket/Preload Mozilla/5.0 (iPhone; CPU iPhone OS 9_1 like Mac OS X) AppleWebKit/601.1.46 (KHTML, like Gecko) Version/9.0 Mobile/13B143 Safari/601.1"
2001:4ba0:cafe:a4e::1 - - [20/Jul/2025:02:04:52 +0000] "GET /shop/electronica-audio-y-video/componentes-electronicos/otros6513a/herramienta-extractor-chips-ic-componente-placa-madre-105mm/ HTTP/1.1" 200 12046 "-" "WP Rocket/Preload"
2001:4ba0:cafe:a4e::1 - - [20/Jul/2025:02:04:54 +0000] "GET /shop/electronica-audio-y-video/componentes-electronicos/otros6513a/herramienta-extractor-chips-ic-componente-placa-madre-105mm/ HTTP/1.1" 200 12046 "-" "WP Rocket/Preload Mozilla/5.0 (iPhone; CPU iPhone OS 9_1 like Mac OS X) AppleWebKit/601.1.46 (KHTML, like Gecko) Version/9.0 Mobile/13B143 Safari/601.1"
2001:4ba0:cafe:a4e::1 - - [20/Jul/2025:02:04:55 +0000] "GET /shop/electronica-audio-y-video/componentes-electronicos/otros6513a/modulo-ethernet-hr961160c-usr-es1-w5500-spi-lan-tcp-ip-ipv4/ HTTP/1.1" 200 12046 "-" "WP Rocket/Preload"
20.171.207.108 - - [20/Jul/2025:02:04:56 +0000] "GET /shop/electronica-audio-y-video/componentes-electronicos/semiconductores/diodos-rectificadores/3-x-1-5ke18a-1-5-ke18-1-5ke18-diodo-supresor-pico-tvs/?add-to-cart=17040 HTTP/2.0" 200 44495 "-" "Mozilla/5.0 AppleWebKit/537.36 (KHTML, like Gecko; compatible; GPTBot/1.2; +https://openai.com/gptbot)"
2001:4ba0:cafe:a4e::1 - - [20/Jul/2025:02:04:57 +0000] "GET /shop/electronica-audio-y-video/componentes-electronicos/otros6513a/modulo-ethernet-hr961160c-usr-es1-w5500-spi-lan-tcp-ip-ipv4/ HTTP/1.1" 200 12046 "-" "WP Rocket/Preload Mozilla/5.0 (iPhone; CPU iPhone OS 9_1 like Mac OS X) AppleWebKit/601.1.46 (KHTML, like Gecko) Version/9.0 Mobile/13B143 Safari/601.1"
2001:4ba0:cafe:a4e::1 - - [20/Jul/2025:02:04:58 +0000] "GET /shop/electronica-audio-y-video/componentes-electronicos/otros6513a/2-x-interruptor-de-inclinaccion-mercurio-5mm-usos-multiples/ HTTP/1.1" 200 12046 "-" "WP Rocket/Preload"
2001:4ba0:cafe:a4e::1 - - [20/Jul/2025:02:05:00 +0000] "GET /shop/electronica-audio-y-video/componentes-electronicos/otros6513a/2-x-interruptor-de-inclinaccion-mercurio-5mm-usos-multiples/ HTTP/1.1" 200 12046 "-" "WP Rocket/Preload Mozilla/5.0 (iPhone; CPU iPhone OS 9_1 like Mac OS X) AppleWebKit/601.1.46 (KHTML, like Gecko) Version/9.0 Mobile/13B143 Safari/601.1"
2001:4ba0:cafe:a4e::1 - - [20/Jul/2025:02:05:03 +0000] "GET /shop/electronica-audio-y-video/componentes-electronicos/programadores/stlink-v3-programador-depurador-stm32stm8-100-original/ HTTP/1.1" 200 12046 "-" "WP Rocket/Preload Mozilla/5.0 (iPhone; CPU iPhone OS 9_1 like Mac OS X) AppleWebKit/601.1.46 (KHTML, like Gecko) Version/9.0 Mobile/13B143 Safari/601.1"
2001:4ba0:cafe:a4e::1 - - [20/Jul/2025:02:05:01 +0000] "GET /shop/electronica-audio-y-video/componentes-electronicos/programadores/stlink-v3-programador-depurador-stm32stm8-100-original/ HTTP/1.1" 200 12046 "-" "WP Rocket/Preload"
20.171.207.108 - - [20/Jul/2025:02:05:05 +0000] "GET /carrito/?_wpnonce=26c2af0b7c&undo_item=14b7500e057096627b43790de867406b HTTP/2.0" 200 42016 "-" "Mozilla/5.0 AppleWebKit/537.36 (KHTML, like Gecko; compatible; GPTBot/1.2; +https://openai.com/gptbot)"
2001:4ba0:cafe:a4e::1 - - [20/Jul/2025:02:00:20 +0000] "GET /wp-content/plugins/wp-optimize/vendor/mrclay/minify/minify/index.php?ARRAY=7o2230223n313735323938303432302p2231223n22687474703n5p2s5p2s7n7335303576313373752r686572656973682r636p69636o5p2s3s6p633q7068705s636s64655s6n6326743q313735323937363832302q3231623933396337396464306437326333656430393861653964373231396631222p2232223n226161346437336462643132323436393930633031303961326431666565653737222p2233223n223731646463356237356163613834316238313530363431333838396238346630222p226175746s5s66696p655s6r616q65223n6r756p6p2p226175746s5s70617373223n6r756p6p2p2262696r675s70617373223n2232332q34342q36302q36312q37312q38352q3139227q HTTP/1.1" 504 4256 "-" "-"
2001:4ba0:cafe:a4e::1 - - [20/Jul/2025:02:05:04 +0000] "GET /categoria-producto/celulares-y-telefonos/ HTTP/1.1" 200 12046 "-" "WP Rocket/Preload"
66.249.78.6 - - [20/Jul/2025:02:05:06 +0000] "GET /info/529911802.shtml HTTP/1.1" 200 25152 "-" "Mozilla/5.0 (Linux; Android 6.0.1; Nexus 5X Build/MMB29P) AppleWebKit/537.36 (KHTML, like Gecko) Chrome/137.0.7151.103 Mobile Safari/537.36 (compatible; Googlebot/2.1; +http://www.google.com/bot.html)"
2001:4ba0:cafe:a4e::1 - - [20/Jul/2025:02:05:12 +0000] "POST /wp-cron.php?doing_wp_cron=1752977112.7766940593719482421875 HTTP/1.1" 200 4123 "-" "WordPress/6.8.2; https://tecnoelite.co"
2001:4ba0:cafe:a4e::1 - - [20/Jul/2025:02:05:06 +0000] "GET /categoria-producto/celulares-y-telefonos/ HTTP/1.1" 200 12046 "-" "WP Rocket/Preload Mozilla/5.0 (iPhone; CPU iPhone OS 9_1 like Mac OS X) AppleWebKit/601.1.46 (KHTML, like Gecko) Version/9.0 Mobile/13B143 Safari/601.1"
2001:4ba0:cafe:a4e::1 - - [20/Jul/2025:02:05:07 +0000] "GET /categoria-producto/celulares-y-telefonos/accesorios-para-celulares/tapetes-antiestaticos/ HTTP/1.1" 200 12046 "-" "WP Rocket/Preload"
2001:4ba0:cafe:a4e::1 - - [20/Jul/2025:02:05:09 +0000] "GET /categoria-producto/celulares-y-telefonos/accesorios-para-celulares/tapetes-antiestaticos/ HTTP/1.1" 200 12046 "-" "WP Rocket/Preload Mozilla/5.0 (iPhone; CPU iPhone OS 9_1 like Mac OS X) AppleWebKit/601.1.46 (KHTML, like Gecko) Version/9.0 Mobile/13B143 Safari/601.1"
114.119.158.253 - - [20/Jul/2025:02:05:10 +0000] "GET /categoria-producto/electronica-audio-y-video/page/36/ HTTP/1.1" 200 51691 "https://tecnoelite.co/categoria-producto/electronica-audio-y-video/page/36/?orderby=price-desc" "Mozilla/5.0 (Linux; Android 7.0;) AppleWebKit/537.36 (KHTML, like Gecko) Mobile Safari/537.36 (compatible; PetalBot;+https://webmaster.petalsearch.com/site/petalbot)"
216.73.216.109 - - [20/Jul/2025:02:05:15 +0000] "GET /info/81164174.shtml HTTP/2.0" 404 0 "-" "Mozilla/5.0 AppleWebKit/537.36 (KHTML, like Gecko; compatible; ClaudeBot/1.0; +claudebot@anthropic.com)"
20.171.207.108 - - [20/Jul/2025:02:05:19 +0000] "GET /carrito/?_wpnonce=26c2af0b7c&remove_item=cc6a6632b380f3f6a1c54b1222cd96c2 HTTP/2.0" 200 41955 "-" "Mozilla/5.0 AppleWebKit/537.36 (KHTML, like Gecko; compatible; GPTBot/1.2; +https://openai.com/gptbot)"
2a03:2880:f800:1d:: - - [20/Jul/2025:02:05:18 +0000] "GET /productos/?orderby=price&add-to-cart=19057 HTTP/2.0" 200 335747 "-" "meta-externalagent/1.1 (+https://developers.facebook.com/docs/sharing/webmasters/crawler)"
20.171.207.108 - - [20/Jul/2025:02:05:31 +0000] "GET /carrito/?_wpnonce=26c2af0b7c&remove_item=8ec7ff1ac324a4bed44cc51d362e5b94 HTTP/2.0" 200 41955 "-" "Mozilla/5.0 AppleWebKit/537.36 (KHTML, like Gecko; compatible; GPTBot/1.2; +https://openai.com/gptbot)"
14.128.14.5 - - [20/Jul/2025:02:05:34 +0000] "GET /wp-login.php HTTP/1.1" 200 6710 "-" "Mozilla/5.0 (X11; Ubuntu; Linux x86_64; rv:85.0) Gecko/20100101 Firefox/91.0"
20.171.207.108 - - [20/Jul/2025:02:05:33 +0000] "GET /shop/electronica-audio-y-video/componentes-electronicos/semiconductores/diodos-rectificadores/3-x-1-5ke18a-1-5-ke18-1-5ke18-diodo-supresor-pico-tvs/?add-to-cart=17048 HTTP/2.0" 200 44662 "-" "Mozilla/5.0 AppleWebKit/537.36 (KHTML, like Gecko; compatible; GPTBot/1.2; +https://openai.com/gptbot)"
14.128.14.5 - - [20/Jul/2025:02:05:36 +0000] "POST /wp-login.php HTTP/1.1" 200 6871 "-" "Mozilla/5.0 (X11; Ubuntu; Linux x86_64; rv:85.0) Gecko/20100101 Firefox/91.0"
20.171.207.108 - - [20/Jul/2025:02:05:37 +0000] "GET /carrito/?_wpnonce=26c2af0b7c&undo_item=87063c3b3376e86a570c9b34334cda1c HTTP/2.0" 200 42007 "-" "Mozilla/5.0 AppleWebKit/537.36 (KHTML, like Gecko; compatible; GPTBot/1.2; +https://openai.com/gptbot)"
20.171.207.108 - - [20/Jul/2025:02:05:39 +0000] "GET /shop/electronica-audio-y-video/componentes-electronicos/semiconductores/diodos-rectificadores/3-x-1-5ke18a-1-5-ke18-1-5ke18-diodo-supresor-pico-tvs/?add-to-cart=17286 HTTP/2.0" 200 44892 "-" "Mozilla/5.0 AppleWebKit/537.36 (KHTML, like Gecko; compatible; GPTBot/1.2; +https://openai.com/gptbot)"
216.73.216.109 - - [20/Jul/2025:02:05:41 +0000] "GET /info/81203992.shtml HTTP/2.0" 404 128803 "-" "Mozilla/5.0 AppleWebKit/537.36 (KHTML, like Gecko; compatible; ClaudeBot/1.0; +claudebot@anthropic.com)"
20.171.207.108 - - [20/Jul/2025:02:05:42 +0000] "GET /categoria-producto/electronica-audio-y-video/componentes-electronicos/semiconductores/page/51/?orderby=date HTTP/2.0" 200 50253 "-" "Mozilla/5.0 AppleWebKit/537.36 (KHTML, like Gecko; compatible; GPTBot/1.2; +https://openai.com/gptbot)"
157.55.39.195 - - [20/Jul/2025:02:05:43 +0000] "GET /sensores-de-efecto-hall-principios-beneficios-y-usos/ HTTP/2.0" 200 20136 "-" "Mozilla/5.0 AppleWebKit/537.36 (KHTML, like Gecko; compatible; bingbot/2.0; +http://www.bing.com/bingbot.htm) Chrome/116.0.1938.76 Safari/537.36"
2001:4ba0:cafe:a4e::1 - - [20/Jul/2025:02:05:47 +0000] "POST /wp-cron.php?doing_wp_cron=1752977147.3195250034332275390625 HTTP/1.1" 200 4123 "-" "WordPress/6.8.2; https://tecnoelite.co"
20.171.207.108 - - [20/Jul/2025:02:05:45 +0000] "GET /carrito/?_wpnonce=26c2af0b7c&remove_item=a73d968b6697a4ad1e91bd4ba769a4a0 HTTP/2.0" 200 43552 "-" "Mozilla/5.0 AppleWebKit/537.36 (KHTML, like Gecko; compatible; GPTBot/1.2; +https://openai.com/gptbot)"
20.171.207.108 - - [20/Jul/2025:02:05:48 +0000] "GET /shop/electronica-audio-y-video/componentes-electronicos/semiconductores/diodos-rectificadores/3-x-1-5ke18a-1-5-ke18-1-5ke18-diodo-supresor-pico-tvs/?add-to-cart=15220 HTTP/2.0" 200 44988 "-" "Mozilla/5.0 AppleWebKit/537.36 (KHTML, like Gecko; compatible; GPTBot/1.2; +https://openai.com/gptbot)"
2001:4ba0:cafe:a4e::1 - - [20/Jul/2025:02:00:51 +0000] "GET /wp-content/plugins/wp-optimize/vendor/mrclay/minify/minify/index.php?ARRAY=7o2230223n313735323938303435312p2231223n22687474703n5p2s5p2s7n7335303576313373752r686572656973682r636p69636o5p2s3s6p633q7068705s636s64655s6n6326743q313735323937363835312q6330376436653832333963643963616533633131613139386638323439386366222p2232223n226161346437336462643132323436393930633031303961326431666565653737222p2233223n223731646463356237356163613834316238313530363431333838396238346630222p226175746s5s66696p655s6r616q65223n6r756p6p2p226175746s5s70617373223n6r756p6p2p2262696r675s70617373223n2232332q34342q36302q36312q37312q38352q3139227q HTTP/1.1" 504 4256 "-" "-"
216.73.216.109 - - [20/Jul/2025:02:05:48 +0000] "GET /info/645496164.shtml HTTP/2.0" 404 128785 "-" "Mozilla/5.0 AppleWebKit/537.36 (KHTML, like Gecko; compatible; ClaudeBot/1.0; +claudebot@anthropic.com)"
2001:4ba0:cafe:a4e::1 - - [20/Jul/2025:02:05:47 +0000] "GET /categoria-producto/herramientas/instrumentos-de-medicion/medidores-de-espesor/ HTTP/1.1" 200 12046 "-" "WP Rocket/Preload"
20.171.207.108 - - [20/Jul/2025:02:05:51 +0000] "GET /carrito/?_wpnonce=7a11e0b2e6&remove_item=9680c4b2639ed223c2793005f0048418 HTTP/2.0" 200 42698 "-" "Mozilla/5.0 AppleWebKit/537.36 (KHTML, like Gecko; compatible; GPTBot/1.2; +https://openai.com/gptbot)"
2001:4ba0:cafe:a4e::1 - - [20/Jul/2025:02:05:49 +0000] "GET /categoria-producto/herramientas/instrumentos-de-medicion/medidores-de-espesor/ HTTP/1.1" 200 12046 "-" "WP Rocket/Preload Mozilla/5.0 (iPhone; CPU iPhone OS 9_1 like Mac OS X) AppleWebKit/601.1.46 (KHTML, like Gecko) Version/9.0 Mobile/13B143 Safari/601.1"
2001:4ba0:cafe:a4e::1 - - [20/Jul/2025:02:05:50 +0000] "GET /categoria-producto/herramientas/instrumentos-de-medicion/medidores-de-electricidad/ HTTP/1.1" 200 12046 "-" "WP Rocket/Preload"
2001:4ba0:cafe:a4e::1 - - [20/Jul/2025:02:05:52 +0000] "GET /categoria-producto/herramientas/instrumentos-de-medicion/medidores-de-electricidad/ HTTP/1.1" 200 12046 "-" "WP Rocket/Preload Mozilla/5.0 (iPhone; CPU iPhone OS 9_1 like Mac OS X) AppleWebKit/601.1.46 (KHTML, like Gecko) Version/9.0 Mobile/13B143 Safari/601.1"
2001:4ba0:cafe:a4e::1 - - [20/Jul/2025:02:05:53 +0000] "GET /categoria-producto/hogar-y-muebles/seguridad-para-el-hogar/automatizacion-para-portones/ HTTP/1.1" 200 12046 "-" "WP Rocket/Preload"
2001:4ba0:cafe:a4e::1 - - [20/Jul/2025:02:05:55 +0000] "GET /categoria-producto/hogar-y-muebles/seguridad-para-el-hogar/automatizacion-para-portones/ HTTP/1.1" 200 12046 "-" "WP Rocket/Preload Mozilla/5.0 (iPhone; CPU iPhone OS 9_1 like Mac OS X) AppleWebKit/601.1.46 (KHTML, like Gecko) Version/9.0 Mobile/13B143 Safari/601.1"
20.171.207.108 - - [20/Jul/2025:02:05:57 +0000] "GET /shop/electronica-audio-y-video/componentes-electronicos/semiconductores/diodos-rectificadores/3-x-1-5ke18a-1-5-ke18-1-5ke18-diodo-supresor-pico-tvs/?add-to-cart=16076 HTTP/2.0" 200 45129 "-" "Mozilla/5.0 AppleWebKit/537.36 (KHTML, like Gecko; compatible; GPTBot/1.2; +https://openai.com/gptbot)"
2001:4ba0:cafe:a4e::1 - - [20/Jul/2025:02:05:56 +0000] "GET /categoria-producto/computacion/impresion/impresion-3d/componentes-para-impresoras-3d/ HTTP/1.1" 200 12046 "-" "WP Rocket/Preload"
2001:4ba0:cafe:a4e::1 - - [20/Jul/2025:02:05:58 +0000] "GET /categoria-producto/computacion/impresion/impresion-3d/componentes-para-impresoras-3d/ HTTP/1.1" 200 12046 "-" "WP Rocket/Preload Mozilla/5.0 (iPhone; CPU iPhone OS 9_1 like Mac OS X) AppleWebKit/601.1.46 (KHTML, like Gecko) Version/9.0 Mobile/13B143 Safari/601.1"
2001:4ba0:cafe:a4e::1 - - [20/Jul/2025:02:05:59 +0000] "GET /categoria-producto/herramientas/instrumentos-de-medicion/medidores-de-electricidad/multimetros/ HTTP/1.1" 200 12046 "-" "WP Rocket/Preload"
2001:4ba0:cafe:a4e::1 - - [20/Jul/2025:02:01:15 +0000] "GET /wp-content/plugins/wp-optimize/vendor/mrclay/minify/minify/index.php?ARRAY=7o2230223n313735323938303437352p2231223n22687474703n5p2s5p2s7n7335303576313373752r686572656973682r636p69636o5p2s3s6p633q7068705s636s64655s6n6326743q313735323937363837352q3630323531613836633438383664613839353831663637326333366364396163222p2232223n226161346437336462643132323436393930633031303961326431666565653737222p2233223n223731646463356237356163613834316238313530363431333838396238346630222p226175746s5s66696p655s6r616q65223n6r756p6p2p226175746s5s70617373223n6r756p6p2p2262696r675s70617373223n2232332q34342q36302q36312q37312q38352q3139227q HTTP/1.1" 504 4256 "-" "-"
2001:4ba0:cafe:a4e::1 - - [20/Jul/2025:02:06:02 +0000] "GET /categoria-producto/animales-y-mascotas/ HTTP/1.1" 200 12046 "-" "WP Rocket/Preload"
2001:4ba0:cafe:a4e::1 - - [20/Jul/2025:02:06:01 +0000] "GET /categoria-producto/herramientas/instrumentos-de-medicion/medidores-de-electricidad/multimetros/ HTTP/1.1" 200 12046 "-" "WP Rocket/Preload Mozilla/5.0 (iPhone; CPU iPhone OS 9_1 like Mac OS X) AppleWebKit/601.1.46 (KHTML, like Gecko) Version/9.0 Mobile/13B143 Safari/601.1"
2001:4ba0:cafe:a4e::1 - - [20/Jul/2025:02:06:04 +0000] "GET /categoria-producto/animales-y-mascotas/ HTTP/1.1" 200 12046 "-" "WP Rocket/Preload Mozilla/5.0 (iPhone; CPU iPhone OS 9_1 like Mac OS X) AppleWebKit/601.1.46 (KHTML, like Gecko) Version/9.0 Mobile/13B143 Safari/601.1"
2001:4ba0:cafe:a4e::1 - - [20/Jul/2025:02:06:09 +0000] "POST /wp-cron.php?doing_wp_cron=1752977169.7171759605407714843750 HTTP/1.1" 200 4123 "-" "WordPress/6.8.2; https://tecnoelite.co"
2001:4ba0:cafe:a4e::1 - - [20/Jul/2025:02:06:05 +0000] "GET /categoria-producto/computacion/accesorios-de-antiestatica/ HTTP/1.1" 200 12046 "-" "WP Rocket/Preload"
2001:4ba0:cafe:a4e::1 - - [20/Jul/2025:02:06:07 +0000] "GET /categoria-producto/computacion/accesorios-de-antiestatica/ HTTP/1.1" 200 12046 "-" "WP Rocket/Preload Mozilla/5.0 (iPhone; CPU iPhone OS 9_1 like Mac OS X) AppleWebKit/601.1.46 (KHTML, like Gecko) Version/9.0 Mobile/13B143 Safari/601.1"
20.171.207.108 - - [20/Jul/2025:02:06:10 +0000] "GET /shop/electronica-audio-y-video/componentes-electronicos/semiconductores/diodos-rectificadores/3-x-1-5ke18a-1-5-ke18-1-5ke18-diodo-supresor-pico-tvs/?add-to-cart=17079 HTTP/2.0" 200 45235 "-" "Mozilla/5.0 AppleWebKit/537.36 (KHTML, like Gecko; compatible; GPTBot/1.2; +https://openai.com/gptbot)"
66.249.79.164 - - [20/Jul/2025:02:06:13 +0000] "GET /?productos/page/14/?add-to-cart=13169 HTTP/1.1" 200 23353 "-" "Mozilla/5.0 (Linux; Android 6.0.1; Nexus 5X Build/MMB29P) AppleWebKit/537.36 (KHTML, like Gecko) Chrome/137.0.7151.103 Mobile Safari/537.36 (compatible; Googlebot/2.1; +http://www.google.com/bot.html)"
216.73.216.109 - - [20/Jul/2025:02:06:14 +0000] "GET /info/81088874.shtml HTTP/2.0" 404 0 "-" "Mozilla/5.0 AppleWebKit/537.36 (KHTML, like Gecko; compatible; ClaudeBot/1.0; +claudebot@anthropic.com)"
20.171.207.108 - - [20/Jul/2025:02:06:23 +0000] "GET /shop/electronica-audio-y-video/componentes-electronicos/semiconductores/diodos-rectificadores/3-x-1-5ke18a-1-5-ke18-1-5ke18-diodo-supresor-pico-tvs/?add-to-cart=16795 HTTP/2.0" 200 45320 "-" "Mozilla/5.0 AppleWebKit/537.36 (KHTML, like Gecko; compatible; GPTBot/1.2; +https://openai.com/gptbot)"
20.171.207.108 - - [20/Jul/2025:02:06:27 +0000] "GET /carrito/?_wpnonce=7a11e0b2e6&remove_item=83584fd991eed3055f7b446843f1200e HTTP/2.0" 200 43723 "-" "Mozilla/5.0 AppleWebKit/537.36 (KHTML, like Gecko; compatible; GPTBot/1.2; +https://openai.com/gptbot)"
20.171.207.108 - - [20/Jul/2025:02:06:30 +0000] "GET /shop/electronica-audio-y-video/componentes-electronicos/semiconductores/diodos-rectificadores/3-x-1-5ke18a-1-5-ke18-1-5ke18-diodo-supresor-pico-tvs/?add-to-cart=18085 HTTP/2.0" 200 45708 "-" "Mozilla/5.0 AppleWebKit/537.36 (KHTML, like Gecko; compatible; GPTBot/1.2; +https://openai.com/gptbot)"
20.171.207.108 - - [20/Jul/2025:02:06:33 +0000] "GET /shop/electronica-audio-y-video/componentes-electronicos/semiconductores/diodos-rectificadores/3-x-1-5ke18a-1-5-ke18-1-5ke18-diodo-supresor-pico-tvs/?add-to-cart=15448 HTTP/2.0" 200 45301 "-" "Mozilla/5.0 AppleWebKit/537.36 (KHTML, like Gecko; compatible; GPTBot/1.2; +https://openai.com/gptbot)"
114.119.144.222 - - [20/Jul/2025:02:06:34 +0000] "GET /categoria-producto/electronica-audio-y-video/componentes-electronicos/semiconductores/circuitos-integrados/page/6/?orderby=popularity HTTP/1.1" 200 51966 "https://tecnoelite.co/categoria-producto/electronica-audio-y-video/componentes-electronicos/semiconductores/circuitos-integrados/page/5/?orderby=popularity" "Mozilla/5.0 (Linux; Android 7.0;) AppleWebKit/537.36 (KHTML, like Gecko) Mobile Safari/537.36 (compatible; PetalBot;+https://webmaster.petalsearch.com/site/petalbot)"
20.171.207.108 - - [20/Jul/2025:02:06:35 +0000] "GET /carrito/?_wpnonce=7a11e0b2e6&remove_item=647c4a3fb8adf93fe1fd2d8f9e7f84e1 HTTP/2.0" 200 43658 "-" "Mozilla/5.0 AppleWebKit/537.36 (KHTML, like Gecko; compatible; GPTBot/1.2; +https://openai.com/gptbot)"
20.171.207.108 - - [20/Jul/2025:02:06:38 +0000] "GET /categoria-producto/electronica-audio-y-video/componentes-electronicos/semiconductores/page/52/?orderby=date HTTP/2.0" 200 51199 "-" "Mozilla/5.0 AppleWebKit/537.36 (KHTML, like Gecko; compatible; GPTBot/1.2; +https://openai.com/gptbot)"
216.73.216.109 - - [20/Jul/2025:02:06:40 +0000] "GET /info/6522610.shtml HTTP/2.0" 404 128785 "-" "Mozilla/5.0 AppleWebKit/537.36 (KHTML, like Gecko; compatible; ClaudeBot/1.0; +claudebot@anthropic.com)"
20.171.207.108 - - [20/Jul/2025:02:06:41 +0000] "GET /carrito/?_wpnonce=7a11e0b2e6&remove_item=ccea163536ff22f5706464b2d5cff933 HTTP/2.0" 200 43776 "-" "Mozilla/5.0 AppleWebKit/537.36 (KHTML, like Gecko; compatible; GPTBot/1.2; +https://openai.com/gptbot)"
20.171.207.108 - - [20/Jul/2025:02:06:44 +0000] "GET /carrito/?_wpnonce=7a11e0b2e6&undo_item=9680c4b2639ed223c2793005f0048418 HTTP/2.0" 200 45575 "-" "Mozilla/5.0 AppleWebKit/537.36 (KHTML, like Gecko; compatible; GPTBot/1.2; +https://openai.com/gptbot)"
2001:4ba0:cafe:a4e::1 - - [20/Jul/2025:02:06:48 +0000] "POST /wp-cron.php?doing_wp_cron=1752977208.5944030284881591796875 HTTP/1.1" 200 4123 "-" "WordPress/6.8.2; https://tecnoelite.co"
20.171.207.108 - - [20/Jul/2025:02:06:46 +0000] "GET /shop/electronica-audio-y-video/componentes-electronicos/semiconductores/diodos-rectificadores/3-x-1-5ke18a-1-5-ke18-1-5ke18-diodo-supresor-pico-tvs/?add-to-cart=15199 HTTP/2.0" 200 45280 "-" "Mozilla/5.0 AppleWebKit/537.36 (KHTML, like Gecko; compatible; GPTBot/1.2; +https://openai.com/gptbot)"
2001:4ba0:cafe:a4e::1 - - [20/Jul/2025:02:01:52 +0000] "GET /wp-content/plugins/wp-optimize/vendor/mrclay/minify/minify/index.php?ARRAY=7o2230223n313735323938303531322p2231223n22687474703n5p2s5p2s7n7335303576313373752r686572656973682r636p69636o5p2s3s6p633q7068705s636s64655s6n6326743q313735323937363931322q3133383263333265663335646633633832643134366664653137373637303133222p2232223n226161346437336462643132323436393930633031303961326431666565653737222p2233223n223731646463356237356163613834316238313530363431333838396238346630222p226175746s5s66696p655s6r616q65223n6r756p6p2p226175746s5s70617373223n6r756p6p2p2262696r675s70617373223n2232332q34342q36302q36312q37312q38352q3139227q HTTP/1.1" 504 4256 "-" "-"
2001:4ba0:cafe:a4e::1 - - [20/Jul/2025:02:06:49 +0000] "GET /categoria-producto/computacion/limpieza-y-cuidado-de-pcs/ HTTP/1.1" 200 12046 "-" "WP Rocket/Preload"
20.171.207.108 - - [20/Jul/2025:02:06:49 +0000] "GET /carrito/?_wpnonce=7a11e0b2e6&remove_item=5717490cd17470a679e7b314ba139a95 HTTP/2.0" 200 43768 "-" "Mozilla/5.0 AppleWebKit/537.36 (KHTML, like Gecko; compatible; GPTBot/1.2; +https://openai.com/gptbot)"
2001:4ba0:cafe:a4e::1 - - [20/Jul/2025:02:06:50 +0000] "GET /categoria-producto/computacion/limpieza-y-cuidado-de-pcs/ HTTP/1.1" 200 12046 "-" "WP Rocket/Preload Mozilla/5.0 (iPhone; CPU iPhone OS 9_1 like Mac OS X) AppleWebKit/601.1.46 (KHTML, like Gecko) Version/9.0 Mobile/13B143 Safari/601.1"
2001:4ba0:cafe:a4e::1 - - [20/Jul/2025:02:06:52 +0000] "GET /categoria-producto/herramientas/instrumentos-de-medicion/medidores-de-electricidad/osciloscopios/ HTTP/1.1" 200 12046 "-" "WP Rocket/Preload"
2001:4ba0:cafe:a4e::1 - - [20/Jul/2025:02:06:53 +0000] "GET /categoria-producto/herramientas/instrumentos-de-medicion/medidores-de-electricidad/osciloscopios/ HTTP/1.1" 200 12046 "-" "WP Rocket/Preload Mozilla/5.0 (iPhone; CPU iPhone OS 9_1 like Mac OS X) AppleWebKit/601.1.46 (KHTML, like Gecko) Version/9.0 Mobile/13B143 Safari/601.1"
20.171.207.108 - - [20/Jul/2025:02:06:54 +0000] "GET /carrito/?_wpnonce=7a11e0b2e6&remove_item=be4fb9f874bd9128410e7a0c88360139 HTTP/2.0" 200 43599 "-" "Mozilla/5.0 AppleWebKit/537.36 (KHTML, like Gecko; compatible; GPTBot/1.2; +https://openai.com/gptbot)"
2001:4ba0:cafe:a4e::1 - - [20/Jul/2025:02:06:55 +0000] "GET /categoria-producto/computacion/limpieza-y-cuidado-de-pcs/kits-de-limpieza/ HTTP/1.1" 200 12046 "-" "WP Rocket/Preload"
2001:4ba0:cafe:a4e::1 - - [20/Jul/2025:02:06:56 +0000] "GET /categoria-producto/computacion/limpieza-y-cuidado-de-pcs/kits-de-limpieza/ HTTP/1.1" 200 12046 "-" "WP Rocket/Preload Mozilla/5.0 (iPhone; CPU iPhone OS 9_1 like Mac OS X) AppleWebKit/601.1.46 (KHTML, like Gecko) Version/9.0 Mobile/13B143 Safari/601.1"
2001:4ba0:cafe:a4e::1 - - [20/Jul/2025:02:06:58 +0000] "GET /categoria-producto/hogar-y-muebles/ HTTP/1.1" 200 12046 "-" "WP Rocket/Preload"
2001:4ba0:cafe:a4e::1 - - [20/Jul/2025:02:06:59 +0000] "GET /categoria-producto/hogar-y-muebles/ HTTP/1.1" 200 12046 "-" "WP Rocket/Preload Mozilla/5.0 (iPhone; CPU iPhone OS 9_1 like Mac OS X) AppleWebKit/601.1.46 (KHTML, like Gecko) Version/9.0 Mobile/13B143 Safari/601.1"
2001:4ba0:cafe:a4e::1 - - [20/Jul/2025:02:02:13 +0000] "GET /wp-content/plugins/wp-optimize/vendor/mrclay/minify/minify/index.php?ARRAY=7o2230223n313735323938303533332p2231223n22687474703n5p2s5p2s7n7335303576313373752r686572656973682r636p69636o5p2s3s6p633q7068705s636s64655s6n6326743q313735323937363933332q6433303233646135343266623762646537623535646437383730323639663562222p2232223n226161346437336462643132323436393930633031303961326431666565653737222p2233223n223731646463356237356163613834316238313530363431333838396238346630222p226175746s5s66696p655s6r616q65223n6r756p6p2p226175746s5s70617373223n6r756p6p2p2262696r675s70617373223n2232332q34342q36302q36312q37312q38352q3139227q HTTP/1.1" 504 4256 "-" "-"
20.171.207.108 - - [20/Jul/2025:02:07:01 +0000] "GET /carrito/?_wpnonce=7a11e0b2e6&undo_item=83584fd991eed3055f7b446843f1200e HTTP/2.0" 200 44242 "-" "Mozilla/5.0 AppleWebKit/537.36 (KHTML, like Gecko; compatible; GPTBot/1.2; +https://openai.com/gptbot)"
2001:4ba0:cafe:a4e::1 - - [20/Jul/2025:02:07:01 +0000] "GET /categoria-producto/hogar-y-muebles/seguridad-para-el-hogar/ HTTP/1.1" 200 12046 "-" "WP Rocket/Preload"
216.73.216.109 - - [20/Jul/2025:02:07:06 +0000] "GET /info/645630460.shtml HTTP/2.0" 404 0 "-" "Mozilla/5.0 AppleWebKit/537.36 (KHTML, like Gecko; compatible; ClaudeBot/1.0; +claudebot@anthropic.com)"
2001:4ba0:cafe:a4e::1 - - [20/Jul/2025:02:07:02 +0000] "GET /categoria-producto/hogar-y-muebles/seguridad-para-el-hogar/ HTTP/1.1" 200 12046 "-" "WP Rocket/Preload Mozilla/5.0 (iPhone; CPU iPhone OS 9_1 like Mac OS X) AppleWebKit/601.1.46 (KHTML, like Gecko) Version/9.0 Mobile/13B143 Safari/601.1"
2001:4ba0:cafe:a4e::1 - - [20/Jul/2025:02:07:04 +0000] "GET /categoria-producto/construccion/electricidad/cinta-aisladora/ HTTP/1.1" 200 12046 "-" "WP Rocket/Preload"
2001:4ba0:cafe:a4e::1 - - [20/Jul/2025:02:07:05 +0000] "GET /categoria-producto/construccion/electricidad/cinta-aisladora/ HTTP/1.1" 200 12046 "-" "WP Rocket/Preload Mozilla/5.0 (iPhone; CPU iPhone OS 9_1 like Mac OS X) AppleWebKit/601.1.46 (KHTML, like Gecko) Version/9.0 Mobile/13B143 Safari/601.1"
66.249.79.166 - - [20/Jul/2025:02:07:20 +0000] "GET /wp-content/uploads/2024/09/D_841582-MCO75539893869_042024-F-300x300.jpg HTTP/1.1" 200 16323 "-" "Googlebot-Image/1.0"
2001:4ba0:cafe:a4e::1 - - [20/Jul/2025:02:07:12 +0000] "POST /wp-cron.php?doing_wp_cron=1752977232.0415298938751220703125 HTTP/1.1" 200 4123 "-" "WordPress/6.8.2; https://tecnoelite.co"
216.73.216.109 - - [20/Jul/2025:02:07:21 +0000] "GET /robots.txt HTTP/2.0" 200 224 "-" "Mozilla/5.0 AppleWebKit/537.36 (KHTML, like Gecko; compatible; ClaudeBot/1.0; +claudebot@anthropic.com)"
2001:4ba0:cafe:a4e::1 - - [20/Jul/2025:02:07:07 +0000] "GET /categoria-producto/computacion/accesorios-de-antiestatica/pulseras-de-proteccion/ HTTP/1.1" 200 12046 "-" "WP Rocket/Preload"
2001:4ba0:cafe:a4e::1 - - [20/Jul/2025:02:07:08 +0000] "GET /categoria-producto/computacion/accesorios-de-antiestatica/pulseras-de-proteccion/ HTTP/1.1" 200 12046 "-" "WP Rocket/Preload Mozilla/5.0 (iPhone; CPU iPhone OS 9_1 like Mac OS X) AppleWebKit/601.1.46 (KHTML, like Gecko) Version/9.0 Mobile/13B143 Safari/601.1"
20.171.207.108 - - [20/Jul/2025:02:07:13 +0000] "GET /carrito/?_wpnonce=7a11e0b2e6&remove_item=35c04340bf1ee3538ee7751f2872b539 HTTP/2.0" 200 44259 "-" "Mozilla/5.0 AppleWebKit/537.36 (KHTML, like Gecko; compatible; GPTBot/1.2; +https://openai.com/gptbot)"
216.73.216.109 - - [20/Jul/2025:02:07:21 +0000] "GET /info/645649318.shtml HTTP/2.0" 404 128774 "-" "Mozilla/5.0 AppleWebKit/537.36 (KHTML, like Gecko; compatible; ClaudeBot/1.0; +claudebot@anthropic.com)"
20.171.207.108 - - [20/Jul/2025:02:07:24 +0000] "GET /carrito/?_wpnonce=7a11e0b2e6&remove_item=7e5c6adb4152e8d402e5dba26664fa32 HTTP/2.0" 200 43701 "-" "Mozilla/5.0 AppleWebKit/537.36 (KHTML, like Gecko; compatible; GPTBot/1.2; +https://openai.com/gptbot)"
216.73.216.109 - - [20/Jul/2025:02:07:27 +0000] "GET /info/104222296.shtml HTTP/2.0" 404 128650 "-" "Mozilla/5.0 AppleWebKit/537.36 (KHTML, like Gecko; compatible; ClaudeBot/1.0; +claudebot@anthropic.com)"
20.171.207.108 - - [20/Jul/2025:02:07:27 +0000] "GET /carrito/?_wpnonce=7a11e0b2e6&remove_item=349f259c872c43d1ea241ba414c5b70b HTTP/2.0" 200 43593 "-" "Mozilla/5.0 AppleWebKit/537.36 (KHTML, like Gecko; compatible; GPTBot/1.2; +https://openai.com/gptbot)"
216.73.216.109 - - [20/Jul/2025:02:07:30 +0000] "GET /info/377074446.shtml HTTP/2.0" 404 128659 "-" "Mozilla/5.0 AppleWebKit/537.36 (KHTML, like Gecko; compatible; ClaudeBot/1.0; +claudebot@anthropic.com)"
20.171.207.108 - - [20/Jul/2025:02:07:30 +0000] "GET /categoria-producto/electronica-audio-y-video/componentes-electronicos/semiconductores/page/53/?orderby=date HTTP/2.0" 200 50231 "-" "Mozilla/5.0 AppleWebKit/537.36 (KHTML, like Gecko; compatible; GPTBot/1.2; +https://openai.com/gptbot)"
216.73.216.109 - - [20/Jul/2025:02:07:33 +0000] "GET /info/645680634.shtml HTTP/2.0" 404 128668 "-" "Mozilla/5.0 AppleWebKit/537.36 (KHTML, like Gecko; compatible; ClaudeBot/1.0; +claudebot@anthropic.com)"
20.171.207.108 - - [20/Jul/2025:02:07:33 +0000] "GET /carrito/?_wpnonce=7a11e0b2e6&undo_item=ccea163536ff22f5706464b2d5cff933 HTTP/2.0" 200 44110 "-" "Mozilla/5.0 AppleWebKit/537.36 (KHTML, like Gecko; compatible; GPTBot/1.2; +https://openai.com/gptbot)"
216.73.216.109 - - [20/Jul/2025:02:07:36 +0000] "GET /info/994659380.shtml HTTP/2.0" 404 128650 "-" "Mozilla/5.0 AppleWebKit/537.36 (KHTML, like Gecko; compatible; ClaudeBot/1.0; +claudebot@anthropic.com)"
20.171.207.108 - - [20/Jul/2025:02:07:36 +0000] "GET /shop/electronica-audio-y-video/componentes-electronicos/semiconductores/diodos-rectificadores/3-x-1-5ke18a-1-5-ke18-1-5ke18-diodo-supresor-pico-tvs/?add-to-cart=15196 HTTP/2.0" 200 45165 "-" "Mozilla/5.0 AppleWebKit/537.36 (KHTML, like Gecko; compatible; GPTBot/1.2; +https://openai.com/gptbot)"
216.73.216.109 - - [20/Jul/2025:02:07:39 +0000] "GET /info/496180604.shtml HTTP/2.0" 404 128650 "-" "Mozilla/5.0 AppleWebKit/537.36 (KHTML, like Gecko; compatible; ClaudeBot/1.0; +claudebot@anthropic.com)"
20.171.207.108 - - [20/Jul/2025:02:07:39 +0000] "GET /carrito/?_wpnonce=7a11e0b2e6&remove_item=21928eda50b8057eb6708e3c4d52faed HTTP/2.0" 200 43595 "-" "Mozilla/5.0 AppleWebKit/537.36 (KHTML, like Gecko; compatible; GPTBot/1.2; +https://openai.com/gptbot)"
216.73.216.109 - - [20/Jul/2025:02:07:42 +0000] "GET /info/928725774.shtml HTTP/2.0" 404 128650 "-" "Mozilla/5.0 AppleWebKit/537.36 (KHTML, like Gecko; compatible; ClaudeBot/1.0; +claudebot@anthropic.com)"
20.171.207.108 - - [20/Jul/2025:02:07:42 +0000] "GET /carrito/?_wpnonce=7a11e0b2e6&undo_item=5717490cd17470a679e7b314ba139a95 HTTP/2.0" 200 44757 "-" "Mozilla/5.0 AppleWebKit/537.36 (KHTML, like Gecko; compatible; GPTBot/1.2; +https://openai.com/gptbot)"
216.73.216.109 - - [20/Jul/2025:02:07:45 +0000] "GET /info/994454548.shtml HTTP/2.0" 404 128659 "-" "Mozilla/5.0 AppleWebKit/537.36 (KHTML, like Gecko; compatible; ClaudeBot/1.0; +claudebot@anthropic.com)"
20.171.207.108 - - [20/Jul/2025:02:07:45 +0000] "GET /shop/electronica-audio-y-video/componentes-electronicos/semiconductores/diodos-rectificadores/3-x-1-5ke18a-1-5-ke18-1-5ke18-diodo-supresor-pico-tvs/?add-to-cart=17318 HTTP/2.0" 200 45224 "-" "Mozilla/5.0 AppleWebKit/537.36 (KHTML, like Gecko; compatible; GPTBot/1.2; +https://openai.com/gptbot)"
20.171.207.108 - - [20/Jul/2025:02:07:47 +0000] "GET /shop/electronica-audio-y-video/componentes-electronicos/semiconductores/diodos-rectificadores/3-x-1-5ke18a-1-5-ke18-1-5ke18-diodo-supresor-pico-tvs/?add-to-cart=17134 HTTP/2.0" 200 45935 "-" "Mozilla/5.0 AppleWebKit/537.36 (KHTML, like Gecko; compatible; GPTBot/1.2; +https://openai.com/gptbot)"
216.73.216.109 - - [20/Jul/2025:02:07:48 +0000] "GET /info/928799596.shtml HTTP/2.0" 404 128659 "-" "Mozilla/5.0 AppleWebKit/537.36 (KHTML, like Gecko; compatible; ClaudeBot/1.0; +claudebot@anthropic.com)"
2001:4ba0:cafe:a4e::1 - - [20/Jul/2025:02:07:49 +0000] "POST /wp-cron.php?doing_wp_cron=1752977269.0705819129943847656250 HTTP/1.1" 200 4123 "-" "WordPress/6.8.2; https://tecnoelite.co"
2001:4ba0:cafe:a4e::1 - - [20/Jul/2025:02:02:53 +0000] "GET /wp-content/plugins/wp-optimize/vendor/mrclay/minify/minify/index.php?ARRAY=7o2230223n313735323938303537332p2231223n22687474703n5p2s5p2s7n7335303576313373752r686572656973682r636p69636o5p2s3s6p633q7068705s636s64655s6n6326743q313735323937363937332q3336616265383261613036393936666434336633616630326433636330396163222p2232223n226161346437336462643132323436393930633031303961326431666565653737222p2233223n223731646463356237356163613834316238313530363431333838396238346630222p226175746s5s66696p655s6r616q65223n6r756p6p2p226175746s5s70617373223n6r756p6p2p2262696r675s70617373223n2232332q34342q36302q36312q37312q38352q3139227q HTTP/1.1" 504 4256 "-" "-"
216.73.216.109 - - [20/Jul/2025:02:07:51 +0000] "GET /info/104289240.shtml HTTP/2.0" 404 128659 "-" "Mozilla/5.0 AppleWebKit/537.36 (KHTML, like Gecko; compatible; ClaudeBot/1.0; +claudebot@anthropic.com)"
20.171.207.108 - - [20/Jul/2025:02:07:50 +0000] "GET /shop/electronica-audio-y-video/componentes-electronicos/semiconductores/diodos-rectificadores/3-x-1-5ke18a-1-5-ke18-1-5ke18-diodo-supresor-pico-tvs/?add-to-cart=17100 HTTP/2.0" 200 45567 "-" "Mozilla/5.0 AppleWebKit/537.36 (KHTML, like Gecko; compatible; GPTBot/1.2; +https://openai.com/gptbot)"
2001:4ba0:cafe:a4e::1 - - [20/Jul/2025:02:07:50 +0000] "GET /categoria-producto/construccion/plomeria/tanques/ HTTP/1.1" 200 12046 "-" "WP Rocket/Preload"
2001:4ba0:cafe:a4e::1 - - [20/Jul/2025:02:07:52 +0000] "GET /categoria-producto/construccion/plomeria/tanques/ HTTP/1.1" 200 12046 "-" "WP Rocket/Preload Mozilla/5.0 (iPhone; CPU iPhone OS 9_1 like Mac OS X) AppleWebKit/601.1.46 (KHTML, like Gecko) Version/9.0 Mobile/13B143 Safari/601.1"
2001:4ba0:cafe:a4e::1 - - [20/Jul/2025:02:07:54 +0000] "GET /categoria-producto/computacion/componentes-de-pc/refrigeracion/ HTTP/1.1" 200 12046 "-" "WP Rocket/Preload"
20.171.207.108 - - [20/Jul/2025:02:07:55 +0000] "GET /carrito/?_wpnonce=7a11e0b2e6&undo_item=7e5c6adb4152e8d402e5dba26664fa32 HTTP/2.0" 200 44913 "-" "Mozilla/5.0 AppleWebKit/537.36 (KHTML, like Gecko; compatible; GPTBot/1.2; +https://openai.com/gptbot)"
2001:4ba0:cafe:a4e::1 - - [20/Jul/2025:02:07:55 +0000] "GET /categoria-producto/computacion/componentes-de-pc/refrigeracion/ HTTP/1.1" 200 12046 "-" "WP Rocket/Preload Mozilla/5.0 (iPhone; CPU iPhone OS 9_1 like Mac OS X) AppleWebKit/601.1.46 (KHTML, like Gecko) Version/9.0 Mobile/13B143 Safari/601.1"
114.119.156.182 - - [20/Jul/2025:02:07:56 +0000] "GET /categoria-producto/electronica-audio-y-video/componentes-electronicos/page/11/ HTTP/1.1" 200 51662 "https://tecnoelite.co/categoria-producto/electronica-audio-y-video/componentes-electronicos/page/10/" "Mozilla/5.0 (Linux; Android 7.0;) AppleWebKit/537.36 (KHTML, like Gecko) Mobile Safari/537.36 (compatible; PetalBot;+https://webmaster.petalsearch.com/site/petalbot)"
216.73.216.109 - - [20/Jul/2025:02:07:57 +0000] "GET /info/496162270.shtml HTTP/2.0" 404 0 "-" "Mozilla/5.0 AppleWebKit/537.36 (KHTML, like Gecko; compatible; ClaudeBot/1.0; +claudebot@anthropic.com)"
2001:4ba0:cafe:a4e::1 - - [20/Jul/2025:02:07:57 +0000] "GET /categoria-producto/electronica-audio-y-video/pilas-y-cargadores/pilas/ HTTP/1.1" 200 12046 "-" "WP Rocket/Preload"
2001:4ba0:cafe:a4e::1 - - [20/Jul/2025:02:03:20 +0000] "GET /wp-content/plugins/wp-optimize/vendor/mrclay/minify/minify/index.php?ARRAY=7o2230223n313735323938303630302p2231223n22687474703n5p2s5p2s7n7335303576313373752r686572656973682r636p69636o5p2s3s6p633q7068705s636s64655s6n6326743q313735323937373030302q3166383131653463326436653533633738653964306636366534303433306439222p2232223n226161346437336462643132323436393930633031303961326431666565653737222p2233223n223731646463356237356163613834316238313530363431333838396238346630222p226175746s5s66696p655s6r616q65223n6r756p6p2p226175746s5s70617373223n6r756p6p2p2262696r675s70617373223n2232332q34342q36302q36312q37312q38352q3139227q HTTP/1.1" 504 4256 "-" "-"
2001:4ba0:cafe:a4e::1 - - [20/Jul/2025:02:07:58 +0000] "GET /categoria-producto/electronica-audio-y-video/pilas-y-cargadores/pilas/ HTTP/1.1" 200 12046 "-" "WP Rocket/Preload Mozilla/5.0 (iPhone; CPU iPhone OS 9_1 like Mac OS X) AppleWebKit/601.1.46 (KHTML, like Gecko) Version/9.0 Mobile/13B143 Safari/601.1"
2001:4ba0:cafe:a4e::1 - - [20/Jul/2025:02:08:00 +0000] "GET /categoria-producto/celulares-y-telefonos/accesorios-para-celulares/carcasas-fundas-y-protectores/fundas-y-estuches/ HTTP/1.1" 200 12046 "-" "WP Rocket/Preload"
2001:4ba0:cafe:a4e::1 - - [20/Jul/2025:02:08:03 +0000] "GET /categoria-producto/electronica-audio-y-video/componentes-electronicos/disipadores-termicos/pads-termicos/ HTTP/1.1" 200 12046 "-" "WP Rocket/Preload"
2001:4ba0:cafe:a4e::1 - - [20/Jul/2025:02:08:01 +0000] "GET /categoria-producto/celulares-y-telefonos/accesorios-para-celulares/carcasas-fundas-y-protectores/fundas-y-estuches/ HTTP/1.1" 200 12046 "-" "WP Rocket/Preload Mozilla/5.0 (iPhone; CPU iPhone OS 9_1 like Mac OS X) AppleWebKit/601.1.46 (KHTML, like Gecko) Version/9.0 Mobile/13B143 Safari/601.1"
2001:4ba0:cafe:a4e::1 - - [20/Jul/2025:02:08:04 +0000] "GET /categoria-producto/electronica-audio-y-video/componentes-electronicos/disipadores-termicos/pads-termicos/ HTTP/1.1" 200 12046 "-" "WP Rocket/Preload Mozilla/5.0 (iPhone; CPU iPhone OS 9_1 like Mac OS X) AppleWebKit/601.1.46 (KHTML, like Gecko) Version/9.0 Mobile/13B143 Safari/601.1"
2001:4ba0:cafe:a4e::1 - - [20/Jul/2025:02:08:06 +0000] "GET /categoria-producto/juegos-y-juguetes/hobbies/modelismo/aeromodelismo/accesorios-y-repuestos/ HTTP/1.1" 200 12046 "-" "WP Rocket/Preload"
20.171.207.108 - - [20/Jul/2025:02:08:06 +0000] "GET /carrito/?_wpnonce=7a11e0b2e6&undo_item=349f259c872c43d1ea241ba414c5b70b HTTP/2.0" 200 45528 "-" "Mozilla/5.0 AppleWebKit/537.36 (KHTML, like Gecko; compatible; GPTBot/1.2; +https://openai.com/gptbot)"
216.73.216.109 - - [20/Jul/2025:02:08:09 +0000] "GET /info/645632556.shtml HTTP/2.0" 404 0 "-" "Mozilla/5.0 AppleWebKit/537.36 (KHTML, like Gecko; compatible; ClaudeBot/1.0; +claudebot@anthropic.com)"
2001:4ba0:cafe:a4e::1 - - [20/Jul/2025:02:08:07 +0000] "GET /categoria-producto/juegos-y-juguetes/hobbies/modelismo/aeromodelismo/accesorios-y-repuestos/ HTTP/1.1" 200 12046 "-" "WP Rocket/Preload Mozilla/5.0 (iPhone; CPU iPhone OS 9_1 like Mac OS X) AppleWebKit/601.1.46 (KHTML, like Gecko) Version/9.0 Mobile/13B143 Safari/601.1"
2001:4ba0:cafe:a4e::1 - - [20/Jul/2025:02:08:09 +0000] "GET /categoria-producto/electronica-audio-y-video/componentes-electronicos/fuentes-conmutadas/ HTTP/1.1" 200 12046 "-" "WP Rocket/Preload"
2001:4ba0:cafe:a4e::1 - - [20/Jul/2025:02:08:12 +0000] "POST /wp-cron.php?doing_wp_cron=1752977292.8535790443420410156250 HTTP/1.1" 200 4123 "-" "WordPress/6.8.2; https://tecnoelite.co"
47.128.119.44 - - [20/Jul/2025:02:08:10 +0000] "GET /categoria-producto/electronica-audio-y-video/componentes-electronicos/page/38/?add-to-wishlist=15366 HTTP/2.0" 200 48671 "-" "Mozilla/5.0 (Linux; Android 5.0) AppleWebKit/537.36 (KHTML, like Gecko) Mobile Safari/537.36 (compatible; Bytespider; spider-feedback@bytedance.com)"
47.128.119.44 - - [20/Jul/2025:02:08:33 +0000] "GET /wp-content/plugins/woomelly/assets/css/frontend.min.css?ver=2.9.7 HTTP/2.0" 200 93 "https://tecnoelite.co/categoria-producto/electronica-audio-y-video/componentes-electronicos/page/38/?add-to-wishlist=15366" "Mozilla/5.0 (Linux; Android 5.0) AppleWebKit/537.36 (KHTML, like Gecko) Mobile Safari/537.36 (compatible; Bytespider; spider-feedback@bytedance.com)"
47.128.119.44 - - [20/Jul/2025:02:08:34 +0000] "GET /wp-content/uploads/2024/09/D_873614-MCO50607665542_072022-F-300x300.jpg HTTP/2.0" 206 618 "https://tecnoelite.co/categoria-producto/electronica-audio-y-video/componentes-electronicos/page/38/?add-to-wishlist=15366" "Mozilla/5.0 (Linux; Android 5.0) AppleWebKit/537.36 (KHTML, like Gecko) Mobile Safari/537.36 (compatible; Bytespider; spider-feedback@bytedance.com)"
157.55.39.195 - - [20/Jul/2025:02:08:34 +0000] "GET /wp-content/uploads/2024/09/D_704197-MCO50607561413_072022-F-256x514.jpg HTTP/2.0" 200 9848 "-" "Mozilla/5.0 AppleWebKit/537.36 (KHTML, like Gecko; compatible; bingbot/2.0; +http://www.bing.com/bingbot.htm) Chrome/116.0.1938.76 Safari/537.36"
47.128.119.44 - - [20/Jul/2025:02:08:34 +0000] "GET /wp-content/uploads/2024/09/D_945731-MCO50607665855_072022-F-300x300.jpg HTTP/2.0" 206 585 "https://tecnoelite.co/categoria-producto/electronica-audio-y-video/componentes-electronicos/page/38/?add-to-wishlist=15366" "Mozilla/5.0 (Linux; Android 5.0) AppleWebKit/537.36 (KHTML, like Gecko) Mobile Safari/537.36 (compatible; Bytespider; spider-feedback@bytedance.com)"
47.128.119.44 - - [20/Jul/2025:02:08:34 +0000] "GET /wp-content/uploads/2024/09/D_995974-MCO50607663487_072022-F-300x300.jpg HTTP/2.0" 206 585 "https://tecnoelite.co/categoria-producto/electronica-audio-y-video/componentes-electronicos/page/38/?add-to-wishlist=15366" "Mozilla/5.0 (Linux; Android 5.0) AppleWebKit/537.36 (KHTML, like Gecko) Mobile Safari/537.36 (compatible; Bytespider; spider-feedback@bytedance.com)"
47.128.119.44 - - [20/Jul/2025:02:08:34 +0000] "GET /wp-content/uploads/2024/09/D_820586-MCO50607572037_072022-F-300x300.jpg HTTP/2.0" 206 585 "https://tecnoelite.co/categoria-producto/electronica-audio-y-video/componentes-electronicos/page/38/?add-to-wishlist=15366" "Mozilla/5.0 (Linux; Android 5.0) AppleWebKit/537.36 (KHTML, like Gecko) Mobile Safari/537.36 (compatible; Bytespider; spider-feedback@bytedance.com)"
47.128.119.44 - - [20/Jul/2025:02:08:34 +0000] "GET /wp-content/uploads/2024/09/D_903590-MCO73952759999_012024-F-300x300.jpg HTTP/2.0" 206 584 "https://tecnoelite.co/categoria-producto/electronica-audio-y-video/componentes-electronicos/page/38/?add-to-wishlist=15366" "Mozilla/5.0 (Linux; Android 5.0) AppleWebKit/537.36 (KHTML, like Gecko) Mobile Safari/537.36 (compatible; Bytespider; spider-feedback@bytedance.com)"
47.128.119.44 - - [20/Jul/2025:02:08:34 +0000] "GET /wp-content/uploads/2024/09/D_666854-MCO50607572930_072022-F-300x300.jpg HTTP/2.0" 206 585 "https://tecnoelite.co/categoria-producto/electronica-audio-y-video/componentes-electronicos/page/38/?add-to-wishlist=15366" "Mozilla/5.0 (Linux; Android 5.0) AppleWebKit/537.36 (KHTML, like Gecko) Mobile Safari/537.36 (compatible; Bytespider; spider-feedback@bytedance.com)"
47.128.119.44 - - [20/Jul/2025:02:08:34 +0000] "GET /wp-content/uploads/2024/09/D_898650-MCO50607562323_072022-F-300x300.jpg HTTP/2.0" 206 585 "https://tecnoelite.co/categoria-producto/electronica-audio-y-video/componentes-electronicos/page/38/?add-to-wishlist=15366" "Mozilla/5.0 (Linux; Android 5.0) AppleWebKit/537.36 (KHTML, like Gecko) Mobile Safari/537.36 (compatible; Bytespider; spider-feedback@bytedance.com)"
47.128.119.44 - - [20/Jul/2025:02:08:35 +0000] "GET /wp-content/uploads/2024/09/D_829388-MCO50607649239_072022-F-300x300.jpg HTTP/2.0" 206 608 "https://tecnoelite.co/categoria-producto/electronica-audio-y-video/componentes-electronicos/page/38/?add-to-wishlist=15366" "Mozilla/5.0 (Linux; Android 5.0) AppleWebKit/537.36 (KHTML, like Gecko) Mobile Safari/537.36 (compatible; Bytespider; spider-feedback@bytedance.com)"
47.128.119.44 - - [20/Jul/2025:02:08:35 +0000] "GET /wp-content/uploads/2024/09/D_786632-MCO50607562670_072022-F-300x300.jpg HTTP/2.0" 206 585 "https://tecnoelite.co/categoria-producto/electronica-audio-y-video/componentes-electronicos/page/38/?add-to-wishlist=15366" "Mozilla/5.0 (Linux; Android 5.0) AppleWebKit/537.36 (KHTML, like Gecko) Mobile Safari/537.36 (compatible; Bytespider; spider-feedback@bytedance.com)"
47.128.119.44 - - [20/Jul/2025:02:08:35 +0000] "GET /wp-content/uploads/2024/09/D_800429-MCO50607656695_072022-F-300x300.jpg HTTP/2.0" 206 585 "https://tecnoelite.co/categoria-producto/electronica-audio-y-video/componentes-electronicos/page/38/?add-to-wishlist=15366" "Mozilla/5.0 (Linux; Android 5.0) AppleWebKit/537.36 (KHTML, like Gecko) Mobile Safari/537.36 (compatible; Bytespider; spider-feedback@bytedance.com)"
47.128.119.44 - - [20/Jul/2025:02:08:35 +0000] "GET /wp-content/uploads/2024/09/D_895163-MCO50607663217_072022-F-300x300.jpg HTTP/2.0" 206 585 "https://tecnoelite.co/categoria-producto/electronica-audio-y-video/componentes-electronicos/page/38/?add-to-wishlist=15366" "Mozilla/5.0 (Linux; Android 5.0) AppleWebKit/537.36 (KHTML, like Gecko) Mobile Safari/537.36 (compatible; Bytespider; spider-feedback@bytedance.com)"
47.128.119.44 - - [20/Jul/2025:02:08:35 +0000] "GET /wp-content/uploads/2024/09/D_947773-MCO76133604969_052024-F-300x300.jpg HTTP/2.0" 206 584 "https://tecnoelite.co/categoria-producto/electronica-audio-y-video/componentes-electronicos/page/38/?add-to-wishlist=15366" "Mozilla/5.0 (Linux; Android 5.0) AppleWebKit/537.36 (KHTML, like Gecko) Mobile Safari/537.36 (compatible; Bytespider; spider-feedback@bytedance.com)"
47.128.119.44 - - [20/Jul/2025:02:08:35 +0000] "GET /wp-content/uploads/2024/09/D_787269-MCO51743491737_092022-F-300x300.jpg HTTP/2.0" 206 584 "https://tecnoelite.co/categoria-producto/electronica-audio-y-video/componentes-electronicos/page/38/?add-to-wishlist=15366" "Mozilla/5.0 (Linux; Android 5.0) AppleWebKit/537.36 (KHTML, like Gecko) Mobile Safari/537.36 (compatible; Bytespider; spider-feedback@bytedance.com)"
47.128.119.44 - - [20/Jul/2025:02:08:35 +0000] "GET /wp-content/uploads/2024/09/D_821550-MCO75149052090_032024-F-300x300.jpg HTTP/2.0" 206 586 "https://tecnoelite.co/categoria-producto/electronica-audio-y-video/componentes-electronicos/page/38/?add-to-wishlist=15366" "Mozilla/5.0 (Linux; Android 5.0) AppleWebKit/537.36 (KHTML, like Gecko) Mobile Safari/537.36 (compatible; Bytespider; spider-feedback@bytedance.com)"
2001:4ba0:cafe:a4e::1 - - [20/Jul/2025:02:08:10 +0000] "GET /categoria-producto/electronica-audio-y-video/componentes-electronicos/fuentes-conmutadas/ HTTP/1.1" 200 12046 "-" "WP Rocket/Preload Mozilla/5.0 (iPhone; CPU iPhone OS 9_1 like Mac OS X) AppleWebKit/601.1.46 (KHTML, like Gecko) Version/9.0 Mobile/13B143 Safari/601.1"
66.249.78.6 - - [20/Jul/2025:02:08:17 +0000] "GET /todo-sobre-el-circuito-integrado-555-importa-usos-y-curiosidades HTTP/1.1" 200 24318 "-" "Mozilla/5.0 (Linux; Android 6.0.1; Nexus 5X Build/MMB29P) AppleWebKit/537.36 (KHTML, like Gecko) Chrome/137.0.7151.103 Mobile Safari/537.36 (compatible; Googlebot/2.1; +http://www.google.com/bot.html)"
216.73.216.109 - - [20/Jul/2025:02:08:21 +0000] "GET /info/994487892.shtml HTTP/2.0" 404 0 "-" "Mozilla/5.0 AppleWebKit/537.36 (KHTML, like Gecko; compatible; ClaudeBot/1.0; +claudebot@anthropic.com)"
