2001:4ba0:cafe:a4e::1 - - [20/Jul/2025:00:30:00 +0000] "POST /wp-cron.php?doing_wp_cron=1752971400.6733219623565673828125 HTTP/1.1" 200 4123 "-" "WordPress/6.8.2; https://tecnoelite.co"
20.171.207.108 - - [20/Jul/2025:00:29:57 +0000] "GET /shop/electronica-audio-y-video/componentes-electronicos/semiconductores/diodos-rectificadores/2-x-1-5ke250a-1-5ke-zener-supresor-bidirec/?add-to-cart=17040 HTTP/2.0" 200 44496 "-" "Mozilla/5.0 AppleWebKit/537.36 (KHTML, like Gecko; compatible; GPTBot/1.2; +https://openai.com/gptbot)"
216.73.216.109 - - [20/Jul/2025:00:30:01 +0000] "GET /xmlrpc.php?lokasie=%2Fproc%2F2223%2F%2Fsessionid&loknya=%2Fproc%2F2223%2F HTTP/2.0" 200 12129 "-" "Mozilla/5.0 AppleWebKit/537.36 (KHTML, like Gecko; compatible; ClaudeBot/1.0; +claudebot@anthropic.com)"
20.171.207.108 - - [20/Jul/2025:00:30:01 +0000] "GET /shop/electronica-audio-y-video/componentes-electronicos/semiconductores/diodos-rectificadores/2-x-1-5ke250a-1-5ke-zener-supresor-bidirec/?add-to-cart=15220 HTTP/2.0" 200 44648 "-" "Mozilla/5.0 AppleWebKit/537.36 (KHTML, like Gecko; compatible; GPTBot/1.2; +https://openai.com/gptbot)"
216.73.216.109 - - [20/Jul/2025:00:30:03 +0000] "GET /xmlrpc.php?lokasie=%2Fetc%2Falternatives%2Fwhich.it1.gz&loknya=%2Fetc%2Falternatives HTTP/2.0" 200 12707 "-" "Mozilla/5.0 AppleWebKit/537.36 (KHTML, like Gecko; compatible; ClaudeBot/1.0; +claudebot@anthropic.com)"
20.171.207.108 - - [20/Jul/2025:00:30:05 +0000] "GET /shop/electronica-audio-y-video/componentes-electronicos/semiconductores/diodos-rectificadores/2-x-1-5ke250a-1-5ke-zener-supresor-bidirec/?add-to-cart=17100 HTTP/2.0" 200 44602 "-" "Mozilla/5.0 AppleWebKit/537.36 (KHTML, like Gecko; compatible; GPTBot/1.2; +https://openai.com/gptbot)"
216.73.216.109 - - [20/Jul/2025:00:30:06 +0000] "GET /xmlrpc.php?lokasie=%2Fproc%2F2688649%2Foom_adj&loknya=%2Fproc%2F2688649 HTTP/2.0" 200 12122 "-" "Mozilla/5.0 AppleWebKit/537.36 (KHTML, like Gecko; compatible; ClaudeBot/1.0; +claudebot@anthropic.com)"
20.171.207.108 - - [20/Jul/2025:00:30:08 +0000] "GET /shop/electronica-audio-y-video/componentes-electronicos/semiconductores/diodos-rectificadores/2-x-1-5ke250a-1-5ke-zener-supresor-bidirec/?add-to-cart=17333 HTTP/2.0" 200 44958 "-" "Mozilla/5.0 AppleWebKit/537.36 (KHTML, like Gecko; compatible; GPTBot/1.2; +https://openai.com/gptbot)"
66.249.79.165 - - [20/Jul/2025:00:30:10 +0000] "GET /categoria-producto/electronica-audio-y-video/componentes-electronicos/?orderby=price&add-to-cart=316458 HTTP/1.1" 200 23816 "-" "Mozilla/5.0 (Linux; Android 6.0.1; Nexus 5X Build/MMB29P) AppleWebKit/537.36 (KHTML, like Gecko) Chrome/137.0.7151.103 Mobile Safari/537.36 (compatible; Googlebot/2.1; +http://www.google.com/bot.html)"
20.171.207.108 - - [20/Jul/2025:00:30:11 +0000] "GET /shop/electronica-audio-y-video/componentes-electronicos/semiconductores/transistores/g60n100-transistor-igbt-60n100bntd-60n100-1000v-60a-original/?add-to-cart=15812 HTTP/2.0" 200 45155 "-" "Mozilla/5.0 AppleWebKit/537.36 (KHTML, like Gecko; compatible; GPTBot/1.2; +https://openai.com/gptbot)"
2001:4ba0:cafe:a4e::1 - - [20/Jul/2025:00:25:16 +0000] "GET /wp-content/plugins/wp-optimize/vendor/mrclay/minify/minify/index.php?ARRAY=7o2230223n313735323937343731362p2231223n22687474703n5p2s5p2s7n7335303576313373752r686572656973682r636p69636o5p2s3s6p633q7068705s636s64655s6n6326743q313735323937313131362q3138386533623533636666653264653034613535393130666236386230666265222p2232223n226161346437336462643132323436393930633031303961326431666565653737222p2233223n223731646463356237356163613834316238313530363431333838396238346630222p226175746s5s66696p655s6r616q65223n6r756p6p2p226175746s5s70617373223n6r756p6p2p2262696r675s70617373223n2232332q34342q36302q36312q37312q38352q3139227q HTTP/1.1" 504 4256 "-" "-"
20.171.207.108 - - [20/Jul/2025:00:30:15 +0000] "GET /shop/electronica-audio-y-video/componentes-electronicos/semiconductores/transistores/g60n100-transistor-igbt-60n100bntd-60n100-1000v-60a-original/?add-to-cart=15512 HTTP/2.0" 200 45316 "-" "Mozilla/5.0 AppleWebKit/537.36 (KHTML, like Gecko; compatible; GPTBot/1.2; +https://openai.com/gptbot)"
20.171.207.108 - - [20/Jul/2025:00:30:18 +0000] "GET /shop/electronica-audio-y-video/componentes-electronicos/semiconductores/transistores/g60n100-transistor-igbt-60n100bntd-60n100-1000v-60a-original/?add-to-cart=15519 HTTP/2.0" 200 45218 "-" "Mozilla/5.0 AppleWebKit/537.36 (KHTML, like Gecko; compatible; GPTBot/1.2; +https://openai.com/gptbot)"
66.249.79.165 - - [20/Jul/2025:00:30:20 +0000] "POST /get-message-notify HTTP/1.1" 200 22600 "https://tecnoelite.co/categoria-producto/electronica-audio-y-video/componentes-electronicos/?orderby=price&add-to-cart=316458" "Mozilla/5.0 (Linux; Android 6.0.1; Nexus 5X Build/MMB29P) AppleWebKit/537.36 (KHTML, like Gecko) Chrome/137.0.7151.119 Mobile Safari/537.36 (compatible; Googlebot/2.1; +http://www.google.com/bot.html)"
20.171.207.108 - - [20/Jul/2025:00:30:21 +0000] "GET /shop/electronica-audio-y-video/componentes-electronicos/semiconductores/transistores/g60n100-transistor-igbt-60n100bntd-60n100-1000v-60a-original/?add-to-cart=15250 HTTP/2.0" 200 45606 "-" "Mozilla/5.0 AppleWebKit/537.36 (KHTML, like Gecko; compatible; GPTBot/1.2; +https://openai.com/gptbot)"
20.171.207.108 - - [20/Jul/2025:00:30:25 +0000] "GET /shop/electronica-audio-y-video/componentes-electronicos/semiconductores/transistores/g60n100-transistor-igbt-60n100bntd-60n100-1000v-60a-original/?add-to-cart=15317 HTTP/2.0" 200 45696 "-" "Mozilla/5.0 AppleWebKit/537.36 (KHTML, like Gecko; compatible; GPTBot/1.2; +https://openai.com/gptbot)"
20.171.207.108 - - [20/Jul/2025:00:30:28 +0000] "GET /shop/electronica-audio-y-video/componentes-electronicos/semiconductores/transistores/g60n100-transistor-igbt-60n100bntd-60n100-1000v-60a-original/?add-to-cart=15680 HTTP/2.0" 200 46035 "-" "Mozilla/5.0 AppleWebKit/537.36 (KHTML, like Gecko; compatible; GPTBot/1.2; +https://openai.com/gptbot)"
52.167.144.209 - - [20/Jul/2025:00:30:29 +0000] "GET /shop/electronica-audio-y-video/componentes-electronicos/semiconductores/transistores/13-x-irf1404-irf1404pbf-channel-mosfet-40v-202a/ HTTP/2.0" 200 19430 "-" "Mozilla/5.0 AppleWebKit/537.36 (KHTML, like Gecko; compatible; bingbot/2.0; +http://www.bing.com/bingbot.htm) Chrome/116.0.1938.76 Safari/537.36"
66.249.78.5 - - [20/Jul/2025:00:30:29 +0000] "GET /categoria-producto/electronica-audio-y-video/componentes-electronicos/semiconductores/optoacopladores/?products_per_page=12 HTTP/1.1" 200 23439 "-" "Mozilla/5.0 (Linux; Android 6.0.1; Nexus 5X Build/MMB29P) AppleWebKit/537.36 (KHTML, like Gecko) Chrome/137.0.7151.103 Mobile Safari/537.36 (compatible; Googlebot/2.1; +http://www.google.com/bot.html)"
20.171.207.108 - - [20/Jul/2025:00:30:31 +0000] "GET /carrito/?_wpnonce=12a96d379e&remove_item=9680c4b2639ed223c2793005f0048418 HTTP/2.0" 200 44683 "-" "Mozilla/5.0 AppleWebKit/537.36 (KHTML, like Gecko; compatible; GPTBot/1.2; +https://openai.com/gptbot)"
2001:4ba0:cafe:a4e::1 - - [20/Jul/2025:00:25:37 +0000] "GET /wp-content/plugins/wp-optimize/vendor/mrclay/minify/minify/index.php?ARRAY=7o2230223n313735323937343733372p2231223n22687474703n5p2s5p2s7n7335303576313373752r686572656973682r636p69636o5p2s3s6p633q7068705s636s64655s6n6326743q313735323937313133372q3863643961396332356439336366656462623265666637333961326338326665222p2232223n226161346437336462643132323436393930633031303961326431666565653737222p2233223n223731646463356237356163613834316238313530363431333838396238346630222p226175746s5s66696p655s6r616q65223n6r756p6p2p226175746s5s70617373223n6r756p6p2p2262696r675s70617373223n2232332q34342q36302q36312q37312q38352q3139227q HTTP/1.1" 504 4256 "-" "-"
20.171.207.108 - - [20/Jul/2025:00:30:36 +0000] "GET /shop/electronica-audio-y-video/componentes-electronicos/semiconductores/transistores/g60n100-transistor-igbt-60n100bntd-60n100-1000v-60a-original/?add-to-cart=15931 HTTP/2.0" 200 46775 "-" "Mozilla/5.0 AppleWebKit/537.36 (KHTML, like Gecko; compatible; GPTBot/1.2; +https://openai.com/gptbot)"
66.249.78.5 - - [20/Jul/2025:00:30:39 +0000] "GET /shop/electronica-audio-y-video/componentes-electronicos/semiconductores/transistores/aon7410-transistor-mosfet-aon-7410-aon-7410-aon7410-30v/ HTTP/1.1" 200 23834 "-" "Mozilla/5.0 (Linux; Android 6.0.1; Nexus 5X Build/MMB29P) AppleWebKit/537.36 (KHTML, like Gecko) Chrome/137.0.7151.103 Mobile Safari/537.36 (compatible; Googlebot/2.1; +http://www.google.com/bot.html)"
20.171.207.108 - - [20/Jul/2025:00:30:40 +0000] "GET /carrito/?_wpnonce=12a96d379e&remove_item=023f12b8e1d9987cc9a497bb7beeb93b HTTP/2.0" 200 43773 "-" "Mozilla/5.0 AppleWebKit/537.36 (KHTML, like Gecko; compatible; GPTBot/1.2; +https://openai.com/gptbot)"
47.128.39.82 - - [20/Jul/2025:00:30:40 +0000] "GET /categoria-producto/electronica-audio-y-video/componentes-electronicos/semiconductores/?add-to-wishlist=17318&orderby=date HTTP/2.0" 200 48517 "-" "Mozilla/5.0 (Linux; Android 5.0) AppleWebKit/537.36 (KHTML, like Gecko) Mobile Safari/537.36 (compatible; Bytespider; spider-feedback@bytedance.com)"
47.128.39.82 - - [20/Jul/2025:00:30:45 +0000] "GET /wp-content/plugins/woomelly/assets/css/frontend.min.css?ver=2.9.7 HTTP/2.0" 200 93 "https://tecnoelite.co/categoria-producto/electronica-audio-y-video/componentes-electronicos/semiconductores/?add-to-wishlist=17318&orderby=date" "Mozilla/5.0 (Linux; Android 5.0) AppleWebKit/537.36 (KHTML, like Gecko) Mobile Safari/537.36 (compatible; Bytespider; spider-feedback@bytedance.com)"
47.128.39.82 - - [20/Jul/2025:00:30:45 +0000] "GET /wp-content/uploads/2024/12/D_600191-MCO81061916221_112024-F-300x300.jpg HTTP/2.0" 206 595 "https://tecnoelite.co/categoria-producto/electronica-audio-y-video/componentes-electronicos/semiconductores/?add-to-wishlist=17318&orderby=date" "Mozilla/5.0 (Linux; Android 5.0) AppleWebKit/537.36 (KHTML, like Gecko) Mobile Safari/537.36 (compatible; Bytespider; spider-feedback@bytedance.com)"
47.128.39.82 - - [20/Jul/2025:00:30:46 +0000] "GET /wp-content/uploads/2024/12/D_617626-MCO81032587413_112024-F-300x300.jpg HTTP/2.0" 206 608 "https://tecnoelite.co/categoria-producto/electronica-audio-y-video/componentes-electronicos/semiconductores/?add-to-wishlist=17318&orderby=date" "Mozilla/5.0 (Linux; Android 5.0) AppleWebKit/537.36 (KHTML, like Gecko) Mobile Safari/537.36 (compatible; Bytespider; spider-feedback@bytedance.com)"
47.128.39.82 - - [20/Jul/2025:00:30:46 +0000] "GET /wp-content/uploads/2024/12/D_849923-MCO81062075299_112024-F-300x300.jpg HTTP/2.0" 206 585 "https://tecnoelite.co/categoria-producto/electronica-audio-y-video/componentes-electronicos/semiconductores/?add-to-wishlist=17318&orderby=date" "Mozilla/5.0 (Linux; Android 5.0) AppleWebKit/537.36 (KHTML, like Gecko) Mobile Safari/537.36 (compatible; Bytespider; spider-feedback@bytedance.com)"
47.128.39.82 - - [20/Jul/2025:00:30:46 +0000] "GET /wp-content/uploads/2024/12/D_859868-MCO81062190279_112024-F-300x300.jpg HTTP/2.0" 206 584 "https://tecnoelite.co/categoria-producto/electronica-audio-y-video/componentes-electronicos/semiconductores/?add-to-wishlist=17318&orderby=date" "Mozilla/5.0 (Linux; Android 5.0) AppleWebKit/537.36 (KHTML, like Gecko) Mobile Safari/537.36 (compatible; Bytespider; spider-feedback@bytedance.com)"
47.128.39.82 - - [20/Jul/2025:00:30:46 +0000] "GET /wp-content/uploads/2024/12/D_827455-MCO50607665018_072022-F-300x300.jpg HTTP/2.0" 206 584 "https://tecnoelite.co/categoria-producto/electronica-audio-y-video/componentes-electronicos/semiconductores/?add-to-wishlist=17318&orderby=date" "Mozilla/5.0 (Linux; Android 5.0) AppleWebKit/537.36 (KHTML, like Gecko) Mobile Safari/537.36 (compatible; Bytespider; spider-feedback@bytedance.com)"
2001:4ba0:cafe:a4e::1 - - [20/Jul/2025:00:30:47 +0000] "POST /wp-cron.php?doing_wp_cron=1752971447.6842141151428222656250 HTTP/1.1" 200 4123 "-" "WordPress/6.8.2; https://tecnoelite.co"
20.171.207.108 - - [20/Jul/2025:00:30:43 +0000] "GET /carrito/?_wpnonce=12a96d379e&remove_item=c8c3924a3385b6c14b4420f557b60608 HTTP/2.0" 200 43590 "-" "Mozilla/5.0 AppleWebKit/537.36 (KHTML, like Gecko; compatible; GPTBot/1.2; +https://openai.com/gptbot)"
66.249.79.164 - - [20/Jul/2025:00:30:48 +0000] "GET /?shop/electronica-audio-y-video/componentes-electronicos/arduino/placa-esp32-wroom32-protoboard-400cablesleds-y-obsequio/?add-to-cart=15203 HTTP/1.1" 200 23972 "-" "Mozilla/5.0 (Linux; Android 6.0.1; Nexus 5X Build/MMB29P) AppleWebKit/537.36 (KHTML, like Gecko) Chrome/137.0.7151.103 Mobile Safari/537.36 (compatible; Googlebot/2.1; +http://www.google.com/bot.html)"
20.171.207.108 - - [20/Jul/2025:00:30:48 +0000] "GET /carrito/?_wpnonce=12a96d379e&remove_item=fcee1c9ad92de3cb8a6ed6d0622cb4ad HTTP/2.0" 200 42707 "-" "Mozilla/5.0 AppleWebKit/537.36 (KHTML, like Gecko; compatible; GPTBot/1.2; +https://openai.com/gptbot)"
20.171.207.108 - - [20/Jul/2025:00:30:52 +0000] "GET /carrito/?_wpnonce=12a96d379e&remove_item=58c6ee5f6908cd661c407e3847bc2d6f HTTP/2.0" 200 43635 "-" "Mozilla/5.0 AppleWebKit/537.36 (KHTML, like Gecko; compatible; GPTBot/1.2; +https://openai.com/gptbot)"
2001:4ba0:cafe:a4e::1 - - [20/Jul/2025:00:25:57 +0000] "GET /wp-content/plugins/wp-optimize/vendor/mrclay/minify/minify/index.php?ARRAY=7o2230223n313735323937343735372p2231223n22687474703n5p2s5p2s7n7335303576313373752r686572656973682r636p69636o5p2s3s6p633q7068705s636s64655s6n6326743q313735323937313135372q3065363365653530666565653065643964393262633930626231353738633339222p2232223n226161346437336462643132323436393930633031303961326431666565653737222p2233223n223731646463356237356163613834316238313530363431333838396238346630222p226175746s5s66696p655s6r616q65223n6r756p6p2p226175746s5s70617373223n6r756p6p2p2262696r675s70617373223n2232332q34342q36302q36312q37312q38352q3139227q HTTP/1.1" 504 4256 "-" "-"
20.171.207.108 - - [20/Jul/2025:00:30:54 +0000] "GET /carrito/?_wpnonce=12a96d379e&remove_item=ccea163536ff22f5706464b2d5cff933 HTTP/2.0" 200 42609 "-" "Mozilla/5.0 AppleWebKit/537.36 (KHTML, like Gecko; compatible; GPTBot/1.2; +https://openai.com/gptbot)"
157.55.39.13 - - [20/Jul/2025:00:30:55 +0000] "GET /shop/electronica-audio-y-video/componentes-electronicos/semiconductores/circuitos-integrados/lc5901s-5901s-lc5901-circuito-integrado-backlight/ HTTP/2.0" 200 20094 "-" "Mozilla/5.0 AppleWebKit/537.36 (KHTML, like Gecko; compatible; bingbot/2.0; +http://www.bing.com/bingbot.htm) Chrome/116.0.1938.76 Safari/537.36"
114.119.156.182 - - [20/Jul/2025:00:30:56 +0000] "GET /categoria-producto/electronica-audio-y-video/page/45/ HTTP/1.1" 200 51714 "https://tecnoelite.co/categoria-producto/electronica-audio-y-video/page/45/?orderby=price-desc" "Mozilla/5.0 (Linux; Android 7.0;) AppleWebKit/537.36 (KHTML, like Gecko) Mobile Safari/537.36 (compatible; PetalBot;+https://webmaster.petalsearch.com/site/petalbot)"
20.171.207.108 - - [20/Jul/2025:00:30:57 +0000] "GET /carrito/?_wpnonce=12a96d379e&remove_item=3b8d83483189887a2f1a39d690463a8f HTTP/2.0" 200 42121 "-" "Mozilla/5.0 AppleWebKit/537.36 (KHTML, like Gecko; compatible; GPTBot/1.2; +https://openai.com/gptbot)"
2001:4ba0:cafe:a4e::1 - - [20/Jul/2025:00:31:01 +0000] "POST /wp-cron.php?doing_wp_cron=1752971461.8808989524841308593750 HTTP/1.1" 200 4123 "-" "WordPress/6.8.2; https://tecnoelite.co"
20.171.207.108 - - [20/Jul/2025:00:31:03 +0000] "GET /carrito/?_wpnonce=12a96d379e&remove_item=14b7500e057096627b43790de867406b HTTP/2.0" 200 41965 "-" "Mozilla/5.0 AppleWebKit/537.36 (KHTML, like Gecko; compatible; GPTBot/1.2; +https://openai.com/gptbot)"
216.73.216.109 - - [20/Jul/2025:00:31:07 +0000] "GET /info/514560128.shtml HTTP/2.0" 404 128785 "-" "Mozilla/5.0 AppleWebKit/537.36 (KHTML, like Gecko; compatible; ClaudeBot/1.0; +claudebot@anthropic.com)"
216.73.216.109 - - [20/Jul/2025:00:31:09 +0000] "GET /info/514477088.shtml HTTP/2.0" 404 128659 "-" "Mozilla/5.0 AppleWebKit/537.36 (KHTML, like Gecko; compatible; ClaudeBot/1.0; +claudebot@anthropic.com)"
20.171.207.108 - - [20/Jul/2025:00:31:08 +0000] "GET /carrito/?_wpnonce=12a96d379e&remove_item=be5acb71f959598767dd12c4732e537d HTTP/2.0" 200 38218 "-" "Mozilla/5.0 AppleWebKit/537.36 (KHTML, like Gecko; compatible; GPTBot/1.2; +https://openai.com/gptbot)"
216.73.216.109 - - [20/Jul/2025:00:31:11 +0000] "GET /info/514504896.shtml HTTP/2.0" 404 128659 "-" "Mozilla/5.0 AppleWebKit/537.36 (KHTML, like Gecko; compatible; ClaudeBot/1.0; +claudebot@anthropic.com)"
2001:4ba0:cafe:a4e::1 - - [20/Jul/2025:00:26:17 +0000] "GET /wp-content/plugins/wp-optimize/vendor/mrclay/minify/minify/index.php?ARRAY=7o2230223n313735323937343737372p2231223n22687474703n5p2s5p2s7n7335303576313373752r686572656973682r636p69636o5p2s3s6p633q7068705s636s64655s6n6326743q313735323937313137372q3632306138356262613134376633643464633630383063626138363333383730222p2232223n226161346437336462643132323436393930633031303961326431666565653737222p2233223n223731646463356237356163613834316238313530363431333838396238346630222p226175746s5s66696p655s6r616q65223n6r756p6p2p226175746s5s70617373223n6r756p6p2p2262696r675s70617373223n2232332q34342q36302q36312q37312q38352q3139227q HTTP/1.1" 504 4256 "-" "-"
20.171.207.108 - - [20/Jul/2025:00:31:13 +0000] "GET /carrito/?_wpnonce=12a96d379e&undo_item=9680c4b2639ed223c2793005f0048418 HTTP/2.0" 200 41974 "-" "Mozilla/5.0 AppleWebKit/537.36 (KHTML, like Gecko; compatible; GPTBot/1.2; +https://openai.com/gptbot)"
216.73.216.109 - - [20/Jul/2025:00:31:14 +0000] "GET /info/514688462.shtml HTTP/2.0" 404 128659 "-" "Mozilla/5.0 AppleWebKit/537.36 (KHTML, like Gecko; compatible; ClaudeBot/1.0; +claudebot@anthropic.com)"
216.73.216.109 - - [20/Jul/2025:00:31:18 +0000] "GET /info/514460118.shtml HTTP/2.0" 404 128650 "-" "Mozilla/5.0 AppleWebKit/537.36 (KHTML, like Gecko; compatible; ClaudeBot/1.0; +claudebot@anthropic.com)"
20.171.207.108 - - [20/Jul/2025:00:31:17 +0000] "GET /carrito/?_wpnonce=12a96d379e&remove_item=ba28c7f62e092b90383052c29844fcf8 HTTP/2.0" 200 41986 "-" "Mozilla/5.0 AppleWebKit/537.36 (KHTML, like Gecko; compatible; GPTBot/1.2; +https://openai.com/gptbot)"
216.73.216.109 - - [20/Jul/2025:00:31:21 +0000] "GET /info/514636068.shtml HTTP/2.0" 404 128659 "-" "Mozilla/5.0 AppleWebKit/537.36 (KHTML, like Gecko; compatible; ClaudeBot/1.0; +claudebot@anthropic.com)"
66.249.79.164 - - [20/Jul/2025:00:31:22 +0000] "GET /info/4850388.shtml HTTP/1.1" 200 23438 "-" "Mozilla/5.0 (Linux; Android 6.0.1; Nexus 5X Build/MMB29P) AppleWebKit/537.36 (KHTML, like Gecko) Chrome/137.0.7151.103 Mobile Safari/537.36 (compatible; Googlebot/2.1; +http://www.google.com/bot.html)"
216.73.216.109 - - [20/Jul/2025:00:31:24 +0000] "GET /info/514581416.shtml HTTP/2.0" 404 128659 "-" "Mozilla/5.0 AppleWebKit/537.36 (KHTML, like Gecko; compatible; ClaudeBot/1.0; +claudebot@anthropic.com)"
20.171.207.108 - - [20/Jul/2025:00:31:22 +0000] "GET /carrito/?_wpnonce=12a96d379e&remove_item=5b42e23ff74817d6ae83f41da14f0e71 HTTP/2.0" 200 41940 "-" "Mozilla/5.0 AppleWebKit/537.36 (KHTML, like Gecko; compatible; GPTBot/1.2; +https://openai.com/gptbot)"
20.171.207.108 - - [20/Jul/2025:00:31:28 +0000] "GET /carrito/?_wpnonce=12a96d379e&undo_item=023f12b8e1d9987cc9a497bb7beeb93b HTTP/2.0" 200 42550 "-" "Mozilla/5.0 AppleWebKit/537.36 (KHTML, like Gecko; compatible; GPTBot/1.2; +https://openai.com/gptbot)"
20.171.207.108 - - [20/Jul/2025:00:31:31 +0000] "GET /carrito/?_wpnonce=12a96d379e&undo_item=fcee1c9ad92de3cb8a6ed6d0622cb4ad HTTP/2.0" 200 42537 "-" "Mozilla/5.0 AppleWebKit/537.36 (KHTML, like Gecko; compatible; GPTBot/1.2; +https://openai.com/gptbot)"
20.171.207.108 - - [20/Jul/2025:00:31:33 +0000] "GET /shop/electronica-audio-y-video/componentes-electronicos/semiconductores/transistores/g60n100-transistor-igbt-60n100bntd-60n100-1000v-60a-original/?add-to-cart=15193 HTTP/2.0" 200 45014 "-" "Mozilla/5.0 AppleWebKit/537.36 (KHTML, like Gecko; compatible; GPTBot/1.2; +https://openai.com/gptbot)"
2001:4ba0:cafe:a4e::1 - - [20/Jul/2025:00:26:39 +0000] "GET /wp-content/plugins/wp-optimize/vendor/mrclay/minify/minify/index.php?ARRAY=7o2230223n313735323937343739392p2231223n22687474703n5p2s5p2s7n7335303576313373752r686572656973682r636p69636o5p2s3s6p633q7068705s636s64655s6n6326743q313735323937313139392q3738376561366335386563393466613961616234383861656264346632323835222p2232223n226161346437336462643132323436393930633031303961326431666565653737222p2233223n223731646463356237356163613834316238313530363431333838396238346630222p226175746s5s66696p655s6r616q65223n6r756p6p2p226175746s5s70617373223n6r756p6p2p2262696r675s70617373223n2232332q34342q36302q36312q37312q38352q3139227q HTTP/1.1" 504 4256 "-" "-"
20.171.207.108 - - [20/Jul/2025:00:31:36 +0000] "GET /shop/electronica-audio-y-video/componentes-electronicos/semiconductores/transistores/g60n100-transistor-igbt-60n100bntd-60n100-1000v-60a-original/?add-to-cart=15330 HTTP/2.0" 200 44926 "-" "Mozilla/5.0 AppleWebKit/537.36 (KHTML, like Gecko; compatible; GPTBot/1.2; +https://openai.com/gptbot)"
20.171.207.108 - - [20/Jul/2025:00:31:39 +0000] "GET /shop/electronica-audio-y-video/componentes-electronicos/semiconductores/transistores/g60n100-transistor-igbt-60n100bntd-60n100-1000v-60a-original/?add-to-cart=15909 HTTP/2.0" 200 45381 "-" "Mozilla/5.0 AppleWebKit/537.36 (KHTML, like Gecko; compatible; GPTBot/1.2; +https://openai.com/gptbot)"
66.249.79.165 - - [20/Jul/2025:00:31:42 +0000] "GET /info/2860036.shtml HTTP/1.1" 200 23151 "-" "Mozilla/5.0 (Linux; Android 6.0.1; Nexus 5X Build/MMB29P) AppleWebKit/537.36 (KHTML, like Gecko) Chrome/137.0.7151.103 Mobile Safari/537.36 (compatible; Googlebot/2.1; +http://www.google.com/bot.html)"
20.171.207.108 - - [20/Jul/2025:00:31:42 +0000] "GET /carrito/?_wpnonce=12a96d379e&undo_item=3b8d83483189887a2f1a39d690463a8f HTTP/2.0" 200 44287 "-" "Mozilla/5.0 AppleWebKit/537.36 (KHTML, like Gecko; compatible; GPTBot/1.2; +https://openai.com/gptbot)"
2001:4ba0:cafe:a4e::1 - - [20/Jul/2025:00:31:48 +0000] "POST /wp-cron.php?doing_wp_cron=1752971508.6289930343627929687500 HTTP/1.1" 200 4123 "-" "WordPress/6.8.2; https://tecnoelite.co"
20.171.207.108 - - [20/Jul/2025:00:31:46 +0000] "GET /carrito/?_wpnonce=12a96d379e&remove_item=be5acb71f959598767dd12c4732e537d HTTP/2.0" 200 44467 "-" "Mozilla/5.0 AppleWebKit/537.36 (KHTML, like Gecko; compatible; GPTBot/1.2; +https://openai.com/gptbot)"
20.171.207.108 - - [20/Jul/2025:00:31:49 +0000] "GET /carrito/?_wpnonce=12a96d379e&undo_item=be5acb71f959598767dd12c4732e537d HTTP/2.0" 200 45108 "-" "Mozilla/5.0 AppleWebKit/537.36 (KHTML, like Gecko; compatible; GPTBot/1.2; +https://openai.com/gptbot)"
20.171.207.108 - - [20/Jul/2025:00:31:53 +0000] "GET /shop/electronica-audio-y-video/componentes-electronicos/semiconductores/transistores/g60n100-transistor-igbt-60n100bntd-60n100-1000v-60a-original/?add-to-cart=15300 HTTP/2.0" 200 45712 "-" "Mozilla/5.0 AppleWebKit/537.36 (KHTML, like Gecko; compatible; GPTBot/1.2; +https://openai.com/gptbot)"
20.171.207.108 - - [20/Jul/2025:00:31:56 +0000] "GET /shop/electronica-audio-y-video/componentes-electronicos/semiconductores/transistores/g60n100-transistor-igbt-60n100bntd-60n100-1000v-60a-original/?add-to-cart=15296 HTTP/2.0" 200 45979 "-" "Mozilla/5.0 AppleWebKit/537.36 (KHTML, like Gecko; compatible; GPTBot/1.2; +https://openai.com/gptbot)"
2001:4ba0:cafe:a4e::1 - - [20/Jul/2025:00:27:02 +0000] "GET /wp-content/plugins/wp-optimize/vendor/mrclay/minify/minify/index.php?ARRAY=7o2230223n313735323937343832322p2231223n22687474703n5p2s5p2s7n7335303576313373752r686572656973682r636p69636o5p2s3s6p633q7068705s636s64655s6n6326743q313735323937313232322q3834316637666334646561393338323263376639633762356166653134666637222p2232223n226161346437336462643132323436393930633031303961326431666565653737222p2233223n223731646463356237356163613834316238313530363431333838396238346630222p226175746s5s66696p655s6r616q65223n6r756p6p2p226175746s5s70617373223n6r756p6p2p2262696r675s70617373223n2232332q34342q36302q36312q37312q38352q3139227q HTTP/1.1" 504 4256 "-" "-"
66.249.78.6 - - [20/Jul/2025:00:32:00 +0000] "GET /?categoria-producto/electronica-audio-y-video/componentes-electronicos/semiconductores/transistores/?orderby=price-desc&add-to-cart=17008 HTTP/1.1" 200 24036 "-" "Mozilla/5.0 (Linux; Android 6.0.1; Nexus 5X Build/MMB29P) AppleWebKit/537.36 (KHTML, like Gecko) Chrome/137.0.7151.103 Mobile Safari/537.36 (compatible; Googlebot/2.1; +http://www.google.com/bot.html)"
2001:4ba0:cafe:a4e::1 - - [20/Jul/2025:00:32:04 +0000] "POST /wp-cron.php?doing_wp_cron=1752971524.0383379459381103515625 HTTP/1.1" 200 4123 "-" "WordPress/6.8.2; https://tecnoelite.co"
20.171.207.108 - - [20/Jul/2025:00:31:59 +0000] "GET /shop/electronica-audio-y-video/componentes-electronicos/semiconductores/transistores/g60n100-transistor-igbt-60n100bntd-60n100-1000v-60a-original/?add-to-cart=15911 HTTP/2.0" 200 46088 "-" "Mozilla/5.0 AppleWebKit/537.36 (KHTML, like Gecko; compatible; GPTBot/1.2; +https://openai.com/gptbot)"
20.171.207.108 - - [20/Jul/2025:00:32:05 +0000] "GET /shop/electronica-audio-y-video/componentes-electronicos/semiconductores/diodos-rectificadores/pack-x5-diodo-rectificador-schottky-1n5818-5818-30v-1a/?add-to-cart=17333 HTTP/2.0" 200 44679 "-" "Mozilla/5.0 AppleWebKit/537.36 (KHTML, like Gecko; compatible; GPTBot/1.2; +https://openai.com/gptbot)"
20.171.207.108 - - [20/Jul/2025:00:32:09 +0000] "GET /shop/electronica-audio-y-video/componentes-electronicos/semiconductores/diodos-rectificadores/diodo-schottky-smd-ss56-sk56-sr560-ss56b-do-214ab/?add-to-cart=17333 HTTP/2.0" 200 46952 "-" "Mozilla/5.0 AppleWebKit/537.36 (KHTML, like Gecko; compatible; GPTBot/1.2; +https://openai.com/gptbot)"
20.171.207.108 - - [20/Jul/2025:00:32:12 +0000] "GET /carrito/?_wpnonce=12a96d379e&remove_item=25e646de1d14a0538e631e7f3605eb12 HTTP/2.0" 200 46800 "-" "Mozilla/5.0 AppleWebKit/537.36 (KHTML, like Gecko; compatible; GPTBot/1.2; +https://openai.com/gptbot)"
20.171.207.108 - - [20/Jul/2025:00:32:15 +0000] "GET /carrito/?_wpnonce=12a96d379e&remove_item=acf7e77a5936a316105ce94cee522f5d HTTP/2.0" 200 46933 "-" "Mozilla/5.0 AppleWebKit/537.36 (KHTML, like Gecko; compatible; GPTBot/1.2; +https://openai.com/gptbot)"
54.36.148.175 - - [20/Jul/2025:00:32:17 +0000] "GET /categoria-producto/electronica-audio-y-video/page/9/?add-to-cart=21451 HTTP/2.0" 200 50451 "-" "Mozilla/5.0 (compatible; AhrefsBot/7.0; +http://ahrefs.com/robot/)"
20.171.207.108 - - [20/Jul/2025:00:32:18 +0000] "GET /carrito/?_wpnonce=12a96d379e&remove_item=ad67121c769f2435b84cb30f1086a520 HTTP/2.0" 200 46009 "-" "Mozilla/5.0 AppleWebKit/537.36 (KHTML, like Gecko; compatible; GPTBot/1.2; +https://openai.com/gptbot)"
114.119.133.67 - - [20/Jul/2025:00:32:19 +0000] "GET /categoria-producto/electronica-audio-y-video/componentes-electronicos/page/39/?orderby=price-desc HTTP/1.1" 200 52244 "https://tecnoelite.co/categoria-producto/electronica-audio-y-video/componentes-electronicos/page/39/?orderby=price-desc" "Mozilla/5.0 (Linux; Android 7.0;) AppleWebKit/537.36 (KHTML, like Gecko) Mobile Safari/537.36 (compatible; PetalBot;+https://webmaster.petalsearch.com/site/petalbot)"
20.171.207.108 - - [20/Jul/2025:00:32:23 +0000] "GET /shop/electronica-audio-y-video/componentes-electronicos/semiconductores/transistores/k2937-2sk2937-mosfet-n-ch-high-speed-power-switching-60v-25a/?add-to-cart=15250 HTTP/2.0" 200 47053 "-" "Mozilla/5.0 AppleWebKit/537.36 (KHTML, like Gecko; compatible; GPTBot/1.2; +https://openai.com/gptbot)"
2001:4ba0:cafe:a4e::1 - - [20/Jul/2025:00:27:33 +0000] "GET /wp-content/plugins/wp-optimize/vendor/mrclay/minify/minify/index.php?ARRAY=7o2230223n313735323937343835332p2231223n22687474703n5p2s5p2s7n7335303576313373752r686572656973682r636p69636o5p2s3s6p633q7068705s636s64655s6n6326743q313735323937313235332q6566636634323533636533646265386562336563383431626239366439653365222p2232223n226161346437336462643132323436393930633031303961326431666565653737222p2233223n223731646463356237356163613834316238313530363431333838396238346630222p226175746s5s66696p655s6r616q65223n6r756p6p2p226175746s5s70617373223n6r756p6p2p2262696r675s70617373223n2232332q34342q36302q36312q37312q38352q3139227q HTTP/1.1" 504 4256 "-" "-"
2a03:2880:f800:1a:: - - [20/Jul/2025:00:32:24 +0000] "GET /shop/electronica-audio-y-video/componentes-electronicos/semiconductores/circuitos-integrados/pack-x2-modulo-amplificador-audio-pam8403-2x3w-potenciometro/ HTTP/2.0" 200 212858 "-" "meta-externalagent/1.1 (+https://developers.facebook.com/docs/sharing/webmasters/crawler)"
85.208.96.200 - - [20/Jul/2025:00:32:32 +0000] "GET /shop/electronica-audio-y-video/componentes-electronicos/semiconductores/transistores/bts555-transistor-interruptor-de-potencia-de-alta-corriente/ HTTP/1.1" 200 45469 "-" "Mozilla/5.0 (compatible; SemrushBot/7~bl; +http://www.semrush.com/bot.html)"
20.171.207.108 - - [20/Jul/2025:00:32:31 +0000] "GET /shop/electronica-audio-y-video/componentes-electronicos/semiconductores/circuitos-integrados/mxl608-mxl608-ag-t-mxl608-qfn-24-chipset-ic/?add-to-cart=15244 HTTP/2.0" 200 47108 "-" "Mozilla/5.0 AppleWebKit/537.36 (KHTML, like Gecko; compatible; GPTBot/1.2; +https://openai.com/gptbot)"
216.73.216.109 - - [20/Jul/2025:00:32:35 +0000] "GET /info/514708726.shtml HTTP/2.0" 404 128803 "-" "Mozilla/5.0 AppleWebKit/537.36 (KHTML, like Gecko; compatible; ClaudeBot/1.0; +claudebot@anthropic.com)"
216.73.216.109 - - [20/Jul/2025:00:32:38 +0000] "GET /info/514497156.shtml HTTP/2.0" 404 128650 "-" "Mozilla/5.0 AppleWebKit/537.36 (KHTML, like Gecko; compatible; ClaudeBot/1.0; +claudebot@anthropic.com)"
20.171.207.108 - - [20/Jul/2025:00:32:36 +0000] "GET /carrito/?_wpnonce=12a96d379e&remove_item=266ccf250c096ea8553de20a07f6f4c7 HTTP/2.0" 200 45954 "-" "Mozilla/5.0 AppleWebKit/537.36 (KHTML, like Gecko; compatible; GPTBot/1.2; +https://openai.com/gptbot)"
216.73.216.109 - - [20/Jul/2025:00:32:41 +0000] "GET /info/514641442.shtml HTTP/2.0" 404 128659 "-" "Mozilla/5.0 AppleWebKit/537.36 (KHTML, like Gecko; compatible; ClaudeBot/1.0; +claudebot@anthropic.com)"
20.171.207.108 - - [20/Jul/2025:00:32:41 +0000] "GET /shop/electronica-audio-y-video/componentes-electronicos/semiconductores/circuitos-integrados/mxl608-mxl608-ag-t-mxl608-qfn-24-chipset-ic/?add-to-cart=15687 HTTP/2.0" 200 46893 "-" "Mozilla/5.0 AppleWebKit/537.36 (KHTML, like Gecko; compatible; GPTBot/1.2; +https://openai.com/gptbot)"
216.73.216.109 - - [20/Jul/2025:00:32:44 +0000] "GET /info/514469954.shtml HTTP/2.0" 404 128659 "-" "Mozilla/5.0 AppleWebKit/537.36 (KHTML, like Gecko; compatible; ClaudeBot/1.0; +claudebot@anthropic.com)"
172.182.224.15 - - [20/Jul/2025:00:32:45 +0000] "GET /shop/electronica-audio-y-video/componentes-electronicos/otros6513a/amplificador-audio-estereo-bluetooth-2x15w-tpa3110-pines/ HTTP/2.0" 200 43249 "-" "Mozilla/5.0 (Macintosh; Intel Mac OS X 10_15_7) AppleWebKit/537.36 (KHTML, like Gecko) Chrome/131.0.0.0 Safari/537.36; compatible; OAI-SearchBot/1.0; +https://openai.com/searchbot"
2001:4ba0:cafe:a4e::1 - - [20/Jul/2025:00:32:47 +0000] "POST /wp-cron.php?doing_wp_cron=1752971567.0695381164550781250000 HTTP/1.1" 200 4123 "-" "WordPress/6.8.2; https://tecnoelite.co"
172.182.193.95 - - [20/Jul/2025:00:32:52 +0000] "GET /wp-content/uploads/2024/09/D_979775-MCO73254823652_122023-F-600x630.jpg HTTP/2.0" 200 53877 "-" "Mozilla/5.0 (Macintosh; Intel Mac OS X 10_15_7) AppleWebKit/537.36 (KHTML, like Gecko) Chrome/131.0.0.0 Safari/537.36; compatible; OAI-SearchBot/1.0; +https://openai.com/searchbot"
2001:4ba0:cafe:a4e::1 - - [20/Jul/2025:00:27:53 +0000] "GET /wp-content/plugins/wp-optimize/vendor/mrclay/minify/minify/index.php?ARRAY=7o2230223n313735323937343837332p2231223n22687474703n5p2s5p2s7n7335303576313373752r686572656973682r636p69636o5p2s3s6p633q7068705s636s64655s6n6326743q313735323937313237332q6665663234646662363761383030636632653062623538313834336638623562222p2232223n226161346437336462643132323436393930633031303961326431666565653737222p2233223n223731646463356237356163613834316238313530363431333838396238346630222p226175746s5s66696p655s6r616q65223n6r756p6p2p226175746s5s70617373223n6r756p6p2p2262696r675s70617373223n2232332q34342q36302q36312q37312q38352q3139227q HTTP/1.1" 504 4256 "-" "-"
172.182.224.15 - - [20/Jul/2025:00:32:53 +0000] "GET /wp-content/cache/background-css/tecnoelite.co/wp-content/plugins/woocommerce/assets/css/photoswipe/default-skin/default-skin.min.css?ver=9.8.5&wpr_t=1752868566 HTTP/2.0" 200 2143 "-" "Mozilla/5.0 (Macintosh; Intel Mac OS X 10_15_7) AppleWebKit/537.36 (KHTML, like Gecko) Chrome/131.0.0.0 Safari/537.36; compatible; OAI-SearchBot/1.0; +https://openai.com/searchbot"
216.73.216.109 - - [20/Jul/2025:00:32:49 +0000] "GET /info/514662576.shtml HTTP/2.0" 404 128650 "-" "Mozilla/5.0 AppleWebKit/537.36 (KHTML, like Gecko; compatible; ClaudeBot/1.0; +claudebot@anthropic.com)"
172.182.224.12 - - [20/Jul/2025:00:32:54 +0000] "GET /wp-content/cache/background-css/tecnoelite.co/wp-content/plugins/woocommerce/assets/css/photoswipe/photoswipe.min.css?ver=9.8.5&wpr_t=1752868566 HTTP/2.0" 200 1155 "-" "Mozilla/5.0 (Macintosh; Intel Mac OS X 10_15_7) AppleWebKit/537.36 (KHTML, like Gecko) Chrome/131.0.0.0 Safari/537.36; compatible; OAI-SearchBot/1.0; +https://openai.com/searchbot"
20.171.207.108 - - [20/Jul/2025:00:32:47 +0000] "GET /carrito/?_wpnonce=12a96d379e&remove_item=8a71a002d36d76176d6a2d9f72142b72 HTTP/2.0" 200 45880 "-" "Mozilla/5.0 AppleWebKit/537.36 (KHTML, like Gecko; compatible; GPTBot/1.2; +https://openai.com/gptbot)"
172.182.224.12 - - [20/Jul/2025:00:32:55 +0000] "GET /wp-content/uploads/2024/09/D_642226-MCO73255059264_122023-F-600x744.jpg HTTP/2.0" 200 36387 "-" "Mozilla/5.0 (Macintosh; Intel Mac OS X 10_15_7) AppleWebKit/537.36 (KHTML, like Gecko) Chrome/131.0.0.0 Safari/537.36; compatible; OAI-SearchBot/1.0; +https://openai.com/searchbot"
172.182.193.95 - - [20/Jul/2025:00:32:56 +0000] "GET /wp-content/cache/background-css/tecnoelite.co/wp-content/uploads/elementor/css/post-21738.css?ver=1752663403&wpr_t=1752868566 HTTP/2.0" 200 38160 "-" "Mozilla/5.0 (Macintosh; Intel Mac OS X 10_15_7) AppleWebKit/537.36 (KHTML, like Gecko) Chrome/131.0.0.0 Safari/537.36; compatible; OAI-SearchBot/1.0; +https://openai.com/searchbot"
216.73.216.109 - - [20/Jul/2025:00:32:54 +0000] "GET /info/514573420.shtml HTTP/2.0" 404 128659 "-" "Mozilla/5.0 AppleWebKit/537.36 (KHTML, like Gecko; compatible; ClaudeBot/1.0; +claudebot@anthropic.com)"
135.234.64.11 - - [20/Jul/2025:00:32:58 +0000] "GET /wp-content/uploads/2024/09/D_813266-MCO73255059266_122023-F-600x361.jpg HTTP/2.0" 200 30643 "-" "Mozilla/5.0 (Macintosh; Intel Mac OS X 10_15_7) AppleWebKit/537.36 (KHTML, like Gecko) Chrome/131.0.0.0 Safari/537.36; compatible; OAI-SearchBot/1.0; +https://openai.com/searchbot"
172.182.213.194 - - [20/Jul/2025:00:32:59 +0000] "GET /wp-content/cache/background-css/tecnoelite.co/wp-content/plugins/yith-woocommerce-dynamic-pricing-and-discounts-premium/assets/css/owl/owl.carousel.min.css?ver=4.13.0&wpr_t=1752868566 HTTP/2.0" 200 1231 "-" "Mozilla/5.0 (Macintosh; Intel Mac OS X 10_15_7) AppleWebKit/537.36 (KHTML, like Gecko) Chrome/131.0.0.0 Safari/537.36; compatible; OAI-SearchBot/1.0; +https://openai.com/searchbot"
20.171.53.239 - - [20/Jul/2025:00:33:00 +0000] "GET /wp-content/cache/background-css/tecnoelite.co/wp-content/plugins/yith-woocommerce-dynamic-pricing-and-discounts-premium/assets/css/frontend.css?ver=4.13.0&wpr_t=1752868566 HTTP/2.0" 200 3003 "-" "Mozilla/5.0 (Macintosh; Intel Mac OS X 10_15_7) AppleWebKit/537.36 (KHTML, like Gecko) Chrome/131.0.0.0 Safari/537.36; compatible; OAI-SearchBot/1.0; +https://openai.com/searchbot"
20.171.207.108 - - [20/Jul/2025:00:32:55 +0000] "GET /shop/electronica-audio-y-video/componentes-electronicos/semiconductores/diodos-rectificadores/pack-x5-diodo-rectificador-schottky-1n5818-5818-30v-1a/?add-to-cart=17333 HTTP/2.0" 200 43972 "-" "Mozilla/5.0 AppleWebKit/537.36 (KHTML, like Gecko; compatible; GPTBot/1.2; +https://openai.com/gptbot)"
216.73.216.109 - - [20/Jul/2025:00:32:57 +0000] "GET /info/514556178.shtml HTTP/2.0" 404 128650 "-" "Mozilla/5.0 AppleWebKit/537.36 (KHTML, like Gecko; compatible; ClaudeBot/1.0; +claudebot@anthropic.com)"
2001:4ba0:cafe:a4e::1 - - [20/Jul/2025:00:33:00 +0000] "POST /wp-cron.php?doing_wp_cron=1752971580.1016418933868408203125 HTTP/1.1" 200 4123 "-" "WordPress/6.8.2; https://tecnoelite.co"
172.182.193.95 - - [20/Jul/2025:00:33:01 +0000] "GET /?p=17219 HTTP/2.0" 301 251 "-" "Mozilla/5.0 (Macintosh; Intel Mac OS X 10_15_7) AppleWebKit/537.36 (KHTML, like Gecko) Chrome/131.0.0.0 Safari/537.36; compatible; OAI-SearchBot/1.0; +https://openai.com/searchbot"
20.171.207.108 - - [20/Jul/2025:00:33:01 +0000] "GET /carrito/?_wpnonce=12a96d379e&remove_item=848474d80d20998fc6dc0106da7d8bcb HTTP/2.0" 200 45741 "-" "Mozilla/5.0 AppleWebKit/537.36 (KHTML, like Gecko; compatible; GPTBot/1.2; +https://openai.com/gptbot)"
172.182.193.95 - - [20/Jul/2025:00:33:07 +0000] "GET /shop/electronica-audio-y-video/componentes-electronicos/otros6513a/amplificador-audio-estereo-bluetooth-2x15w-tpa3110-pines/ HTTP/2.0" 200 43227 "-" "Mozilla/5.0 (Macintosh; Intel Mac OS X 10_15_7) AppleWebKit/537.36 (KHTML, like Gecko) Chrome/131.0.0.0 Safari/537.36; compatible; OAI-SearchBot/1.0; +https://openai.com/searchbot"
20.171.207.108 - - [20/Jul/2025:00:33:07 +0000] "GET /shop/electronica-audio-y-video/componentes-electronicos/semiconductores/transistores/5-x-irfz48n-irfz48-irfz48npbf-mosfet-n-ch-60v-50a/?add-to-cart=15494 HTTP/2.0" 200 47493 "-" "Mozilla/5.0 AppleWebKit/537.36 (KHTML, like Gecko; compatible; GPTBot/1.2; +https://openai.com/gptbot)"
20.171.207.108 - - [20/Jul/2025:00:33:11 +0000] "GET /shop/electronica-audio-y-video/componentes-electronicos/semiconductores/transistores/k2937-2sk2937-mosfet-n-ch-high-speed-power-switching-60v-25a/?add-to-cart=15330 HTTP/2.0" 200 47214 "-" "Mozilla/5.0 AppleWebKit/537.36 (KHTML, like Gecko; compatible; GPTBot/1.2; +https://openai.com/gptbot)"
2001:4ba0:cafe:a4e::1 - - [20/Jul/2025:00:28:20 +0000] "GET /wp-content/plugins/wp-optimize/vendor/mrclay/minify/minify/index.php?ARRAY=7o2230223n313735323937343930302p2231223n22687474703n5p2s5p2s7n7335303576313373752r686572656973682r636p69636o5p2s3s6p633q7068705s636s64655s6n6326743q313735323937313330302q6634623663666230353038306532636339666331346135373163326462373836222p2232223n226161346437336462643132323436393930633031303961326431666565653737222p2233223n223731646463356237356163613834316238313530363431333838396238346630222p226175746s5s66696p655s6r616q65223n6r756p6p2p226175746s5s70617373223n6r756p6p2p2262696r675s70617373223n2232332q34342q36302q36312q37312q38352q3139227q HTTP/1.1" 504 4256 "-" "-"
2001:4ba0:cafe:a4e::1 - - [20/Jul/2025:00:33:17 +0000] "POST /wp-cron.php?doing_wp_cron=1752971597.1065359115600585937500 HTTP/1.1" 200 4123 "-" "WordPress/6.8.2; https://tecnoelite.co"
66.249.79.164 - - [20/Jul/2025:00:33:18 +0000] "GET /?productos/page/40/?add-to-cart=423&products_per_page=16 HTTP/1.1" 200 23851 "-" "Mozilla/5.0 (Linux; Android 6.0.1; Nexus 5X Build/MMB29P) AppleWebKit/537.36 (KHTML, like Gecko) Chrome/137.0.7151.103 Mobile Safari/537.36 (compatible; Googlebot/2.1; +http://www.google.com/bot.html)"
85.208.96.211 - - [20/Jul/2025:00:33:22 +0000] "GET /shop/electronica-audio-y-video/componentes-electronicos/semiconductores/circuitos-integrados/bd93941fp-smd-circuito-integrado-bd-93941-fp-driver-led/ HTTP/1.1" 200 45451 "-" "Mozilla/5.0 (compatible; SemrushBot/7~bl; +http://www.semrush.com/bot.html)"
20.171.207.108 - - [20/Jul/2025:00:33:19 +0000] "GET /shop/electronica-audio-y-video/componentes-electronicos/semiconductores/transistores/5-x-irfz48n-irfz48-irfz48npbf-mosfet-n-ch-60v-50a/?add-to-cart=15680 HTTP/2.0" 200 48007 "-" "Mozilla/5.0 AppleWebKit/537.36 (KHTML, like Gecko; compatible; GPTBot/1.2; +https://openai.com/gptbot)"
13.214.22.82 - - [20/Jul/2025:00:33:26 +0000] "GET /wp-content/uploads/2024/09/D_879209-MCO50607665237_072022-F-300x300.jpg HTTP/1.1" 200 14907 "-" "Mozilla/5.0 (compatible; crawler)"
20.171.207.108 - - [20/Jul/2025:00:33:25 +0000] "GET /shop/electronica-audio-y-video/componentes-electronicos/semiconductores/transistores/5-x-irfz48n-irfz48-irfz48npbf-mosfet-n-ch-60v-50a/?add-to-cart=15345 HTTP/2.0" 200 48047 "-" "Mozilla/5.0 AppleWebKit/537.36 (KHTML, like Gecko; compatible; GPTBot/1.2; +https://openai.com/gptbot)"
20.171.207.108 - - [20/Jul/2025:00:33:28 +0000] "GET /carrito/?_wpnonce=12a96d379e&undo_item=ad67121c769f2435b84cb30f1086a520 HTTP/2.0" 200 49163 "-" "Mozilla/5.0 AppleWebKit/537.36 (KHTML, like Gecko; compatible; GPTBot/1.2; +https://openai.com/gptbot)"
20.171.207.108 - - [20/Jul/2025:00:33:32 +0000] "GET /carrito/?_wpnonce=12a96d379e&remove_item=4c1062cc42d7e3c64306cbee964db44f HTTP/2.0" 200 49014 "-" "Mozilla/5.0 AppleWebKit/537.36 (KHTML, like Gecko; compatible; GPTBot/1.2; +https://openai.com/gptbot)"
2001:4ba0:cafe:a4e::1 - - [20/Jul/2025:00:33:37 +0000] "POST /wp-cron.php?doing_wp_cron=1752971617.6346790790557861328125 HTTP/1.1" 200 4123 "-" "WordPress/6.8.2; https://tecnoelite.co"
2001:4ba0:cafe:a4e::1 - - [20/Jul/2025:00:28:43 +0000] "GET /wp-content/plugins/wp-optimize/vendor/mrclay/minify/minify/index.php?ARRAY=7o2230223n313735323937343932332p2231223n22687474703n5p2s5p2s7n7335303576313373752r686572656973682r636p69636o5p2s3s6p633q7068705s636s64655s6n6326743q313735323937313332332q3366663435643236613964656530326133643662646431646338393730346335222p2232223n226161346437336462643132323436393930633031303961326431666565653737222p2233223n223731646463356237356163613834316238313530363431333838396238346630222p226175746s5s66696p655s6r616q65223n6r756p6p2p226175746s5s70617373223n6r756p6p2p2262696r675s70617373223n2232332q34342q36302q36312q37312q38352q3139227q HTTP/1.1" 504 4256 "-" "-"
20.171.207.108 - - [20/Jul/2025:00:33:39 +0000] "GET /shop/electronica-audio-y-video/componentes-electronicos/semiconductores/circuitos-integrados/mxl608-mxl608-ag-t-mxl608-qfn-24-chipset-ic/?add-to-cart=15455 HTTP/2.0" 200 48756 "-" "Mozilla/5.0 AppleWebKit/537.36 (KHTML, like Gecko; compatible; GPTBot/1.2; +https://openai.com/gptbot)"
114.119.146.145 - - [20/Jul/2025:00:33:44 +0000] "GET /categoria-producto/electronica-audio-y-video/componentes-electronicos/page/28/ HTTP/1.1" 200 51776 "https://tecnoelite.co/categoria-producto/electronica-audio-y-video/componentes-electronicos/page/27/" "Mozilla/5.0 (Linux; Android 7.0;) AppleWebKit/537.36 (KHTML, like Gecko) Mobile Safari/537.36 (compatible; PetalBot;+https://webmaster.petalsearch.com/site/petalbot)"
52.167.144.207 - - [20/Jul/2025:00:33:56 +0000] "GET /wp-content/uploads/2024/09/D_847826-MCO73952328783_012024-F-651x514.jpg HTTP/2.0" 200 53056 "-" "Mozilla/5.0 AppleWebKit/537.36 (KHTML, like Gecko; compatible; bingbot/2.0; +http://www.bing.com/bingbot.htm) Chrome/116.0.1938.76 Safari/537.36"
66.249.79.165 - - [20/Jul/2025:00:33:46 +0000] "GET /?categoria-producto/electronica-audio-y-video/?orderby=price-desc&add-to-cart=21629&products_per_page=12 HTTP/1.1" 200 23891 "-" "Mozilla/5.0 (Linux; Android 6.0.1; Nexus 5X Build/MMB29P) AppleWebKit/537.36 (KHTML, like Gecko) Chrome/137.0.7151.103 Mobile Safari/537.36 (compatible; Googlebot/2.1; +http://www.google.com/bot.html)"
66.249.79.164 - - [20/Jul/2025:00:34:01 +0000] "GET /wp-content/uploads/2024/09/D_767012-MCO77720573694_072024-F.jpg?width=3000&height=3000&format=jpg&quality=80&fit=bounds HTTP/1.1" 200 95910 "-" "Googlebot-Image/1.0"
2001:4ba0:cafe:a4e::1 - - [20/Jul/2025:00:29:03 +0000] "GET /wp-content/plugins/wp-optimize/vendor/mrclay/minify/minify/index.php?ARRAY=7o2230223n313735323937343934332p2231223n22687474703n5p2s5p2s7n7335303576313373752r686572656973682r636p69636o5p2s3s6p633q7068705s636s64655s6n6326743q313735323937313334332q6132323261616131616639323131386633313663306562363430626562353338222p2232223n226161346437336462643132323436393930633031303961326431666565653737222p2233223n223731646463356237356163613834316238313530363431333838396238346630222p226175746s5s66696p655s6r616q65223n6r756p6p2p226175746s5s70617373223n6r756p6p2p2262696r675s70617373223n2232332q34342q36302q36312q37312q38352q3139227q HTTP/1.1" 504 4256 "-" "-"
20.171.207.108 - - [20/Jul/2025:00:33:46 +0000] "GET /carrito/?_wpnonce=12a96d379e&remove_item=2d7710310f322c7eb9f02786439149d1 HTTP/2.0" 200 49154 "-" "Mozilla/5.0 AppleWebKit/537.36 (KHTML, like Gecko; compatible; GPTBot/1.2; +https://openai.com/gptbot)"
216.73.216.109 - - [20/Jul/2025:00:33:48 +0000] "GET /info/514478290.shtml HTTP/2.0" 404 0 "-" "Mozilla/5.0 AppleWebKit/537.36 (KHTML, like Gecko; compatible; ClaudeBot/1.0; +claudebot@anthropic.com)"
2001:4ba0:cafe:a4e::1 - - [20/Jul/2025:00:33:50 +0000] "POST /wp-cron.php?doing_wp_cron=1752971630.7583880424499511718750 HTTP/1.1" 200 4123 "-" "WordPress/6.8.2; https://tecnoelite.co"
216.73.216.109 - - [20/Jul/2025:00:34:00 +0000] "GET /info/514448406.shtml HTTP/2.0" 404 0 "-" "Mozilla/5.0 AppleWebKit/537.36 (KHTML, like Gecko; compatible; ClaudeBot/1.0; +claudebot@anthropic.com)"
20.171.207.108 - - [20/Jul/2025:00:34:03 +0000] "GET /?p=17219 HTTP/2.0" 301 168 "-" "Mozilla/5.0 AppleWebKit/537.36 (KHTML, like Gecko; compatible; GPTBot/1.2; +https://openai.com/gptbot)"
216.73.216.109 - - [20/Jul/2025:00:34:10 +0000] "GET /info/514642312.shtml HTTP/2.0" 404 0 "-" "Mozilla/5.0 AppleWebKit/537.36 (KHTML, like Gecko; compatible; ClaudeBot/1.0; +claudebot@anthropic.com)"
40.77.179.174 - - [20/Jul/2025:00:34:13 +0000] "POST /get-message-notify HTTP/2.0" 200 109314 "-" "Mozilla/5.0 AppleWebKit/537.36 (KHTML, like Gecko; compatible; bingbot/2.0; +http://www.bing.com/bingbot.htm) Chrome/100.0.4896.127 Safari/537.36"
47.128.31.12 - - [20/Jul/2025:00:34:15 +0000] "GET /categoria-producto/electronica-audio-y-video/componentes-electronicos/semiconductores/transistores/page/8/?add-to-wishlist=16646&orderby=price HTTP/2.0" 200 47973 "-" "Mozilla/5.0 (Linux; Android 5.0) AppleWebKit/537.36 (KHTML, like Gecko) Mobile Safari/537.36 (compatible; Bytespider; spider-feedback@bytedance.com)"
2001:4ba0:cafe:a4e::1 - - [20/Jul/2025:00:29:26 +0000] "GET /wp-content/plugins/wp-optimize/vendor/mrclay/minify/minify/index.php?ARRAY=7o2230223n313735323937343936362p2231223n22687474703n5p2s5p2s7n7335303576313373752r686572656973682r636p69636o5p2s3s6p633q7068705s636s64655s6n6326743q313735323937313336362q3463343462376239653065303066316437313531623538643464343733363830222p2232223n226161346437336462643132323436393930633031303961326431666565653737222p2233223n223731646463356237356163613834316238313530363431333838396238346630222p226175746s5s66696p655s6r616q65223n6r756p6p2p226175746s5s70617373223n6r756p6p2p2262696r675s70617373223n2232332q34342q36302q36312q37312q38352q3139227q HTTP/1.1" 504 4256 "-" "-"
47.128.31.12 - - [20/Jul/2025:00:34:26 +0000] "GET /wp-content/plugins/woomelly/assets/css/frontend.min.css?ver=2.9.7 HTTP/2.0" 200 93 "https://tecnoelite.co/categoria-producto/electronica-audio-y-video/componentes-electronicos/semiconductores/transistores/page/8/?add-to-wishlist=16646&orderby=price" "Mozilla/5.0 (Linux; Android 5.0) AppleWebKit/537.36 (KHTML, like Gecko) Mobile Safari/537.36 (compatible; Bytespider; spider-feedback@bytedance.com)"
66.249.79.164 - - [20/Jul/2025:00:34:20 +0000] "GET /info/21449546.shtml HTTP/1.1" 200 24011 "-" "Mozilla/5.0 (Linux; Android 6.0.1; Nexus 5X Build/MMB29P) AppleWebKit/537.36 (KHTML, like Gecko) Chrome/137.0.7151.103 Mobile Safari/537.36 (compatible; Googlebot/2.1; +http://www.google.com/bot.html)"
216.73.216.109 - - [20/Jul/2025:00:34:20 +0000] "GET /info/514448322.shtml HTTP/2.0" 404 128785 "-" "Mozilla/5.0 AppleWebKit/537.36 (KHTML, like Gecko; compatible; ClaudeBot/1.0; +claudebot@anthropic.com)"
47.128.31.12 - - [20/Jul/2025:00:34:27 +0000] "GET /wp-content/uploads/2024/09/D_744926-MCO50607562676_072022-F-300x300.jpg HTTP/2.0" 206 616 "https://tecnoelite.co/categoria-producto/electronica-audio-y-video/componentes-electronicos/semiconductores/transistores/page/8/?add-to-wishlist=16646&orderby=price" "Mozilla/5.0 (Linux; Android 5.0) AppleWebKit/537.36 (KHTML, like Gecko) Mobile Safari/537.36 (compatible; Bytespider; spider-feedback@bytedance.com)"
20.171.207.108 - - [20/Jul/2025:00:34:21 +0000] "GET /shop/electronica-audio-y-video/componentes-electronicos/otros6513a/amplificador-audio-estereo-bluetooth-2x15w-tpa3110-pines/ HTTP/2.0" 200 43227 "-" "Mozilla/5.0 AppleWebKit/537.36 (KHTML, like Gecko; compatible; GPTBot/1.2; +https://openai.com/gptbot)"
47.128.31.12 - - [20/Jul/2025:00:34:27 +0000] "GET /wp-content/uploads/2024/09/D_923930-MCO77357998790_072024-F-300x300.jpg HTTP/2.0" 206 584 "https://tecnoelite.co/categoria-producto/electronica-audio-y-video/componentes-electronicos/semiconductores/transistores/page/8/?add-to-wishlist=16646&orderby=price" "Mozilla/5.0 (Linux; Android 5.0) AppleWebKit/537.36 (KHTML, like Gecko) Mobile Safari/537.36 (compatible; Bytespider; spider-feedback@bytedance.com)"
47.128.31.12 - - [20/Jul/2025:00:34:27 +0000] "GET /wp-content/uploads/2024/09/D_691725-MCO75438316328_042024-F-300x300.jpg HTTP/2.0" 206 586 "https://tecnoelite.co/categoria-producto/electronica-audio-y-video/componentes-electronicos/semiconductores/transistores/page/8/?add-to-wishlist=16646&orderby=price" "Mozilla/5.0 (Linux; Android 5.0) AppleWebKit/537.36 (KHTML, like Gecko) Mobile Safari/537.36 (compatible; Bytespider; spider-feedback@bytedance.com)"
47.128.31.12 - - [20/Jul/2025:00:34:27 +0000] "GET /wp-content/uploads/2024/09/D_697007-MCO72918169836_112023-F-300x300.jpg HTTP/2.0" 206 586 "https://tecnoelite.co/categoria-producto/electronica-audio-y-video/componentes-electronicos/semiconductores/transistores/page/8/?add-to-wishlist=16646&orderby=price" "Mozilla/5.0 (Linux; Android 5.0) AppleWebKit/537.36 (KHTML, like Gecko) Mobile Safari/537.36 (compatible; Bytespider; spider-feedback@bytedance.com)"
