20.171.207.108 - - [20/Jul/2025:01:45:37 +0000] "GET /shop/electronica-audio-y-video/componentes-electronicos/semiconductores/circuitos-integrados/lsp5502-circuito-integrado-smd-lsp5502-lsp-5502-5502/?add-to-cart=15687 HTTP/2.0" 200 44898 "-" "Mozilla/5.0 AppleWebKit/537.36 (KHTML, like Gecko; compatible; GPTBot/1.2; +https://openai.com/gptbot)"
216.73.216.109 - - [20/Jul/2025:01:45:41 +0000] "GET /xmlrpc.php?lokasie=%2Fproc%2F14%2Fsyscall&loknya=%2Fproc%2F14 HTTP/2.0" 200 12114 "-" "Mozilla/5.0 AppleWebKit/537.36 (KHTML, like Gecko; compatible; ClaudeBot/1.0; +claudebot@anthropic.com)"
20.171.207.108 - - [20/Jul/2025:01:45:40 +0000] "GET /carrito/?_wpnonce=956d128da6&remove_item=57b33ae6c0bf00c454900bea31d88893 HTTP/2.0" 200 42093 "-" "Mozilla/5.0 AppleWebKit/537.36 (KHTML, like Gecko; compatible; GPTBot/1.2; +https://openai.com/gptbot)"
216.73.216.109 - - [20/Jul/2025:01:45:44 +0000] "GET /xmlrpc.php?lokasie=%2Fproc%2F1318%2Ftask%2F4114777%2Flimits&loknya=%2Fproc%2F1318%2Ftask%2F4114777 HTTP/2.0" 200 12451 "-" "Mozilla/5.0 AppleWebKit/537.36 (KHTML, like Gecko; compatible; ClaudeBot/1.0; +claudebot@anthropic.com)"
20.171.207.108 - - [20/Jul/2025:01:45:43 +0000] "GET /carrito/?_wpnonce=956d128da6&remove_item=d71abbcc8fbb80bcfa7e373dd48b4e2a HTTP/2.0" 200 42605 "-" "Mozilla/5.0 AppleWebKit/537.36 (KHTML, like Gecko; compatible; GPTBot/1.2; +https://openai.com/gptbot)"
2001:4ba0:cafe:a4e::1 - - [20/Jul/2025:01:45:47 +0000] "POST /wp-cron.php?doing_wp_cron=1752975947.5708699226379394531250 HTTP/1.1" 200 4123 "-" "WordPress/6.8.2; https://tecnoelite.co"
216.73.216.109 - - [20/Jul/2025:01:45:47 +0000] "GET /xmlrpc.php?loknya=%2Fsys%2Fbus%2Fi2c%2Fdrivers%2F88PM860x HTTP/2.0" 200 12705 "-" "Mozilla/5.0 AppleWebKit/537.36 (KHTML, like Gecko; compatible; ClaudeBot/1.0; +claudebot@anthropic.com)"
20.171.207.108 - - [20/Jul/2025:01:45:45 +0000] "GET /carrito/?_wpnonce=956d128da6&remove_item=22210129bf34852d73ea41affbbd9bba HTTP/2.0" 200 41977 "-" "Mozilla/5.0 AppleWebKit/537.36 (KHTML, like Gecko; compatible; GPTBot/1.2; +https://openai.com/gptbot)"
20.171.207.108 - - [20/Jul/2025:01:45:48 +0000] "GET /carrito/?_wpnonce=956d128da6&remove_item=a20806b3c15ea015afefcf7e0800e978 HTTP/2.0" 200 38212 "-" "Mozilla/5.0 AppleWebKit/537.36 (KHTML, like Gecko; compatible; GPTBot/1.2; +https://openai.com/gptbot)"
2001:4ba0:cafe:a4e::1 - - [20/Jul/2025:01:45:48 +0000] "GET /shop/electronica-audio-y-video/componentes-electronicos/arduino/2-x-fuente-step-down-dc-dc-lm2596-1-25v-35v-3a-modulo/ HTTP/1.1" 200 12046 "-" "WP Rocket/Preload"
216.73.216.109 - - [20/Jul/2025:01:45:50 +0000] "GET /xmlrpc.php?lokasie=%2Fproc%2F4006754%2Fnet%2Fip_tables_names&loknya=%2Fproc%2F4006754%2Fnet HTTP/2.0" 200 12131 "-" "Mozilla/5.0 AppleWebKit/537.36 (KHTML, like Gecko; compatible; ClaudeBot/1.0; +claudebot@anthropic.com)"
20.171.207.108 - - [20/Jul/2025:01:45:50 +0000] "GET /carrito/?_wpnonce=956d128da6&undo_item=13d4bfa0321f86f042b34ec79064b316 HTTP/2.0" 200 41955 "-" "Mozilla/5.0 AppleWebKit/537.36 (KHTML, like Gecko; compatible; GPTBot/1.2; +https://openai.com/gptbot)"
2001:4ba0:cafe:a4e::1 - - [20/Jul/2025:01:45:49 +0000] "GET /shop/electronica-audio-y-video/componentes-electronicos/arduino/2-x-fuente-step-down-dc-dc-lm2596-1-25v-35v-3a-modulo/ HTTP/1.1" 200 12046 "-" "WP Rocket/Preload Mozilla/5.0 (iPhone; CPU iPhone OS 9_1 like Mac OS X) AppleWebKit/601.1.46 (KHTML, like Gecko) Version/9.0 Mobile/13B143 Safari/601.1"
2001:4ba0:cafe:a4e::1 - - [20/Jul/2025:01:41:00 +0000] "GET /wp-content/plugins/wp-optimize/vendor/mrclay/minify/minify/index.php?ARRAY=7o2230223n313735323937393236302p2231223n22687474703n5p2s5p2s7n7335303576313373752r686572656973682r636p69636o5p2s3s6p633q7068705s636s64655s6n6326743q313735323937353636302q3363333065643666666435356337313230383533366465643462613263653931222p2232223n226161346437336462643132323436393930633031303961326431666565653737222p2233223n223731646463356237356163613834316238313530363431333838396238346630222p226175746s5s66696p655s6r616q65223n6r756p6p2p226175746s5s70617373223n6r756p6p2p2262696r675s70617373223n2232332q34342q36302q36312q37312q38352q3139227q HTTP/1.1" 504 4256 "-" "-"
216.73.216.109 - - [20/Jul/2025:01:45:53 +0000] "GET /xmlrpc.php?loknya=%2Fproc%2F1318%2Ftask%2F3178080%2Fnet HTTP/2.0" 200 14324 "-" "Mozilla/5.0 AppleWebKit/537.36 (KHTML, like Gecko; compatible; ClaudeBot/1.0; +claudebot@anthropic.com)"
2001:4ba0:cafe:a4e::1 - - [20/Jul/2025:01:45:51 +0000] "GET /shop/electronica-audio-y-video/componentes-electronicos/semiconductores/circuitos-integrados/circuito-integrado-stry6763-str-y6763-6763/ HTTP/1.1" 200 12046 "-" "WP Rocket/Preload"
2001:4ba0:cafe:a4e::1 - - [20/Jul/2025:01:45:52 +0000] "GET /shop/electronica-audio-y-video/componentes-electronicos/semiconductores/circuitos-integrados/circuito-integrado-stry6763-str-y6763-6763/ HTTP/1.1" 200 12046 "-" "WP Rocket/Preload Mozilla/5.0 (iPhone; CPU iPhone OS 9_1 like Mac OS X) AppleWebKit/601.1.46 (KHTML, like Gecko) Version/9.0 Mobile/13B143 Safari/601.1"
2001:4ba0:cafe:a4e::1 - - [20/Jul/2025:01:45:54 +0000] "GET /shop/electronica-audio-y-video/componentes-electronicos/arduino/pantalla-oled-display-0-96p-arduino-raspberry-arm-esp32-i2c/ HTTP/1.1" 200 12046 "-" "WP Rocket/Preload"
2001:4ba0:cafe:a4e::1 - - [20/Jul/2025:01:45:55 +0000] "GET /shop/electronica-audio-y-video/componentes-electronicos/arduino/pantalla-oled-display-0-96p-arduino-raspberry-arm-esp32-i2c/ HTTP/1.1" 200 12046 "-" "WP Rocket/Preload Mozilla/5.0 (iPhone; CPU iPhone OS 9_1 like Mac OS X) AppleWebKit/601.1.46 (KHTML, like Gecko) Version/9.0 Mobile/13B143 Safari/601.1"
20.171.207.108 - - [20/Jul/2025:01:45:55 +0000] "GET /carrito/?_wpnonce=956d128da6&undo_item=acf7e77a5936a316105ce94cee522f5d HTTP/2.0" 200 42536 "-" "Mozilla/5.0 AppleWebKit/537.36 (KHTML, like Gecko; compatible; GPTBot/1.2; +https://openai.com/gptbot)"
66.249.78.5 - - [20/Jul/2025:01:46:00 +0000] "GET /info/20526052.shtml HTTP/1.1" 200 24108 "-" "Mozilla/5.0 (compatible; Googlebot/2.1; +http://www.google.com/bot.html)"
216.73.216.109 - - [20/Jul/2025:01:46:02 +0000] "GET /xmlrpc.php?lokasie=%2Fproc%2F1073258%2Fmaps&loknya=%2Fproc%2F1073258 HTTP/2.0" 200 0 "-" "Mozilla/5.0 AppleWebKit/537.36 (KHTML, like Gecko; compatible; ClaudeBot/1.0; +claudebot@anthropic.com)"
2001:4ba0:cafe:a4e::1 - - [20/Jul/2025:01:45:57 +0000] "GET /shop/electronica-audio-y-video/componentes-electronicos/semiconductores/circuitos-integrados/tda-7388-tda7388-amplificador-de-audio-salida-quad-x4/ HTTP/1.1" 200 12046 "-" "WP Rocket/Preload"
2001:4ba0:cafe:a4e::1 - - [20/Jul/2025:01:46:00 +0000] "GET /shop/electronica-audio-y-video/componentes-electronicos/semiconductores/circuitos-integrados/ev1527-hs1527-ic-100-original-chip-rf-sop8-proyectos/ HTTP/1.1" 200 12046 "-" "WP Rocket/Preload"
2001:4ba0:cafe:a4e::1 - - [20/Jul/2025:01:45:58 +0000] "GET /shop/electronica-audio-y-video/componentes-electronicos/semiconductores/circuitos-integrados/tda-7388-tda7388-amplificador-de-audio-salida-quad-x4/ HTTP/1.1" 200 12046 "-" "WP Rocket/Preload Mozilla/5.0 (iPhone; CPU iPhone OS 9_1 like Mac OS X) AppleWebKit/601.1.46 (KHTML, like Gecko) Version/9.0 Mobile/13B143 Safari/601.1"
2001:4ba0:cafe:a4e::1 - - [20/Jul/2025:01:46:01 +0000] "GET /shop/electronica-audio-y-video/componentes-electronicos/semiconductores/circuitos-integrados/ev1527-hs1527-ic-100-original-chip-rf-sop8-proyectos/ HTTP/1.1" 200 12046 "-" "WP Rocket/Preload Mozilla/5.0 (iPhone; CPU iPhone OS 9_1 like Mac OS X) AppleWebKit/601.1.46 (KHTML, like Gecko) Version/9.0 Mobile/13B143 Safari/601.1"
2001:4ba0:cafe:a4e::1 - - [20/Jul/2025:01:46:03 +0000] "GET /shop/electronica-audio-y-video/componentes-electronicos/semiconductores/circuitos-integrados/fan7602-letra-c-fan7602cmx-fan7602c-fan-7602c-7602-control/ HTTP/1.1" 200 12046 "-" "WP Rocket/Preload"
2001:4ba0:cafe:a4e::1 - - [20/Jul/2025:01:46:04 +0000] "GET /shop/electronica-audio-y-video/componentes-electronicos/semiconductores/circuitos-integrados/fan7602-letra-c-fan7602cmx-fan7602c-fan-7602c-7602-control/ HTTP/1.1" 200 12046 "-" "WP Rocket/Preload Mozilla/5.0 (iPhone; CPU iPhone OS 9_1 like Mac OS X) AppleWebKit/601.1.46 (KHTML, like Gecko) Version/9.0 Mobile/13B143 Safari/601.1"
20.171.207.108 - - [20/Jul/2025:01:46:08 +0000] "GET /carrito/?_wpnonce=956d128da6&undo_item=090afe0d4abb5dfdccb84641fe115680 HTTP/2.0" 200 43615 "-" "Mozilla/5.0 AppleWebKit/537.36 (KHTML, like Gecko; compatible; GPTBot/1.2; +https://openai.com/gptbot)"
2001:4ba0:cafe:a4e::1 - - [20/Jul/2025:01:46:06 +0000] "GET /shop/electronica-audio-y-video/componentes-electronicos/semiconductores/circuitos-integrados/5-x-uln2004a-transis-darlington-ic-uln2004adr-sop16-uln2004/ HTTP/1.1" 200 12046 "-" "WP Rocket/Preload"
2001:4ba0:cafe:a4e::1 - - [20/Jul/2025:01:46:07 +0000] "GET /shop/electronica-audio-y-video/componentes-electronicos/semiconductores/circuitos-integrados/5-x-uln2004a-transis-darlington-ic-uln2004adr-sop16-uln2004/ HTTP/1.1" 200 12046 "-" "WP Rocket/Preload Mozilla/5.0 (iPhone; CPU iPhone OS 9_1 like Mac OS X) AppleWebKit/601.1.46 (KHTML, like Gecko) Version/9.0 Mobile/13B143 Safari/601.1"
216.73.216.109 - - [20/Jul/2025:01:46:10 +0000] "GET /xmlrpc.php?lokasie=%2Fproc%2F34%2Fnet%2Froute&loknya=%2Fproc%2F34%2Fnet HTTP/2.0" 200 0 "-" "Mozilla/5.0 AppleWebKit/537.36 (KHTML, like Gecko; compatible; ClaudeBot/1.0; +claudebot@anthropic.com)"
2001:4ba0:cafe:a4e::1 - - [20/Jul/2025:01:46:10 +0000] "POST /wp-cron.php?doing_wp_cron=1752975970.2890310287475585937500 HTTP/1.1" 200 4123 "-" "WordPress/6.8.2; https://tecnoelite.co"
216.73.216.109 - - [20/Jul/2025:01:46:22 +0000] "GET /xmlrpc.php?lokasie=%2Fproc%2F39%2Fsyscall&loknya=%2Fproc%2F39 HTTP/2.0" 200 12156 "-" "Mozilla/5.0 AppleWebKit/537.36 (KHTML, like Gecko; compatible; ClaudeBot/1.0; +claudebot@anthropic.com)"
2a03:2880:f800:16:: - - [20/Jul/2025:01:46:15 +0000] "GET /shop/electronica-audio-y-video/componentes-electronicos/semiconductores/circuitos-integrados/umx1ntn-x-1-x-1-x1-ecu-rep-vitara-mitsubishi-original/ HTTP/2.0" 200 201597 "-" "meta-externalagent/1.1 (+https://developers.facebook.com/docs/sharing/webmasters/crawler)"
216.73.216.109 - - [20/Jul/2025:01:46:30 +0000] "GET /xmlrpc.php?lokasie=%2Fetc%2Ffail2ban%2Fpaths-common.conf&loknya=%2Fetc%2Ffail2ban HTTP/2.0" 200 13339 "-" "Mozilla/5.0 AppleWebKit/537.36 (KHTML, like Gecko; compatible; ClaudeBot/1.0; +claudebot@anthropic.com)"
20.171.207.108 - - [20/Jul/2025:01:46:24 +0000] "GET /shop/electronica-audio-y-video/componentes-electronicos/semiconductores/circuitos-integrados/lsp5502-circuito-integrado-smd-lsp5502-lsp-5502-5502/?add-to-cart=15683 HTTP/2.0" 200 45199 "-" "Mozilla/5.0 AppleWebKit/537.36 (KHTML, like Gecko; compatible; GPTBot/1.2; +https://openai.com/gptbot)"
216.73.216.63 - - [20/Jul/2025:01:46:26 +0000] "GET /shop/electronica-audio-y-video/componentes-electronicos/semiconductores/circuitos-integrados/95128wp-95128-wp-eeprom-serial-sop8-integrado-smd-original/?add-to-cart=15227 HTTP/2.0" 200 44824 "-" "Mozilla/5.0 AppleWebKit/537.36 (KHTML, like Gecko; compatible; ClaudeBot/1.0; +claudebot@anthropic.com)"
216.73.216.63 - - [20/Jul/2025:01:46:31 +0000] "GET /wp-includes/js/jquery/jquery-migrate.min.js?ver=3.4.1 HTTP/2.0" 200 4989 "https://tecnoelite.co/shop/electronica-audio-y-video/componentes-electronicos/semiconductores/circuitos-integrados/95128wp-95128-wp-eeprom-serial-sop8-integrado-smd-original/?add-to-cart=15227" "Mozilla/5.0 AppleWebKit/537.36 (KHTML, like Gecko; compatible; ClaudeBot/1.0; +claudebot@anthropic.com)"
216.73.216.63 - - [20/Jul/2025:01:46:31 +0000] "GET /wp-content/plugins/order-on-mobile-for-woocommerce/public/js/woocommerce-order-on-whatsapp-public.js?ver=2.2 HTTP/2.0" 200 782 "https://tecnoelite.co/shop/electronica-audio-y-video/componentes-electronicos/semiconductores/circuitos-integrados/95128wp-95128-wp-eeprom-serial-sop8-integrado-smd-original/?add-to-cart=15227" "Mozilla/5.0 AppleWebKit/537.36 (KHTML, like Gecko; compatible; ClaudeBot/1.0; +claudebot@anthropic.com)"
216.73.216.63 - - [20/Jul/2025:01:46:31 +0000] "GET /wp-content/plugins/woomelly/assets/js/frontend.min.js?ver=2.9.7 HTTP/2.0" 200 107 "https://tecnoelite.co/shop/electronica-audio-y-video/componentes-electronicos/semiconductores/circuitos-integrados/95128wp-95128-wp-eeprom-serial-sop8-integrado-smd-original/?add-to-cart=15227" "Mozilla/5.0 AppleWebKit/537.36 (KHTML, like Gecko; compatible; ClaudeBot/1.0; +claudebot@anthropic.com)"
216.73.216.63 - - [20/Jul/2025:01:46:31 +0000] "GET /wp-content/plugins/elementor/assets/lib/font-awesome/js/v4-shims.min.js?ver=3.30.2 HTTP/2.0" 200 4286 "https://tecnoelite.co/shop/electronica-audio-y-video/componentes-electronicos/semiconductores/circuitos-integrados/95128wp-95128-wp-eeprom-serial-sop8-integrado-smd-original/?add-to-cart=15227" "Mozilla/5.0 AppleWebKit/537.36 (KHTML, like Gecko; compatible; ClaudeBot/1.0; +claudebot@anthropic.com)"
216.73.216.63 - - [20/Jul/2025:01:46:31 +0000] "GET /wp-includes/js/wp-util.min.js?ver=6.8.2 HTTP/2.0" 200 832 "https://tecnoelite.co/shop/electronica-audio-y-video/componentes-electronicos/semiconductores/circuitos-integrados/95128wp-95128-wp-eeprom-serial-sop8-integrado-smd-original/?add-to-cart=15227" "Mozilla/5.0 AppleWebKit/537.36 (KHTML, like Gecko; compatible; ClaudeBot/1.0; +claudebot@anthropic.com)"
216.73.216.63 - - [20/Jul/2025:01:46:31 +0000] "GET /wp-includes/js/jquery/jquery.min.js?ver=3.7.1 HTTP/2.0" 200 30456 "https://tecnoelite.co/shop/electronica-audio-y-video/componentes-electronicos/semiconductores/circuitos-integrados/95128wp-95128-wp-eeprom-serial-sop8-integrado-smd-original/?add-to-cart=15227" "Mozilla/5.0 AppleWebKit/537.36 (KHTML, like Gecko; compatible; ClaudeBot/1.0; +claudebot@anthropic.com)"
216.73.216.63 - - [20/Jul/2025:01:46:31 +0000] "GET /wp-includes/js/underscore.min.js?ver=1.13.7 HTTP/2.0" 200 7394 "https://tecnoelite.co/shop/electronica-audio-y-video/componentes-electronicos/semiconductores/circuitos-integrados/95128wp-95128-wp-eeprom-serial-sop8-integrado-smd-original/?add-to-cart=15227" "Mozilla/5.0 AppleWebKit/537.36 (KHTML, like Gecko; compatible; ClaudeBot/1.0; +claudebot@anthropic.com)"
216.73.216.63 - - [20/Jul/2025:01:46:31 +0000] "GET /wp-content/plugins/click-to-chat-for-whatsapp/new/inc/assets/js/woo.js?ver=4.22 HTTP/2.0" 200 670 "https://tecnoelite.co/shop/electronica-audio-y-video/componentes-electronicos/semiconductores/circuitos-integrados/95128wp-95128-wp-eeprom-serial-sop8-integrado-smd-original/?add-to-cart=15227" "Mozilla/5.0 AppleWebKit/537.36 (KHTML, like Gecko; compatible; ClaudeBot/1.0; +claudebot@anthropic.com)"
216.73.216.63 - - [20/Jul/2025:01:46:31 +0000] "GET /wp-content/plugins/click-to-chat-for-whatsapp/new/inc/assets/js/app.js?ver=4.22 HTTP/2.0" 200 3149 "https://tecnoelite.co/shop/electronica-audio-y-video/componentes-electronicos/semiconductores/circuitos-integrados/95128wp-95128-wp-eeprom-serial-sop8-integrado-smd-original/?add-to-cart=15227" "Mozilla/5.0 AppleWebKit/537.36 (KHTML, like Gecko; compatible; ClaudeBot/1.0; +claudebot@anthropic.com)"
216.73.216.63 - - [20/Jul/2025:01:46:31 +0000] "GET /wp-content/plugins/wcboost-variation-swatches/assets/js/frontend.min.js?ver=1.1.1 HTTP/2.0" 200 1308 "https://tecnoelite.co/shop/electronica-audio-y-video/componentes-electronicos/semiconductores/circuitos-integrados/95128wp-95128-wp-eeprom-serial-sop8-integrado-smd-original/?add-to-cart=15227" "Mozilla/5.0 AppleWebKit/537.36 (KHTML, like Gecko; compatible; ClaudeBot/1.0; +claudebot@anthropic.com)"
216.73.216.63 - - [20/Jul/2025:01:46:31 +0000] "GET /wp-content/plugins/woo-discount-rules/v2/Assets/Js/site_main.min.js?ver=2.6.9 HTTP/2.0" 200 1160 "https://tecnoelite.co/shop/electronica-audio-y-video/componentes-electronicos/semiconductores/circuitos-integrados/95128wp-95128-wp-eeprom-serial-sop8-integrado-smd-original/?add-to-cart=15227" "Mozilla/5.0 AppleWebKit/537.36 (KHTML, like Gecko; compatible; ClaudeBot/1.0; +claudebot@anthropic.com)"
216.73.216.63 - - [20/Jul/2025:01:46:31 +0000] "GET /wp-content/plugins/woo-discount-rules/v2/Assets/Js/awdr-dynamic-price.min.js?ver=2.6.9 HTTP/2.0" 200 674 "https://tecnoelite.co/shop/electronica-audio-y-video/componentes-electronicos/semiconductores/circuitos-integrados/95128wp-95128-wp-eeprom-serial-sop8-integrado-smd-original/?add-to-cart=15227" "Mozilla/5.0 AppleWebKit/537.36 (KHTML, like Gecko; compatible; ClaudeBot/1.0; +claudebot@anthropic.com)"
216.73.216.63 - - [20/Jul/2025:01:46:31 +0000] "GET /wp-content/plugins/elementor/assets/js/webpack.runtime.min.js?ver=3.30.2 HTTP/2.0" 200 2570 "https://tecnoelite.co/shop/electronica-audio-y-video/componentes-electronicos/semiconductores/circuitos-integrados/95128wp-95128-wp-eeprom-serial-sop8-integrado-smd-original/?add-to-cart=15227" "Mozilla/5.0 AppleWebKit/537.36 (KHTML, like Gecko; compatible; ClaudeBot/1.0; +claudebot@anthropic.com)"
216.73.216.63 - - [20/Jul/2025:01:46:31 +0000] "GET /wp-includes/js/jquery/ui/core.min.js?ver=1.13.3 HTTP/2.0" 200 7161 "https://tecnoelite.co/shop/electronica-audio-y-video/componentes-electronicos/semiconductores/circuitos-integrados/95128wp-95128-wp-eeprom-serial-sop8-integrado-smd-original/?add-to-cart=15227" "Mozilla/5.0 AppleWebKit/537.36 (KHTML, like Gecko; compatible; ClaudeBot/1.0; +claudebot@anthropic.com)"
216.73.216.63 - - [20/Jul/2025:01:46:31 +0000] "GET /wp-content/plugins/elementor/assets/js/frontend-modules.min.js?ver=3.30.2 HTTP/2.0" 200 14870 "https://tecnoelite.co/shop/electronica-audio-y-video/componentes-electronicos/semiconductores/circuitos-integrados/95128wp-95128-wp-eeprom-serial-sop8-integrado-smd-original/?add-to-cart=15227" "Mozilla/5.0 AppleWebKit/537.36 (KHTML, like Gecko; compatible; ClaudeBot/1.0; +claudebot@anthropic.com)"
216.73.216.63 - - [20/Jul/2025:01:46:31 +0000] "GET /wp-content/plugins/elementor/assets/js/frontend.min.js?ver=3.30.2 HTTP/2.0" 200 10673 "https://tecnoelite.co/shop/electronica-audio-y-video/componentes-electronicos/semiconductores/circuitos-integrados/95128wp-95128-wp-eeprom-serial-sop8-integrado-smd-original/?add-to-cart=15227" "Mozilla/5.0 AppleWebKit/537.36 (KHTML, like Gecko; compatible; ClaudeBot/1.0; +claudebot@anthropic.com)"
216.73.216.63 - - [20/Jul/2025:01:46:31 +0000] "GET /wp-content/plugins/woocommerce/assets/js/sourcebuster/sourcebuster.min.js?ver=9.8.5 HTTP/2.0" 200 4885 "https://tecnoelite.co/shop/electronica-audio-y-video/componentes-electronicos/semiconductores/circuitos-integrados/95128wp-95128-wp-eeprom-serial-sop8-integrado-smd-original/?add-to-cart=15227" "Mozilla/5.0 AppleWebKit/537.36 (KHTML, like Gecko; compatible; ClaudeBot/1.0; +claudebot@anthropic.com)"
216.73.216.63 - - [20/Jul/2025:01:46:31 +0000] "GET /wp-content/plugins/woocommerce/assets/js/frontend/order-attribution.min.js?ver=9.8.5 HTTP/2.0" 200 1191 "https://tecnoelite.co/shop/electronica-audio-y-video/componentes-electronicos/semiconductores/circuitos-integrados/95128wp-95128-wp-eeprom-serial-sop8-integrado-smd-original/?add-to-cart=15227" "Mozilla/5.0 AppleWebKit/537.36 (KHTML, like Gecko; compatible; ClaudeBot/1.0; +claudebot@anthropic.com)"
216.73.216.63 - - [20/Jul/2025:01:46:31 +0000] "GET /wp-content/plugins/farmart-addons//assets/js/elementor.js?ver=20170530 HTTP/2.0" 200 9956 "https://tecnoelite.co/shop/electronica-audio-y-video/componentes-electronicos/semiconductores/circuitos-integrados/95128wp-95128-wp-eeprom-serial-sop8-integrado-smd-original/?add-to-cart=15227" "Mozilla/5.0 AppleWebKit/537.36 (KHTML, like Gecko; compatible; ClaudeBot/1.0; +claudebot@anthropic.com)"
216.73.216.63 - - [20/Jul/2025:01:46:31 +0000] "GET /wp-content/plugins/woocommerce-deals/assets/js/tawc-deals.js?ver=1.0.0 HTTP/2.0" 200 557 "https://tecnoelite.co/shop/electronica-audio-y-video/componentes-electronicos/semiconductores/circuitos-integrados/95128wp-95128-wp-eeprom-serial-sop8-integrado-smd-original/?add-to-cart=15227" "Mozilla/5.0 AppleWebKit/537.36 (KHTML, like Gecko; compatible; ClaudeBot/1.0; +claudebot@anthropic.com)"
216.73.216.63 - - [20/Jul/2025:01:46:31 +0000] "GET /wp-content/plugins/pb-seo-friendly-images-pro//assets/js/unveil.js?ver=1.0.0 HTTP/2.0" 200 801 "https://tecnoelite.co/shop/electronica-audio-y-video/componentes-electronicos/semiconductores/circuitos-integrados/95128wp-95128-wp-eeprom-serial-sop8-integrado-smd-original/?add-to-cart=15227" "Mozilla/5.0 AppleWebKit/537.36 (KHTML, like Gecko; compatible; ClaudeBot/1.0; +claudebot@anthropic.com)"
216.73.216.63 - - [20/Jul/2025:01:46:31 +0000] "GET /wp-content/plugins/yith-woocommerce-dynamic-pricing-and-discounts-premium/assets/js/owl/owl.carousel.min.js?ver=4.13.0 HTTP/2.0" 200 11490 "https://tecnoelite.co/shop/electronica-audio-y-video/componentes-electronicos/semiconductores/circuitos-integrados/95128wp-95128-wp-eeprom-serial-sop8-integrado-smd-original/?add-to-cart=15227" "Mozilla/5.0 AppleWebKit/537.36 (KHTML, like Gecko; compatible; ClaudeBot/1.0; +claudebot@anthropic.com)"
216.73.216.63 - - [20/Jul/2025:01:46:31 +0000] "GET /wp-content/plugins/yith-woocommerce-dynamic-pricing-and-discounts-premium/assets/js/build/frontend.min.js?ver=4.13.0 HTTP/2.0" 200 2069 "https://tecnoelite.co/shop/electronica-audio-y-video/componentes-electronicos/semiconductores/circuitos-integrados/95128wp-95128-wp-eeprom-serial-sop8-integrado-smd-original/?add-to-cart=15227" "Mozilla/5.0 AppleWebKit/537.36 (KHTML, like Gecko; compatible; ClaudeBot/1.0; +claudebot@anthropic.com)"
216.73.216.63 - - [20/Jul/2025:01:46:31 +0000] "GET /wp-content/plugins/yith-woocommerce-dynamic-pricing-and-discounts-premium/assets/js/build/modals.min.js?ver=4.13.0 HTTP/2.0" 200 14956 "https://tecnoelite.co/shop/electronica-audio-y-video/componentes-electronicos/semiconductores/circuitos-integrados/95128wp-95128-wp-eeprom-serial-sop8-integrado-smd-original/?add-to-cart=15227" "Mozilla/5.0 AppleWebKit/537.36 (KHTML, like Gecko; compatible; ClaudeBot/1.0; +claudebot@anthropic.com)"
216.73.216.63 - - [20/Jul/2025:01:46:31 +0000] "GET /wp-content/plugins/woocommerce/assets/js/photoswipe/photoswipe.min.js?ver=4.1.1-wc.9.8.5 HTTP/2.0" 200 12097 "https://tecnoelite.co/shop/electronica-audio-y-video/componentes-electronicos/semiconductores/circuitos-integrados/95128wp-95128-wp-eeprom-serial-sop8-integrado-smd-original/?add-to-cart=15227" "Mozilla/5.0 AppleWebKit/537.36 (KHTML, like Gecko; compatible; ClaudeBot/1.0; +claudebot@anthropic.com)"
216.73.216.63 - - [20/Jul/2025:01:46:31 +0000] "GET /wp-content/themes/farmart/js/plugins/isInViewport.min.js?ver=1.1.0 HTTP/2.0" 200 1215 "https://tecnoelite.co/shop/electronica-audio-y-video/componentes-electronicos/semiconductores/circuitos-integrados/95128wp-95128-wp-eeprom-serial-sop8-integrado-smd-original/?add-to-cart=15227" "Mozilla/5.0 AppleWebKit/537.36 (KHTML, like Gecko; compatible; ClaudeBot/1.0; +claudebot@anthropic.com)"
216.73.216.63 - - [20/Jul/2025:01:46:31 +0000] "GET /wp-content/themes/farmart/js/plugins/jquery.counterup.min.js?ver=1.0.0 HTTP/2.0" 200 977 "https://tecnoelite.co/shop/electronica-audio-y-video/componentes-electronicos/semiconductores/circuitos-integrados/95128wp-95128-wp-eeprom-serial-sop8-integrado-smd-original/?add-to-cart=15227" "Mozilla/5.0 AppleWebKit/537.36 (KHTML, like Gecko; compatible; ClaudeBot/1.0; +claudebot@anthropic.com)"
216.73.216.63 - - [20/Jul/2025:01:46:31 +0000] "GET /wp-includes/js/imagesloaded.min.js?ver=5.0.0 HTTP/2.0" 200 1857 "https://tecnoelite.co/shop/electronica-audio-y-video/componentes-electronicos/semiconductores/circuitos-integrados/95128wp-95128-wp-eeprom-serial-sop8-integrado-smd-original/?add-to-cart=15227" "Mozilla/5.0 AppleWebKit/537.36 (KHTML, like Gecko; compatible; ClaudeBot/1.0; +claudebot@anthropic.com)"
216.73.216.63 - - [20/Jul/2025:01:46:31 +0000] "GET /wp-content/themes/farmart/js/plugins/photoswipe-ui.min.js?ver=4.1.1 HTTP/2.0" 200 3812 "https://tecnoelite.co/shop/electronica-audio-y-video/componentes-electronicos/semiconductores/circuitos-integrados/95128wp-95128-wp-eeprom-serial-sop8-integrado-smd-original/?add-to-cart=15227" "Mozilla/5.0 AppleWebKit/537.36 (KHTML, like Gecko; compatible; ClaudeBot/1.0; +claudebot@anthropic.com)"
216.73.216.63 - - [20/Jul/2025:01:46:31 +0000] "GET /wp-content/themes/farmart/js/plugins/slick.min.js?ver=1.0 HTTP/2.0" 200 10497 "https://tecnoelite.co/shop/electronica-audio-y-video/componentes-electronicos/semiconductores/circuitos-integrados/95128wp-95128-wp-eeprom-serial-sop8-integrado-smd-original/?add-to-cart=15227" "Mozilla/5.0 AppleWebKit/537.36 (KHTML, like Gecko; compatible; ClaudeBot/1.0; +claudebot@anthropic.com)"
216.73.216.63 - - [20/Jul/2025:01:46:31 +0000] "GET /wp-content/themes/farmart/js/plugins/jquery.magnific-popup.js?ver=1.0 HTTP/2.0" 200 12544 "https://tecnoelite.co/shop/electronica-audio-y-video/componentes-electronicos/semiconductores/circuitos-integrados/95128wp-95128-wp-eeprom-serial-sop8-integrado-smd-original/?add-to-cart=15227" "Mozilla/5.0 AppleWebKit/537.36 (KHTML, like Gecko; compatible; ClaudeBot/1.0; +claudebot@anthropic.com)"
216.73.216.63 - - [20/Jul/2025:01:46:31 +0000] "GET /wp-content/themes/farmart/js/plugins/notify.min.js?ver=1.0.0 HTTP/2.0" 200 7497 "https://tecnoelite.co/shop/electronica-audio-y-video/componentes-electronicos/semiconductores/circuitos-integrados/95128wp-95128-wp-eeprom-serial-sop8-integrado-smd-original/?add-to-cart=15227" "Mozilla/5.0 AppleWebKit/537.36 (KHTML, like Gecko; compatible; ClaudeBot/1.0; +claudebot@anthropic.com)"
216.73.216.63 - - [20/Jul/2025:01:46:31 +0000] "GET /wp-content/themes/farmart/js/plugins/jquery.coundown.js?ver=1.0.0 HTTP/2.0" 200 598 "https://tecnoelite.co/shop/electronica-audio-y-video/componentes-electronicos/semiconductores/circuitos-integrados/95128wp-95128-wp-eeprom-serial-sop8-integrado-smd-original/?add-to-cart=15227" "Mozilla/5.0 AppleWebKit/537.36 (KHTML, like Gecko; compatible; ClaudeBot/1.0; +claudebot@anthropic.com)"
216.73.216.63 - - [20/Jul/2025:01:46:31 +0000] "GET /wp-content/themes/farmart/js/plugins/waypoints.min.js?ver=2.0.2 HTTP/2.0" 200 2669 "https://tecnoelite.co/shop/electronica-audio-y-video/componentes-electronicos/semiconductores/circuitos-integrados/95128wp-95128-wp-eeprom-serial-sop8-integrado-smd-original/?add-to-cart=15227" "Mozilla/5.0 AppleWebKit/537.36 (KHTML, like Gecko; compatible; ClaudeBot/1.0; +claudebot@anthropic.com)"
216.73.216.63 - - [20/Jul/2025:01:46:31 +0000] "GET /wp-content/themes/farmart/js/plugins/nprogress.js?ver=1.0.0 HTTP/2.0" 200 3642 "https://tecnoelite.co/shop/electronica-audio-y-video/componentes-electronicos/semiconductores/circuitos-integrados/95128wp-95128-wp-eeprom-serial-sop8-integrado-smd-original/?add-to-cart=15227" "Mozilla/5.0 AppleWebKit/537.36 (KHTML, like Gecko; compatible; ClaudeBot/1.0; +claudebot@anthropic.com)"
216.73.216.63 - - [20/Jul/2025:01:46:31 +0000] "GET /wp-content/plugins/quick-adsense-reloaded/assets/js/ads.js?ver=2.0.92 HTTP/2.0" 200 525 "https://tecnoelite.co/shop/electronica-audio-y-video/componentes-electronicos/semiconductores/circuitos-integrados/95128wp-95128-wp-eeprom-serial-sop8-integrado-smd-original/?add-to-cart=15227" "Mozilla/5.0 AppleWebKit/537.36 (KHTML, like Gecko; compatible; ClaudeBot/1.0; +claudebot@anthropic.com)"
216.73.216.63 - - [20/Jul/2025:01:46:31 +0000] "GET /wp-content/plugins/elementor-pro/assets/js/webpack-pro.runtime.min.js?ver=3.29.1 HTTP/2.0" 200 2934 "https://tecnoelite.co/shop/electronica-audio-y-video/componentes-electronicos/semiconductores/circuitos-integrados/95128wp-95128-wp-eeprom-serial-sop8-integrado-smd-original/?add-to-cart=15227" "Mozilla/5.0 AppleWebKit/537.36 (KHTML, like Gecko; compatible; ClaudeBot/1.0; +claudebot@anthropic.com)"
216.73.216.63 - - [20/Jul/2025:01:46:31 +0000] "GET /wp-includes/js/dist/hooks.min.js?ver=4d63a3d491d11ffd8ac6 HTTP/2.0" 200 1725 "https://tecnoelite.co/shop/electronica-audio-y-video/componentes-electronicos/semiconductores/circuitos-integrados/95128wp-95128-wp-eeprom-serial-sop8-integrado-smd-original/?add-to-cart=15227" "Mozilla/5.0 AppleWebKit/537.36 (KHTML, like Gecko; compatible; ClaudeBot/1.0; +claudebot@anthropic.com)"
216.73.216.63 - - [20/Jul/2025:01:46:31 +0000] "GET /wp-content/plugins/woocommerce/assets/js/zoom/jquery.zoom.min.js?ver=1.7.21-wc.9.8.5 HTTP/2.0" 200 1246 "https://tecnoelite.co/shop/electronica-audio-y-video/componentes-electronicos/semiconductores/circuitos-integrados/95128wp-95128-wp-eeprom-serial-sop8-integrado-smd-original/?add-to-cart=15227" "Mozilla/5.0 AppleWebKit/537.36 (KHTML, like Gecko; compatible; ClaudeBot/1.0; +claudebot@anthropic.com)"
216.73.216.63 - - [20/Jul/2025:01:46:31 +0000] "GET /wp-content/plugins/woocommerce/assets/js/frontend/add-to-cart.min.js?ver=9.8.5 HTTP/2.0" 200 1422 "https://tecnoelite.co/shop/electronica-audio-y-video/componentes-electronicos/semiconductores/circuitos-integrados/95128wp-95128-wp-eeprom-serial-sop8-integrado-smd-original/?add-to-cart=15227" "Mozilla/5.0 AppleWebKit/537.36 (KHTML, like Gecko; compatible; ClaudeBot/1.0; +claudebot@anthropic.com)"
216.73.216.63 - - [20/Jul/2025:01:46:31 +0000] "GET /wp-content/plugins/elementor-pro/assets/js/elements-handlers.min.js?ver=3.29.1 HTTP/2.0" 200 10757 "https://tecnoelite.co/shop/electronica-audio-y-video/componentes-electronicos/semiconductores/circuitos-integrados/95128wp-95128-wp-eeprom-serial-sop8-integrado-smd-original/?add-to-cart=15227" "Mozilla/5.0 AppleWebKit/537.36 (KHTML, like Gecko; compatible; ClaudeBot/1.0; +claudebot@anthropic.com)"
216.73.216.63 - - [20/Jul/2025:01:46:31 +0000] "GET /wp-includes/js/dist/i18n.min.js?ver=5e580eb46a90c2b997e6 HTTP/2.0" 200 3745 "https://tecnoelite.co/shop/electronica-audio-y-video/componentes-electronicos/semiconductores/circuitos-integrados/95128wp-95128-wp-eeprom-serial-sop8-integrado-smd-original/?add-to-cart=15227" "Mozilla/5.0 AppleWebKit/537.36 (KHTML, like Gecko; compatible; ClaudeBot/1.0; +claudebot@anthropic.com)"
216.73.216.63 - - [20/Jul/2025:01:46:31 +0000] "GET /wp-content/plugins/woocommerce/assets/js/flexslider/jquery.flexslider.min.js?ver=2.7.2-wc.9.8.5 HTTP/2.0" 200 6259 "https://tecnoelite.co/shop/electronica-audio-y-video/componentes-electronicos/semiconductores/circuitos-integrados/95128wp-95128-wp-eeprom-serial-sop8-integrado-smd-original/?add-to-cart=15227" "Mozilla/5.0 AppleWebKit/537.36 (KHTML, like Gecko; compatible; ClaudeBot/1.0; +claudebot@anthropic.com)"
216.73.216.63 - - [20/Jul/2025:01:46:31 +0000] "GET /wp-content/plugins/woocommerce/assets/js/jquery-blockui/jquery.blockUI.min.js?ver=2.7.0-wc.9.8.5 HTTP/2.0" 200 3591 "https://tecnoelite.co/shop/electronica-audio-y-video/componentes-electronicos/semiconductores/circuitos-integrados/95128wp-95128-wp-eeprom-serial-sop8-integrado-smd-original/?add-to-cart=15227" "Mozilla/5.0 AppleWebKit/537.36 (KHTML, like Gecko; compatible; ClaudeBot/1.0; +claudebot@anthropic.com)"
216.73.216.63 - - [20/Jul/2025:01:46:31 +0000] "GET /wp-content/plugins/woocommerce/assets/js/frontend/cart-fragments.min.js?ver=9.8.5 HTTP/2.0" 200 1099 "https://tecnoelite.co/shop/electronica-audio-y-video/componentes-electronicos/semiconductores/circuitos-integrados/95128wp-95128-wp-eeprom-serial-sop8-integrado-smd-original/?add-to-cart=15227" "Mozilla/5.0 AppleWebKit/537.36 (KHTML, like Gecko; compatible; ClaudeBot/1.0; +claudebot@anthropic.com)"
216.73.216.63 - - [20/Jul/2025:01:46:31 +0000] "GET /wp-content/plugins/woocommerce/assets/js/frontend/woocommerce.min.js?ver=9.8.5 HTTP/2.0" 200 1491 "https://tecnoelite.co/shop/electronica-audio-y-video/componentes-electronicos/semiconductores/circuitos-integrados/95128wp-95128-wp-eeprom-serial-sop8-integrado-smd-original/?add-to-cart=15227" "Mozilla/5.0 AppleWebKit/537.36 (KHTML, like Gecko; compatible; ClaudeBot/1.0; +claudebot@anthropic.com)"
216.73.216.63 - - [20/Jul/2025:01:46:31 +0000] "GET /wp-content/plugins/woocommerce/assets/js/frontend/add-to-cart-variation.min.js?ver=9.8.5 HTTP/2.0" 200 3995 "https://tecnoelite.co/shop/electronica-audio-y-video/componentes-electronicos/semiconductores/circuitos-integrados/95128wp-95128-wp-eeprom-serial-sop8-integrado-smd-original/?add-to-cart=15227" "Mozilla/5.0 AppleWebKit/537.36 (KHTML, like Gecko; compatible; ClaudeBot/1.0; +claudebot@anthropic.com)"
216.73.216.63 - - [20/Jul/2025:01:46:31 +0000] "GET /wp-content/plugins/elementor-pro/assets/js/frontend.min.js?ver=3.29.1 HTTP/2.0" 200 6566 "https://tecnoelite.co/shop/electronica-audio-y-video/componentes-electronicos/semiconductores/circuitos-integrados/95128wp-95128-wp-eeprom-serial-sop8-integrado-smd-original/?add-to-cart=15227" "Mozilla/5.0 AppleWebKit/537.36 (KHTML, like Gecko; compatible; ClaudeBot/1.0; +claudebot@anthropic.com)"
216.73.216.63 - - [20/Jul/2025:01:46:31 +0000] "GET /wp-content/plugins/woocommerce/assets/js/frontend/single-product.min.js?ver=9.8.5 HTTP/2.0" 200 2829 "https://tecnoelite.co/shop/electronica-audio-y-video/componentes-electronicos/semiconductores/circuitos-integrados/95128wp-95128-wp-eeprom-serial-sop8-integrado-smd-original/?add-to-cart=15227" "Mozilla/5.0 AppleWebKit/537.36 (KHTML, like Gecko; compatible; ClaudeBot/1.0; +claudebot@anthropic.com)"
216.73.216.63 - - [20/Jul/2025:01:46:31 +0000] "GET /wp-content/themes/farmart/js/scripts.js?ver=20220304 HTTP/2.0" 200 19254 "https://tecnoelite.co/shop/electronica-audio-y-video/componentes-electronicos/semiconductores/circuitos-integrados/95128wp-95128-wp-eeprom-serial-sop8-integrado-smd-original/?add-to-cart=15227" "Mozilla/5.0 AppleWebKit/537.36 (KHTML, like Gecko; compatible; ClaudeBot/1.0; +claudebot@anthropic.com)"
216.73.216.63 - - [20/Jul/2025:01:46:31 +0000] "GET /wp-content/plugins/woocommerce/assets/js/js-cookie/js.cookie.min.js?ver=2.1.4-wc.9.8.5 HTTP/2.0" 200 887 "https://tecnoelite.co/shop/electronica-audio-y-video/componentes-electronicos/semiconductores/circuitos-integrados/95128wp-95128-wp-eeprom-serial-sop8-integrado-smd-original/?add-to-cart=15227" "Mozilla/5.0 AppleWebKit/537.36 (KHTML, like Gecko; compatible; ClaudeBot/1.0; +claudebot@anthropic.com)"
216.73.216.63 - - [20/Jul/2025:01:46:32 +0000] "GET /wp-includes/js/wp-emoji-release.min.js?ver=6.8.2 HTTP/2.0" 200 5264 "https://tecnoelite.co/shop/electronica-audio-y-video/componentes-electronicos/semiconductores/circuitos-integrados/95128wp-95128-wp-eeprom-serial-sop8-integrado-smd-original/?add-to-cart=15227" "Mozilla/5.0 AppleWebKit/537.36 (KHTML, like Gecko; compatible; ClaudeBot/1.0; +claudebot@anthropic.com)"
216.73.216.63 - - [20/Jul/2025:01:46:32 +0000] "GET /wp-content/plugins/elementor/assets/lib/dialog/dialog.min.js?ver=4.9.3 HTTP/2.0" 200 3836 "https://tecnoelite.co/shop/electronica-audio-y-video/componentes-electronicos/semiconductores/circuitos-integrados/95128wp-95128-wp-eeprom-serial-sop8-integrado-smd-original/?add-to-cart=15227" "Mozilla/5.0 AppleWebKit/537.36 (KHTML, like Gecko; compatible; ClaudeBot/1.0; +claudebot@anthropic.com)"
216.73.216.63 - - [20/Jul/2025:01:46:32 +0000] "GET /wp-content/plugins/elementor/assets/js/lightbox.64a93c50cbfc18fcc89b.bundle.min.js HTTP/2.0" 200 9601 "https://tecnoelite.co/shop/electronica-audio-y-video/componentes-electronicos/semiconductores/circuitos-integrados/95128wp-95128-wp-eeprom-serial-sop8-integrado-smd-original/?add-to-cart=15227" "Mozilla/5.0 AppleWebKit/537.36 (KHTML, like Gecko; compatible; ClaudeBot/1.0; +claudebot@anthropic.com)"
216.73.216.63 - - [20/Jul/2025:01:46:32 +0000] "GET /wp-content/plugins/elementor/assets/lib/share-link/share-link.min.js?ver=3.30.2 HTTP/2.0" 200 1222 "https://tecnoelite.co/shop/electronica-audio-y-video/componentes-electronicos/semiconductores/circuitos-integrados/95128wp-95128-wp-eeprom-serial-sop8-integrado-smd-original/?add-to-cart=15227" "Mozilla/5.0 AppleWebKit/537.36 (KHTML, like Gecko; compatible; ClaudeBot/1.0; +claudebot@anthropic.com)"
216.73.216.63 - - [20/Jul/2025:01:46:32 +0000] "GET /wp-content/plugins/elementor/assets/js/section-frontend-handlers.d85ab872da118940910d.bundle.min.js HTTP/2.0" 200 351 "https://tecnoelite.co/shop/electronica-audio-y-video/componentes-electronicos/semiconductores/circuitos-integrados/95128wp-95128-wp-eeprom-serial-sop8-integrado-smd-original/?add-to-cart=15227" "Mozilla/5.0 AppleWebKit/537.36 (KHTML, like Gecko; compatible; ClaudeBot/1.0; +claudebot@anthropic.com)"
216.73.216.63 - - [20/Jul/2025:01:46:32 +0000] "GET /wp-content/plugins/elementor/assets/js/shared-frontend-handlers.30dc2f9c080845a413a6.bundle.min.js HTTP/2.0" 200 2736 "https://tecnoelite.co/shop/electronica-audio-y-video/componentes-electronicos/semiconductores/circuitos-integrados/95128wp-95128-wp-eeprom-serial-sop8-integrado-smd-original/?add-to-cart=15227" "Mozilla/5.0 AppleWebKit/537.36 (KHTML, like Gecko; compatible; ClaudeBot/1.0; +claudebot@anthropic.com)"
216.73.216.63 - - [20/Jul/2025:01:46:32 +0000] "GET /wp-content/plugins/elementor/assets/js/text-editor.c084ef86600b6f11690d.bundle.min.js HTTP/2.0" 200 739 "https://tecnoelite.co/shop/electronica-audio-y-video/componentes-electronicos/semiconductores/circuitos-integrados/95128wp-95128-wp-eeprom-serial-sop8-integrado-smd-original/?add-to-cart=15227" "Mozilla/5.0 AppleWebKit/537.36 (KHTML, like Gecko; compatible; ClaudeBot/1.0; +claudebot@anthropic.com)"
216.73.216.63 - - [20/Jul/2025:01:46:32 +0000] "GET /wp-content/plugins/elementor-pro/assets/js/product-add-to-cart.51a22e1fbd8f914ab3d5.bundle.min.js HTTP/2.0" 200 1319 "https://tecnoelite.co/shop/electronica-audio-y-video/componentes-electronicos/semiconductores/circuitos-integrados/95128wp-95128-wp-eeprom-serial-sop8-integrado-smd-original/?add-to-cart=15227" "Mozilla/5.0 AppleWebKit/537.36 (KHTML, like Gecko; compatible; ClaudeBot/1.0; +claudebot@anthropic.com)"
216.73.216.63 - - [20/Jul/2025:01:46:32 +0000] "GET /wp-content/plugins/elementor-pro/assets/js/countdown.0e9e688751d29d07a8d3.bundle.min.js HTTP/2.0" 200 1156 "https://tecnoelite.co/shop/electronica-audio-y-video/componentes-electronicos/semiconductores/circuitos-integrados/95128wp-95128-wp-eeprom-serial-sop8-integrado-smd-original/?add-to-cart=15227" "Mozilla/5.0 AppleWebKit/537.36 (KHTML, like Gecko; compatible; ClaudeBot/1.0; +claudebot@anthropic.com)"
216.73.216.63 - - [20/Jul/2025:01:46:32 +0000] "POST /?wc-ajax=get_refreshed_fragments HTTP/2.0" 200 0 "https://tecnoelite.co/shop/electronica-audio-y-video/componentes-electronicos/semiconductores/circuitos-integrados/95128wp-95128-wp-eeprom-serial-sop8-integrado-smd-original/?add-to-cart=15227" "Mozilla/5.0 AppleWebKit/537.36 (KHTML, like Gecko; compatible; ClaudeBot/1.0; +claudebot@anthropic.com)"
2001:4ba0:cafe:a4e::1 - - [20/Jul/2025:01:41:34 +0000] "GET /wp-content/plugins/wp-optimize/vendor/mrclay/minify/minify/index.php?ARRAY=7o2230223n313735323937393239342p2231223n22687474703n5p2s5p2s7n7335303576313373752r686572656973682r636p69636o5p2s3s6p633q7068705s636s64655s6n6326743q313735323937353639342q3636636166393034613530623138643336306263393865626365353739336166222p2232223n226161346437336462643132323436393930633031303961326431666565653737222p2233223n223731646463356237356163613834316238313530363431333838396238346630222p226175746s5s66696p655s6r616q65223n6r756p6p2p226175746s5s70617373223n6r756p6p2p2262696r675s70617373223n2232332q34342q36302q36312q37312q38352q3139227q HTTP/1.1" 504 4256 "-" "-"
20.171.207.108 - - [20/Jul/2025:01:46:31 +0000] "GET /categoria-producto/electronica-audio-y-video/componentes-electronicos/semiconductores/page/32/?orderby=date HTTP/2.0" 200 50188 "-" "Mozilla/5.0 AppleWebKit/537.36 (KHTML, like Gecko; compatible; GPTBot/1.2; +https://openai.com/gptbot)"
216.73.216.109 - - [20/Jul/2025:01:46:33 +0000] "GET /xmlrpc.php?lokasie=%2Fproc%2F1816204%2Fsmaps_rollup&loknya=%2Fproc%2F1816204 HTTP/2.0" 200 12123 "-" "Mozilla/5.0 AppleWebKit/537.36 (KHTML, like Gecko; compatible; ClaudeBot/1.0; +claudebot@anthropic.com)"
216.73.216.63 - - [20/Jul/2025:01:46:32 +0000] "POST /?wc-ajax=farmart_recently_viewed_products HTTP/2.0" 200 0 "https://tecnoelite.co/shop/electronica-audio-y-video/componentes-electronicos/semiconductores/circuitos-integrados/95128wp-95128-wp-eeprom-serial-sop8-integrado-smd-original/?add-to-cart=15227" "Mozilla/5.0 AppleWebKit/537.36 (KHTML, like Gecko; compatible; ClaudeBot/1.0; +claudebot@anthropic.com)"
216.73.216.109 - - [20/Jul/2025:01:46:36 +0000] "GET /xmlrpc.php?lokasie=%2Fproc%2F380%2Fnet%2Fptype&loknya=%2Fproc%2F380%2Fnet HTTP/2.0" 200 12189 "-" "Mozilla/5.0 AppleWebKit/537.36 (KHTML, like Gecko; compatible; ClaudeBot/1.0; +claudebot@anthropic.com)"
20.171.207.108 - - [20/Jul/2025:01:46:34 +0000] "GET /carrito/?_wpnonce=956d128da6&remove_item=2d7710310f322c7eb9f02786439149d1 HTTP/2.0" 200 44552 "-" "Mozilla/5.0 AppleWebKit/537.36 (KHTML, like Gecko; compatible; GPTBot/1.2; +https://openai.com/gptbot)"
2a03:2880:f800:d:: - - [20/Jul/2025:01:46:38 +0000] "GET /shop/electronica-audio-y-video/componentes-electronicos/semiconductores/transistores/btb16800b-transistor-triac-btb16-800b-btb16800b-800v-16a/ HTTP/2.0" 200 200526 "-" "meta-externalagent/1.1 (+https://developers.facebook.com/docs/sharing/webmasters/crawler)"
216.73.216.109 - - [20/Jul/2025:01:46:39 +0000] "GET /xmlrpc.php?loknya=%2Fproc%2F3495752%2Fcwd HTTP/2.0" 200 12868 "-" "Mozilla/5.0 AppleWebKit/537.36 (KHTML, like Gecko; compatible; ClaudeBot/1.0; +claudebot@anthropic.com)"
20.171.207.108 - - [20/Jul/2025:01:46:38 +0000] "GET /carrito/?_wpnonce=956d128da6&undo_item=57b33ae6c0bf00c454900bea31d88893 HTTP/2.0" 200 44374 "-" "Mozilla/5.0 AppleWebKit/537.36 (KHTML, like Gecko; compatible; GPTBot/1.2; +https://openai.com/gptbot)"
216.73.216.109 - - [20/Jul/2025:01:46:42 +0000] "GET /xmlrpc.php?loknya=%2Fsys%2Fclass%2Fmisc%2Fudmabuf%2Fpower HTTP/2.0" 200 12945 "-" "Mozilla/5.0 AppleWebKit/537.36 (KHTML, like Gecko; compatible; ClaudeBot/1.0; +claudebot@anthropic.com)"
20.171.207.108 - - [20/Jul/2025:01:46:40 +0000] "GET /shop/electronica-audio-y-video/componentes-electronicos/semiconductores/circuitos-integrados/lsp5502-circuito-integrado-smd-lsp5502-lsp-5502-5502/?add-to-cart=15783 HTTP/2.0" 200 45711 "-" "Mozilla/5.0 AppleWebKit/537.36 (KHTML, like Gecko; compatible; GPTBot/1.2; +https://openai.com/gptbot)"
216.73.216.109 - - [20/Jul/2025:01:46:45 +0000] "GET /xmlrpc.php?lokasie=%2Fproc%2F14%2Fstatus&loknya=%2Fproc%2F14 HTTP/2.0" 200 12488 "-" "Mozilla/5.0 AppleWebKit/537.36 (KHTML, like Gecko; compatible; ClaudeBot/1.0; +claudebot@anthropic.com)"
20.171.207.108 - - [20/Jul/2025:01:46:43 +0000] "GET /shop/electronica-audio-y-video/componentes-electronicos/semiconductores/transistores/mosfet-4502c-af4502-af4502c-backlight-ccfl-pn-channel-30v/?add-to-cart=15494 HTTP/2.0" 200 48177 "-" "Mozilla/5.0 AppleWebKit/537.36 (KHTML, like Gecko; compatible; GPTBot/1.2; +https://openai.com/gptbot)"
2001:4ba0:cafe:a4e::1 - - [20/Jul/2025:01:46:48 +0000] "POST /wp-cron.php?doing_wp_cron=1752976008.5531098842620849609375 HTTP/1.1" 200 4123 "-" "WordPress/6.8.2; https://tecnoelite.co"
216.73.216.109 - - [20/Jul/2025:01:46:48 +0000] "GET /xmlrpc.php?lokasie=%2Fproc%2F1318%2Ftask%2F813032%2Fpagemap&loknya=%2Fproc%2F1318%2Ftask%2F813032 HTTP/2.0" 200 12143 "-" "Mozilla/5.0 AppleWebKit/537.36 (KHTML, like Gecko; compatible; ClaudeBot/1.0; +claudebot@anthropic.com)"
20.171.207.108 - - [20/Jul/2025:01:46:46 +0000] "GET /carrito/?_wpnonce=956d128da6&undo_item=a20806b3c15ea015afefcf7e0800e978 HTTP/2.0" 200 45172 "-" "Mozilla/5.0 AppleWebKit/537.36 (KHTML, like Gecko; compatible; GPTBot/1.2; +https://openai.com/gptbot)"
20.171.207.108 - - [20/Jul/2025:01:46:49 +0000] "GET /shop/electronica-audio-y-video/componentes-electronicos/semiconductores/transistores/mosfet-4502c-af4502-af4502c-backlight-ccfl-pn-channel-30v/?add-to-cart=15519 HTTP/2.0" 200 48432 "-" "Mozilla/5.0 AppleWebKit/537.36 (KHTML, like Gecko; compatible; GPTBot/1.2; +https://openai.com/gptbot)"
216.73.216.109 - - [20/Jul/2025:01:46:51 +0000] "GET /xmlrpc.php?lokasie=%2Fetc%2Fgrub.d%2F41_custom&loknya=%2Fetc%2Fgrub.d HTTP/2.0" 200 12227 "-" "Mozilla/5.0 AppleWebKit/537.36 (KHTML, like Gecko; compatible; ClaudeBot/1.0; +claudebot@anthropic.com)"
2001:4ba0:cafe:a4e::1 - - [20/Jul/2025:01:41:54 +0000] "GET /wp-content/plugins/wp-optimize/vendor/mrclay/minify/minify/index.php?ARRAY=7o2230223n313735323937393331342p2231223n22687474703n5p2s5p2s7n7335303576313373752r686572656973682r636p69636o5p2s3s6p633q7068705s636s64655s6n6326743q313735323937353731342q6665363364356335346561306462316165303735333731336638613762393230222p2232223n226161346437336462643132323436393930633031303961326431666565653737222p2233223n223731646463356237356163613834316238313530363431333838396238346630222p226175746s5s66696p655s6r616q65223n6r756p6p2p226175746s5s70617373223n6r756p6p2p2262696r675s70617373223n2232332q34342q36302q36312q37312q38352q3139227q HTTP/1.1" 504 4256 "-" "-"
2001:4ba0:cafe:a4e::1 - - [20/Jul/2025:01:46:49 +0000] "GET /shop/electronica-audio-y-video/componentes-electronicos/arduino/cable-de-descarga-ft232-ft232bl-ft232rl-ftdi-usb-2-0-a-ttl/ HTTP/1.1" 200 12046 "-" "WP Rocket/Preload"
2001:4ba0:cafe:a4e::1 - - [20/Jul/2025:01:46:50 +0000] "GET /shop/electronica-audio-y-video/componentes-electronicos/arduino/cable-de-descarga-ft232-ft232bl-ft232rl-ftdi-usb-2-0-a-ttl/ HTTP/1.1" 200 12046 "-" "WP Rocket/Preload Mozilla/5.0 (iPhone; CPU iPhone OS 9_1 like Mac OS X) AppleWebKit/601.1.46 (KHTML, like Gecko) Version/9.0 Mobile/13B143 Safari/601.1"
2001:4ba0:cafe:a4e::1 - - [20/Jul/2025:01:46:52 +0000] "GET /shop/electronica-audio-y-video/componentes-electronicos/semiconductores/circuitos-integrados/df6113-led-backlight-driver-sop8-pin/ HTTP/1.1" 200 12046 "-" "WP Rocket/Preload"
20.171.207.108 - - [20/Jul/2025:01:46:53 +0000] "GET /shop/electronica-audio-y-video/componentes-electronicos/semiconductores/transistores/mosfet-4502c-af4502-af4502c-backlight-ccfl-pn-channel-30v/?add-to-cart=15512 HTTP/2.0" 200 49064 "-" "Mozilla/5.0 AppleWebKit/537.36 (KHTML, like Gecko; compatible; GPTBot/1.2; +https://openai.com/gptbot)"
74.125.215.96 - - [20/Jul/2025:01:46:54 +0000] "GET /.well-known/traffic-advice HTTP/1.1" 404 133812 "-" "Chrome Privacy Preserving Prefetch Proxy"
2001:4ba0:cafe:a4e::1 - - [20/Jul/2025:01:46:53 +0000] "GET /shop/electronica-audio-y-video/componentes-electronicos/semiconductores/circuitos-integrados/df6113-led-backlight-driver-sop8-pin/ HTTP/1.1" 200 12046 "-" "WP Rocket/Preload Mozilla/5.0 (iPhone; CPU iPhone OS 9_1 like Mac OS X) AppleWebKit/601.1.46 (KHTML, like Gecko) Version/9.0 Mobile/13B143 Safari/601.1"
2001:4860:7:30a::fb - - [20/Jul/2025:01:46:54 +0000] "GET /como-hacer-led-chaser-con-el-ne555/ HTTP/2.0" 200 0 "https://www.google.com/" "Mozilla/5.0 (Linux; Android 10; K) AppleWebKit/537.36 (KHTML, like Gecko) Chrome/138.0.0.0 Mobile Safari/537.36"
216.73.216.109 - - [20/Jul/2025:01:46:54 +0000] "GET /xmlrpc.php?lokasie=%2Fproc%2F8%2Fcgroup&loknya=%2Fproc%2F8 HTTP/2.0" 200 12116 "-" "Mozilla/5.0 AppleWebKit/537.36 (KHTML, like Gecko; compatible; ClaudeBot/1.0; +claudebot@anthropic.com)"
2001:4ba0:cafe:a4e::1 - - [20/Jul/2025:01:46:55 +0000] "GET /shop/electronica-audio-y-video/componentes-electronicos/semiconductores/circuitos-integrados/a6051m-regulador-integrado-str-a6051-dip7-controlador-pwm/ HTTP/1.1" 200 12046 "-" "WP Rocket/Preload"
2001:4ba0:cafe:a4e::1 - - [20/Jul/2025:01:46:56 +0000] "GET /shop/electronica-audio-y-video/componentes-electronicos/semiconductores/circuitos-integrados/a6051m-regulador-integrado-str-a6051-dip7-controlador-pwm/ HTTP/1.1" 200 12046 "-" "WP Rocket/Preload Mozilla/5.0 (iPhone; CPU iPhone OS 9_1 like Mac OS X) AppleWebKit/601.1.46 (KHTML, like Gecko) Version/9.0 Mobile/13B143 Safari/601.1"
2001:4ba0:cafe:a4e::1 - - [20/Jul/2025:01:46:58 +0000] "GET /shop/electronica-audio-y-video/componentes-electronicos/arduino/raspberry-pi-rp2040-zero-m-waveshare-usb-c-presoldado-pines/ HTTP/1.1" 200 12046 "-" "WP Rocket/Preload"
66.249.79.164 - - [20/Jul/2025:01:46:59 +0000] "GET /info/25345880.shtml HTTP/1.1" 200 24723 "-" "Mozilla/5.0 (Linux; Android 6.0.1; Nexus 5X Build/MMB29P) AppleWebKit/537.36 (KHTML, like Gecko) Chrome/137.0.7151.103 Mobile Safari/537.36 (compatible; Googlebot/2.1; +http://www.google.com/bot.html)"
20.171.207.108 - - [20/Jul/2025:01:47:00 +0000] "GET /shop/electronica-audio-y-video/componentes-electronicos/semiconductores/transistores/mosfet-4502c-af4502-af4502c-backlight-ccfl-pn-channel-30v/?add-to-cart=15812 HTTP/2.0" 200 49547 "-" "Mozilla/5.0 AppleWebKit/537.36 (KHTML, like Gecko; compatible; GPTBot/1.2; +https://openai.com/gptbot)"
52.81.114.43 - - [20/Jul/2025:01:47:16 +0000] "GET /wp-content/uploads/2024/11/D_894825-MCO79949042401_102024-F-100x100.jpg HTTP/1.1" 200 7535 "-" "Mozilla/5.0 (compatible; crawler)"
2001:4ba0:cafe:a4e::1 - - [20/Jul/2025:01:47:01 +0000] "GET /shop/electronica-audio-y-video/componentes-electronicos/semiconductores/diodos-rectificadores/fep30jp-diodo-doble-ultrarapido-catodo-comun-600v-30a-origin/ HTTP/1.1" 200 12046 "-" "WP Rocket/Preload"
2001:4ba0:cafe:a4e::1 - - [20/Jul/2025:01:46:59 +0000] "GET /shop/electronica-audio-y-video/componentes-electronicos/arduino/raspberry-pi-rp2040-zero-m-waveshare-usb-c-presoldado-pines/ HTTP/1.1" 200 12046 "-" "WP Rocket/Preload Mozilla/5.0 (iPhone; CPU iPhone OS 9_1 like Mac OS X) AppleWebKit/601.1.46 (KHTML, like Gecko) Version/9.0 Mobile/13B143 Safari/601.1"
2001:4ba0:cafe:a4e::1 - - [20/Jul/2025:01:47:02 +0000] "GET /shop/electronica-audio-y-video/componentes-electronicos/semiconductores/diodos-rectificadores/fep30jp-diodo-doble-ultrarapido-catodo-comun-600v-30a-origin/ HTTP/1.1" 200 12046 "-" "WP Rocket/Preload Mozilla/5.0 (iPhone; CPU iPhone OS 9_1 like Mac OS X) AppleWebKit/601.1.46 (KHTML, like Gecko) Version/9.0 Mobile/13B143 Safari/601.1"
85.208.96.208 - - [20/Jul/2025:01:47:04 +0000] "GET /shop/electronica-audio-y-video/componentes-electronicos/semiconductores/circuitos-integrados/circuito-integrado-cs8326c-cs8326-sop-16-7w-audio/ HTTP/1.1" 200 45800 "-" "Mozilla/5.0 (compatible; SemrushBot/7~bl; +http://www.semrush.com/bot.html)"
