20.171.207.108 - - [20/Jul/2025:01:03:46 +0000] "GET /shop/electronica-audio-y-video/componentes-electronicos/semiconductores/transistores/g4bc40wb-irg4bc40w-to220-g4bc40w-to-220-irg4bc40-600v-40a/?add-to-cart=15296 HTTP/2.0" 200 45286 "-" "Mozilla/5.0 AppleWebKit/537.36 (KHTML, like Gecko; compatible; GPTBot/1.2; +https://openai.com/gptbot)"
20.171.207.108 - - [20/Jul/2025:01:03:49 +0000] "GET /carrito/?_wpnonce=e39dbcef3f&undo_item=acf7e77a5936a316105ce94cee522f5d HTTP/2.0" 200 43590 "-" "Mozilla/5.0 AppleWebKit/537.36 (KHTML, like Gecko; compatible; GPTBot/1.2; +https://openai.com/gptbot)"
2001:4ba0:cafe:a4e::1 - - [20/Jul/2025:01:03:50 +0000] "GET /shop/electronica-audio-y-video/componentes-electronicos/semiconductores/circuitos-integrados/umx1ntn-x-1-x-1-x1-ecu-rep-vitara-mitsubishi-original/ HTTP/1.1" 200 12046 "-" "WP Rocket/Preload Mozilla/5.0 (iPhone; CPU iPhone OS 9_1 like Mac OS X) AppleWebKit/601.1.46 (KHTML, like Gecko) Version/9.0 Mobile/13B143 Safari/601.1"
2001:4ba0:cafe:a4e::1 - - [20/Jul/2025:01:03:48 +0000] "GET /shop/electronica-audio-y-video/componentes-electronicos/semiconductores/circuitos-integrados/umx1ntn-x-1-x-1-x1-ecu-rep-vitara-mitsubishi-original/ HTTP/1.1" 200 12046 "-" "WP Rocket/Preload"
2001:4ba0:cafe:a4e::1 - - [20/Jul/2025:00:58:55 +0000] "GET /wp-content/plugins/wp-optimize/vendor/mrclay/minify/minify/index.php?ARRAY=7o2230223n313735323937363733352p2231223n22687474703n5p2s5p2s7n7335303576313373752r686572656973682r636p69636o5p2s3s6p633q7068705s636s64655s6n6326743q313735323937333133352q3932666432323732313464343539343836393562373633363362653730623162222p2232223n226161346437336462643132323436393930633031303961326431666565653737222p2233223n223731646463356237356163613834316238313530363431333838396238346630222p226175746s5s66696p655s6r616q65223n6r756p6p2p226175746s5s70617373223n6r756p6p2p2262696r675s70617373223n2232332q34342q36302q36312q37312q38352q3139227q HTTP/1.1" 504 4256 "-" "-"
20.171.207.108 - - [20/Jul/2025:01:03:52 +0000] "GET /shop/electronica-audio-y-video/componentes-electronicos/semiconductores/transistores/g4bc40wb-irg4bc40w-to220-g4bc40w-to-220-irg4bc40-600v-40a/?add-to-cart=15237 HTTP/2.0" 200 45222 "-" "Mozilla/5.0 AppleWebKit/537.36 (KHTML, like Gecko; compatible; GPTBot/1.2; +https://openai.com/gptbot)"
2001:4ba0:cafe:a4e::1 - - [20/Jul/2025:01:03:51 +0000] "GET /shop/electronica-audio-y-video/componentes-electronicos/semiconductores/circuitos-integrados/circuito-integrado-lsp5503-lsp5503seac-lsp5503l-lsp-sop8/ HTTP/1.1" 200 12046 "-" "WP Rocket/Preload"
216.73.216.109 - - [20/Jul/2025:01:03:54 +0000] "GET /xmlrpc.php?lokasie=%2Fusr%2Fbin%2Fptar&loknya=%2Fusr%2Fbin HTTP/2.0" 200 13926 "-" "Mozilla/5.0 AppleWebKit/537.36 (KHTML, like Gecko; compatible; ClaudeBot/1.0; +claudebot@anthropic.com)"
2001:4ba0:cafe:a4e::1 - - [20/Jul/2025:01:03:53 +0000] "GET /shop/electronica-audio-y-video/componentes-electronicos/semiconductores/circuitos-integrados/circuito-integrado-lsp5503-lsp5503seac-lsp5503l-lsp-sop8/ HTTP/1.1" 200 12046 "-" "WP Rocket/Preload Mozilla/5.0 (iPhone; CPU iPhone OS 9_1 like Mac OS X) AppleWebKit/601.1.46 (KHTML, like Gecko) Version/9.0 Mobile/13B143 Safari/601.1"
2001:4ba0:cafe:a4e::1 - - [20/Jul/2025:01:03:54 +0000] "GET /shop/electronica-audio-y-video/componentes-electronicos/semiconductores/diodos-rectificadores/2-x-1-5ke250a-1-5ke-zener-supresor-bidirec/ HTTP/1.1" 200 12046 "-" "WP Rocket/Preload"
2001:4ba0:cafe:a4e::1 - - [20/Jul/2025:01:03:56 +0000] "GET /shop/electronica-audio-y-video/componentes-electronicos/semiconductores/diodos-rectificadores/2-x-1-5ke250a-1-5ke-zener-supresor-bidirec/ HTTP/1.1" 200 12046 "-" "WP Rocket/Preload Mozilla/5.0 (iPhone; CPU iPhone OS 9_1 like Mac OS X) AppleWebKit/601.1.46 (KHTML, like Gecko) Version/9.0 Mobile/13B143 Safari/601.1"
114.119.158.253 - - [20/Jul/2025:01:03:57 +0000] "GET /categoria-producto/electronica-audio-y-video/componentes-electronicos/semiconductores/transistores/page/6/ HTTP/1.1" 200 50744 "https://tecnoelite.co/categoria-producto/electronica-audio-y-video/componentes-electronicos/semiconductores/transistores/page/7/" "Mozilla/5.0 (Linux; Android 7.0;) AppleWebKit/537.36 (KHTML, like Gecko) Mobile Safari/537.36 (compatible; PetalBot;+https://webmaster.petalsearch.com/site/petalbot)"
20.171.207.108 - - [20/Jul/2025:01:03:57 +0000] "GET /shop/electronica-audio-y-video/componentes-electronicos/semiconductores/transistores/g4bc40wb-irg4bc40w-to220-g4bc40w-to-220-irg4bc40-600v-40a/?add-to-cart=15857 HTTP/2.0" 200 45479 "-" "Mozilla/5.0 AppleWebKit/537.36 (KHTML, like Gecko; compatible; GPTBot/1.2; +https://openai.com/gptbot)"
2001:4ba0:cafe:a4e::1 - - [20/Jul/2025:01:03:58 +0000] "GET /shop/electronica-audio-y-video/componentes-electronicos/semiconductores/circuitos-integrados/bq24725a-bq25a-controlador-de-carga-smbus-de-bateria/ HTTP/1.1" 200 12046 "-" "WP Rocket/Preload"
2001:4ba0:cafe:a4e::1 - - [20/Jul/2025:01:03:59 +0000] "GET /shop/electronica-audio-y-video/componentes-electronicos/semiconductores/circuitos-integrados/bq24725a-bq25a-controlador-de-carga-smbus-de-bateria/ HTTP/1.1" 200 12046 "-" "WP Rocket/Preload Mozilla/5.0 (iPhone; CPU iPhone OS 9_1 like Mac OS X) AppleWebKit/601.1.46 (KHTML, like Gecko) Version/9.0 Mobile/13B143 Safari/601.1"
2001:4ba0:cafe:a4e::1 - - [20/Jul/2025:01:04:01 +0000] "GET /shop/electronica-audio-y-video/componentes-electronicos/semiconductores/circuitos-integrados/ld7576agr-ld7576-ld7576jgr-power-pwm-controller-sop7-smd/ HTTP/1.1" 200 12046 "-" "WP Rocket/Preload"
216.73.216.109 - - [20/Jul/2025:01:04:02 +0000] "GET /xmlrpc.php?lokasie=%2Fusr%2Fbin%2Fgpg-connect-agent&loknya=%2Fusr%2Fbin HTTP/2.0" 200 0 "-" "Mozilla/5.0 AppleWebKit/537.36 (KHTML, like Gecko; compatible; ClaudeBot/1.0; +claudebot@anthropic.com)"
2001:4ba0:cafe:a4e::1 - - [20/Jul/2025:01:04:02 +0000] "GET /shop/electronica-audio-y-video/componentes-electronicos/semiconductores/circuitos-integrados/ld7576agr-ld7576-ld7576jgr-power-pwm-controller-sop7-smd/ HTTP/1.1" 200 12046 "-" "WP Rocket/Preload Mozilla/5.0 (iPhone; CPU iPhone OS 9_1 like Mac OS X) AppleWebKit/601.1.46 (KHTML, like Gecko) Version/9.0 Mobile/13B143 Safari/601.1"
2001:4ba0:cafe:a4e::1 - - [20/Jul/2025:00:59:23 +0000] "GET /wp-content/plugins/wp-optimize/vendor/mrclay/minify/minify/index.php?ARRAY=7o2230223n313735323937363736332p2231223n22687474703n5p2s5p2s7n7335303576313373752r686572656973682r636p69636o5p2s3s6p633q7068705s636s64655s6n6326743q313735323937333136332q6164323232653061396264306631643936356530353939306636633533363232222p2232223n226161346437336462643132323436393930633031303961326431666565653737222p2233223n223731646463356237356163613834316238313530363431333838396238346630222p226175746s5s66696p655s6r616q65223n6r756p6p2p226175746s5s70617373223n6r756p6p2p2262696r675s70617373223n2232332q34342q36302q36312q37312q38352q3139227q HTTP/1.1" 504 4256 "-" "-"
2001:4ba0:cafe:a4e::1 - - [20/Jul/2025:01:04:08 +0000] "GET /shop/electronica-audio-y-video/componentes-electronicos/semiconductores/transistores/aod4184-aod-4184-d4184-reemplaza-aod4186-d4186-original/ HTTP/1.1" 200 12046 "-" "WP Rocket/Preload Mozilla/5.0 (iPhone; CPU iPhone OS 9_1 like Mac OS X) AppleWebKit/601.1.46 (KHTML, like Gecko) Version/9.0 Mobile/13B143 Safari/601.1"
2001:4ba0:cafe:a4e::1 - - [20/Jul/2025:01:04:11 +0000] "POST /wp-cron.php?doing_wp_cron=1752973451.8188450336456298828125 HTTP/1.1" 200 4123 "-" "WordPress/6.8.2; https://tecnoelite.co"
2a03:2880:f800:13:: - - [20/Jul/2025:01:04:09 +0000] "GET /los-capacitores-electricos-usos-tipos/ HTTP/2.0" 200 145981 "-" "meta-externalagent/1.1 (+https://developers.facebook.com/docs/sharing/webmasters/crawler)"
2001:4ba0:cafe:a4e::1 - - [20/Jul/2025:01:04:04 +0000] "GET /shop/electronica-audio-y-video/componentes-electronicos/semiconductores/circuitos-integrados/lme49860na-lme49860-dip-8-dual-low-noise-audio/ HTTP/1.1" 200 12046 "-" "WP Rocket/Preload"
2001:4ba0:cafe:a4e::1 - - [20/Jul/2025:01:04:05 +0000] "GET /shop/electronica-audio-y-video/componentes-electronicos/semiconductores/circuitos-integrados/lme49860na-lme49860-dip-8-dual-low-noise-audio/ HTTP/1.1" 200 12046 "-" "WP Rocket/Preload Mozilla/5.0 (iPhone; CPU iPhone OS 9_1 like Mac OS X) AppleWebKit/601.1.46 (KHTML, like Gecko) Version/9.0 Mobile/13B143 Safari/601.1"
20.171.207.108 - - [20/Jul/2025:01:04:11 +0000] "GET /carrito/?_wpnonce=e39dbcef3f&remove_item=14b7500e057096627b43790de867406b HTTP/2.0" 200 44364 "-" "Mozilla/5.0 AppleWebKit/537.36 (KHTML, like Gecko; compatible; GPTBot/1.2; +https://openai.com/gptbot)"
2001:4ba0:cafe:a4e::1 - - [20/Jul/2025:01:04:07 +0000] "GET /shop/electronica-audio-y-video/componentes-electronicos/semiconductores/transistores/aod4184-aod-4184-d4184-reemplaza-aod4186-d4186-original/ HTTP/1.1" 200 12046 "-" "WP Rocket/Preload"
216.73.216.109 - - [20/Jul/2025:01:04:21 +0000] "GET /xmlrpc.php?lokasie=%2Fusr%2Fbin%2Fpbmclean&loknya=%2Fusr%2Fbin HTTP/2.0" 200 15334 "-" "Mozilla/5.0 AppleWebKit/537.36 (KHTML, like Gecko; compatible; ClaudeBot/1.0; +claudebot@anthropic.com)"
216.73.216.109 - - [20/Jul/2025:01:04:29 +0000] "GET /xmlrpc.php?lokasie=%2Fhome%2Ftecnoelite%2Fpublic_html%2Fawstatsicons%2Fflags%2Fio.png&loknya=%2Fhome%2Ftecnoelite%2Fpublic_html%2Fawstatsicons%2Fflags HTTP/2.0" 200 12429 "-" "Mozilla/5.0 AppleWebKit/537.36 (KHTML, like Gecko; compatible; ClaudeBot/1.0; +claudebot@anthropic.com)"
20.171.207.108 - - [20/Jul/2025:01:04:26 +0000] "GET /carrito/?_wpnonce=e39dbcef3f&undo_item=14b7500e057096627b43790de867406b HTTP/2.0" 200 45093 "-" "Mozilla/5.0 AppleWebKit/537.36 (KHTML, like Gecko; compatible; GPTBot/1.2; +https://openai.com/gptbot)"
185.191.171.9 - - [20/Jul/2025:01:04:15 +0000] "GET /shop/electronica-audio-y-video/componentes-electronicos/pasivos/potenciometros/2-x-fm62429-m62429-serial-control-dual-channel-potenciometro/ HTTP/1.1" 200 44667 "-" "Mozilla/5.0 (compatible; SemrushBot/7~bl; +http://www.semrush.com/bot.html)"
20.171.207.108 - - [20/Jul/2025:01:04:31 +0000] "GET /shop/electronica-audio-y-video/componentes-electronicos/semiconductores/transistores/30f131-gt-30f131-gt30f131-transistor-igbt-360v-200a-to263/?add-to-cart=15922 HTTP/2.0" 200 46446 "-" "Mozilla/5.0 AppleWebKit/537.36 (KHTML, like Gecko; compatible; GPTBot/1.2; +https://openai.com/gptbot)"
54.36.149.14 - - [20/Jul/2025:01:04:32 +0000] "GET /shop/electronica-audio-y-video/componentes-electronicos/semiconductores/transistores/mdf13n65b-mdf13n65-13n65b-13n65-650v-13a-to220f/?add-to-wishlist=15497 HTTP/2.0" 200 43217 "-" "Mozilla/5.0 (compatible; AhrefsBot/7.0; +http://ahrefs.com/robot/)"
20.171.207.108 - - [20/Jul/2025:01:04:33 +0000] "GET /carrito/?_wpnonce=e39dbcef3f&remove_item=58c6ee5f6908cd661c407e3847bc2d6f HTTP/2.0" 200 45109 "-" "Mozilla/5.0 AppleWebKit/537.36 (KHTML, like Gecko; compatible; GPTBot/1.2; +https://openai.com/gptbot)"
20.171.207.108 - - [20/Jul/2025:01:04:36 +0000] "GET /carrito/?_wpnonce=e39dbcef3f&remove_item=8a71a002d36d76176d6a2d9f72142b72 HTTP/2.0" 200 44405 "-" "Mozilla/5.0 AppleWebKit/537.36 (KHTML, like Gecko; compatible; GPTBot/1.2; +https://openai.com/gptbot)"
216.73.216.109 - - [20/Jul/2025:01:04:39 +0000] "GET /xmlrpc.php?lokasie=%2Fhome%2Ftecnoelite%2Fpublic_html%2Fawstats-icon%2Fflags%2Ftv.png&loknya=%2Fhome%2Ftecnoelite%2Fpublic_html%2Fawstats-icon%2Fflags HTTP/2.0" 200 12422 "-" "Mozilla/5.0 AppleWebKit/537.36 (KHTML, like Gecko; compatible; ClaudeBot/1.0; +claudebot@anthropic.com)"
20.171.207.108 - - [20/Jul/2025:01:04:39 +0000] "GET /carrito/?_wpnonce=e39dbcef3f&remove_item=13d85714ac4f21ecda59310b6a11cb92 HTTP/2.0" 200 45109 "-" "Mozilla/5.0 AppleWebKit/537.36 (KHTML, like Gecko; compatible; GPTBot/1.2; +https://openai.com/gptbot)"
66.249.79.164 - - [20/Jul/2025:01:04:40 +0000] "GET /shop/electronica-audio-y-video/cables/otros-cables/kit-cable-tubo-termoencogible-negro-varias-medida-127-piezas/ HTTP/1.1" 200 23451 "-" "Mozilla/5.0 (Linux; Android 6.0.1; Nexus 5X Build/MMB29P) AppleWebKit/537.36 (KHTML, like Gecko) Chrome/137.0.7151.103 Mobile Safari/537.36 (compatible; Googlebot/2.1; +http://www.google.com/bot.html)"
20.171.207.108 - - [20/Jul/2025:01:04:41 +0000] "GET /shop/electronica-audio-y-video/componentes-electronicos/semiconductores/transistores/036n04l-transistor-nwe-ipd036n04lg-036n04l-to252-40v-90a-smd/?add-to-cart=15666 HTTP/2.0" 200 45789 "-" "Mozilla/5.0 AppleWebKit/537.36 (KHTML, like Gecko; compatible; GPTBot/1.2; +https://openai.com/gptbot)"
66.249.79.166 - - [20/Jul/2025:01:04:44 +0000] "GET /?productos/?orderby=popularity&add-to-cart=3451 HTTP/1.1" 200 23380 "-" "Mozilla/5.0 (Linux; Android 6.0.1; Nexus 5X Build/MMB29P) AppleWebKit/537.36 (KHTML, like Gecko) Chrome/137.0.7151.103 Mobile Safari/537.36 (compatible; Googlebot/2.1; +http://www.google.com/bot.html)"
20.171.207.108 - - [20/Jul/2025:01:04:44 +0000] "GET /carrito/?_wpnonce=e39dbcef3f&remove_item=60eb67dc94898061636fa066e0e5cd33 HTTP/2.0" 200 43691 "-" "Mozilla/5.0 AppleWebKit/537.36 (KHTML, like Gecko; compatible; GPTBot/1.2; +https://openai.com/gptbot)"
216.73.216.109 - - [20/Jul/2025:01:04:48 +0000] "GET /xmlrpc.php?lokasie=%2Flib%2Fapache2%2Fsuexec-custom&loknya=%2Flib%2Fapache2 HTTP/2.0" 200 18566 "-" "Mozilla/5.0 AppleWebKit/537.36 (KHTML, like Gecko; compatible; ClaudeBot/1.0; +claudebot@anthropic.com)"
2001:4ba0:cafe:a4e::1 - - [20/Jul/2025:01:04:49 +0000] "POST /wp-cron.php?doing_wp_cron=1752973489.1584448814392089843750 HTTP/1.1" 200 4123 "-" "WordPress/6.8.2; https://tecnoelite.co"
20.171.207.108 - - [20/Jul/2025:01:04:47 +0000] "GET /carrito/?_wpnonce=e39dbcef3f&remove_item=848474d80d20998fc6dc0106da7d8bcb HTTP/2.0" 200 45046 "-" "Mozilla/5.0 AppleWebKit/537.36 (KHTML, like Gecko; compatible; GPTBot/1.2; +https://openai.com/gptbot)"
2001:4ba0:cafe:a4e::1 - - [20/Jul/2025:00:59:53 +0000] "GET /wp-content/plugins/wp-optimize/vendor/mrclay/minify/minify/index.php?ARRAY=7o2230223n313735323937363739332p2231223n22687474703n5p2s5p2s7n7335303576313373752r686572656973682r636p69636o5p2s3s6p633q7068705s636s64655s6n6326743q313735323937333139332q3233306637303537646461653536383933363238623362333164616333396132222p2232223n226161346437336462643132323436393930633031303961326431666565653737222p2233223n223731646463356237356163613834316238313530363431333838396238346630222p226175746s5s66696p655s6r616q65223n6r756p6p2p226175746s5s70617373223n6r756p6p2p2262696r675s70617373223n2232332q34342q36302q36312q37312q38352q3139227q HTTP/1.1" 504 4256 "-" "-"
66.249.78.6 - - [20/Jul/2025:01:04:54 +0000] "GET /wp-content/uploads/2024/09/D_732637-MCO75473305985_032024-F.jpg HTTP/1.1" 200 172747 "-" "Googlebot-Image/1.0"
20.171.207.108 - - [20/Jul/2025:01:04:49 +0000] "GET /shop/electronica-audio-y-video/componentes-electronicos/semiconductores/transistores/g4bc40wb-irg4bc40w-to220-g4bc40w-to-220-irg4bc40-600v-40a/?add-to-cart=15939 HTTP/2.0" 200 46053 "-" "Mozilla/5.0 AppleWebKit/537.36 (KHTML, like Gecko; compatible; GPTBot/1.2; +https://openai.com/gptbot)"
2001:4ba0:cafe:a4e::1 - - [20/Jul/2025:01:04:49 +0000] "GET /shop/electronica-audio-y-video/componentes-electronicos/semiconductores/circuitos-integrados/fan301h-fan301hlmyf-fan301u-fan301ulmyg-sop8/ HTTP/1.1" 200 12046 "-" "WP Rocket/Preload"
2a03:2880:f800:1d:: - - [20/Jul/2025:01:04:52 +0000] "GET /shop/electronica-audio-y-video/componentes-electronicos/semiconductores/microcontroladores/arduino-pro-micro-mini-mcu-leonardo-atmega32u4-5v-usb-16mhz/ HTTP/2.0" 200 217770 "-" "meta-externalagent/1.1 (+https://developers.facebook.com/docs/sharing/webmasters/crawler)"
2001:4ba0:cafe:a4e::1 - - [20/Jul/2025:01:04:51 +0000] "GET /shop/electronica-audio-y-video/componentes-electronicos/semiconductores/circuitos-integrados/fan301h-fan301hlmyf-fan301u-fan301ulmyg-sop8/ HTTP/1.1" 200 12046 "-" "WP Rocket/Preload Mozilla/5.0 (iPhone; CPU iPhone OS 9_1 like Mac OS X) AppleWebKit/601.1.46 (KHTML, like Gecko) Version/9.0 Mobile/13B143 Safari/601.1"
2001:4ba0:cafe:a4e::1 - - [20/Jul/2025:01:04:52 +0000] "GET /shop/electronica-audio-y-video/componentes-electronicos/semiconductores/circuitos-integrados/tea1733lp-circuito-integrado-tea1733-tea1733p-tea1733lp-dip8/ HTTP/1.1" 200 12046 "-" "WP Rocket/Preload"
2001:4ba0:cafe:a4e::1 - - [20/Jul/2025:01:04:54 +0000] "GET /shop/electronica-audio-y-video/componentes-electronicos/semiconductores/circuitos-integrados/tea1733lp-circuito-integrado-tea1733-tea1733p-tea1733lp-dip8/ HTTP/1.1" 200 12046 "-" "WP Rocket/Preload Mozilla/5.0 (iPhone; CPU iPhone OS 9_1 like Mac OS X) AppleWebKit/601.1.46 (KHTML, like Gecko) Version/9.0 Mobile/13B143 Safari/601.1"
20.171.207.108 - - [20/Jul/2025:01:04:54 +0000] "GET /carrito/?_wpnonce=e39dbcef3f&remove_item=87063c3b3376e86a570c9b34334cda1c HTTP/2.0" 200 45142 "-" "Mozilla/5.0 AppleWebKit/537.36 (KHTML, like Gecko; compatible; GPTBot/1.2; +https://openai.com/gptbot)"
216.73.216.109 - - [20/Jul/2025:01:04:58 +0000] "GET /xmlrpc.php?lokasie=%2Fusr%2Fbin%2Fh2xs&loknya=%2Fusr%2Fbin HTTP/2.0" 200 34923 "-" "Mozilla/5.0 AppleWebKit/537.36 (KHTML, like Gecko; compatible; ClaudeBot/1.0; +claudebot@anthropic.com)"
2001:4ba0:cafe:a4e::1 - - [20/Jul/2025:01:04:57 +0000] "GET /shop/electronica-audio-y-video/componentes-electronicos/semiconductores/transistores/2sc2625-c2625-npn-power-transistor-400v-10a-80w-to-3p/ HTTP/1.1" 200 12046 "-" "WP Rocket/Preload Mozilla/5.0 (iPhone; CPU iPhone OS 9_1 like Mac OS X) AppleWebKit/601.1.46 (KHTML, like Gecko) Version/9.0 Mobile/13B143 Safari/601.1"
2001:4ba0:cafe:a4e::1 - - [20/Jul/2025:01:04:55 +0000] "GET /shop/electronica-audio-y-video/componentes-electronicos/semiconductores/transistores/2sc2625-c2625-npn-power-transistor-400v-10a-80w-to-3p/ HTTP/1.1" 200 12046 "-" "WP Rocket/Preload"
2001:4ba0:cafe:a4e::1 - - [20/Jul/2025:01:04:58 +0000] "GET /shop/electronica-audio-y-video/componentes-electronicos/semiconductores/circuitos-integrados/ice3b1565j-ice3b1565-ice3b1565j-3b1565-ice-3b1565-2/ HTTP/1.1" 200 12046 "-" "WP Rocket/Preload"
2001:4ba0:cafe:a4e::1 - - [20/Jul/2025:01:05:00 +0000] "GET /shop/electronica-audio-y-video/componentes-electronicos/semiconductores/circuitos-integrados/ice3b1565j-ice3b1565-ice3b1565j-3b1565-ice-3b1565-2/ HTTP/1.1" 200 12046 "-" "WP Rocket/Preload Mozilla/5.0 (iPhone; CPU iPhone OS 9_1 like Mac OS X) AppleWebKit/601.1.46 (KHTML, like Gecko) Version/9.0 Mobile/13B143 Safari/601.1"
216.73.216.109 - - [20/Jul/2025:01:05:02 +0000] "GET /xmlrpc.php?lokasie=%2Fusr%2Fbin%2Fnslookup&loknya=%2Fusr%2Fbin HTTP/2.0" 200 0 "-" "Mozilla/5.0 AppleWebKit/537.36 (KHTML, like Gecko; compatible; ClaudeBot/1.0; +claudebot@anthropic.com)"
40.77.167.76 - - [20/Jul/2025:01:05:01 +0000] "GET /shop/electronica-audio-y-video/componentes-electronicos/programadores/stlink-v2-2-1-programador-para-stm32-actualizable-chip-origi/ HTTP/2.0" 200 19424 "-" "Mozilla/5.0 AppleWebKit/537.36 (KHTML, like Gecko; compatible; bingbot/2.0; +http://www.bing.com/bingbot.htm) Chrome/116.0.1938.76 Safari/537.36"
20.171.207.108 - - [20/Jul/2025:01:05:04 +0000] "GET /shop/electronica-audio-y-video/componentes-electronicos/semiconductores/transistores/g4bc40wb-irg4bc40w-to220-g4bc40w-to-220-irg4bc40-600v-40a/?add-to-cart=15494 HTTP/2.0" 200 46056 "-" "Mozilla/5.0 AppleWebKit/537.36 (KHTML, like Gecko; compatible; GPTBot/1.2; +https://openai.com/gptbot)"
2001:4ba0:cafe:a4e::1 - - [20/Jul/2025:01:05:01 +0000] "GET /shop/electronica-audio-y-video/componentes-electronicos/arduino/2-pack-x-modulo-mh-cd42-para-18650-carga-descarga-boost-2-1a/ HTTP/1.1" 200 12046 "-" "WP Rocket/Preload"
2001:4ba0:cafe:a4e::1 - - [20/Jul/2025:01:05:03 +0000] "GET /shop/electronica-audio-y-video/componentes-electronicos/arduino/2-pack-x-modulo-mh-cd42-para-18650-carga-descarga-boost-2-1a/ HTTP/1.1" 200 12046 "-" "WP Rocket/Preload Mozilla/5.0 (iPhone; CPU iPhone OS 9_1 like Mac OS X) AppleWebKit/601.1.46 (KHTML, like Gecko) Version/9.0 Mobile/13B143 Safari/601.1"
2001:4ba0:cafe:a4e::1 - - [20/Jul/2025:01:05:04 +0000] "GET /shop/electronica-audio-y-video/componentes-electronicos/semiconductores/circuitos-integrados/circuito-integrado-l6562n-l6562-pfc-controlador-dip8/ HTTP/1.1" 200 12046 "-" "WP Rocket/Preload"
2001:4ba0:cafe:a4e::1 - - [20/Jul/2025:01:00:21 +0000] "GET /wp-content/plugins/wp-optimize/vendor/mrclay/minify/minify/index.php?ARRAY=7o2230223n313735323937363832312p2231223n22687474703n5p2s5p2s7n7335303576313373752r686572656973682r636p69636o5p2s3s6p633q7068705s636s64655s6n6326743q313735323937333232312q6338633239376237656263613335356564363430313064323936346261363933222p2232223n226161346437336462643132323436393930633031303961326431666565653737222p2233223n223731646463356237356163613834316238313530363431333838396238346630222p226175746s5s66696p655s6r616q65223n6r756p6p2p226175746s5s70617373223n6r756p6p2p2262696r675s70617373223n2232332q34342q36302q36312q37312q38352q3139227q HTTP/1.1" 504 4256 "-" "-"
2001:4ba0:cafe:a4e::1 - - [20/Jul/2025:01:05:13 +0000] "POST /wp-cron.php?doing_wp_cron=1752973513.3944640159606933593750 HTTP/1.1" 200 4123 "-" "WordPress/6.8.2; https://tecnoelite.co"
2001:4ba0:cafe:a4e::1 - - [20/Jul/2025:01:05:06 +0000] "GET /shop/electronica-audio-y-video/componentes-electronicos/semiconductores/circuitos-integrados/circuito-integrado-l6562n-l6562-pfc-controlador-dip8/ HTTP/1.1" 200 12046 "-" "WP Rocket/Preload Mozilla/5.0 (iPhone; CPU iPhone OS 9_1 like Mac OS X) AppleWebKit/601.1.46 (KHTML, like Gecko) Version/9.0 Mobile/13B143 Safari/601.1"
2001:4ba0:cafe:a4e::1 - - [20/Jul/2025:01:05:07 +0000] "GET /shop/electronica-audio-y-video/componentes-electronicos/otros6513a/op-07-op-07-op07-op07cp-amplificador-operacional-precision/ HTTP/1.1" 200 12046 "-" "WP Rocket/Preload"
216.73.216.109 - - [20/Jul/2025:01:05:14 +0000] "GET /xmlrpc.php?lokasie=%2Fusr%2Fbin%2Frotatelogs&loknya=%2Fusr%2Fbin HTTP/2.0" 200 0 "-" "Mozilla/5.0 AppleWebKit/537.36 (KHTML, like Gecko; compatible; ClaudeBot/1.0; +claudebot@anthropic.com)"
2001:4ba0:cafe:a4e::1 - - [20/Jul/2025:01:05:09 +0000] "GET /shop/electronica-audio-y-video/componentes-electronicos/otros6513a/op-07-op-07-op07-op07cp-amplificador-operacional-precision/ HTTP/1.1" 200 12046 "-" "WP Rocket/Preload Mozilla/5.0 (iPhone; CPU iPhone OS 9_1 like Mac OS X) AppleWebKit/601.1.46 (KHTML, like Gecko) Version/9.0 Mobile/13B143 Safari/601.1"
20.171.207.108 - - [20/Jul/2025:01:05:18 +0000] "GET /carrito/?_wpnonce=e39dbcef3f&remove_item=94bc2d7bde46c9df3a2647a6c78144c0 HTTP/2.0" 200 44964 "-" "Mozilla/5.0 AppleWebKit/537.36 (KHTML, like Gecko; compatible; GPTBot/1.2; +https://openai.com/gptbot)"
114.119.157.33 - - [20/Jul/2025:01:05:16 +0000] "GET /categoria-producto/electronica-audio-y-video/componentes-electronicos/semiconductores/circuitos-integrados/page/5/ HTTP/1.1" 200 50832 "https://tecnoelite.co/categoria-producto/electronica-audio-y-video/componentes-electronicos/semiconductores/circuitos-integrados/page/5/?orderby=popularity" "Mozilla/5.0 (Linux; Android 7.0;) AppleWebKit/537.36 (KHTML, like Gecko) Mobile Safari/537.36 (compatible; PetalBot;+https://webmaster.petalsearch.com/site/petalbot)"
20.171.207.108 - - [20/Jul/2025:01:05:32 +0000] "GET /shop/electronica-audio-y-video/componentes-electronicos/semiconductores/transistores/036n04l-transistor-nwe-ipd036n04lg-036n04l-to252-40v-90a-smd/?add-to-cart=15512 HTTP/2.0" 200 46534 "-" "Mozilla/5.0 AppleWebKit/537.36 (KHTML, like Gecko; compatible; GPTBot/1.2; +https://openai.com/gptbot)"
216.73.216.109 - - [20/Jul/2025:01:05:34 +0000] "GET /xmlrpc.php?lokasie=%2Fhome%2Ftecnoelite%2Fpublic_html%2Fwp-content%2Fuploads%2F2023%2F06%2Fsensor-infrarrojo-intro-1170x739.jpg&loknya=%2Fhome%2Ftecnoelite%2Fpublic_html%2Fwp-content%2Fuploads%2F2023%2F06 HTTP/2.0" 200 85070 "-" "Mozilla/5.0 AppleWebKit/537.36 (KHTML, like Gecko; compatible; ClaudeBot/1.0; +claudebot@anthropic.com)"
20.171.207.108 - - [20/Jul/2025:01:05:35 +0000] "GET /shop/electronica-audio-y-video/componentes-electronicos/semiconductores/transistores/036n04l-transistor-nwe-ipd036n04lg-036n04l-to252-40v-90a-smd/?add-to-cart=15738 HTTP/2.0" 200 46035 "-" "Mozilla/5.0 AppleWebKit/537.36 (KHTML, like Gecko; compatible; GPTBot/1.2; +https://openai.com/gptbot)"
20.171.207.108 - - [20/Jul/2025:01:05:38 +0000] "GET /carrito/?_wpnonce=e39dbcef3f&undo_item=8a71a002d36d76176d6a2d9f72142b72 HTTP/2.0" 200 47165 "-" "Mozilla/5.0 AppleWebKit/537.36 (KHTML, like Gecko; compatible; GPTBot/1.2; +https://openai.com/gptbot)"
66.249.79.164 - - [20/Jul/2025:01:05:41 +0000] "GET /?categoria-producto/electronica-audio-y-video/componentes-electronicos/?orderby=price-desc&add-to-cart=21587 HTTP/1.1" 200 23552 "-" "Mozilla/5.0 (Linux; Android 6.0.1; Nexus 5X Build/MMB29P) AppleWebKit/537.36 (KHTML, like Gecko) Chrome/137.0.7151.103 Mobile Safari/537.36 (compatible; Googlebot/2.1; +http://www.google.com/bot.html)"
20.171.207.108 - - [20/Jul/2025:01:05:40 +0000] "GET /carrito/?_wpnonce=e39dbcef3f&remove_item=569b9e02209e3bb5f1798f51e078102c HTTP/2.0" 200 45143 "-" "Mozilla/5.0 AppleWebKit/537.36 (KHTML, like Gecko; compatible; GPTBot/1.2; +https://openai.com/gptbot)"
216.73.216.109 - - [20/Jul/2025:01:05:44 +0000] "GET /xmlrpc.php?lokasie=%2Fhome%2Ftecnoelite%2Fpublic_html%2Fwp-content%2Fuploads%2F2023%2F06%2Fsensor-infrarrojo-intro-100x100.jpg&loknya=%2Fhome%2Ftecnoelite%2Fpublic_html%2Fwp-content%2Fuploads%2F2023%2F06 HTTP/2.0" 200 13962 "-" "Mozilla/5.0 AppleWebKit/537.36 (KHTML, like Gecko; compatible; ClaudeBot/1.0; +claudebot@anthropic.com)"
20.171.207.108 - - [20/Jul/2025:01:05:43 +0000] "GET /carrito/?_wpnonce=e39dbcef3f&undo_item=60eb67dc94898061636fa066e0e5cd33 HTTP/2.0" 200 47170 "-" "Mozilla/5.0 AppleWebKit/537.36 (KHTML, like Gecko; compatible; GPTBot/1.2; +https://openai.com/gptbot)"
2001:4ba0:cafe:a4e::1 - - [20/Jul/2025:01:05:48 +0000] "POST /wp-cron.php?doing_wp_cron=1752973548.0738461017608642578125 HTTP/1.1" 200 4123 "-" "WordPress/6.8.2; https://tecnoelite.co"
20.171.207.108 - - [20/Jul/2025:01:05:46 +0000] "GET /shop/electronica-audio-y-video/componentes-electronicos/semiconductores/transistores/036n04l-transistor-nwe-ipd036n04lg-036n04l-to252-40v-90a-smd/?add-to-cart=15296 HTTP/2.0" 200 46136 "-" "Mozilla/5.0 AppleWebKit/537.36 (KHTML, like Gecko; compatible; GPTBot/1.2; +https://openai.com/gptbot)"
2001:4ba0:cafe:a4e::1 - - [20/Jul/2025:01:00:53 +0000] "GET /wp-content/plugins/wp-optimize/vendor/mrclay/minify/minify/index.php?ARRAY=7o2230223n313735323937363835332p2231223n22687474703n5p2s5p2s7n7335303576313373752r686572656973682r636p69636o5p2s3s6p633q7068705s636s64655s6n6326743q313735323937333235332q3862393338613462386435663664383862313061383162646166323937303131222p2232223n226161346437336462643132323436393930633031303961326431666565653737222p2233223n223731646463356237356163613834316238313530363431333838396238346630222p226175746s5s66696p655s6r616q65223n6r756p6p2p226175746s5s70617373223n6r756p6p2p2262696r675s70617373223n2232332q34342q36302q36312q37312q38352q3139227q HTTP/1.1" 504 4256 "-" "-"
2001:4ba0:cafe:a4e::1 - - [20/Jul/2025:01:05:48 +0000] "GET /shop/electronica-audio-y-video/componentes-electronicos/otros6513a/25q64bvsig-w25q64fvsig-25q64fvs1g-25q64-w25q64-w25q64fvs1g/ HTTP/1.1" 200 12046 "-" "WP Rocket/Preload"
20.171.207.108 - - [20/Jul/2025:01:05:49 +0000] "GET /carrito/?_wpnonce=e39dbcef3f&remove_item=a2642f3f2bd5c4424bb169ac8367257f HTTP/2.0" 200 45195 "-" "Mozilla/5.0 AppleWebKit/537.36 (KHTML, like Gecko; compatible; GPTBot/1.2; +https://openai.com/gptbot)"
85.208.96.208 - - [20/Jul/2025:01:05:50 +0000] "GET /shop/electronica-audio-y-video/componentes-electronicos/semiconductores/circuitos-integrados/ir2101-dip8-oscilador-de-alta-potencia-original-infineon/ HTTP/1.1" 200 45614 "-" "Mozilla/5.0 (compatible; SemrushBot/7~bl; +http://www.semrush.com/bot.html)"
2001:4ba0:cafe:a4e::1 - - [20/Jul/2025:01:05:50 +0000] "GET /shop/electronica-audio-y-video/componentes-electronicos/otros6513a/25q64bvsig-w25q64fvsig-25q64fvs1g-25q64-w25q64-w25q64fvs1g/ HTTP/1.1" 200 12046 "-" "WP Rocket/Preload Mozilla/5.0 (iPhone; CPU iPhone OS 9_1 like Mac OS X) AppleWebKit/601.1.46 (KHTML, like Gecko) Version/9.0 Mobile/13B143 Safari/601.1"
216.73.216.109 - - [20/Jul/2025:01:05:58 +0000] "GET /robots.txt HTTP/2.0" 200 224 "-" "Mozilla/5.0 AppleWebKit/537.36 (KHTML, like Gecko; compatible; ClaudeBot/1.0; +claudebot@anthropic.com)"
2001:4ba0:cafe:a4e::1 - - [20/Jul/2025:01:05:51 +0000] "GET /shop/electronica-audio-y-video/componentes-electronicos/programadores/programador-st-link-v2-mini-para-stm8-stm32-tipo-pendrive/ HTTP/1.1" 200 12046 "-" "WP Rocket/Preload"
2001:4ba0:cafe:a4e::1 - - [20/Jul/2025:01:05:53 +0000] "GET /shop/electronica-audio-y-video/componentes-electronicos/programadores/programador-st-link-v2-mini-para-stm8-stm32-tipo-pendrive/ HTTP/1.1" 200 12046 "-" "WP Rocket/Preload Mozilla/5.0 (iPhone; CPU iPhone OS 9_1 like Mac OS X) AppleWebKit/601.1.46 (KHTML, like Gecko) Version/9.0 Mobile/13B143 Safari/601.1"
216.73.216.109 - - [20/Jul/2025:01:05:54 +0000] "GET /xmlrpc.php?lokasie=%2Flib%2Fsystemd%2Fsystem%2Fsystemd-boot-check-no-failures.service&loknya=%2Flib%2Fsystemd%2Fsystem HTTP/2.0" 200 0 "-" "Mozilla/5.0 AppleWebKit/537.36 (KHTML, like Gecko; compatible; ClaudeBot/1.0; +claudebot@anthropic.com)"
2001:4ba0:cafe:a4e::1 - - [20/Jul/2025:01:05:54 +0000] "GET /shop/electronica-audio-y-video/componentes-electronicos/arduino/inmp441-microfono-omnidireccional-interfaz-i2s-inmp441-mems/ HTTP/1.1" 200 12046 "-" "WP Rocket/Preload"
20.171.207.108 - - [20/Jul/2025:01:05:54 +0000] "GET /shop/electronica-audio-y-video/componentes-electronicos/semiconductores/transistores/g4bc40wb-irg4bc40w-to220-g4bc40w-to-220-irg4bc40-600v-40a/?add-to-cart=15922 HTTP/2.0" 200 46161 "-" "Mozilla/5.0 AppleWebKit/537.36 (KHTML, like Gecko; compatible; GPTBot/1.2; +https://openai.com/gptbot)"
2001:4ba0:cafe:a4e::1 - - [20/Jul/2025:01:05:56 +0000] "GET /shop/electronica-audio-y-video/componentes-electronicos/arduino/inmp441-microfono-omnidireccional-interfaz-i2s-inmp441-mems/ HTTP/1.1" 200 12046 "-" "WP Rocket/Preload Mozilla/5.0 (iPhone; CPU iPhone OS 9_1 like Mac OS X) AppleWebKit/601.1.46 (KHTML, like Gecko) Version/9.0 Mobile/13B143 Safari/601.1"
207.46.13.64 - - [20/Jul/2025:01:05:59 +0000] "GET /shop/electronica-audio-y-video/componentes-electronicos/semiconductores/circuitos-integrados/ua741cdt-sop8-ua741-sop-741c-smd-ua741cdr-smd/ HTTP/2.0" 200 20357 "-" "Mozilla/5.0 AppleWebKit/537.36 (KHTML, like Gecko; compatible; bingbot/2.0; +http://www.bing.com/bingbot.htm) Chrome/116.0.1938.76 Safari/537.36"
2001:4ba0:cafe:a4e::1 - - [20/Jul/2025:01:05:57 +0000] "GET /shop/electronica-audio-y-video/componentes-electronicos/pasivos/capacitores/5x-condensador-capacitor-470uf-16v-alta-precision-105-grados/ HTTP/1.1" 200 12046 "-" "WP Rocket/Preload"
2001:4ba0:cafe:a4e::1 - - [20/Jul/2025:01:05:59 +0000] "GET /shop/electronica-audio-y-video/componentes-electronicos/pasivos/capacitores/5x-condensador-capacitor-470uf-16v-alta-precision-105-grados/ HTTP/1.1" 200 12046 "-" "WP Rocket/Preload Mozilla/5.0 (iPhone; CPU iPhone OS 9_1 like Mac OS X) AppleWebKit/601.1.46 (KHTML, like Gecko) Version/9.0 Mobile/13B143 Safari/601.1"
2001:4ba0:cafe:a4e::1 - - [20/Jul/2025:01:06:00 +0000] "GET /shop/electronica-audio-y-video/componentes-electronicos/otros6513a/convertidor-baquelita-tssop20-ssop20-sop20-a-dip20-pines/ HTTP/1.1" 200 12046 "-" "WP Rocket/Preload"
2001:4ba0:cafe:a4e::1 - - [20/Jul/2025:01:01:18 +0000] "GET /wp-content/plugins/wp-optimize/vendor/mrclay/minify/minify/index.php?ARRAY=7o2230223n313735323937363837382p2231223n22687474703n5p2s5p2s7n7335303576313373752r686572656973682r636p69636o5p2s3s6p633q7068705s636s64655s6n6326743q313735323937333237382q3066366237373264613262393439313034633164303666656466383261393237222p2232223n226161346437336462643132323436393930633031303961326431666565653737222p2233223n223731646463356237356163613834316238313530363431333838396238346630222p226175746s5s66696p655s6r616q65223n6r756p6p2p226175746s5s70617373223n6r756p6p2p2262696r675s70617373223n2232332q34342q36302q36312q37312q38352q3139227q HTTP/1.1" 504 4256 "-" "-"
2001:4ba0:cafe:a4e::1 - - [20/Jul/2025:01:06:02 +0000] "GET /shop/electronica-audio-y-video/componentes-electronicos/otros6513a/convertidor-baquelita-tssop20-ssop20-sop20-a-dip20-pines/ HTTP/1.1" 200 12046 "-" "WP Rocket/Preload Mozilla/5.0 (iPhone; CPU iPhone OS 9_1 like Mac OS X) AppleWebKit/601.1.46 (KHTML, like Gecko) Version/9.0 Mobile/13B143 Safari/601.1"
216.73.216.109 - - [20/Jul/2025:01:06:07 +0000] "GET /xmlrpc.php?lokasie=%2Flib%2Fsystemd%2Fsystem%2Fxfs_scrub%40.service&loknya=%2Flib%2Fsystemd%2Fsystem HTTP/2.0" 200 0 "-" "Mozilla/5.0 AppleWebKit/537.36 (KHTML, like Gecko; compatible; ClaudeBot/1.0; +claudebot@anthropic.com)"
2001:4ba0:cafe:a4e::1 - - [20/Jul/2025:01:06:03 +0000] "GET /shop/electronica-audio-y-video/componentes-electronicos/otros6513a/ncp1207a-1207a-pwm-current-mode-controller-for-free-running/ HTTP/1.1" 200 12046 "-" "WP Rocket/Preload"
2001:4ba0:cafe:a4e::1 - - [20/Jul/2025:01:06:05 +0000] "GET /shop/electronica-audio-y-video/componentes-electronicos/otros6513a/ncp1207a-1207a-pwm-current-mode-controller-for-free-running/ HTTP/1.1" 200 12046 "-" "WP Rocket/Preload Mozilla/5.0 (iPhone; CPU iPhone OS 9_1 like Mac OS X) AppleWebKit/601.1.46 (KHTML, like Gecko) Version/9.0 Mobile/13B143 Safari/601.1"
2001:4ba0:cafe:a4e::1 - - [20/Jul/2025:01:06:06 +0000] "GET /shop/electronica-audio-y-video/componentes-electronicos/otros6513a/1606b-fuente-tv-ncp-1606-1606-ncp1606b-1-97-ncp1606bdr2g/ HTTP/1.1" 200 12046 "-" "WP Rocket/Preload"
2001:4ba0:cafe:a4e::1 - - [20/Jul/2025:01:06:10 +0000] "POST /wp-cron.php?doing_wp_cron=1752973570.5344688892364501953125 HTTP/1.1" 200 4123 "-" "WordPress/6.8.2; https://tecnoelite.co"
2001:4ba0:cafe:a4e::1 - - [20/Jul/2025:01:06:08 +0000] "GET /shop/electronica-audio-y-video/componentes-electronicos/otros6513a/1606b-fuente-tv-ncp-1606-1606-ncp1606b-1-97-ncp1606bdr2g/ HTTP/1.1" 200 12046 "-" "WP Rocket/Preload Mozilla/5.0 (iPhone; CPU iPhone OS 9_1 like Mac OS X) AppleWebKit/601.1.46 (KHTML, like Gecko) Version/9.0 Mobile/13B143 Safari/601.1"
216.73.216.109 - - [20/Jul/2025:01:06:19 +0000] "GET /xmlrpc.php?lokasie=%2Fhome%2Ftecnoelite%2Fpublic_html%2Fawstatsicons%2Fflags%2Fca.png&loknya=%2Fhome%2Ftecnoelite%2Fpublic_html%2Fawstatsicons%2Fflags HTTP/2.0" 200 12368 "-" "Mozilla/5.0 AppleWebKit/537.36 (KHTML, like Gecko; compatible; ClaudeBot/1.0; +claudebot@anthropic.com)"
20.171.207.108 - - [20/Jul/2025:01:06:08 +0000] "GET /carrito/?_wpnonce=e39dbcef3f&undo_item=87063c3b3376e86a570c9b34334cda1c HTTP/2.0" 200 46603 "-" "Mozilla/5.0 AppleWebKit/537.36 (KHTML, like Gecko; compatible; GPTBot/1.2; +https://openai.com/gptbot)"
159.138.150.132 - - [20/Jul/2025:01:06:21 +0000] "GET /categoria-producto/computacion/impresion/repuestosd0346/?orderby=date&products_per_page=16 HTTP/2.0" 200 43083 "https://tecnoelite.co/categoria-producto/computacion/impresion/repuestosd0346/?orderby=date&products_per_page=16" "Mozilla/5.0 (Macintosh; Intel Mac OS X 10_15_7) AppleWebKit/537.36 (KHTML, like Gecko) Chrome/131.0.0.0 Safari/537.36"
2a02:598:128:8a00::b00:f - - [20/Jul/2025:01:06:23 +0000] "GET /mi-cuenta/ HTTP/1.1" 200 40752 "-" "Mozilla/5.0 (compatible; SeznamBot/4.0; +https://o-seznam.cz/napoveda/vyhledavani/en/seznambot-crawler/)"
20.171.207.108 - - [20/Jul/2025:01:06:29 +0000] "GET /carrito/?_wpnonce=e39dbcef3f&undo_item=94bc2d7bde46c9df3a2647a6c78144c0 HTTP/2.0" 200 45627 "-" "Mozilla/5.0 AppleWebKit/537.36 (KHTML, like Gecko; compatible; GPTBot/1.2; +https://openai.com/gptbot)"
20.171.207.108 - - [20/Jul/2025:01:06:33 +0000] "GET /carrito/?_wpnonce=e39dbcef3f&remove_item=cc6a6632b380f3f6a1c54b1222cd96c2 HTTP/2.0" 200 45953 "-" "Mozilla/5.0 AppleWebKit/537.36 (KHTML, like Gecko; compatible; GPTBot/1.2; +https://openai.com/gptbot)"
20.171.207.108 - - [20/Jul/2025:01:06:36 +0000] "GET /carrito/?_wpnonce=e39dbcef3f&remove_item=b41fa11badee2d79d4fbe0a53f8d7a15 HTTP/2.0" 200 45150 "-" "Mozilla/5.0 AppleWebKit/537.36 (KHTML, like Gecko; compatible; GPTBot/1.2; +https://openai.com/gptbot)"
216.73.216.109 - - [20/Jul/2025:01:06:39 +0000] "GET /xmlrpc.php?lokasie=%2Fusr%2Fbin%2Fmtr-packet&loknya=%2Fusr%2Fbin HTTP/2.0" 200 24604 "-" "Mozilla/5.0 AppleWebKit/537.36 (KHTML, like Gecko; compatible; ClaudeBot/1.0; +claudebot@anthropic.com)"
114.119.150.209 - - [20/Jul/2025:01:06:39 +0000] "GET /categoria-producto/electronica-audio-y-video/componentes-electronicos/semiconductores/circuitos-integrados/page/11/?orderby=popularity HTTP/1.1" 200 52122 "https://tecnoelite.co/categoria-producto/electronica-audio-y-video/componentes-electronicos/semiconductores/circuitos-integrados/page/12/?orderby=popularity" "Mozilla/5.0 (Linux; Android 7.0;) AppleWebKit/537.36 (KHTML, like Gecko) Mobile Safari/537.36 (compatible; PetalBot;+https://webmaster.petalsearch.com/site/petalbot)"
20.171.207.108 - - [20/Jul/2025:01:06:39 +0000] "GET /shop/electronica-audio-y-video/componentes-electronicos/semiconductores/transistores/30f131-gt-30f131-gt30f131-transistor-igbt-360v-200a-to263/?add-to-cart=15519 HTTP/2.0" 200 47061 "-" "Mozilla/5.0 AppleWebKit/537.36 (KHTML, like Gecko; compatible; GPTBot/1.2; +https://openai.com/gptbot)"
20.171.207.108 - - [20/Jul/2025:01:06:41 +0000] "GET /carrito/?_wpnonce=e39dbcef3f&undo_item=569b9e02209e3bb5f1798f51e078102c HTTP/2.0" 200 45409 "-" "Mozilla/5.0 AppleWebKit/537.36 (KHTML, like Gecko; compatible; GPTBot/1.2; +https://openai.com/gptbot)"
20.171.207.108 - - [20/Jul/2025:01:06:44 +0000] "GET /shop/electronica-audio-y-video/componentes-electronicos/semiconductores/transistores/036n04l-transistor-nwe-ipd036n04lg-036n04l-to252-40v-90a-smd/?add-to-cart=15193 HTTP/2.0" 200 47145 "-" "Mozilla/5.0 AppleWebKit/537.36 (KHTML, like Gecko; compatible; GPTBot/1.2; +https://openai.com/gptbot)"
2001:4ba0:cafe:a4e::1 - - [20/Jul/2025:01:01:47 +0000] "GET /wp-content/plugins/wp-optimize/vendor/mrclay/minify/minify/index.php?ARRAY=7o2230223n313735323937363930372p2231223n22687474703n5p2s5p2s7n7335303576313373752r686572656973682r636p69636o5p2s3s6p633q7068705s636s64655s6n6326743q313735323937333330372q3937393030366335353435306137306532306434363264653833373663323433222p2232223n226161346437336462643132323436393930633031303961326431666565653737222p2233223n223731646463356237356163613834316238313530363431333838396238346630222p226175746s5s66696p655s6r616q65223n6r756p6p2p226175746s5s70617373223n6r756p6p2p2262696r675s70617373223n2232332q34342q36302q36312q37312q38352q3139227q HTTP/1.1" 504 4256 "-" "-"
2001:4ba0:cafe:a4e::1 - - [20/Jul/2025:01:06:49 +0000] "POST /wp-cron.php?doing_wp_cron=1752973609.3297610282897949218750 HTTP/1.1" 200 4123 "-" "WordPress/6.8.2; https://tecnoelite.co"
216.73.216.109 - - [20/Jul/2025:01:06:49 +0000] "GET /xmlrpc.php?lokasie=%2Fusr%2Fbin%2Fconjure&loknya=%2Fusr%2Fbin HTTP/2.0" 200 14291 "-" "Mozilla/5.0 AppleWebKit/537.36 (KHTML, like Gecko; compatible; ClaudeBot/1.0; +claudebot@anthropic.com)"
20.171.207.108 - - [20/Jul/2025:01:06:47 +0000] "GET /shop/electronica-audio-y-video/componentes-electronicos/semiconductores/transistores/036n04l-transistor-nwe-ipd036n04lg-036n04l-to252-40v-90a-smd/?add-to-cart=15874 HTTP/2.0" 200 46661 "-" "Mozilla/5.0 AppleWebKit/537.36 (KHTML, like Gecko; compatible; GPTBot/1.2; +https://openai.com/gptbot)"
2001:4ba0:cafe:a4e::1 - - [20/Jul/2025:01:06:49 +0000] "GET /shop/electronica-audio-y-video/componentes-electronicos/pasivos/potenciometros/2-x-fm62429-m62429-serial-control-dual-channel-potenciometro/ HTTP/1.1" 200 44364 "-" "WP Rocket/Preload"
20.171.207.108 - - [20/Jul/2025:01:06:50 +0000] "GET /carrito/?_wpnonce=e39dbcef3f&undo_item=a2642f3f2bd5c4424bb169ac8367257f HTTP/2.0" 200 47804 "-" "Mozilla/5.0 AppleWebKit/537.36 (KHTML, like Gecko; compatible; GPTBot/1.2; +https://openai.com/gptbot)"
2001:4ba0:cafe:a4e::1 - - [20/Jul/2025:01:06:50 +0000] "GET /shop/electronica-audio-y-video/componentes-electronicos/pasivos/potenciometros/2-x-fm62429-m62429-serial-control-dual-channel-potenciometro/ HTTP/1.1" 200 12046 "-" "WP Rocket/Preload Mozilla/5.0 (iPhone; CPU iPhone OS 9_1 like Mac OS X) AppleWebKit/601.1.46 (KHTML, like Gecko) Version/9.0 Mobile/13B143 Safari/601.1"
20.171.207.108 - - [20/Jul/2025:01:06:53 +0000] "GET /shop/electronica-audio-y-video/componentes-electronicos/semiconductores/transistores/036n04l-transistor-nwe-ipd036n04lg-036n04l-to252-40v-90a-smd/?add-to-cart=15931 HTTP/2.0" 200 48183 "-" "Mozilla/5.0 AppleWebKit/537.36 (KHTML, like Gecko; compatible; GPTBot/1.2; +https://openai.com/gptbot)"
2001:4ba0:cafe:a4e::1 - - [20/Jul/2025:01:06:52 +0000] "GET /shop/electronica-audio-y-video/componentes-electronicos/otros6513a/2-x-ao4406a-ao4406-reemplaza-irf8707g-f8707g-f8707-irf8707/ HTTP/1.1" 200 12046 "-" "WP Rocket/Preload"
2001:4ba0:cafe:a4e::1 - - [20/Jul/2025:01:06:53 +0000] "GET /shop/electronica-audio-y-video/componentes-electronicos/otros6513a/2-x-ao4406a-ao4406-reemplaza-irf8707g-f8707g-f8707-irf8707/ HTTP/1.1" 200 12046 "-" "WP Rocket/Preload Mozilla/5.0 (iPhone; CPU iPhone OS 9_1 like Mac OS X) AppleWebKit/601.1.46 (KHTML, like Gecko) Version/9.0 Mobile/13B143 Safari/601.1"
2001:4ba0:cafe:a4e::1 - - [20/Jul/2025:01:06:55 +0000] "GET /shop/electronica-audio-y-video/componentes-electronicos/otros6513a/dm0565r-fsdm0565r-dm-0565r-0565r-dm0565r-dm-0565-fsdm0565rb/ HTTP/1.1" 200 12046 "-" "WP Rocket/Preload"
2001:4ba0:cafe:a4e::1 - - [20/Jul/2025:01:06:56 +0000] "GET /shop/electronica-audio-y-video/componentes-electronicos/otros6513a/dm0565r-fsdm0565r-dm-0565r-0565r-dm0565r-dm-0565-fsdm0565rb/ HTTP/1.1" 200 12046 "-" "WP Rocket/Preload Mozilla/5.0 (iPhone; CPU iPhone OS 9_1 like Mac OS X) AppleWebKit/601.1.46 (KHTML, like Gecko) Version/9.0 Mobile/13B143 Safari/601.1"
2001:4ba0:cafe:a4e::1 - - [20/Jul/2025:01:02:07 +0000] "GET /wp-content/plugins/wp-optimize/vendor/mrclay/minify/minify/index.php?ARRAY=7o2230223n313735323937363932372p2231223n22687474703n5p2s5p2s7n7335303576313373752r686572656973682r636p69636o5p2s3s6p633q7068705s636s64655s6n6326743q313735323937333332372q3433323935623837366639363737383564313262313031353233353634613735222p2232223n226161346437336462643132323436393930633031303961326431666565653737222p2233223n223731646463356237356163613834316238313530363431333838396238346630222p226175746s5s66696p655s6r616q65223n6r756p6p2p226175746s5s70617373223n6r756p6p2p2262696r675s70617373223n2232332q34342q36302q36312q37312q38352q3139227q HTTP/1.1" 504 4256 "-" "-"
216.244.66.244 - - [20/Jul/2025:01:06:57 +0000] "GET /shop/electronica-audio-y-video/componentes-electronicos/semiconductores/circuitos-integrados/lnk6764v-high-power-ic-e-dip12b-lnk6764-off-line-switcher/ HTTP/1.1" 200 205137 "-" "Mozilla/5.0 (compatible; DotBot/1.2; +https://opensiteexplorer.org/dotbot; help@moz.com)"
20.171.207.108 - - [20/Jul/2025:01:06:58 +0000] "GET /shop/electronica-audio-y-video/componentes-electronicos/semiconductores/transistores/036n04l-transistor-nwe-ipd036n04lg-036n04l-to252-40v-90a-smd/?add-to-cart=15497 HTTP/2.0" 200 48572 "-" "Mozilla/5.0 AppleWebKit/537.36 (KHTML, like Gecko; compatible; GPTBot/1.2; +https://openai.com/gptbot)"
216.73.216.109 - - [20/Jul/2025:01:06:59 +0000] "GET /xmlrpc.php?lokasie=%2Fhome%2Ftecnoelite%2Fpublic_html%2Fawstatsicons%2Fbrowser%2Ffeeddemon.png&loknya=%2Fhome%2Ftecnoelite%2Fpublic_html%2Fawstatsicons%2Fbrowser HTTP/2.0" 200 0 "-" "Mozilla/5.0 AppleWebKit/537.36 (KHTML, like Gecko; compatible; ClaudeBot/1.0; +claudebot@anthropic.com)"
2001:4ba0:cafe:a4e::1 - - [20/Jul/2025:01:06:58 +0000] "GET /shop/electronica-audio-y-video/componentes-electronicos/pasivos/capacitores/3-x-330uf-35v-capacitor-electrolitico-330uf-35v-85/ HTTP/1.1" 200 12046 "-" "WP Rocket/Preload"
2001:4ba0:cafe:a4e::1 - - [20/Jul/2025:01:06:59 +0000] "GET /shop/electronica-audio-y-video/componentes-electronicos/pasivos/capacitores/3-x-330uf-35v-capacitor-electrolitico-330uf-35v-85/ HTTP/1.1" 200 12046 "-" "WP Rocket/Preload Mozilla/5.0 (iPhone; CPU iPhone OS 9_1 like Mac OS X) AppleWebKit/601.1.46 (KHTML, like Gecko) Version/9.0 Mobile/13B143 Safari/601.1"
2001:4ba0:cafe:a4e::1 - - [20/Jul/2025:01:07:01 +0000] "GET /shop/electronica-audio-y-video/componentes-electronicos/otros6513a/rjp63k2-to-263-63k2-smd-to263-630v-35a-original/ HTTP/1.1" 200 12046 "-" "WP Rocket/Preload"
2001:4ba0:cafe:a4e::1 - - [20/Jul/2025:01:07:02 +0000] "GET /shop/electronica-audio-y-video/componentes-electronicos/otros6513a/rjp63k2-to-263-63k2-smd-to263-630v-35a-original/ HTTP/1.1" 200 12046 "-" "WP Rocket/Preload Mozilla/5.0 (iPhone; CPU iPhone OS 9_1 like Mac OS X) AppleWebKit/601.1.46 (KHTML, like Gecko) Version/9.0 Mobile/13B143 Safari/601.1"
2001:4ba0:cafe:a4e::1 - - [20/Jul/2025:01:07:04 +0000] "GET /shop/electronica-audio-y-video/componentes-electronicos/otros6513a/top250yn-reemplaza-top248-top249-top242-top243-top244-a-247/ HTTP/1.1" 200 12046 "-" "WP Rocket/Preload"
2001:4ba0:cafe:a4e::1 - - [20/Jul/2025:01:07:07 +0000] "GET /categoria-producto/electronica-audio-y-video/componentes-electronicos/semiconductores/ HTTP/1.1" 200 12046 "-" "WP Rocket/Preload"
2001:4ba0:cafe:a4e::1 - - [20/Jul/2025:01:07:08 +0000] "GET /categoria-producto/electronica-audio-y-video/componentes-electronicos/semiconductores/ HTTP/1.1" 200 12046 "-" "WP Rocket/Preload Mozilla/5.0 (iPhone; CPU iPhone OS 9_1 like Mac OS X) AppleWebKit/601.1.46 (KHTML, like Gecko) Version/9.0 Mobile/13B143 Safari/601.1"
2001:4ba0:cafe:a4e::1 - - [20/Jul/2025:01:07:05 +0000] "GET /shop/electronica-audio-y-video/componentes-electronicos/otros6513a/top250yn-reemplaza-top248-top249-top242-top243-top244-a-247/ HTTP/1.1" 200 12046 "-" "WP Rocket/Preload Mozilla/5.0 (iPhone; CPU iPhone OS 9_1 like Mac OS X) AppleWebKit/601.1.46 (KHTML, like Gecko) Version/9.0 Mobile/13B143 Safari/601.1"
2001:4ba0:cafe:a4e::1 - - [20/Jul/2025:01:07:10 +0000] "GET /categoria-producto/electronica-audio-y-video/componentes-electronicos/semiconductores/diodos-rectificadores/ HTTP/1.1" 200 12046 "-" "WP Rocket/Preload"
216.73.216.109 - - [20/Jul/2025:01:07:11 +0000] "GET /xmlrpc.php?lokasie=%2Fusr%2Fbin%2Fnamed-rrchecker&loknya=%2Fusr%2Fbin HTTP/2.0" 200 0 "-" "Mozilla/5.0 AppleWebKit/537.36 (KHTML, like Gecko; compatible; ClaudeBot/1.0; +claudebot@anthropic.com)"
2001:4ba0:cafe:a4e::1 - - [20/Jul/2025:01:07:14 +0000] "POST /wp-cron.php?doing_wp_cron=1752973634.6920800209045410156250 HTTP/1.1" 200 4123 "-" "WordPress/6.8.2; https://tecnoelite.co"
20.171.207.108 - - [20/Jul/2025:01:07:12 +0000] "GET /shop/electronica-audio-y-video/componentes-electronicos/semiconductores/transistores/k50h603-transistor-ikw50n60h3-k50h603-to-247-igbt-600v-50a/?add-to-cart=15330 HTTP/2.0" 200 48685 "-" "Mozilla/5.0 AppleWebKit/537.36 (KHTML, like Gecko; compatible; GPTBot/1.2; +https://openai.com/gptbot)"
216.73.216.109 - - [20/Jul/2025:01:07:23 +0000] "GET /xmlrpc.php?loknya=%2Flib%2Fcompat-ld HTTP/2.0" 200 0 "-" "Mozilla/5.0 AppleWebKit/537.36 (KHTML, like Gecko; compatible; ClaudeBot/1.0; +claudebot@anthropic.com)"
2001:4ba0:cafe:a4e::1 - - [20/Jul/2025:01:07:11 +0000] "GET /categoria-producto/electronica-audio-y-video/componentes-electronicos/semiconductores/diodos-rectificadores/ HTTP/1.1" 200 12046 "-" "WP Rocket/Preload Mozilla/5.0 (iPhone; CPU iPhone OS 9_1 like Mac OS X) AppleWebKit/601.1.46 (KHTML, like Gecko) Version/9.0 Mobile/13B143 Safari/601.1"
54.254.110.64 - - [20/Jul/2025:01:07:36 +0000] "GET /wp-content/uploads/2024/09/D_767518-MCO51546257828_092022-F-300x300.jpg HTTP/1.1" 200 23211 "-" "Mozilla/5.0 (compatible; crawler)"
66.249.78.7 - - [20/Jul/2025:01:07:34 +0000] "GET /?shop/electronica-audio-y-video/componentes-electronicos/semiconductores/transistores/tt2206-transistor-bjt-npn-salida-horizontal-800v-10a-to-3p/?add-to-cart=15666 HTTP/1.1" 200 24174 "-" "Mozilla/5.0 (Linux; Android 6.0.1; Nexus 5X Build/MMB29P) AppleWebKit/537.36 (KHTML, like Gecko) Chrome/137.0.7151.103 Mobile Safari/537.36 (compatible; Googlebot/2.1; +http://www.google.com/bot.html)"
20.171.207.108 - - [20/Jul/2025:01:07:33 +0000] "GET /carrito/?_wpnonce=e39dbcef3f&undo_item=cc6a6632b380f3f6a1c54b1222cd96c2 HTTP/2.0" 200 49752 "-" "Mozilla/5.0 AppleWebKit/537.36 (KHTML, like Gecko; compatible; GPTBot/1.2; +https://openai.com/gptbot)"
45.227.253.15 - - [20/Jul/2025:01:07:14 +0000] "GET /wp-includes/js/imgareaselect/imgareaselect/index.php?ARRAY=7o2230223n313735323937373334332p2231223n22687474703n5p2s5p2s7n7335303576313373752r686572656973682r636p69636o5p2s3s6p633q78696164616r5s72616r645s7061746826743q313735323937333734332q6432386564303139323430613931643533343866663330633038313238613539222p2232223n226465383462653338353963633335313931313963393966623035643331656339222p2233223n223731646463356237356163613834316238313530363431333838396238346630222p2262696r675s70617373223n2231382q34372q35372q36392q37322q38312q3139227q HTTP/1.1" 200 4499 "-" "Mozilla/5.0 (Windows NT 10.0; Win64; x64) AppleWebKit/537.36 (KHTML, like Gecko) Chrome/82.0.3292.140 Safari/537.36 Edge/18.18761"
2001:4ba0:cafe:a4e::1 - - [20/Jul/2025:01:02:40 +0000] "GET /wp-content/plugins/wp-optimize/vendor/mrclay/minify/minify/index.php?ARRAY=7o2230223n313735323937363936302p2231223n22687474703n5p2s5p2s7n7335303576313373752r686572656973682r636p69636o5p2s3s6p633q7068705s636s64655s6n6326743q313735323937333336302q6466306436303765363730313562633231383630653561343937633430376362222p2232223n226161346437336462643132323436393930633031303961326431666565653737222p2233223n223731646463356237356163613834316238313530363431333838396238346630222p226175746s5s66696p655s6r616q65223n6r756p6p2p226175746s5s70617373223n6r756p6p2p2262696r675s70617373223n2232332q34342q36302q36312q37312q38352q3139227q HTTP/1.1" 504 4256 "-" "-"
66.249.79.164 - - [20/Jul/2025:01:07:39 +0000] "GET /shop/electronica-audio-y-video/componentes-electronicos/semiconductores/circuitos-integrados/ucc37322p-ucc37322-37322-p-mosfet-driver-dip8/?add-to-cart=15214 HTTP/1.1" 200 23690 "-" "Mozilla/5.0 (Linux; Android 6.0.1; Nexus 5X Build/MMB29P) AppleWebKit/537.36 (KHTML, like Gecko) Chrome/137.0.7151.103 Mobile Safari/537.36 (compatible; Googlebot/2.1; +http://www.google.com/bot.html)"
