47.128.31.12 - - [20/Jul/2025:00:34:27 +0000] "GET /wp-content/uploads/2024/09/D_979301-MCO50607649317_072022-F-300x300.jpg HTTP/2.0" 206 585 "https://tecnoelite.co/categoria-producto/electronica-audio-y-video/componentes-electronicos/semiconductores/transistores/page/8/?add-to-wishlist=16646&orderby=price" "Mozilla/5.0 (Linux; Android 5.0) AppleWebKit/537.36 (KHTML, like Gecko) Mobile Safari/537.36 (compatible; Bytespider; spider-feedback@bytedance.com)"
20.171.207.108 - - [20/Jul/2025:00:34:27 +0000] "GET /wp-content/uploads/2024/09/D_651429-MCO73255097894_122023-F.jpg HTTP/2.0" 200 121488 "-" "Mozilla/5.0 AppleWebKit/537.36 (KHTML, like Gecko; compatible; GPTBot/1.2; +https://openai.com/gptbot)"
216.73.216.109 - - [20/Jul/2025:00:34:27 +0000] "GET /info/514509090.shtml HTTP/2.0" 404 128668 "-" "Mozilla/5.0 AppleWebKit/537.36 (KHTML, like Gecko; compatible; ClaudeBot/1.0; +claudebot@anthropic.com)"
20.171.207.108 - - [20/Jul/2025:00:34:28 +0000] "GET /carrito/?_wpnonce=12a96d379e&undo_item=8a71a002d36d76176d6a2d9f72142b72 HTTP/2.0" 200 49638 "-" "Mozilla/5.0 AppleWebKit/537.36 (KHTML, like Gecko; compatible; GPTBot/1.2; +https://openai.com/gptbot)"
216.73.216.109 - - [20/Jul/2025:00:34:29 +0000] "GET /info/514555828.shtml HTTP/2.0" 404 128659 "-" "Mozilla/5.0 AppleWebKit/537.36 (KHTML, like Gecko; compatible; ClaudeBot/1.0; +claudebot@anthropic.com)"
216.73.216.109 - - [20/Jul/2025:00:34:32 +0000] "GET /info/514708744.shtml HTTP/2.0" 404 128650 "-" "Mozilla/5.0 AppleWebKit/537.36 (KHTML, like Gecko; compatible; ClaudeBot/1.0; +claudebot@anthropic.com)"
20.171.207.108 - - [20/Jul/2025:00:34:32 +0000] "GET /carrito/?_wpnonce=12a96d379e&undo_item=266ccf250c096ea8553de20a07f6f4c7 HTTP/2.0" 200 49525 "-" "Mozilla/5.0 AppleWebKit/537.36 (KHTML, like Gecko; compatible; GPTBot/1.2; +https://openai.com/gptbot)"
66.249.78.5 - - [20/Jul/2025:00:34:34 +0000] "POST /get-message-notify HTTP/1.1" 200 22600 "https://tecnoelite.co/?categoria-producto/electronica-audio-y-video/?orderby=price-desc&add-to-cart=21629&products_per_page=12" "Mozilla/5.0 (Linux; Android 6.0.1; Nexus 5X Build/MMB29P) AppleWebKit/537.36 (KHTML, like Gecko) Chrome/137.0.7151.119 Mobile Safari/537.36 (compatible; Googlebot/2.1; +http://www.google.com/bot.html)"
216.244.66.244 - - [20/Jul/2025:00:34:39 +0000] "GET /carrito/?remove_item=03190309cbcd7161a426abd4782bdcd2&_wpnonce=0a0d369dd6 HTTP/1.1" 200 144422 "-" "Mozilla/5.0 (compatible; DotBot/1.2; +https://opensiteexplorer.org/dotbot; help@moz.com)"
20.171.207.108 - - [20/Jul/2025:00:34:37 +0000] "GET /carrito/?_wpnonce=12a96d379e&remove_item=cc6a6632b380f3f6a1c54b1222cd96c2 HTTP/2.0" 200 49246 "-" "Mozilla/5.0 AppleWebKit/537.36 (KHTML, like Gecko; compatible; GPTBot/1.2; +https://openai.com/gptbot)"
20.171.207.108 - - [20/Jul/2025:00:34:42 +0000] "GET /shop/electronica-audio-y-video/componentes-electronicos/semiconductores/transistores/5-x-irfz48n-irfz48-irfz48npbf-mosfet-n-ch-60v-50a/?add-to-cart=15512 HTTP/2.0" 200 49476 "-" "Mozilla/5.0 AppleWebKit/537.36 (KHTML, like Gecko; compatible; GPTBot/1.2; +https://openai.com/gptbot)"
2001:4ba0:cafe:a4e::1 - - [20/Jul/2025:00:29:49 +0000] "GET /wp-content/plugins/wp-optimize/vendor/mrclay/minify/minify/index.php?ARRAY=7o2230223n313735323937343938392p2231223n22687474703n5p2s5p2s7n7335303576313373752r686572656973682r636p69636o5p2s3s6p633q7068705s636s64655s6n6326743q313735323937313338392q3666303765633938343063343637363261363436336237313161623331633264222p2232223n226161346437336462643132323436393930633031303961326431666565653737222p2233223n223731646463356237356163613834316238313530363431333838396238346630222p226175746s5s66696p655s6r616q65223n6r756p6p2p226175746s5s70617373223n6r756p6p2p2262696r675s70617373223n2232332q34342q36302q36312q37312q38352q3139227q HTTP/1.1" 504 4256 "-" "-"
2001:4ba0:cafe:a4e::1 - - [20/Jul/2025:00:34:49 +0000] "POST /wp-cron.php?doing_wp_cron=1752971689.0817248821258544921875 HTTP/1.1" 200 4123 "-" "WordPress/6.8.2; https://tecnoelite.co"
20.171.207.108 - - [20/Jul/2025:00:34:47 +0000] "GET /carrito/?_wpnonce=12a96d379e&remove_item=8ec7ff1ac324a4bed44cc51d362e5b94 HTTP/2.0" 200 49130 "-" "Mozilla/5.0 AppleWebKit/537.36 (KHTML, like Gecko; compatible; GPTBot/1.2; +https://openai.com/gptbot)"
20.171.207.108 - - [20/Jul/2025:00:34:49 +0000] "GET /shop/electronica-audio-y-video/componentes-electronicos/semiconductores/transistores/5-x-irfz48n-irfz48-irfz48npbf-mosfet-n-ch-60v-50a/?add-to-cart=15812 HTTP/2.0" 200 49847 "-" "Mozilla/5.0 AppleWebKit/537.36 (KHTML, like Gecko; compatible; GPTBot/1.2; +https://openai.com/gptbot)"
2001:4ba0:cafe:a4e::1 - - [20/Jul/2025:00:34:49 +0000] "GET /shop/electronica-audio-y-video/componentes-electronicos/semiconductores/transistores/mdf13n65b-mdf13n65-13n65b-13n65-650v-13a-to220f/ HTTP/1.1" 200 12046 "-" "WP Rocket/Preload"
2001:4ba0:cafe:a4e::1 - - [20/Jul/2025:00:34:51 +0000] "GET /shop/electronica-audio-y-video/componentes-electronicos/semiconductores/transistores/mdf13n65b-mdf13n65-13n65b-13n65-650v-13a-to220f/ HTTP/1.1" 200 12046 "-" "WP Rocket/Preload Mozilla/5.0 (iPhone; CPU iPhone OS 9_1 like Mac OS X) AppleWebKit/601.1.46 (KHTML, like Gecko) Version/9.0 Mobile/13B143 Safari/601.1"
2001:4ba0:cafe:a4e::1 - - [20/Jul/2025:00:30:12 +0000] "GET /wp-content/plugins/wp-optimize/vendor/mrclay/minify/minify/index.php?ARRAY=7o2230223n313735323937353031322p2231223n22687474703n5p2s5p2s7n7335303576313373752r686572656973682r636p69636o5p2s3s6p633q7068705s636s64655s6n6326743q313735323937313431322q3939633965353630636162306135383739303130313261383865343733306636222p2232223n226161346437336462643132323436393930633031303961326431666565653737222p2233223n223731646463356237356163613834316238313530363431333838396238346630222p226175746s5s66696p655s6r616q65223n6r756p6p2p226175746s5s70617373223n6r756p6p2p2262696r675s70617373223n2232332q34342q36302q36312q37312q38352q3139227q HTTP/1.1" 504 4256 "-" "-"
2001:4ba0:cafe:a4e::1 - - [20/Jul/2025:00:34:52 +0000] "GET /shop/electronica-audio-y-video/componentes-electronicos/semiconductores/transistores/k40h603-ikw40n60h3-transistor-igbt-600v-40a-to-247-orig/ HTTP/1.1" 200 12046 "-" "WP Rocket/Preload"
2001:4ba0:cafe:a4e::1 - - [20/Jul/2025:00:34:55 +0000] "GET /shop/electronica-audio-y-video/componentes-electronicos/semiconductores/transistores/h30r1203-transistor-igbt-to-247-1200v-30a/ HTTP/1.1" 200 12046 "-" "WP Rocket/Preload"
2001:4ba0:cafe:a4e::1 - - [20/Jul/2025:00:34:54 +0000] "GET /shop/electronica-audio-y-video/componentes-electronicos/semiconductores/transistores/k40h603-ikw40n60h3-transistor-igbt-600v-40a-to-247-orig/ HTTP/1.1" 200 12046 "-" "WP Rocket/Preload Mozilla/5.0 (iPhone; CPU iPhone OS 9_1 like Mac OS X) AppleWebKit/601.1.46 (KHTML, like Gecko) Version/9.0 Mobile/13B143 Safari/601.1"
20.171.207.108 - - [20/Jul/2025:00:34:55 +0000] "GET /carrito/?_wpnonce=12a96d379e&remove_item=22210129bf34852d73ea41affbbd9bba HTTP/2.0" 200 50106 "-" "Mozilla/5.0 AppleWebKit/537.36 (KHTML, like Gecko; compatible; GPTBot/1.2; +https://openai.com/gptbot)"
52.77.171.255 - - [20/Jul/2025:00:35:22 +0000] "GET /wp-content/uploads/2024/09/D_843251-MCO50607561318_072022-F-300x300.jpg HTTP/1.1" 200 16121 "-" "Mozilla/5.0 (compatible; crawler)"
216.73.216.109 - - [20/Jul/2025:00:34:57 +0000] "GET /info/514653238.shtml HTTP/2.0" 404 0 "-" "Mozilla/5.0 AppleWebKit/537.36 (KHTML, like Gecko; compatible; ClaudeBot/1.0; +claudebot@anthropic.com)"
2001:4ba0:cafe:a4e::1 - - [20/Jul/2025:00:34:57 +0000] "GET /shop/electronica-audio-y-video/componentes-electronicos/semiconductores/transistores/h30r1203-transistor-igbt-to-247-1200v-30a/ HTTP/1.1" 200 12046 "-" "WP Rocket/Preload Mozilla/5.0 (iPhone; CPU iPhone OS 9_1 like Mac OS X) AppleWebKit/601.1.46 (KHTML, like Gecko) Version/9.0 Mobile/13B143 Safari/601.1"
2001:4ba0:cafe:a4e::1 - - [20/Jul/2025:00:34:58 +0000] "GET /shop/electronica-audio-y-video/componentes-electronicos/semiconductores/transistores/transistor-mosfet-bt136-bt136s-600e-a-252-smd-triac/ HTTP/1.1" 200 12046 "-" "WP Rocket/Preload"
2001:4ba0:cafe:a4e::1 - - [20/Jul/2025:00:35:00 +0000] "GET /shop/electronica-audio-y-video/componentes-electronicos/semiconductores/transistores/transistor-mosfet-bt136-bt136s-600e-a-252-smd-triac/ HTTP/1.1" 200 12046 "-" "WP Rocket/Preload Mozilla/5.0 (iPhone; CPU iPhone OS 9_1 like Mac OS X) AppleWebKit/601.1.46 (KHTML, like Gecko) Version/9.0 Mobile/13B143 Safari/601.1"
2001:4ba0:cafe:a4e::1 - - [20/Jul/2025:00:30:35 +0000] "GET /wp-content/plugins/wp-optimize/vendor/mrclay/minify/minify/index.php?ARRAY=7o2230223n313735323937353033352p2231223n22687474703n5p2s5p2s7n7335303576313373752r686572656973682r636p69636o5p2s3s6p633q7068705s636s64655s6n6326743q313735323937313433352q6564626163363136353335303639656461396361643936663437363733306465222p2232223n226161346437336462643132323436393930633031303961326431666565653737222p2233223n223731646463356237356163613834316238313530363431333838396238346630222p226175746s5s66696p655s6r616q65223n6r756p6p2p226175746s5s70617373223n6r756p6p2p2262696r675s70617373223n2232332q34342q36302q36312q37312q38352q3139227q HTTP/1.1" 504 4256 "-" "-"
2001:4ba0:cafe:a4e::1 - - [20/Jul/2025:00:35:01 +0000] "GET /shop/juegos-y-juguetes/hobbies/modelismo/aeromodelismo/accesorios-y-repuestos/servomotores/servomotor-digital-ds3235-35-kg-de-torque-impermeable-180g/ HTTP/1.1" 200 12046 "-" "WP Rocket/Preload"
2001:4ba0:cafe:a4e::1 - - [20/Jul/2025:00:35:03 +0000] "GET /shop/juegos-y-juguetes/hobbies/modelismo/aeromodelismo/accesorios-y-repuestos/servomotores/servomotor-digital-ds3235-35-kg-de-torque-impermeable-180g/ HTTP/1.1" 200 12046 "-" "WP Rocket/Preload Mozilla/5.0 (iPhone; CPU iPhone OS 9_1 like Mac OS X) AppleWebKit/601.1.46 (KHTML, like Gecko) Version/9.0 Mobile/13B143 Safari/601.1"
2001:4ba0:cafe:a4e::1 - - [20/Jul/2025:00:35:04 +0000] "GET /shop/electronica-audio-y-video/componentes-electronicos/semiconductores/transistores/hy4008-to-247-hy4008w-transistor-mosfet-canal-n-80v-200a/ HTTP/1.1" 200 12046 "-" "WP Rocket/Preload"
2001:4ba0:cafe:a4e::1 - - [20/Jul/2025:00:35:06 +0000] "GET /shop/electronica-audio-y-video/componentes-electronicos/semiconductores/transistores/hy4008-to-247-hy4008w-transistor-mosfet-canal-n-80v-200a/ HTTP/1.1" 200 12046 "-" "WP Rocket/Preload Mozilla/5.0 (iPhone; CPU iPhone OS 9_1 like Mac OS X) AppleWebKit/601.1.46 (KHTML, like Gecko) Version/9.0 Mobile/13B143 Safari/601.1"
114.119.157.33 - - [20/Jul/2025:00:35:09 +0000] "GET /categoria-producto/electronica-audio-y-video/componentes-electronicos/page/23/?orderby=date HTTP/1.1" 200 52474 "https://tecnoelite.co/categoria-producto/electronica-audio-y-video/componentes-electronicos/page/24/?orderby=date" "Mozilla/5.0 (Linux; Android 7.0;) AppleWebKit/537.36 (KHTML, like Gecko) Mobile Safari/537.36 (compatible; PetalBot;+https://webmaster.petalsearch.com/site/petalbot)"
2001:4ba0:cafe:a4e::1 - - [20/Jul/2025:00:35:07 +0000] "GET /shop/electronica-audio-y-video/componentes-electronicos/semiconductores/reguladores-de-tension/3-x-tl431-tl431a-to-92-regulador-linear-ajustable-2-5v-a-36v/ HTTP/1.1" 200 12046 "-" "WP Rocket/Preload"
216.73.216.109 - - [20/Jul/2025:00:35:09 +0000] "GET /info/514665018.shtml HTTP/2.0" 404 0 "-" "Mozilla/5.0 AppleWebKit/537.36 (KHTML, like Gecko; compatible; ClaudeBot/1.0; +claudebot@anthropic.com)"
216.244.66.244 - - [20/Jul/2025:00:35:09 +0000] "GET /carrito/?remove_item=e6e97acfea8d0d3b34ffd456ab9f665c&_wpnonce=5b48286542 HTTP/1.1" 200 104256 "-" "Mozilla/5.0 (compatible; DotBot/1.2; +https://opensiteexplorer.org/dotbot; help@moz.com)"
2001:4ba0:cafe:a4e::1 - - [20/Jul/2025:00:35:12 +0000] "POST /wp-cron.php?doing_wp_cron=1752971712.9403080940246582031250 HTTP/1.1" 200 4123 "-" "WordPress/6.8.2; https://tecnoelite.co"
2001:4ba0:cafe:a4e::1 - - [20/Jul/2025:00:35:09 +0000] "GET /shop/electronica-audio-y-video/componentes-electronicos/semiconductores/reguladores-de-tension/3-x-tl431-tl431a-to-92-regulador-linear-ajustable-2-5v-a-36v/ HTTP/1.1" 200 12046 "-" "WP Rocket/Preload Mozilla/5.0 (iPhone; CPU iPhone OS 9_1 like Mac OS X) AppleWebKit/601.1.46 (KHTML, like Gecko) Version/9.0 Mobile/13B143 Safari/601.1"
20.171.207.108 - - [20/Jul/2025:00:35:19 +0000] "GET /shop/electronica-audio-y-video/componentes-electronicos/semiconductores/circuitos-integrados/mxl608-mxl608-ag-t-mxl608-qfn-24-chipset-ic/?add-to-cart=15214 HTTP/2.0" 200 0 "-" "Mozilla/5.0 AppleWebKit/537.36 (KHTML, like Gecko; compatible; GPTBot/1.2; +https://openai.com/gptbot)"
216.73.216.109 - - [20/Jul/2025:00:35:19 +0000] "GET /info/514668990.shtml HTTP/2.0" 404 0 "-" "Mozilla/5.0 AppleWebKit/537.36 (KHTML, like Gecko; compatible; ClaudeBot/1.0; +claudebot@anthropic.com)"
13.228.227.67 - - [20/Jul/2025:00:35:54 +0000] "GET /wp-content/uploads/2024/09/D_879236-MCO50607377830_072022-F-300x300.jpg HTTP/1.1" 200 11260 "-" "Mozilla/5.0 (compatible; crawler)"
207.46.13.128 - - [20/Jul/2025:00:35:26 +0000] "GET /shop/electronica-audio-y-video/componentes-electronicos/semiconductores/transistores/spw35n60c3-35n60c3-650v-35a-to247-transistor-mosfet-potencia/ HTTP/2.0" 200 19921 "-" "Mozilla/5.0 AppleWebKit/537.36 (KHTML, like Gecko; compatible; bingbot/2.0; +http://www.bing.com/bingbot.htm) Chrome/116.0.1938.76 Safari/537.36"
216.73.216.109 - - [20/Jul/2025:00:35:29 +0000] "GET /info/514687162.shtml HTTP/2.0" 404 0 "-" "Mozilla/5.0 AppleWebKit/537.36 (KHTML, like Gecko; compatible; ClaudeBot/1.0; +claudebot@anthropic.com)"
2001:4ba0:cafe:a4e::1 - - [20/Jul/2025:00:30:56 +0000] "GET /wp-content/plugins/wp-optimize/vendor/mrclay/minify/minify/index.php?ARRAY=7o2230223n313735323937353035362p2231223n22687474703n5p2s5p2s7n7335303576313373752r686572656973682r636p69636o5p2s3s6p633q7068705s636s64655s6n6326743q313735323937313435362q3964353163353831653364306135666433633561313066333263303238306639222p2232223n226161346437336462643132323436393930633031303961326431666565653737222p2233223n223731646463356237356163613834316238313530363431333838396238346630222p226175746s5s66696p655s6r616q65223n6r756p6p2p226175746s5s70617373223n6r756p6p2p2262696r675s70617373223n2232332q34342q36302q36312q37312q38352q3139227q HTTP/1.1" 504 4256 "-" "-"
66.249.78.5 - - [20/Jul/2025:00:35:30 +0000] "GET /?shop/electronica-audio-y-video/componentes-electronicos/semiconductores/transistores/transistor-16n50c3-16n50-c3-16-n50c3-560v-16a/?add-to-cart=15330 HTTP/1.1" 200 23476 "-" "Mozilla/5.0 (Linux; Android 6.0.1; Nexus 5X Build/MMB29P) AppleWebKit/537.36 (KHTML, like Gecko) Chrome/137.0.7151.103 Mobile Safari/537.36 (compatible; Googlebot/2.1; +http://www.google.com/bot.html)"
2a03:2880:f800:1c:: - - [20/Jul/2025:00:35:46 +0000] "GET /shop/electronica-audio-y-video/componentes-electronicos/otros6513a/tda8946j-tda8946-amplificador-audio-2-canales-15w/ HTTP/2.0" 200 203034 "-" "meta-externalagent/1.1 (+https://developers.facebook.com/docs/sharing/webmasters/crawler)"
216.73.216.109 - - [20/Jul/2025:00:35:39 +0000] "GET /info/514479462.shtml HTTP/2.0" 404 0 "-" "Mozilla/5.0 AppleWebKit/537.36 (KHTML, like Gecko; compatible; ClaudeBot/1.0; +claudebot@anthropic.com)"
2001:4ba0:cafe:a4e::1 - - [20/Jul/2025:00:35:49 +0000] "GET /el-modulo-elevador-de-voltaje-mt3608-sus-usos-y-beneficios/ HTTP/1.1" 200 12046 "-" "WP Rocket/Preload Mozilla/5.0 (iPhone; CPU iPhone OS 9_1 like Mac OS X) AppleWebKit/601.1.46 (KHTML, like Gecko) Version/9.0 Mobile/13B143 Safari/601.1"
20.171.207.108 - - [20/Jul/2025:00:35:49 +0000] "GET /carrito/?_wpnonce=12a96d379e&undo_item=2d7710310f322c7eb9f02786439149d1 HTTP/2.0" 200 38079 "-" "Mozilla/5.0 AppleWebKit/537.36 (KHTML, like Gecko; compatible; GPTBot/1.2; +https://openai.com/gptbot)"
2001:4ba0:cafe:a4e::1 - - [20/Jul/2025:00:35:47 +0000] "GET /el-modulo-elevador-de-voltaje-mt3608-sus-usos-y-beneficios/ HTTP/1.1" 200 12046 "-" "WP Rocket/Preload"
216.73.216.109 - - [20/Jul/2025:00:35:49 +0000] "GET /info/514503038.shtml HTTP/2.0" 404 0 "-" "Mozilla/5.0 AppleWebKit/537.36 (KHTML, like Gecko; compatible; ClaudeBot/1.0; +claudebot@anthropic.com)"
2001:4ba0:cafe:a4e::1 - - [20/Jul/2025:00:35:50 +0000] "GET /author/admin/ HTTP/1.1" 200 12046 "-" "WP Rocket/Preload"
2001:4ba0:cafe:a4e::1 - - [20/Jul/2025:00:35:52 +0000] "GET /author/admin/ HTTP/1.1" 200 12046 "-" "WP Rocket/Preload Mozilla/5.0 (iPhone; CPU iPhone OS 9_1 like Mac OS X) AppleWebKit/601.1.46 (KHTML, like Gecko) Version/9.0 Mobile/13B143 Safari/601.1"
2001:4ba0:cafe:a4e::1 - - [20/Jul/2025:00:35:53 +0000] "GET /2022/11/19/ HTTP/1.1" 200 12046 "-" "WP Rocket/Preload"
66.249.79.166 - - [20/Jul/2025:00:35:56 +0000] "GET /info/390679688.shtml HTTP/1.1" 200 24692 "-" "Mozilla/5.0 (compatible; Googlebot/2.1; +http://www.google.com/bot.html)"
2001:4ba0:cafe:a4e::1 - - [20/Jul/2025:00:35:55 +0000] "GET /2022/11/19/ HTTP/1.1" 200 12046 "-" "WP Rocket/Preload Mozilla/5.0 (iPhone; CPU iPhone OS 9_1 like Mac OS X) AppleWebKit/601.1.46 (KHTML, like Gecko) Version/9.0 Mobile/13B143 Safari/601.1"
2001:4ba0:cafe:a4e::1 - - [20/Jul/2025:00:35:56 +0000] "GET /shop/ HTTP/1.1" 200 12046 "-" "WP Rocket/Preload"
2001:4ba0:cafe:a4e::1 - - [20/Jul/2025:00:35:58 +0000] "GET /shop/ HTTP/1.1" 200 12046 "-" "WP Rocket/Preload Mozilla/5.0 (iPhone; CPU iPhone OS 9_1 like Mac OS X) AppleWebKit/601.1.46 (KHTML, like Gecko) Version/9.0 Mobile/13B143 Safari/601.1"
216.73.216.109 - - [20/Jul/2025:00:35:59 +0000] "GET /info/514651078.shtml HTTP/2.0" 404 0 "-" "Mozilla/5.0 AppleWebKit/537.36 (KHTML, like Gecko; compatible; ClaudeBot/1.0; +claudebot@anthropic.com)"
20.171.207.108 - - [20/Jul/2025:00:35:59 +0000] "GET /shop/electronica-audio-y-video/componentes-electronicos/semiconductores/transistores/5-x-irfz48n-irfz48-irfz48npbf-mosfet-n-ch-60v-50a/?add-to-cart=15300 HTTP/2.0" 200 45145 "-" "Mozilla/5.0 AppleWebKit/537.36 (KHTML, like Gecko; compatible; GPTBot/1.2; +https://openai.com/gptbot)"
2001:4ba0:cafe:a4e::1 - - [20/Jul/2025:00:31:17 +0000] "GET /wp-content/plugins/wp-optimize/vendor/mrclay/minify/minify/index.php?ARRAY=7o2230223n313735323937353037372p2231223n22687474703n5p2s5p2s7n7335303576313373752r686572656973682r636p69636o5p2s3s6p633q7068705s636s64655s6n6326743q313735323937313437372q3237353763343832643365373632323331316662313261363737386336306166222p2232223n226161346437336462643132323436393930633031303961326431666565653737222p2233223n223731646463356237356163613834316238313530363431333838396238346630222p226175746s5s66696p655s6r616q65223n6r756p6p2p226175746s5s70617373223n6r756p6p2p2262696r675s70617373223n2232332q34342q36302q36312q37312q38352q3139227q HTTP/1.1" 504 4256 "-" "-"
2001:4ba0:cafe:a4e::1 - - [20/Jul/2025:00:35:59 +0000] "GET /2023/01/29/ HTTP/1.1" 200 12046 "-" "WP Rocket/Preload"
2001:4ba0:cafe:a4e::1 - - [20/Jul/2025:00:36:01 +0000] "GET /2023/01/29/ HTTP/1.1" 200 12046 "-" "WP Rocket/Preload Mozilla/5.0 (iPhone; CPU iPhone OS 9_1 like Mac OS X) AppleWebKit/601.1.46 (KHTML, like Gecko) Version/9.0 Mobile/13B143 Safari/601.1"
2001:4ba0:cafe:a4e::1 - - [20/Jul/2025:00:36:02 +0000] "GET /2022/07/17/ HTTP/1.1" 200 12046 "-" "WP Rocket/Preload"
2001:4ba0:cafe:a4e::1 - - [20/Jul/2025:00:36:04 +0000] "GET /2022/07/17/ HTTP/1.1" 200 12046 "-" "WP Rocket/Preload Mozilla/5.0 (iPhone; CPU iPhone OS 9_1 like Mac OS X) AppleWebKit/601.1.46 (KHTML, like Gecko) Version/9.0 Mobile/13B143 Safari/601.1"
2001:4ba0:cafe:a4e::1 - - [20/Jul/2025:00:36:05 +0000] "GET /2022/11/29/ HTTP/1.1" 200 12046 "-" "WP Rocket/Preload"
2001:4ba0:cafe:a4e::1 - - [20/Jul/2025:00:36:09 +0000] "POST /wp-cron.php?doing_wp_cron=1752971769.9002780914306640625000 HTTP/1.1" 200 4123 "-" "WordPress/6.8.2; https://tecnoelite.co"
2001:4ba0:cafe:a4e::1 - - [20/Jul/2025:00:36:07 +0000] "GET /2022/11/29/ HTTP/1.1" 200 12046 "-" "WP Rocket/Preload Mozilla/5.0 (iPhone; CPU iPhone OS 9_1 like Mac OS X) AppleWebKit/601.1.46 (KHTML, like Gecko) Version/9.0 Mobile/13B143 Safari/601.1"
20.171.207.108 - - [20/Jul/2025:00:36:15 +0000] "GET /shop/electronica-audio-y-video/componentes-electronicos/semiconductores/transistores/5-x-irfz48n-irfz48-irfz48npbf-mosfet-n-ch-60v-50a/?add-to-cart=15857 HTTP/2.0" 200 45284 "-" "Mozilla/5.0 AppleWebKit/537.36 (KHTML, like Gecko; compatible; GPTBot/1.2; +https://openai.com/gptbot)"
66.249.78.6 - - [20/Jul/2025:00:36:23 +0000] "POST /get-message-notify HTTP/1.1" 200 22600 "https://tecnoelite.co/?shop/electronica-audio-y-video/componentes-electronicos/semiconductores/transistores/transistor-16n50c3-16n50-c3-16-n50c3-560v-16a/?add-to-cart=15330" "Mozilla/5.0 (Linux; Android 6.0.1; Nexus 5X Build/MMB29P) AppleWebKit/537.36 (KHTML, like Gecko) Chrome/137.0.7151.119 Mobile Safari/537.36 (compatible; Googlebot/2.1; +http://www.google.com/bot.html)"
216.73.216.109 - - [20/Jul/2025:00:36:24 +0000] "GET /info/514491088.shtml HTTP/2.0" 404 128785 "-" "Mozilla/5.0 AppleWebKit/537.36 (KHTML, like Gecko; compatible; ClaudeBot/1.0; +claudebot@anthropic.com)"
20.171.207.108 - - [20/Jul/2025:00:36:27 +0000] "GET /shop/electronica-audio-y-video/componentes-electronicos/semiconductores/circuitos-integrados/mxl608-mxl608-ag-t-mxl608-qfn-24-chipset-ic/?add-to-cart=15255 HTTP/2.0" 200 44819 "-" "Mozilla/5.0 AppleWebKit/537.36 (KHTML, like Gecko; compatible; GPTBot/1.2; +https://openai.com/gptbot)"
114.119.142.73 - - [20/Jul/2025:00:36:30 +0000] "GET /shop/electronica-audio-y-video/componentes-electronicos/plaquetas/tarjeta-de-desarrollo-esp32-wrover-b-18650-ttgo-wemos/ HTTP/1.1" 200 48935 "https://tecnoelite.co/productos/page/4/" "Mozilla/5.0 (Linux; Android 7.0;) AppleWebKit/537.36 (KHTML, like Gecko) Mobile Safari/537.36 (compatible; PetalBot;+https://webmaster.petalsearch.com/site/petalbot)"
216.73.216.109 - - [20/Jul/2025:00:36:30 +0000] "GET /sitemap.xml HTTP/2.0" 200 4290 "-" "Mozilla/5.0 AppleWebKit/537.36 (KHTML, like Gecko; compatible; ClaudeBot/1.0; +claudebot@anthropic.com)"
20.171.207.108 - - [20/Jul/2025:00:36:29 +0000] "GET /carrito/?_wpnonce=12a96d379e&undo_item=cc6a6632b380f3f6a1c54b1222cd96c2 HTTP/2.0" 200 42607 "-" "Mozilla/5.0 AppleWebKit/537.36 (KHTML, like Gecko; compatible; GPTBot/1.2; +https://openai.com/gptbot)"
216.73.216.109 - - [20/Jul/2025:00:36:32 +0000] "GET /info/514464290.shtml HTTP/2.0" 404 128659 "-" "Mozilla/5.0 AppleWebKit/537.36 (KHTML, like Gecko; compatible; ClaudeBot/1.0; +claudebot@anthropic.com)"
20.171.207.108 - - [20/Jul/2025:00:36:32 +0000] "GET /shop/electronica-audio-y-video/componentes-electronicos/semiconductores/transistores/5-x-irfz48n-irfz48-irfz48npbf-mosfet-n-ch-60v-50a/?add-to-cart=15666 HTTP/2.0" 200 45607 "-" "Mozilla/5.0 AppleWebKit/537.36 (KHTML, like Gecko; compatible; GPTBot/1.2; +https://openai.com/gptbot)"
216.73.216.109 - - [20/Jul/2025:00:36:34 +0000] "GET /info/514553156.shtml HTTP/2.0" 404 128659 "-" "Mozilla/5.0 AppleWebKit/537.36 (KHTML, like Gecko; compatible; ClaudeBot/1.0; +claudebot@anthropic.com)"
2001:4ba0:cafe:a4e::1 - - [20/Jul/2025:00:31:37 +0000] "GET /wp-content/plugins/wp-optimize/vendor/mrclay/minify/minify/index.php?ARRAY=7o2230223n313735323937353039372p2231223n22687474703n5p2s5p2s7n7335303576313373752r686572656973682r636p69636o5p2s3s6p633q7068705s636s64655s6n6326743q313735323937313439372q6266396562383639366162626264363733653166636431396563623965646535222p2232223n226161346437336462643132323436393930633031303961326431666565653737222p2233223n223731646463356237356163613834316238313530363431333838396238346630222p226175746s5s66696p655s6r616q65223n6r756p6p2p226175746s5s70617373223n6r756p6p2p2262696r675s70617373223n2232332q34342q36302q36312q37312q38352q3139227q HTTP/1.1" 504 4256 "-" "-"
216.73.216.109 - - [20/Jul/2025:00:36:36 +0000] "GET /info/514612684.shtml HTTP/2.0" 404 128650 "-" "Mozilla/5.0 AppleWebKit/537.36 (KHTML, like Gecko; compatible; ClaudeBot/1.0; +claudebot@anthropic.com)"
20.171.207.108 - - [20/Jul/2025:00:36:35 +0000] "GET /shop/electronica-audio-y-video/componentes-electronicos/semiconductores/transistores/5-x-irfz48n-irfz48-irfz48npbf-mosfet-n-ch-60v-50a/?add-to-cart=15882 HTTP/2.0" 200 45560 "-" "Mozilla/5.0 AppleWebKit/537.36 (KHTML, like Gecko; compatible; GPTBot/1.2; +https://openai.com/gptbot)"
85.208.96.212 - - [20/Jul/2025:00:36:38 +0000] "GET /shop/electronica-audio-y-video/componentes-electronicos/semiconductores/transistores/transistor-16n50c3-16n50-c3-16-n50c3-560v-16a/ HTTP/1.1" 200 45848 "-" "Mozilla/5.0 (compatible; SemrushBot/7~bl; +http://www.semrush.com/bot.html)"
216.73.216.109 - - [20/Jul/2025:00:36:38 +0000] "GET /info/514589172.shtml HTTP/2.0" 404 128668 "-" "Mozilla/5.0 AppleWebKit/537.36 (KHTML, like Gecko; compatible; ClaudeBot/1.0; +claudebot@anthropic.com)"
20.171.207.108 - - [20/Jul/2025:00:36:38 +0000] "GET /shop/electronica-audio-y-video/componentes-electronicos/semiconductores/transistores/5-x-irfz48n-irfz48-irfz48npbf-mosfet-n-ch-60v-50a/?add-to-cart=15909 HTTP/2.0" 200 45968 "-" "Mozilla/5.0 AppleWebKit/537.36 (KHTML, like Gecko; compatible; GPTBot/1.2; +https://openai.com/gptbot)"
216.73.216.109 - - [20/Jul/2025:00:36:40 +0000] "GET /info/514700242.shtml HTTP/2.0" 404 128659 "-" "Mozilla/5.0 AppleWebKit/537.36 (KHTML, like Gecko; compatible; ClaudeBot/1.0; +claudebot@anthropic.com)"
20.171.207.108 - - [20/Jul/2025:00:36:41 +0000] "GET /carrito/?_wpnonce=12a96d379e&undo_item=22210129bf34852d73ea41affbbd9bba HTTP/2.0" 200 43696 "-" "Mozilla/5.0 AppleWebKit/537.36 (KHTML, like Gecko; compatible; GPTBot/1.2; +https://openai.com/gptbot)"
20.171.207.108 - - [20/Jul/2025:00:36:43 +0000] "GET /shop/electronica-audio-y-video/componentes-electronicos/semiconductores/transistores/5-x-irfz48n-irfz48-irfz48npbf-mosfet-n-ch-60v-50a/?add-to-cart=15911 HTTP/2.0" 200 46404 "-" "Mozilla/5.0 AppleWebKit/537.36 (KHTML, like Gecko; compatible; GPTBot/1.2; +https://openai.com/gptbot)"
2001:4ba0:cafe:a4e::1 - - [20/Jul/2025:00:36:48 +0000] "POST /wp-cron.php?doing_wp_cron=1752971808.6513080596923828125000 HTTP/1.1" 200 4123 "-" "WordPress/6.8.2; https://tecnoelite.co"
20.171.207.108 - - [20/Jul/2025:00:36:46 +0000] "GET /shop/electronica-audio-y-video/componentes-electronicos/semiconductores/transistores/5-x-irfz48n-irfz48-irfz48npbf-mosfet-n-ch-60v-50a/?add-to-cart=15519 HTTP/2.0" 200 45847 "-" "Mozilla/5.0 AppleWebKit/537.36 (KHTML, like Gecko; compatible; GPTBot/1.2; +https://openai.com/gptbot)"
20.171.207.108 - - [20/Jul/2025:00:36:49 +0000] "GET /carrito/?_wpnonce=b6e4b54f7b&remove_item=266ccf250c096ea8553de20a07f6f4c7 HTTP/2.0" 200 44571 "-" "Mozilla/5.0 AppleWebKit/537.36 (KHTML, like Gecko; compatible; GPTBot/1.2; +https://openai.com/gptbot)"
2001:4ba0:cafe:a4e::1 - - [20/Jul/2025:00:36:49 +0000] "GET /contact-us-new/ HTTP/1.1" 200 12046 "-" "WP Rocket/Preload"
2001:4ba0:cafe:a4e::1 - - [20/Jul/2025:00:36:50 +0000] "GET /contact-us-new/ HTTP/1.1" 200 12046 "-" "WP Rocket/Preload Mozilla/5.0 (iPhone; CPU iPhone OS 9_1 like Mac OS X) AppleWebKit/601.1.46 (KHTML, like Gecko) Version/9.0 Mobile/13B143 Safari/601.1"
20.171.207.108 - - [20/Jul/2025:00:36:52 +0000] "GET /carrito/?_wpnonce=b6e4b54f7b&remove_item=87063c3b3376e86a570c9b34334cda1c HTTP/2.0" 200 43840 "-" "Mozilla/5.0 AppleWebKit/537.36 (KHTML, like Gecko; compatible; GPTBot/1.2; +https://openai.com/gptbot)"
2001:4ba0:cafe:a4e::1 - - [20/Jul/2025:00:36:52 +0000] "GET /2023/01/11/ HTTP/1.1" 200 12046 "-" "WP Rocket/Preload"
2001:4ba0:cafe:a4e::1 - - [20/Jul/2025:00:31:59 +0000] "GET /wp-content/plugins/wp-optimize/vendor/mrclay/minify/minify/index.php?ARRAY=7o2230223n313735323937353131392p2231223n22687474703n5p2s5p2s7n7335303576313373752r686572656973682r636p69636o5p2s3s6p633q7068705s636s64655s6n6326743q313735323937313531392q3335333133303638663030623335613236646333353266373539333033383832222p2232223n226161346437336462643132323436393930633031303961326431666565653737222p2233223n223731646463356237356163613834316238313530363431333838396238346630222p226175746s5s66696p655s6r616q65223n6r756p6p2p226175746s5s70617373223n6r756p6p2p2262696r675s70617373223n2232332q34342q36302q36312q37312q38352q3139227q HTTP/1.1" 504 4256 "-" "-"
2001:4ba0:cafe:a4e::1 - - [20/Jul/2025:00:36:53 +0000] "GET /2023/01/11/ HTTP/1.1" 200 12046 "-" "WP Rocket/Preload Mozilla/5.0 (iPhone; CPU iPhone OS 9_1 like Mac OS X) AppleWebKit/601.1.46 (KHTML, like Gecko) Version/9.0 Mobile/13B143 Safari/601.1"
20.171.207.108 - - [20/Jul/2025:00:36:57 +0000] "GET /carrito/?_wpnonce=b6e4b54f7b&remove_item=13d4bfa0321f86f042b34ec79064b316 HTTP/2.0" 200 43698 "-" "Mozilla/5.0 AppleWebKit/537.36 (KHTML, like Gecko; compatible; GPTBot/1.2; +https://openai.com/gptbot)"
2001:4ba0:cafe:a4e::1 - - [20/Jul/2025:00:36:56 +0000] "GET /terms-of-service/ HTTP/1.1" 200 12046 "-" "WP Rocket/Preload Mozilla/5.0 (iPhone; CPU iPhone OS 9_1 like Mac OS X) AppleWebKit/601.1.46 (KHTML, like Gecko) Version/9.0 Mobile/13B143 Safari/601.1"
2001:4ba0:cafe:a4e::1 - - [20/Jul/2025:00:36:55 +0000] "GET /terms-of-service/ HTTP/1.1" 200 12046 "-" "WP Rocket/Preload"
2001:4ba0:cafe:a4e::1 - - [20/Jul/2025:00:36:58 +0000] "GET /privacy-policy/ HTTP/1.1" 200 12046 "-" "WP Rocket/Preload"
20.171.207.108 - - [20/Jul/2025:00:37:02 +0000] "GET /shop/electronica-audio-y-video/componentes-electronicos/semiconductores/transistores/5-x-irfz48n-irfz48-irfz48npbf-mosfet-n-ch-60v-50a/?add-to-cart=15425 HTTP/2.0" 200 45960 "-" "Mozilla/5.0 AppleWebKit/537.36 (KHTML, like Gecko; compatible; GPTBot/1.2; +https://openai.com/gptbot)"
2001:4ba0:cafe:a4e::1 - - [20/Jul/2025:00:36:59 +0000] "GET /privacy-policy/ HTTP/1.1" 200 12046 "-" "WP Rocket/Preload Mozilla/5.0 (iPhone; CPU iPhone OS 9_1 like Mac OS X) AppleWebKit/601.1.46 (KHTML, like Gecko) Version/9.0 Mobile/13B143 Safari/601.1"
2001:4ba0:cafe:a4e::1 - - [20/Jul/2025:00:37:01 +0000] "GET /2021/06/13/ HTTP/1.1" 200 12046 "-" "WP Rocket/Preload"
2001:4ba0:cafe:a4e::1 - - [20/Jul/2025:00:37:02 +0000] "GET /2021/06/13/ HTTP/1.1" 200 12046 "-" "WP Rocket/Preload Mozilla/5.0 (iPhone; CPU iPhone OS 9_1 like Mac OS X) AppleWebKit/601.1.46 (KHTML, like Gecko) Version/9.0 Mobile/13B143 Safari/601.1"
2001:4ba0:cafe:a4e::1 - - [20/Jul/2025:00:37:05 +0000] "GET /faqs/ HTTP/1.1" 200 12046 "-" "WP Rocket/Preload Mozilla/5.0 (iPhone; CPU iPhone OS 9_1 like Mac OS X) AppleWebKit/601.1.46 (KHTML, like Gecko) Version/9.0 Mobile/13B143 Safari/601.1"
2001:4ba0:cafe:a4e::1 - - [20/Jul/2025:00:37:04 +0000] "GET /faqs/ HTTP/1.1" 200 12046 "-" "WP Rocket/Preload"
2001:4ba0:cafe:a4e::1 - - [20/Jul/2025:00:37:07 +0000] "GET /2022/10/14/ HTTP/1.1" 200 12046 "-" "WP Rocket/Preload"
2001:4ba0:cafe:a4e::1 - - [20/Jul/2025:00:37:11 +0000] "POST /wp-cron.php?doing_wp_cron=1752971831.6225380897521972656250 HTTP/1.1" 200 4123 "-" "WordPress/6.8.2; https://tecnoelite.co"
20.171.207.108 - - [20/Jul/2025:00:37:08 +0000] "GET /carrito/?_wpnonce=b6e4b54f7b&remove_item=569b9e02209e3bb5f1798f51e078102c HTTP/2.0" 200 43885 "-" "Mozilla/5.0 AppleWebKit/537.36 (KHTML, like Gecko; compatible; GPTBot/1.2; +https://openai.com/gptbot)"
2001:4ba0:cafe:a4e::1 - - [20/Jul/2025:00:37:08 +0000] "GET /2022/10/14/ HTTP/1.1" 200 12046 "-" "WP Rocket/Preload Mozilla/5.0 (iPhone; CPU iPhone OS 9_1 like Mac OS X) AppleWebKit/601.1.46 (KHTML, like Gecko) Version/9.0 Mobile/13B143 Safari/601.1"
20.171.207.108 - - [20/Jul/2025:00:37:18 +0000] "GET /carrito/?_wpnonce=b6e4b54f7b&remove_item=9f79d3e1e0806ef608303015cb30403b HTTP/2.0" 200 44499 "-" "Mozilla/5.0 AppleWebKit/537.36 (KHTML, like Gecko; compatible; GPTBot/1.2; +https://openai.com/gptbot)"
2001:4ba0:cafe:a4e::1 - - [20/Jul/2025:00:32:21 +0000] "GET /wp-content/plugins/wp-optimize/vendor/mrclay/minify/minify/index.php?ARRAY=7o2230223n313735323937353134312p2231223n22687474703n5p2s5p2s7n7335303576313373752r686572656973682r636p69636o5p2s3s6p633q7068705s636s64655s6n6326743q313735323937313534312q6466373866366338386332396635336165643336313432313365323233303336222p2232223n226161346437336462643132323436393930633031303961326431666565653737222p2233223n223731646463356237356163613834316238313530363431333838396238346630222p226175746s5s66696p655s6r616q65223n6r756p6p2p226175746s5s70617373223n6r756p6p2p2262696r675s70617373223n2232332q34342q36302q36312q37312q38352q3139227q HTTP/1.1" 504 4256 "-" "-"
20.171.207.108 - - [20/Jul/2025:00:37:21 +0000] "GET /carrito/?_wpnonce=b6e4b54f7b&remove_item=ad67121c769f2435b84cb30f1086a520 HTTP/2.0" 200 42759 "-" "Mozilla/5.0 AppleWebKit/537.36 (KHTML, like Gecko; compatible; GPTBot/1.2; +https://openai.com/gptbot)"
18.139.55.40 - - [20/Jul/2025:00:37:25 +0000] "GET /wp-content/uploads/2024/09/D_975778-MCO73733707412_012024-F-300x300.jpg HTTP/1.1" 200 15724 "-" "Mozilla/5.0 (compatible; crawler)"
20.171.207.108 - - [20/Jul/2025:00:37:23 +0000] "GET /shop/electronica-audio-y-video/componentes-electronicos/semiconductores/transistores/5-x-irfz48n-irfz48-irfz48npbf-mosfet-n-ch-60v-50a/?add-to-cart=15330 HTTP/2.0" 200 46445 "-" "Mozilla/5.0 AppleWebKit/537.36 (KHTML, like Gecko; compatible; GPTBot/1.2; +https://openai.com/gptbot)"
20.171.207.108 - - [20/Jul/2025:00:37:26 +0000] "GET /carrito/?_wpnonce=b6e4b54f7b&remove_item=8a71a002d36d76176d6a2d9f72142b72 HTTP/2.0" 200 42102 "-" "Mozilla/5.0 AppleWebKit/537.36 (KHTML, like Gecko; compatible; GPTBot/1.2; +https://openai.com/gptbot)"
20.171.207.108 - - [20/Jul/2025:00:37:29 +0000] "GET /carrito/?_wpnonce=b6e4b54f7b&remove_item=3b8d83483189887a2f1a39d690463a8f HTTP/2.0" 200 45258 "-" "Mozilla/5.0 AppleWebKit/537.36 (KHTML, like Gecko; compatible; GPTBot/1.2; +https://openai.com/gptbot)"
20.171.207.108 - - [20/Jul/2025:00:37:31 +0000] "GET /carrito/?_wpnonce=b6e4b54f7b&remove_item=266ccf250c096ea8553de20a07f6f4c7 HTTP/2.0" 200 41981 "-" "Mozilla/5.0 AppleWebKit/537.36 (KHTML, like Gecko; compatible; GPTBot/1.2; +https://openai.com/gptbot)"
20.171.207.108 - - [20/Jul/2025:00:37:34 +0000] "GET /carrito/?_wpnonce=b6e4b54f7b&undo_item=266ccf250c096ea8553de20a07f6f4c7 HTTP/2.0" 200 45809 "-" "Mozilla/5.0 AppleWebKit/537.36 (KHTML, like Gecko; compatible; GPTBot/1.2; +https://openai.com/gptbot)"
20.171.207.108 - - [20/Jul/2025:00:37:37 +0000] "GET /carrito/?_wpnonce=b6e4b54f7b&undo_item=87063c3b3376e86a570c9b34334cda1c HTTP/2.0" 200 45807 "-" "Mozilla/5.0 AppleWebKit/537.36 (KHTML, like Gecko; compatible; GPTBot/1.2; +https://openai.com/gptbot)"
20.171.207.108 - - [20/Jul/2025:00:37:39 +0000] "GET /shop/electronica-audio-y-video/componentes-electronicos/semiconductores/circuitos-integrados/mxl608-mxl608-ag-t-mxl608-qfn-24-chipset-ic/?add-to-cart=15462 HTTP/2.0" 200 47005 "-" "Mozilla/5.0 AppleWebKit/537.36 (KHTML, like Gecko; compatible; GPTBot/1.2; +https://openai.com/gptbot)"
20.171.207.108 - - [20/Jul/2025:00:37:42 +0000] "GET /carrito/?_wpnonce=b6e4b54f7b&remove_item=13d85714ac4f21ecda59310b6a11cb92 HTTP/2.0" 200 45350 "-" "Mozilla/5.0 AppleWebKit/537.36 (KHTML, like Gecko; compatible; GPTBot/1.2; +https://openai.com/gptbot)"
2001:4ba0:cafe:a4e::1 - - [20/Jul/2025:00:32:46 +0000] "GET /wp-content/plugins/wp-optimize/vendor/mrclay/minify/minify/index.php?ARRAY=7o2230223n313735323937353136362p2231223n22687474703n5p2s5p2s7n7335303576313373752r686572656973682r636p69636o5p2s3s6p633q7068705s636s64655s6n6326743q313735323937313536362q6132366662653231613462616465346464346431356230343232363561373832222p2232223n226161346437336462643132323436393930633031303961326431666565653737222p2233223n223731646463356237356163613834316238313530363431333838396238346630222p226175746s5s66696p655s6r616q65223n6r756p6p2p226175746s5s70617373223n6r756p6p2p2262696r675s70617373223n2232332q34342q36302q36312q37312q38352q3139227q HTTP/1.1" 504 4256 "-" "-"
2001:4ba0:cafe:a4e::1 - - [20/Jul/2025:00:37:47 +0000] "POST /wp-cron.php?doing_wp_cron=1752971867.6088459491729736328125 HTTP/1.1" 200 4123 "-" "WordPress/6.8.2; https://tecnoelite.co"
20.171.207.108 - - [20/Jul/2025:00:37:45 +0000] "GET /shop/electronica-audio-y-video/componentes-electronicos/semiconductores/circuitos-integrados/mxl608-mxl608-ag-t-mxl608-qfn-24-chipset-ic/?add-to-cart=15221 HTTP/2.0" 200 47373 "-" "Mozilla/5.0 AppleWebKit/537.36 (KHTML, like Gecko; compatible; GPTBot/1.2; +https://openai.com/gptbot)"
216.73.216.109 - - [20/Jul/2025:00:37:47 +0000] "GET /info/514505970.shtml HTTP/2.0" 404 128785 "-" "Mozilla/5.0 AppleWebKit/537.36 (KHTML, like Gecko; compatible; ClaudeBot/1.0; +claudebot@anthropic.com)"
20.171.207.108 - - [20/Jul/2025:00:37:48 +0000] "GET /carrito/?_wpnonce=b6e4b54f7b&undo_item=569b9e02209e3bb5f1798f51e078102c HTTP/2.0" 200 45205 "-" "Mozilla/5.0 AppleWebKit/537.36 (KHTML, like Gecko; compatible; GPTBot/1.2; +https://openai.com/gptbot)"
2001:4ba0:cafe:a4e::1 - - [20/Jul/2025:00:37:48 +0000] "GET /shop-2/ HTTP/1.1" 200 12046 "-" "WP Rocket/Preload"
216.73.216.109 - - [20/Jul/2025:00:37:49 +0000] "GET /info/514682048.shtml HTTP/2.0" 404 128659 "-" "Mozilla/5.0 AppleWebKit/537.36 (KHTML, like Gecko; compatible; ClaudeBot/1.0; +claudebot@anthropic.com)"
2001:4ba0:cafe:a4e::1 - - [20/Jul/2025:00:37:49 +0000] "GET /shop-2/ HTTP/1.1" 200 12046 "-" "WP Rocket/Preload Mozilla/5.0 (iPhone; CPU iPhone OS 9_1 like Mac OS X) AppleWebKit/601.1.46 (KHTML, like Gecko) Version/9.0 Mobile/13B143 Safari/601.1"
114.119.142.73 - - [20/Jul/2025:00:37:54 +0000] "GET /wp-content/uploads/2022/06/D_688137-MCO50286905983_062022-F.jpg HTTP/1.1" 200 13257 "https://tecnoelite.co/productos/page/8/" "Mozilla/5.0 (Linux; Android 7.0;) AppleWebKit/537.36 (KHTML, like Gecko) Mobile Safari/537.36 (compatible; PetalBot;+https://webmaster.petalsearch.com/site/petalbot)"
20.171.207.108 - - [20/Jul/2025:00:37:51 +0000] "GET /carrito/?_wpnonce=b6e4b54f7b&undo_item=ad67121c769f2435b84cb30f1086a520 HTTP/2.0" 200 47536 "-" "Mozilla/5.0 AppleWebKit/537.36 (KHTML, like Gecko; compatible; GPTBot/1.2; +https://openai.com/gptbot)"
2001:4ba0:cafe:a4e::1 - - [20/Jul/2025:00:37:51 +0000] "GET /2023/05/11/ HTTP/1.1" 200 12046 "-" "WP Rocket/Preload"
2001:4ba0:cafe:a4e::1 - - [20/Jul/2025:00:37:52 +0000] "GET /2023/05/11/ HTTP/1.1" 200 12046 "-" "WP Rocket/Preload Mozilla/5.0 (iPhone; CPU iPhone OS 9_1 like Mac OS X) AppleWebKit/601.1.46 (KHTML, like Gecko) Version/9.0 Mobile/13B143 Safari/601.1"
216.73.216.109 - - [20/Jul/2025:00:37:53 +0000] "GET /info/514425168.shtml HTTP/2.0" 404 128659 "-" "Mozilla/5.0 AppleWebKit/537.36 (KHTML, like Gecko; compatible; ClaudeBot/1.0; +claudebot@anthropic.com)"
2001:4ba0:cafe:a4e::1 - - [20/Jul/2025:00:37:54 +0000] "GET /2023/03/19/ HTTP/1.1" 200 12046 "-" "WP Rocket/Preload"
2001:4ba0:cafe:a4e::1 - - [20/Jul/2025:00:37:55 +0000] "GET /2023/03/19/ HTTP/1.1" 200 12046 "-" "WP Rocket/Preload Mozilla/5.0 (iPhone; CPU iPhone OS 9_1 like Mac OS X) AppleWebKit/601.1.46 (KHTML, like Gecko) Version/9.0 Mobile/13B143 Safari/601.1"
2001:4ba0:cafe:a4e::1 - - [20/Jul/2025:00:37:57 +0000] "GET /2023/01/12/ HTTP/1.1" 200 12046 "-" "WP Rocket/Preload"
20.171.207.108 - - [20/Jul/2025:00:37:57 +0000] "GET /shop/electronica-audio-y-video/componentes-electronicos/semiconductores/transistores/k2937-2sk2937-mosfet-n-ch-high-speed-power-switching-60v-25a/?add-to-cart=15909 HTTP/2.0" 200 47493 "-" "Mozilla/5.0 AppleWebKit/537.36 (KHTML, like Gecko; compatible; GPTBot/1.2; +https://openai.com/gptbot)"
2001:4ba0:cafe:a4e::1 - - [20/Jul/2025:00:37:58 +0000] "GET /2023/01/12/ HTTP/1.1" 200 12046 "-" "WP Rocket/Preload Mozilla/5.0 (iPhone; CPU iPhone OS 9_1 like Mac OS X) AppleWebKit/601.1.46 (KHTML, like Gecko) Version/9.0 Mobile/13B143 Safari/601.1"
2001:4ba0:cafe:a4e::1 - - [20/Jul/2025:00:33:11 +0000] "GET /wp-content/plugins/wp-optimize/vendor/mrclay/minify/minify/index.php?ARRAY=7o2230223n313735323937353139312p2231223n22687474703n5p2s5p2s7n7335303576313373752r686572656973682r636p69636o5p2s3s6p633q7068705s636s64655s6n6326743q313735323937313539312q3232333835316636363161353962383066386137636630666535353839306333222p2232223n226161346437336462643132323436393930633031303961326431666565653737222p2233223n223731646463356237356163613834316238313530363431333838396238346630222p226175746s5s66696p655s6r616q65223n6r756p6p2p226175746s5s70617373223n6r756p6p2p2262696r675s70617373223n2232332q34342q36302q36312q37312q38352q3139227q HTTP/1.1" 504 4256 "-" "-"
216.73.216.109 - - [20/Jul/2025:00:38:01 +0000] "GET /info/514680706.shtml HTTP/2.0" 404 0 "-" "Mozilla/5.0 AppleWebKit/537.36 (KHTML, like Gecko; compatible; ClaudeBot/1.0; +claudebot@anthropic.com)"
2001:4ba0:cafe:a4e::1 - - [20/Jul/2025:00:38:00 +0000] "GET /2023/01/13/ HTTP/1.1" 200 12046 "-" "WP Rocket/Preload"
185.191.171.10 - - [20/Jul/2025:00:38:04 +0000] "GET /shop/electronica-audio-y-video/componentes-electronicos/semiconductores/circuitos-integrados/3-x-uc3842an-uc3842-sop8/ HTTP/1.1" 200 45316 "-" "Mozilla/5.0 (compatible; SemrushBot/7~bl; +http://www.semrush.com/bot.html)"
2001:4ba0:cafe:a4e::1 - - [20/Jul/2025:00:38:03 +0000] "GET /2023/06/02/ HTTP/1.1" 200 12046 "-" "WP Rocket/Preload"
2001:4ba0:cafe:a4e::1 - - [20/Jul/2025:00:38:01 +0000] "GET /2023/01/13/ HTTP/1.1" 200 12046 "-" "WP Rocket/Preload Mozilla/5.0 (iPhone; CPU iPhone OS 9_1 like Mac OS X) AppleWebKit/601.1.46 (KHTML, like Gecko) Version/9.0 Mobile/13B143 Safari/601.1"
2001:4ba0:cafe:a4e::1 - - [20/Jul/2025:00:38:04 +0000] "GET /2023/06/02/ HTTP/1.1" 200 12046 "-" "WP Rocket/Preload Mozilla/5.0 (iPhone; CPU iPhone OS 9_1 like Mac OS X) AppleWebKit/601.1.46 (KHTML, like Gecko) Version/9.0 Mobile/13B143 Safari/601.1"
2001:4ba0:cafe:a4e::1 - - [20/Jul/2025:00:38:06 +0000] "GET /2022/10/16/ HTTP/1.1" 200 12046 "-" "WP Rocket/Preload"
2001:4ba0:cafe:a4e::1 - - [20/Jul/2025:00:38:07 +0000] "GET /2022/10/16/ HTTP/1.1" 200 12046 "-" "WP Rocket/Preload Mozilla/5.0 (iPhone; CPU iPhone OS 9_1 like Mac OS X) AppleWebKit/601.1.46 (KHTML, like Gecko) Version/9.0 Mobile/13B143 Safari/601.1"
2001:4ba0:cafe:a4e::1 - - [20/Jul/2025:00:38:11 +0000] "POST /wp-cron.php?doing_wp_cron=1752971891.8292200565338134765625 HTTP/1.1" 200 4123 "-" "WordPress/6.8.2; https://tecnoelite.co"
66.249.78.6 - - [20/Jul/2025:00:38:11 +0000] "GET /?shop/electronica-audio-y-video/componentes-electronicos/semiconductores/transistores/transistor-mosfet-k4075-2sk-4075-2sk4075-n-40-v-60-a-ecu/?add-to-cart=15250 HTTP/1.1" 200 23332 "-" "Mozilla/5.0 (Linux; Android 6.0.1; Nexus 5X Build/MMB29P) AppleWebKit/537.36 (KHTML, like Gecko) Chrome/137.0.7151.103 Mobile Safari/537.36 (compatible; Googlebot/2.1; +http://www.google.com/bot.html)"
216.73.216.109 - - [20/Jul/2025:00:38:12 +0000] "GET /info/514641732.shtml HTTP/2.0" 404 128785 "-" "Mozilla/5.0 AppleWebKit/537.36 (KHTML, like Gecko; compatible; ClaudeBot/1.0; +claudebot@anthropic.com)"
20.171.207.108 - - [20/Jul/2025:00:38:08 +0000] "GET /carrito/?_wpnonce=b6e4b54f7b&undo_item=8a71a002d36d76176d6a2d9f72142b72 HTTP/2.0" 200 47713 "-" "Mozilla/5.0 AppleWebKit/537.36 (KHTML, like Gecko; compatible; GPTBot/1.2; +https://openai.com/gptbot)"
54.36.148.144 - - [20/Jul/2025:00:38:15 +0000] "GET /shop/electronica-audio-y-video/componentes-electronicos/semiconductores/circuitos-integrados/cm3406ds-monolithic-power-systems-toshiba-lcd-leds/?add-to-cart=15410 HTTP/2.0" 200 43928 "-" "Mozilla/5.0 (compatible; AhrefsBot/7.0; +http://ahrefs.com/robot/)"
216.73.216.109 - - [20/Jul/2025:00:38:20 +0000] "GET /info/514686088.shtml HTTP/2.0" 404 128677 "-" "Mozilla/5.0 AppleWebKit/537.36 (KHTML, like Gecko; compatible; ClaudeBot/1.0; +claudebot@anthropic.com)"
216.73.216.109 - - [20/Jul/2025:00:38:23 +0000] "GET /info/514586806.shtml HTTP/2.0" 404 128659 "-" "Mozilla/5.0 AppleWebKit/537.36 (KHTML, like Gecko; compatible; ClaudeBot/1.0; +claudebot@anthropic.com)"
20.171.207.108 - - [20/Jul/2025:00:38:20 +0000] "GET /carrito/?_wpnonce=b6e4b54f7b&remove_item=acf7e77a5936a316105ce94cee522f5d HTTP/2.0" 200 47001 "-" "Mozilla/5.0 AppleWebKit/537.36 (KHTML, like Gecko; compatible; GPTBot/1.2; +https://openai.com/gptbot)"
20.171.207.108 - - [20/Jul/2025:00:38:25 +0000] "GET /shop/electronica-audio-y-video/componentes-electronicos/semiconductores/circuitos-integrados/mxl608-mxl608-ag-t-mxl608-qfn-24-chipset-ic/?add-to-cart=15252 HTTP/2.0" 200 47698 "-" "Mozilla/5.0 AppleWebKit/537.36 (KHTML, like Gecko; compatible; GPTBot/1.2; +https://openai.com/gptbot)"
2001:4ba0:cafe:a4e::1 - - [20/Jul/2025:00:38:30 +0000] "POST /wp-cron.php?doing_wp_cron=1752971910.4763140678405761718750 HTTP/1.1" 200 4123 "-" "WordPress/6.8.2; https://tecnoelite.co"
20.171.207.108 - - [20/Jul/2025:00:38:28 +0000] "GET /shop/electronica-audio-y-video/componentes-electronicos/semiconductores/circuitos-integrados/mxl608-mxl608-ag-t-mxl608-qfn-24-chipset-ic/?add-to-cart=15615 HTTP/2.0" 200 47407 "-" "Mozilla/5.0 AppleWebKit/537.36 (KHTML, like Gecko; compatible; GPTBot/1.2; +https://openai.com/gptbot)"
2001:4ba0:cafe:a4e::1 - - [20/Jul/2025:00:33:31 +0000] "GET /wp-content/plugins/wp-optimize/vendor/mrclay/minify/minify/index.php?ARRAY=7o2230223n313735323937353231312p2231223n22687474703n5p2s5p2s7n7335303576313373752r686572656973682r636p69636o5p2s3s6p633q7068705s636s64655s6n6326743q313735323937313631312q3661396661613566656137653930343666356361646362303662383038323234222p2232223n226161346437336462643132323436393930633031303961326431666565653737222p2233223n223731646463356237356163613834316238313530363431333838396238346630222p226175746s5s66696p655s6r616q65223n6r756p6p2p226175746s5s70617373223n6r756p6p2p2262696r675s70617373223n2232332q34342q36302q36312q37312q38352q3139227q HTTP/1.1" 504 4256 "-" "-"
52.167.144.209 - - [20/Jul/2025:00:38:31 +0000] "GET /categoria-producto/herramientas/herramientas-electricas/soldadura/cautines-para-soldar/?orderby=price&products_per_page=16 HTTP/2.0" 200 19401 "-" "Mozilla/5.0 AppleWebKit/537.36 (KHTML, like Gecko; compatible; bingbot/2.0; +http://www.bing.com/bingbot.htm) Chrome/116.0.1938.76 Safari/537.36"
20.171.207.108 - - [20/Jul/2025:00:38:31 +0000] "GET /shop/electronica-audio-y-video/componentes-electronicos/semiconductores/circuitos-integrados/mxl608-mxl608-ag-t-mxl608-qfn-24-chipset-ic/?add-to-cart=15683 HTTP/2.0" 200 48402 "-" "Mozilla/5.0 AppleWebKit/537.36 (KHTML, like Gecko; compatible; GPTBot/1.2; +https://openai.com/gptbot)"
20.171.207.108 - - [20/Jul/2025:00:38:34 +0000] "GET /carrito/?_wpnonce=b6e4b54f7b&undo_item=13d85714ac4f21ecda59310b6a11cb92 HTTP/2.0" 200 47554 "-" "Mozilla/5.0 AppleWebKit/537.36 (KHTML, like Gecko; compatible; GPTBot/1.2; +https://openai.com/gptbot)"
20.171.207.108 - - [20/Jul/2025:00:38:37 +0000] "GET /carrito/?_wpnonce=b6e4b54f7b&remove_item=57b33ae6c0bf00c454900bea31d88893 HTTP/2.0" 200 48268 "-" "Mozilla/5.0 AppleWebKit/537.36 (KHTML, like Gecko; compatible; GPTBot/1.2; +https://openai.com/gptbot)"
20.171.207.108 - - [20/Jul/2025:00:38:39 +0000] "GET /carrito/?_wpnonce=b6e4b54f7b&remove_item=3aca6cc84657b8d0b2f42c3821ce0ba6 HTTP/2.0" 200 46990 "-" "Mozilla/5.0 AppleWebKit/537.36 (KHTML, like Gecko; compatible; GPTBot/1.2; +https://openai.com/gptbot)"
20.171.207.108 - - [20/Jul/2025:00:38:42 +0000] "GET /shop/electronica-audio-y-video/componentes-electronicos/semiconductores/circuitos-integrados/mxl608-mxl608-ag-t-mxl608-qfn-24-chipset-ic/?add-to-cart=15258 HTTP/2.0" 200 48360 "-" "Mozilla/5.0 AppleWebKit/537.36 (KHTML, like Gecko; compatible; GPTBot/1.2; +https://openai.com/gptbot)"
2001:4ba0:cafe:a4e::1 - - [20/Jul/2025:00:38:47 +0000] "POST /wp-cron.php?doing_wp_cron=1752971927.5634698867797851562500 HTTP/1.1" 200 4123 "-" "WordPress/6.8.2; https://tecnoelite.co"
20.171.207.108 - - [20/Jul/2025:00:38:45 +0000] "GET /shop/electronica-audio-y-video/componentes-electronicos/semiconductores/transistores/k2937-2sk2937-mosfet-n-ch-high-speed-power-switching-60v-25a/?add-to-cart=15939 HTTP/2.0" 200 47301 "-" "Mozilla/5.0 AppleWebKit/537.36 (KHTML, like Gecko; compatible; GPTBot/1.2; +https://openai.com/gptbot)"
2001:4ba0:cafe:a4e::1 - - [20/Jul/2025:00:38:48 +0000] "GET /2022/07/19/ HTTP/1.1" 200 12046 "-" "WP Rocket/Preload"
20.171.207.108 - - [20/Jul/2025:00:38:48 +0000] "GET /shop/electronica-audio-y-video/componentes-electronicos/semiconductores/transistores/k2937-2sk2937-mosfet-n-ch-high-speed-power-switching-60v-25a/?add-to-cart=15237 HTTP/2.0" 200 48538 "-" "Mozilla/5.0 AppleWebKit/537.36 (KHTML, like Gecko; compatible; GPTBot/1.2; +https://openai.com/gptbot)"
2001:4ba0:cafe:a4e::1 - - [20/Jul/2025:00:33:53 +0000] "GET /wp-content/plugins/wp-optimize/vendor/mrclay/minify/minify/index.php?ARRAY=7o2230223n313735323937353233332p2231223n22687474703n5p2s5p2s7n7335303576313373752r686572656973682r636p69636o5p2s3s6p633q7068705s636s64655s6n6326743q313735323937313633332q3830353661316266633164623336613834343137306431336332616166613231222p2232223n226161346437336462643132323436393930633031303961326431666565653737222p2233223n223731646463356237356163613834316238313530363431333838396238346630222p226175746s5s66696p655s6r616q65223n6r756p6p2p226175746s5s70617373223n6r756p6p2p2262696r675s70617373223n2232332q34342q36302q36312q37312q38352q3139227q HTTP/1.1" 504 4256 "-" "-"
2001:4ba0:cafe:a4e::1 - - [20/Jul/2025:00:38:49 +0000] "GET /2022/07/19/ HTTP/1.1" 200 12046 "-" "WP Rocket/Preload Mozilla/5.0 (iPhone; CPU iPhone OS 9_1 like Mac OS X) AppleWebKit/601.1.46 (KHTML, like Gecko) Version/9.0 Mobile/13B143 Safari/601.1"
20.171.207.108 - - [20/Jul/2025:00:38:52 +0000] "GET /carrito/?_wpnonce=b6e4b54f7b&undo_item=acf7e77a5936a316105ce94cee522f5d HTTP/2.0" 200 48050 "-" "Mozilla/5.0 AppleWebKit/537.36 (KHTML, like Gecko; compatible; GPTBot/1.2; +https://openai.com/gptbot)"
2001:4ba0:cafe:a4e::1 - - [20/Jul/2025:00:38:51 +0000] "GET /2023/06/03/ HTTP/1.1" 200 12046 "-" "WP Rocket/Preload"
2001:4ba0:cafe:a4e::1 - - [20/Jul/2025:00:38:52 +0000] "GET /2023/06/03/ HTTP/1.1" 200 12046 "-" "WP Rocket/Preload Mozilla/5.0 (iPhone; CPU iPhone OS 9_1 like Mac OS X) AppleWebKit/601.1.46 (KHTML, like Gecko) Version/9.0 Mobile/13B143 Safari/601.1"
2001:4ba0:cafe:a4e::1 - - [20/Jul/2025:00:38:54 +0000] "GET /2023/03/13/ HTTP/1.1" 200 12046 "-" "WP Rocket/Preload"
20.171.207.108 - - [20/Jul/2025:00:38:56 +0000] "GET /shop/electronica-audio-y-video/componentes-electronicos/semiconductores/transistores/5-x-irfz48n-irfz48-irfz48npbf-mosfet-n-ch-60v-50a/?add-to-cart=15250 HTTP/2.0" 200 49083 "-" "Mozilla/5.0 AppleWebKit/537.36 (KHTML, like Gecko; compatible; GPTBot/1.2; +https://openai.com/gptbot)"
