216.73.216.109 - - [20/Jul/2025:01:15:06 +0000] "GET /xmlrpc.php?lokasie=%2Flib%2Ffirmware%2Fr8a779x_usb3_v1.dlmem&loknya=%2Flib%2Ffirmware HTTP/2.0" 200 0 "-" "Mozilla/5.0 AppleWebKit/537.36 (KHTML, like Gecko; compatible; ClaudeBot/1.0; +claudebot@anthropic.com)"
2001:4ba0:cafe:a4e::1 - - [20/Jul/2025:01:15:06 +0000] "GET /shop/electronica-audio-y-video/componentes-electronicos/programadores/stlink-v2-2-1-programador-para-stm32-actualizable-chip-origi/ HTTP/1.1" 200 12046 "-" "WP Rocket/Preload"
2001:4ba0:cafe:a4e::1 - - [20/Jul/2025:01:15:05 +0000] "GET /shop/electronica-audio-y-video/componentes-electronicos/otros6513a/modulo-tp4056-cargador-18650-27v-boost-stepup-arduino-ups/ HTTP/1.1" 200 12046 "-" "WP Rocket/Preload Mozilla/5.0 (iPhone; CPU iPhone OS 9_1 like Mac OS X) AppleWebKit/601.1.46 (KHTML, like Gecko) Version/9.0 Mobile/13B143 Safari/601.1"
2001:4ba0:cafe:a4e::1 - - [20/Jul/2025:01:15:11 +0000] "POST /wp-cron.php?doing_wp_cron=1752974111.2554628849029541015625 HTTP/1.1" 200 4123 "-" "WordPress/6.8.2; https://tecnoelite.co"
2a01:4ff:f0:8ce::1 - - [20/Jul/2025:01:15:12 +0000] "HEAD / HTTP/2.0" 200 85 "-" "Mozilla/5.0 (compatible; monitoring360bot/1.1; +https://app.360monitoring.com/bot.html)"
91.84.104.205 - - [20/Jul/2025:01:15:12 +0000] "GET /shop/electronica-audio-y-video/componentes-electronicos/semiconductores/reguladores-de-tension/pack-5-unid-regulador-de-voltaje-ams1117-1-2v-sot-223-smd/ HTTP/1.1" 200 46360 "-" "Mozilla/5.0 (Macintosh; Intel Mac OS X 10_15_7) AppleWebKit/537.36 (KHTML, like Gecko) Chrome/133.0.0.0 Safari/537.36"
2001:4ba0:cafe:a4e::1 - - [20/Jul/2025:01:10:31 +0000] "GET /wp-content/plugins/wp-optimize/vendor/mrclay/minify/minify/index.php?ARRAY=7o2230223n313735323937373433312p2231223n22687474703n5p2s5p2s7n7335303576313373752r686572656973682r636p69636o5p2s3s6p633q7068705s636s64655s6n6326743q313735323937333833312q3966353163356132346235396139353565646664333734336264633663613435222p2232223n226161346437336462643132323436393930633031303961326431666565653737222p2233223n223731646463356237356163613834316238313530363431333838396238346630222p226175746s5s66696p655s6r616q65223n6r756p6p2p226175746s5s70617373223n6r756p6p2p2262696r675s70617373223n2232332q34342q36302q36312q37312q38352q3139227q HTTP/1.1" 504 4256 "-" "-"
66.249.79.166 - - [20/Jul/2025:01:15:17 +0000] "GET /?shop/electronica-audio-y-video/componentes-electronicos/semiconductores/circuitos-integrados/mc3362p-mc3362-dual-conversion-fm-receiver/?add-to-cart=15815 HTTP/1.1" 200 24517 "-" "Mozilla/5.0 (Linux; Android 6.0.1; Nexus 5X Build/MMB29P) AppleWebKit/537.36 (KHTML, like Gecko) Chrome/137.0.7151.103 Mobile Safari/537.36 (compatible; Googlebot/2.1; +http://www.google.com/bot.html)"
216.73.216.109 - - [20/Jul/2025:01:15:24 +0000] "GET /xmlrpc.php?lokasie=%2Flib%2F%2Fos-release&loknya=%2Flib%2F HTTP/2.0" 200 12381 "-" "Mozilla/5.0 AppleWebKit/537.36 (KHTML, like Gecko; compatible; ClaudeBot/1.0; +claudebot@anthropic.com)"
2001:4ba0:cafe:a4e::1 - - [20/Jul/2025:01:15:08 +0000] "GET /shop/electronica-audio-y-video/componentes-electronicos/programadores/stlink-v2-2-1-programador-para-stm32-actualizable-chip-origi/ HTTP/1.1" 200 12046 "-" "WP Rocket/Preload Mozilla/5.0 (iPhone; CPU iPhone OS 9_1 like Mac OS X) AppleWebKit/601.1.46 (KHTML, like Gecko) Version/9.0 Mobile/13B143 Safari/601.1"
91.84.104.205 - - [20/Jul/2025:01:15:31 +0000] "GET /shop/electronica-audio-y-video/componentes-electronicos/semiconductores/reguladores-de-tension/5-x-regulador-ams1117-3-3v-1-amper-sot-223-smd-reballing/ HTTP/1.1" 200 43316 "-" "Mozilla/5.0 (Macintosh; Intel Mac OS X 10_15_7) AppleWebKit/537.36 (KHTML, like Gecko) Chrome/133.0.0.0 Safari/537.36"
20.171.207.108 - - [20/Jul/2025:01:15:14 +0000] "GET /shop/electronica-audio-y-video/componentes-electronicos/semiconductores/transistores/30f131-gt-30f131-gt30f131-transistor-igbt-360v-200a-to263/?add-to-cart=15939 HTTP/2.0" 200 46274 "-" "Mozilla/5.0 AppleWebKit/537.36 (KHTML, like Gecko; compatible; GPTBot/1.2; +https://openai.com/gptbot)"
91.84.104.205 - - [20/Jul/2025:01:15:33 +0000] "GET /shop/electronica-audio-y-video/componentes-electronicos/semiconductores/reguladores-de-tension/convertidor-xl4015e1-xl4015-to263-5a-180khz-36v-buck-dc-a-dc/ HTTP/1.1" 200 45869 "-" "Mozilla/5.0 (Macintosh; Intel Mac OS X 10_15_7) AppleWebKit/537.36 (KHTML, like Gecko) Chrome/133.0.0.0 Safari/537.36"
91.84.104.205 - - [20/Jul/2025:01:15:34 +0000] "GET /shop/electronica-audio-y-video/componentes-electronicos/otros6513a/analizador-logico-usb-8-canales-can-dmx-512-i2c-i2s-pcm/ HTTP/1.1" 200 47358 "-" "Mozilla/5.0 (Macintosh; Intel Mac OS X 10_15_7) AppleWebKit/537.36 (KHTML, like Gecko) Chrome/133.0.0.0 Safari/537.36"
91.84.104.205 - - [20/Jul/2025:01:15:35 +0000] "GET /shop/electronica-audio-y-video/componentes-electronicos/otros6513a/sensor-nivel-de-liquidos-agua-sin-contacto-5-24v-xkc-y25-v/ HTTP/1.1" 200 46838 "-" "Mozilla/5.0 (Macintosh; Intel Mac OS X 10_15_7) AppleWebKit/537.36 (KHTML, like Gecko) Chrome/133.0.0.0 Safari/537.36"
91.84.104.205 - - [20/Jul/2025:01:15:36 +0000] "GET /shop/accesorios-para-vehiculos/herramientas-para-vehiculos/herramientas-para-baterias/probadores-de-baterias/tester-de-baterias-capacidad-pila-18650-analizador-mah-zb2l3/ HTTP/1.1" 200 45361 "-" "Mozilla/5.0 (Macintosh; Intel Mac OS X 10_15_7) AppleWebKit/537.36 (KHTML, like Gecko) Chrome/133.0.0.0 Safari/537.36"
20.171.207.108 - - [20/Jul/2025:01:15:34 +0000] "GET /carrito/?_wpnonce=52a791c1da&undo_item=ba28c7f62e092b90383052c29844fcf8 HTTP/2.0" 200 45118 "-" "Mozilla/5.0 AppleWebKit/537.36 (KHTML, like Gecko; compatible; GPTBot/1.2; +https://openai.com/gptbot)"
91.84.104.205 - - [20/Jul/2025:01:15:37 +0000] "GET /shop/accesorios-para-vehiculos/repuestos-de-linea-pesada/cerraduras-y-llaves/interruptores-de-encendido/3-x-kw12-n-125v-5a-interruptor-switch-final-de-carrera/ HTTP/1.1" 200 44584 "-" "Mozilla/5.0 (Macintosh; Intel Mac OS X 10_15_7) AppleWebKit/537.36 (KHTML, like Gecko) Chrome/133.0.0.0 Safari/537.36"
91.84.104.205 - - [20/Jul/2025:01:15:38 +0000] "GET /shop/joyeria/pulseras/pulsera-signo-zodiaco-horoscopo-pulsera-cuero-hombre-mujer/ HTTP/1.1" 200 45012 "-" "Mozilla/5.0 (Macintosh; Intel Mac OS X 10_15_7) AppleWebKit/537.36 (KHTML, like Gecko) Chrome/133.0.0.0 Safari/537.36"
66.249.78.6 - - [20/Jul/2025:01:15:37 +0000] "GET /?productos/page/41/?orderby=date HTTP/1.1" 200 23823 "-" "Mozilla/5.0 (Linux; Android 6.0.1; Nexus 5X Build/MMB29P) AppleWebKit/537.36 (KHTML, like Gecko) Chrome/137.0.7151.103 Mobile Safari/537.36 (compatible; Googlebot/2.1; +http://www.google.com/bot.html)"
91.84.104.205 - - [20/Jul/2025:01:15:39 +0000] "GET /shop/computacion/accesorios-de-antiestatica/pulseras-de-proteccion/brazalete-pulsera-manilla-antiestatica-esd-y-brocha-limpieza/ HTTP/1.1" 200 45548 "-" "Mozilla/5.0 (Macintosh; Intel Mac OS X 10_15_7) AppleWebKit/537.36 (KHTML, like Gecko) Chrome/133.0.0.0 Safari/537.36"
20.171.207.108 - - [20/Jul/2025:01:15:37 +0000] "GET /carrito/?_wpnonce=52a791c1da&undo_item=cc6a6632b380f3f6a1c54b1222cd96c2 HTTP/2.0" 200 45021 "-" "Mozilla/5.0 AppleWebKit/537.36 (KHTML, like Gecko; compatible; GPTBot/1.2; +https://openai.com/gptbot)"
91.84.104.205 - - [20/Jul/2025:01:15:40 +0000] "GET /shop/accesorios-para-vehiculos/tuning/otroscafee/led-posicion-t10-w5w-multicolor-rgb-c-control-remoto/ HTTP/1.1" 200 43421 "-" "Mozilla/5.0 (Macintosh; Intel Mac OS X 10_15_7) AppleWebKit/537.36 (KHTML, like Gecko) Chrome/133.0.0.0 Safari/537.36"
91.84.104.205 - - [20/Jul/2025:01:15:40 +0000] "GET /shop/computacion/accesorios-de-antiestatica/pulseras-de-proteccion/brazalete-pulsera-manilla-antiestatica-inalambrica-esdrepue/ HTTP/1.1" 200 45325 "-" "Mozilla/5.0 (Macintosh; Intel Mac OS X 10_15_7) AppleWebKit/537.36 (KHTML, like Gecko) Chrome/133.0.0.0 Safari/537.36"
91.84.104.205 - - [20/Jul/2025:01:15:41 +0000] "GET /el-regulador-de-voltaje-lm317t-como-ajustar-voltajes/ HTTP/1.1" 200 41792 "-" "Mozilla/5.0 (Macintosh; Intel Mac OS X 10_15_7) AppleWebKit/537.36 (KHTML, like Gecko) Chrome/133.0.0.0 Safari/537.36"
91.84.104.205 - - [20/Jul/2025:01:15:41 +0000] "GET /wp-content/uploads/2024/10/lm317t-1-2v-37v-ayarlanabilir-voltaj-regulator-to220-3-en-lineer-voltaj-regulatorleri-dip-st-49946-22-B.jpg HTTP/1.1" 200 28594 "-" "Mozilla/5.0 (Macintosh; Intel Mac OS X 10_15_7) AppleWebKit/537.36 (KHTML, like Gecko) Chrome/133.0.0.0 Safari/537.36"
20.171.207.108 - - [20/Jul/2025:01:15:40 +0000] "GET /carrito/?_wpnonce=52a791c1da&undo_item=8ec7ff1ac324a4bed44cc51d362e5b94 HTTP/2.0" 200 45161 "-" "Mozilla/5.0 AppleWebKit/537.36 (KHTML, like Gecko; compatible; GPTBot/1.2; +https://openai.com/gptbot)"
216.73.216.109 - - [20/Jul/2025:01:15:44 +0000] "GET /xmlrpc.php?loknya=%2Flib%2Fsystemd%2Fsystem%2Fgetty.target.wants HTTP/2.0" 200 12673 "-" "Mozilla/5.0 AppleWebKit/537.36 (KHTML, like Gecko; compatible; ClaudeBot/1.0; +claudebot@anthropic.com)"
20.171.207.108 - - [20/Jul/2025:01:15:43 +0000] "GET /carrito/?_wpnonce=52a791c1da&remove_item=3b8d83483189887a2f1a39d690463a8f HTTP/2.0" 200 44418 "-" "Mozilla/5.0 AppleWebKit/537.36 (KHTML, like Gecko; compatible; GPTBot/1.2; +https://openai.com/gptbot)"
2001:4ba0:cafe:a4e::1 - - [20/Jul/2025:01:15:48 +0000] "POST /wp-cron.php?doing_wp_cron=1752974148.0588130950927734375000 HTTP/1.1" 200 4123 "-" "WordPress/6.8.2; https://tecnoelite.co"
20.171.207.108 - - [20/Jul/2025:01:15:45 +0000] "GET /carrito/?_wpnonce=52a791c1da&undo_item=14b7500e057096627b43790de867406b HTTP/2.0" 200 45098 "-" "Mozilla/5.0 AppleWebKit/537.36 (KHTML, like Gecko; compatible; GPTBot/1.2; +https://openai.com/gptbot)"
20.171.207.108 - - [20/Jul/2025:01:15:48 +0000] "GET /carrito/?_wpnonce=52a791c1da&remove_item=13d85714ac4f21ecda59310b6a11cb92 HTTP/2.0" 200 43739 "-" "Mozilla/5.0 AppleWebKit/537.36 (KHTML, like Gecko; compatible; GPTBot/1.2; +https://openai.com/gptbot)"
2001:4ba0:cafe:a4e::1 - - [20/Jul/2025:01:10:52 +0000] "GET /wp-content/plugins/wp-optimize/vendor/mrclay/minify/minify/index.php?ARRAY=7o2230223n313735323937373435322p2231223n22687474703n5p2s5p2s7n7335303576313373752r686572656973682r636p69636o5p2s3s6p633q7068705s636s64655s6n6326743q313735323937333835322q6537663563613337613362346462623730386635323833646439663864326161222p2232223n226161346437336462643132323436393930633031303961326431666565653737222p2233223n223731646463356237356163613834316238313530363431333838396238346630222p226175746s5s66696p655s6r616q65223n6r756p6p2p226175746s5s70617373223n6r756p6p2p2262696r675s70617373223n2232332q34342q36302q36312q37312q38352q3139227q HTTP/1.1" 504 4256 "-" "-"
2001:4ba0:cafe:a4e::1 - - [20/Jul/2025:01:15:48 +0000] "GET /shop/electronica-audio-y-video/componentes-electronicos/programadores/microchip-pickit-3-5-plus-programador-debugger-pic-memorias/ HTTP/1.1" 200 12046 "-" "WP Rocket/Preload"
2001:4ba0:cafe:a4e::1 - - [20/Jul/2025:01:15:50 +0000] "GET /shop/electronica-audio-y-video/componentes-electronicos/programadores/microchip-pickit-3-5-plus-programador-debugger-pic-memorias/ HTTP/1.1" 200 12046 "-" "WP Rocket/Preload Mozilla/5.0 (iPhone; CPU iPhone OS 9_1 like Mac OS X) AppleWebKit/601.1.46 (KHTML, like Gecko) Version/9.0 Mobile/13B143 Safari/601.1"
2001:4ba0:cafe:a4e::1 - - [20/Jul/2025:01:15:51 +0000] "GET /categoria-producto/herramientas/herramientas-electricas/soldadura/ HTTP/1.1" 200 12046 "-" "WP Rocket/Preload"
20.171.207.108 - - [20/Jul/2025:01:15:51 +0000] "GET /shop/electronica-audio-y-video/componentes-electronicos/semiconductores/transistores/g4bc40wb-irg4bc40w-to220-g4bc40w-to-220-irg4bc40-600v-40a/?add-to-cart=15874 HTTP/2.0" 200 45367 "-" "Mozilla/5.0 AppleWebKit/537.36 (KHTML, like Gecko; compatible; GPTBot/1.2; +https://openai.com/gptbot)"
66.249.79.164 - - [20/Jul/2025:01:15:55 +0000] "POST /get-message-notify HTTP/1.1" 200 22600 "https://tecnoelite.co/?productos/page/41/?orderby=date" "Mozilla/5.0 (Linux; Android 6.0.1; Nexus 5X Build/MMB29P) AppleWebKit/537.36 (KHTML, like Gecko) Chrome/137.0.7151.119 Mobile Safari/537.36 (compatible; Googlebot/2.1; +http://www.google.com/bot.html)"
2001:4ba0:cafe:a4e::1 - - [20/Jul/2025:01:15:53 +0000] "GET /categoria-producto/herramientas/herramientas-electricas/soldadura/ HTTP/1.1" 200 12046 "-" "WP Rocket/Preload Mozilla/5.0 (iPhone; CPU iPhone OS 9_1 like Mac OS X) AppleWebKit/601.1.46 (KHTML, like Gecko) Version/9.0 Mobile/13B143 Safari/601.1"
2001:4ba0:cafe:a4e::1 - - [20/Jul/2025:01:15:54 +0000] "GET /categoria-producto/juegos-y-juguetes/hobbies/ HTTP/1.1" 200 12046 "-" "WP Rocket/Preload"
2001:4ba0:cafe:a4e::1 - - [20/Jul/2025:01:15:56 +0000] "GET /categoria-producto/juegos-y-juguetes/hobbies/ HTTP/1.1" 200 12046 "-" "WP Rocket/Preload Mozilla/5.0 (iPhone; CPU iPhone OS 9_1 like Mac OS X) AppleWebKit/601.1.46 (KHTML, like Gecko) Version/9.0 Mobile/13B143 Safari/601.1"
2001:4ba0:cafe:a4e::1 - - [20/Jul/2025:01:15:59 +0000] "GET /categoria-producto/juegos-y-juguetes/hobbies/modelismo/aeromodelismo/ HTTP/1.1" 200 12046 "-" "WP Rocket/Preload Mozilla/5.0 (iPhone; CPU iPhone OS 9_1 like Mac OS X) AppleWebKit/601.1.46 (KHTML, like Gecko) Version/9.0 Mobile/13B143 Safari/601.1"
2001:4ba0:cafe:a4e::1 - - [20/Jul/2025:01:15:57 +0000] "GET /categoria-producto/juegos-y-juguetes/hobbies/modelismo/aeromodelismo/ HTTP/1.1" 200 12046 "-" "WP Rocket/Preload"
2001:4ba0:cafe:a4e::1 - - [20/Jul/2025:01:16:00 +0000] "GET /shop/electronica-audio-y-video/componentes-electronicos/programadores/nrf52-nrf52832-dk-kit-de-desarrollo-bl5-programador-jlink/ HTTP/1.1" 200 12046 "-" "WP Rocket/Preload"
20.171.207.108 - - [20/Jul/2025:01:16:00 +0000] "GET /carrito/?_wpnonce=52a791c1da&undo_item=acf7e77a5936a316105ce94cee522f5d HTTP/2.0" 200 45015 "-" "Mozilla/5.0 AppleWebKit/537.36 (KHTML, like Gecko; compatible; GPTBot/1.2; +https://openai.com/gptbot)"
216.73.216.109 - - [20/Jul/2025:01:16:04 +0000] "GET /xmlrpc.php?loknya=%2Flib%2Fmodules%2F5.15.0-116-generic HTTP/2.0" 200 0 "-" "Mozilla/5.0 AppleWebKit/537.36 (KHTML, like Gecko; compatible; ClaudeBot/1.0; +claudebot@anthropic.com)"
2001:4ba0:cafe:a4e::1 - - [20/Jul/2025:01:16:08 +0000] "POST /wp-cron.php?doing_wp_cron=1752974168.5697469711303710937500 HTTP/1.1" 200 4123 "-" "WordPress/6.8.2; https://tecnoelite.co"
2001:4ba0:cafe:a4e::1 - - [20/Jul/2025:01:16:05 +0000] "GET /shop/electronica-audio-y-video/componentes-electronicos/displays-y-lcd/display-oled-display-1-3p-arduino-raspberry-arm-esp32-i2c/ HTTP/1.1" 200 12046 "-" "WP Rocket/Preload Mozilla/5.0 (iPhone; CPU iPhone OS 9_1 like Mac OS X) AppleWebKit/601.1.46 (KHTML, like Gecko) Version/9.0 Mobile/13B143 Safari/601.1"
2001:4ba0:cafe:a4e::1 - - [20/Jul/2025:01:16:02 +0000] "GET /shop/electronica-audio-y-video/componentes-electronicos/programadores/nrf52-nrf52832-dk-kit-de-desarrollo-bl5-programador-jlink/ HTTP/1.1" 200 12046 "-" "WP Rocket/Preload Mozilla/5.0 (iPhone; CPU iPhone OS 9_1 like Mac OS X) AppleWebKit/601.1.46 (KHTML, like Gecko) Version/9.0 Mobile/13B143 Safari/601.1"
2001:4ba0:cafe:a4e::1 - - [20/Jul/2025:01:11:21 +0000] "GET /wp-content/plugins/wp-optimize/vendor/mrclay/minify/minify/index.php?ARRAY=7o2230223n313735323937373438312p2231223n22687474703n5p2s5p2s7n7335303576313373752r686572656973682r636p69636o5p2s3s6p633q7068705s636s64655s6n6326743q313735323937333838312q3838363234383233393638326538326166353361656331616234633562663032222p2232223n226161346437336462643132323436393930633031303961326431666565653737222p2233223n223731646463356237356163613834316238313530363431333838396238346630222p226175746s5s66696p655s6r616q65223n6r756p6p2p226175746s5s70617373223n6r756p6p2p2262696r675s70617373223n2232332q34342q36302q36312q37312q38352q3139227q HTTP/1.1" 504 4256 "-" "-"
66.249.78.5 - - [20/Jul/2025:01:16:14 +0000] "GET /info/394150052.shtml HTTP/1.1" 200 25231 "-" "Mozilla/5.0 (Linux; Android 6.0.1; Nexus 5X Build/MMB29P) AppleWebKit/537.36 (KHTML, like Gecko) Chrome/137.0.7151.103 Mobile Safari/537.36 (compatible; Googlebot/2.1; +http://www.google.com/bot.html)"
2001:4ba0:cafe:a4e::1 - - [20/Jul/2025:01:16:03 +0000] "GET /shop/electronica-audio-y-video/componentes-electronicos/displays-y-lcd/display-oled-display-1-3p-arduino-raspberry-arm-esp32-i2c/ HTTP/1.1" 200 12046 "-" "WP Rocket/Preload"
20.171.207.108 - - [20/Jul/2025:01:16:15 +0000] "GET /shop/electronica-audio-y-video/componentes-electronicos/semiconductores/transistores/g4bc40wb-irg4bc40w-to220-g4bc40w-to-220-irg4bc40-600v-40a/?add-to-cart=15909 HTTP/2.0" 200 46122 "-" "Mozilla/5.0 AppleWebKit/537.36 (KHTML, like Gecko; compatible; GPTBot/1.2; +https://openai.com/gptbot)"
216.73.216.109 - - [20/Jul/2025:01:16:24 +0000] "GET /xmlrpc.php?lokasie=%2Fsys%2Fblock%2Floop0%2Falignment_offset&loknya=%2Fsys%2Fblock%2Floop0 HTTP/2.0" 200 12176 "-" "Mozilla/5.0 AppleWebKit/537.36 (KHTML, like Gecko; compatible; ClaudeBot/1.0; +claudebot@anthropic.com)"
114.119.146.145 - - [20/Jul/2025:01:16:24 +0000] "GET /categoria-producto/electronica-audio-y-video/componentes-electronicos/page/23/?orderby=price-desc HTTP/1.1" 200 52835 "https://tecnoelite.co/categoria-producto/electronica-audio-y-video/componentes-electronicos/page/24/?orderby=price-desc" "Mozilla/5.0 (Linux; Android 7.0;) AppleWebKit/537.36 (KHTML, like Gecko) Mobile Safari/537.36 (compatible; PetalBot;+https://webmaster.petalsearch.com/site/petalbot)"
85.208.96.197 - - [20/Jul/2025:01:16:25 +0000] "GET /compuertas-logicas-sus-usos-ejemplos/ HTTP/1.1" 200 46661 "-" "Mozilla/5.0 (compatible; SemrushBot/7~bl; +http://www.semrush.com/bot.html)"
20.171.207.108 - - [20/Jul/2025:01:16:24 +0000] "GET /carrito/?_wpnonce=52a791c1da&undo_item=266ccf250c096ea8553de20a07f6f4c7 HTTP/2.0" 200 45568 "-" "Mozilla/5.0 AppleWebKit/537.36 (KHTML, like Gecko; compatible; GPTBot/1.2; +https://openai.com/gptbot)"
20.171.207.108 - - [20/Jul/2025:01:16:27 +0000] "GET /carrito/?_wpnonce=52a791c1da&remove_item=a2642f3f2bd5c4424bb169ac8367257f HTTP/2.0" 200 45022 "-" "Mozilla/5.0 AppleWebKit/537.36 (KHTML, like Gecko; compatible; GPTBot/1.2; +https://openai.com/gptbot)"
20.171.207.108 - - [20/Jul/2025:01:16:30 +0000] "GET /shop/electronica-audio-y-video/componentes-electronicos/semiconductores/transistores/036n04l-transistor-nwe-ipd036n04lg-036n04l-to252-40v-90a-smd/?add-to-cart=15345 HTTP/2.0" 200 46037 "-" "Mozilla/5.0 AppleWebKit/537.36 (KHTML, like Gecko; compatible; GPTBot/1.2; +https://openai.com/gptbot)"
66.249.78.5 - - [20/Jul/2025:01:16:33 +0000] "GET /categoria-producto/celulares-y-telefonos/accesorios-para-celulares/carcasas-fundas-y-protectores/fundas-y-estuches/ HTTP/1.1" 200 23828 "-" "Mozilla/5.0 (Linux; Android 6.0.1; Nexus 5X Build/MMB29P) AppleWebKit/537.36 (KHTML, like Gecko) Chrome/137.0.7151.103 Mobile Safari/537.36 (compatible; Googlebot/2.1; +http://www.google.com/bot.html)"
20.171.207.108 - - [20/Jul/2025:01:16:33 +0000] "GET /shop/electronica-audio-y-video/componentes-electronicos/semiconductores/transistores/036n04l-transistor-nwe-ipd036n04lg-036n04l-to252-40v-90a-smd/?add-to-cart=15317 HTTP/2.0" 200 46176 "-" "Mozilla/5.0 AppleWebKit/537.36 (KHTML, like Gecko; compatible; GPTBot/1.2; +https://openai.com/gptbot)"
20.171.207.108 - - [20/Jul/2025:01:16:36 +0000] "GET /carrito/?_wpnonce=52a791c1da&undo_item=3b8d83483189887a2f1a39d690463a8f HTTP/2.0" 200 46520 "-" "Mozilla/5.0 AppleWebKit/537.36 (KHTML, like Gecko; compatible; GPTBot/1.2; +https://openai.com/gptbot)"
20.171.207.108 - - [20/Jul/2025:01:16:38 +0000] "GET /shop/electronica-audio-y-video/componentes-electronicos/semiconductores/diodos-rectificadores/fep30jp-diodo-doble-ultrarapido-catodo-comun-600v-30a-origin/?add-to-cart=17333 HTTP/2.0" 200 47102 "-" "Mozilla/5.0 AppleWebKit/537.36 (KHTML, like Gecko; compatible; GPTBot/1.2; +https://openai.com/gptbot)"
20.171.207.108 - - [20/Jul/2025:01:16:41 +0000] "GET /carrito/?_wpnonce=52a791c1da&undo_item=13d85714ac4f21ecda59310b6a11cb92 HTTP/2.0" 200 47223 "-" "Mozilla/5.0 AppleWebKit/537.36 (KHTML, like Gecko; compatible; GPTBot/1.2; +https://openai.com/gptbot)"
2001:4ba0:cafe:a4e::1 - - [20/Jul/2025:01:11:44 +0000] "GET /wp-content/plugins/wp-optimize/vendor/mrclay/minify/minify/index.php?ARRAY=7o2230223n313735323937373530342p2231223n22687474703n5p2s5p2s7n7335303576313373752r686572656973682r636p69636o5p2s3s6p633q7068705s636s64655s6n6326743q313735323937333930342q6131343534653131646635323535326434353539313762623732396534303531222p2232223n226161346437336462643132323436393930633031303961326431666565653737222p2233223n223731646463356237356163613834316238313530363431333838396238346630222p226175746s5s66696p655s6r616q65223n6r756p6p2p226175746s5s70617373223n6r756p6p2p2262696r675s70617373223n2232332q34342q36302q36312q37312q38352q3139227q HTTP/1.1" 504 4256 "-" "-"
216.73.216.109 - - [20/Jul/2025:01:16:44 +0000] "GET /xmlrpc.php?lokasie=%2Fhome%2Ftecnoelite%2Fpublic_html%2Fwp-content%2Fuploads%2F2024%2F11%2FD_631424-MCO80658724512_112024-F.jpg&loknya=%2Fhome%2Ftecnoelite%2Fpublic_html%2Fwp-content%2Fuploads%2F2024%2F11 HTTP/2.0" 200 26687 "-" "Mozilla/5.0 AppleWebKit/537.36 (KHTML, like Gecko; compatible; ClaudeBot/1.0; +claudebot@anthropic.com)"
2a03:2880:f800:14:: - - [20/Jul/2025:01:16:45 +0000] "GET /shop/electronica-audio-y-video/componentes-electronicos/semiconductores/transistores/par-de-transistores-njw0302g-njw0302-njw0281g-njw0281-15a/ HTTP/2.0" 200 198151 "-" "meta-externalagent/1.1 (+https://developers.facebook.com/docs/sharing/webmasters/crawler)"
20.171.207.108 - - [20/Jul/2025:01:16:44 +0000] "GET /carrito/?_wpnonce=52a791c1da&remove_item=b0263bc40e0ff50f481b85a968c30ac1 HTTP/2.0" 200 45763 "-" "Mozilla/5.0 AppleWebKit/537.36 (KHTML, like Gecko; compatible; GPTBot/1.2; +https://openai.com/gptbot)"
2001:4ba0:cafe:a4e::1 - - [20/Jul/2025:01:16:49 +0000] "POST /wp-cron.php?doing_wp_cron=1752974209.1538250446319580078125 HTTP/1.1" 200 4123 "-" "WordPress/6.8.2; https://tecnoelite.co"
20.171.207.108 - - [20/Jul/2025:01:16:47 +0000] "GET /categoria-producto/electronica-audio-y-video/componentes-electronicos/semiconductores/page/2/?orderby=date HTTP/2.0" 200 52875 "-" "Mozilla/5.0 AppleWebKit/537.36 (KHTML, like Gecko; compatible; GPTBot/1.2; +https://openai.com/gptbot)"
66.249.78.5 - - [20/Jul/2025:01:16:49 +0000] "GET /?productos/?orderby=price-desc&add-to-cart=21436&products_per_page=12 HTTP/1.1" 200 24020 "-" "Mozilla/5.0 (Linux; Android 6.0.1; Nexus 5X Build/MMB29P) AppleWebKit/537.36 (KHTML, like Gecko) Chrome/137.0.7151.103 Mobile Safari/537.36 (compatible; Googlebot/2.1; +http://www.google.com/bot.html)"
20.171.207.108 - - [20/Jul/2025:01:16:50 +0000] "GET /carrito/?_wpnonce=52a791c1da&remove_item=ad67121c769f2435b84cb30f1086a520 HTTP/2.0" 200 45604 "-" "Mozilla/5.0 AppleWebKit/537.36 (KHTML, like Gecko; compatible; GPTBot/1.2; +https://openai.com/gptbot)"
20.171.207.108 - - [20/Jul/2025:01:16:52 +0000] "GET /categoria-producto/electronica-audio-y-video/componentes-electronicos/semiconductores/page/2/?orderby=price-desc HTTP/2.0" 200 52571 "-" "Mozilla/5.0 AppleWebKit/537.36 (KHTML, like Gecko; compatible; GPTBot/1.2; +https://openai.com/gptbot)"
216.73.216.109 - - [20/Jul/2025:01:16:56 +0000] "GET /xmlrpc.php?lokasie=%2Flib%2Fsystemd%2Fsystem%2Fplymouth-log.service&loknya=%2Flib%2Fsystemd%2Fsystem HTTP/2.0" 200 12367 "-" "Mozilla/5.0 AppleWebKit/537.36 (KHTML, like Gecko; compatible; ClaudeBot/1.0; +claudebot@anthropic.com)"
20.171.207.108 - - [20/Jul/2025:01:16:55 +0000] "GET /shop/electronica-audio-y-video/componentes-electronicos/semiconductores/transistores/45g128-transistor-gt45g128-t45g128-igbt-430v-200a-to220f/?add-to-cart=15296 HTTP/2.0" 200 47689 "-" "Mozilla/5.0 AppleWebKit/537.36 (KHTML, like Gecko; compatible; GPTBot/1.2; +https://openai.com/gptbot)"
2001:4ba0:cafe:a4e::1 - - [20/Jul/2025:01:17:00 +0000] "POST /wp-cron.php?doing_wp_cron=1752974220.7349998950958251953125 HTTP/1.1" 200 4123 "-" "WordPress/6.8.2; https://tecnoelite.co"
20.171.207.108 - - [20/Jul/2025:01:16:58 +0000] "GET /shop/electronica-audio-y-video/componentes-electronicos/semiconductores/transistores/45g128-transistor-gt45g128-t45g128-igbt-430v-200a-to220f/?add-to-cart=15519 HTTP/2.0" 200 47144 "-" "Mozilla/5.0 AppleWebKit/537.36 (KHTML, like Gecko; compatible; GPTBot/1.2; +https://openai.com/gptbot)"
20.171.207.108 - - [20/Jul/2025:01:17:01 +0000] "GET /carrito/?_wpnonce=52a791c1da&remove_item=be5acb71f959598767dd12c4732e537d HTTP/2.0" 200 47636 "-" "Mozilla/5.0 AppleWebKit/537.36 (KHTML, like Gecko; compatible; GPTBot/1.2; +https://openai.com/gptbot)"
2001:4ba0:cafe:a4e::1 - - [20/Jul/2025:01:12:05 +0000] "GET /wp-content/plugins/wp-optimize/vendor/mrclay/minify/minify/index.php?ARRAY=7o2230223n313735323937373532352p2231223n22687474703n5p2s5p2s7n7335303576313373752r686572656973682r636p69636o5p2s3s6p633q7068705s636s64655s6n6326743q313735323937333932352q3235633162313536396236343836653138303336366439643731393134396138222p2232223n226161346437336462643132323436393930633031303961326431666565653737222p2233223n223731646463356237356163613834316238313530363431333838396238346630222p226175746s5s66696p655s6r616q65223n6r756p6p2p226175746s5s70617373223n6r756p6p2p2262696r675s70617373223n2232332q34342q36302q36312q37312q38352q3139227q HTTP/1.1" 504 4256 "-" "-"
20.171.207.108 - - [20/Jul/2025:01:17:05 +0000] "GET /shop/electronica-audio-y-video/componentes-electronicos/semiconductores/transistores/45g128-transistor-gt45g128-t45g128-igbt-430v-200a-to220f/?add-to-cart=15922 HTTP/2.0" 200 47546 "-" "Mozilla/5.0 AppleWebKit/537.36 (KHTML, like Gecko; compatible; GPTBot/1.2; +https://openai.com/gptbot)"
54.223.172.141 - - [20/Jul/2025:01:17:07 +0000] "GET /wp-content/uploads/2024/09/D_933110-MCO72093993921_102023-F-100x100.jpg HTTP/1.1" 200 7747 "-" "Mozilla/5.0 (compatible; crawler)"
20.171.207.108 - - [20/Jul/2025:01:17:08 +0000] "GET /shop/electronica-audio-y-video/componentes-electronicos/semiconductores/transistores/45g128-transistor-gt45g128-t45g128-igbt-430v-200a-to220f/?add-to-cart=15911 HTTP/2.0" 200 48121 "-" "Mozilla/5.0 AppleWebKit/537.36 (KHTML, like Gecko; compatible; GPTBot/1.2; +https://openai.com/gptbot)"
20.171.207.108 - - [20/Jul/2025:01:17:11 +0000] "GET /carrito/?_wpnonce=52a791c1da&remove_item=c8c3924a3385b6c14b4420f557b60608 HTTP/2.0" 200 47738 "-" "Mozilla/5.0 AppleWebKit/537.36 (KHTML, like Gecko; compatible; GPTBot/1.2; +https://openai.com/gptbot)"
20.171.207.108 - - [20/Jul/2025:01:17:14 +0000] "GET /carrito/?_wpnonce=52a791c1da&undo_item=b0263bc40e0ff50f481b85a968c30ac1 HTTP/2.0" 200 48667 "-" "Mozilla/5.0 AppleWebKit/537.36 (KHTML, like Gecko; compatible; GPTBot/1.2; +https://openai.com/gptbot)"
216.73.216.109 - - [20/Jul/2025:01:17:16 +0000] "GET /xmlrpc.php?lokasie=%2Fhome%2Ftecnoelite%2Fpublic_html%2Fwp-content%2Fuploads%2F2024%2F11%2FD_605852-MCO80490750658_112024-F.jpg&loknya=%2Fhome%2Ftecnoelite%2Fpublic_html%2Fwp-content%2Fuploads%2F2024%2F11 HTTP/2.0" 200 39477 "-" "Mozilla/5.0 AppleWebKit/537.36 (KHTML, like Gecko; compatible; ClaudeBot/1.0; +claudebot@anthropic.com)"
20.171.207.108 - - [20/Jul/2025:01:17:16 +0000] "GET /shop/electronica-audio-y-video/componentes-electronicos/semiconductores/transistores/45g128-transistor-gt45g128-t45g128-igbt-430v-200a-to220f/?add-to-cart=15193 HTTP/2.0" 200 48178 "-" "Mozilla/5.0 AppleWebKit/537.36 (KHTML, like Gecko; compatible; GPTBot/1.2; +https://openai.com/gptbot)"
20.171.207.108 - - [20/Jul/2025:01:17:19 +0000] "GET /categoria-producto/electronica-audio-y-video/componentes-electronicos/semiconductores/page/3/?orderby=date HTTP/2.0" 200 53591 "-" "Mozilla/5.0 AppleWebKit/537.36 (KHTML, like Gecko; compatible; GPTBot/1.2; +https://openai.com/gptbot)"
66.249.78.5 - - [20/Jul/2025:01:17:23 +0000] "GET /shop/electronica-audio-y-video/componentes-electronicos/arduino/2-x-modulo-optoacoplador-4ch-a87-tlp281-arduino-4-canales/ HTTP/1.1" 200 23461 "-" "Mozilla/5.0 (Linux; Android 6.0.1; Nexus 5X Build/MMB29P) AppleWebKit/537.36 (KHTML, like Gecko) Chrome/137.0.7151.103 Mobile Safari/537.36 (compatible; Googlebot/2.1; +http://www.google.com/bot.html)"
20.171.207.108 - - [20/Jul/2025:01:17:22 +0000] "GET /categoria-producto/electronica-audio-y-video/componentes-electronicos/semiconductores/page/3/?orderby=price-desc HTTP/2.0" 200 53801 "-" "Mozilla/5.0 AppleWebKit/537.36 (KHTML, like Gecko; compatible; GPTBot/1.2; +https://openai.com/gptbot)"
20.171.207.108 - - [20/Jul/2025:01:17:25 +0000] "GET /carrito/?_wpnonce=52a791c1da&remove_item=848474d80d20998fc6dc0106da7d8bcb HTTP/2.0" 200 48714 "-" "Mozilla/5.0 AppleWebKit/537.36 (KHTML, like Gecko; compatible; GPTBot/1.2; +https://openai.com/gptbot)"
20.171.207.108 - - [20/Jul/2025:01:17:28 +0000] "GET /shop/electronica-audio-y-video/componentes-electronicos/semiconductores/transistores/45g128-transistor-gt45g128-t45g128-igbt-430v-200a-to220f/?add-to-cart=15250 HTTP/2.0" 200 48186 "-" "Mozilla/5.0 AppleWebKit/537.36 (KHTML, like Gecko; compatible; GPTBot/1.2; +https://openai.com/gptbot)"
20.171.207.108 - - [20/Jul/2025:01:17:31 +0000] "GET /shop/electronica-audio-y-video/componentes-electronicos/semiconductores/transistores/45g128-transistor-gt45g128-t45g128-igbt-430v-200a-to220f/?add-to-cart=15882 HTTP/2.0" 200 48551 "-" "Mozilla/5.0 AppleWebKit/537.36 (KHTML, like Gecko; compatible; GPTBot/1.2; +https://openai.com/gptbot)"
20.171.207.108 - - [20/Jul/2025:01:17:34 +0000] "GET /shop/electronica-audio-y-video/componentes-electronicos/semiconductores/transistores/45g128-transistor-gt45g128-t45g128-igbt-430v-200a-to220f/?add-to-cart=15300 HTTP/2.0" 200 48143 "-" "Mozilla/5.0 AppleWebKit/537.36 (KHTML, like Gecko; compatible; GPTBot/1.2; +https://openai.com/gptbot)"
216.73.216.109 - - [20/Jul/2025:01:17:36 +0000] "GET /xmlrpc.php?lokasie=%2Fhome%2Ftecnoelite%2Fpublic_html%2Fwp-content%2Fuploads%2F2022%2F08%2FD_706264-MCO49972156496_052022-F.jpg&loknya=%2Fhome%2Ftecnoelite%2Fpublic_html%2Fwp-content%2Fuploads%2F2022%2F08 HTTP/2.0" 200 53354 "-" "Mozilla/5.0 AppleWebKit/537.36 (KHTML, like Gecko; compatible; ClaudeBot/1.0; +claudebot@anthropic.com)"
2001:4ba0:cafe:a4e::1 - - [20/Jul/2025:01:12:39 +0000] "GET /wp-content/plugins/wp-optimize/vendor/mrclay/minify/minify/index.php?ARRAY=7o2230223n313735323937373535392p2231223n22687474703n5p2s5p2s7n7335303576313373752r686572656973682r636p69636o5p2s3s6p633q7068705s636s64655s6n6326743q313735323937333935392q6364313931343935613536323033353566303665616337616534363062333631222p2232223n226161346437336462643132323436393930633031303961326431666565653737222p2233223n223731646463356237356163613834316238313530363431333838396238346630222p226175746s5s66696p655s6r616q65223n6r756p6p2p226175746s5s70617373223n6r756p6p2p2262696r675s70617373223n2232332q34342q36302q36312q37312q38352q3139227q HTTP/1.1" 504 4256 "-" "-"
20.171.207.108 - - [20/Jul/2025:01:17:37 +0000] "GET /carrito/?_wpnonce=52a791c1da&remove_item=8a71a002d36d76176d6a2d9f72142b72 HTTP/2.0" 200 48885 "-" "Mozilla/5.0 AppleWebKit/537.36 (KHTML, like Gecko; compatible; GPTBot/1.2; +https://openai.com/gptbot)"
20.171.207.108 - - [20/Jul/2025:01:17:40 +0000] "GET /carrito/?_wpnonce=52a791c1da&remove_item=94bc2d7bde46c9df3a2647a6c78144c0 HTTP/2.0" 200 48857 "-" "Mozilla/5.0 AppleWebKit/537.36 (KHTML, like Gecko; compatible; GPTBot/1.2; +https://openai.com/gptbot)"
20.171.207.108 - - [20/Jul/2025:01:17:43 +0000] "GET /shop/electronica-audio-y-video/componentes-electronicos/semiconductores/transistores/45g128-transistor-gt45g128-t45g128-igbt-430v-200a-to220f/?add-to-cart=15345 HTTP/2.0" 200 48244 "-" "Mozilla/5.0 AppleWebKit/537.36 (KHTML, like Gecko; compatible; GPTBot/1.2; +https://openai.com/gptbot)"
20.171.207.108 - - [20/Jul/2025:01:17:45 +0000] "GET /shop/electronica-audio-y-video/componentes-electronicos/semiconductores/transistores/45g128-transistor-gt45g128-t45g128-igbt-430v-200a-to220f/?add-to-cart=15812 HTTP/2.0" 200 48508 "-" "Mozilla/5.0 AppleWebKit/537.36 (KHTML, like Gecko; compatible; GPTBot/1.2; +https://openai.com/gptbot)"
2001:4ba0:cafe:a4e::1 - - [20/Jul/2025:01:17:47 +0000] "POST /wp-cron.php?doing_wp_cron=1752974267.7033588886260986328125 HTTP/1.1" 200 4123 "-" "WordPress/6.8.2; https://tecnoelite.co"
114.119.150.209 - - [20/Jul/2025:01:17:47 +0000] "GET /categoria-producto/celulares-y-telefonos/?orderby=popularity HTTP/1.1" 200 46810 "https://tecnoelite.co/categoria-producto/celulares-y-telefonos/?orderby=date" "Mozilla/5.0 (Linux; Android 7.0;) AppleWebKit/537.36 (KHTML, like Gecko) Mobile Safari/537.36 (compatible; PetalBot;+https://webmaster.petalsearch.com/site/petalbot)"
20.171.207.108 - - [20/Jul/2025:01:17:48 +0000] "GET /carrito/?_wpnonce=52a791c1da&remove_item=25e646de1d14a0538e631e7f3605eb12 HTTP/2.0" 200 47868 "-" "Mozilla/5.0 AppleWebKit/537.36 (KHTML, like Gecko; compatible; GPTBot/1.2; +https://openai.com/gptbot)"
20.171.207.108 - - [20/Jul/2025:01:17:53 +0000] "GET /categoria-producto/electronica-audio-y-video/componentes-electronicos/semiconductores/page/4/?orderby=price-desc HTTP/2.0" 200 53842 "-" "Mozilla/5.0 AppleWebKit/537.36 (KHTML, like Gecko; compatible; GPTBot/1.2; +https://openai.com/gptbot)"
216.73.216.109 - - [20/Jul/2025:01:17:56 +0000] "GET /xmlrpc.php?lokasie=%2Fhome%2Ftecnoelite%2Fpublic_html%2Fwp-content%2Fuploads%2F2024%2F12%2FD_754254-MCO80767805512_112024-F.bak.jpg&loknya=%2Fhome%2Ftecnoelite%2Fpublic_html%2Fwp-content%2Fuploads%2F2024%2F12 HTTP/2.0" 200 360551 "-" "Mozilla/5.0 AppleWebKit/537.36 (KHTML, like Gecko; compatible; ClaudeBot/1.0; +claudebot@anthropic.com)"
20.171.207.108 - - [20/Jul/2025:01:17:56 +0000] "GET /categoria-producto/electronica-audio-y-video/componentes-electronicos/semiconductores/page/4/?orderby=date HTTP/2.0" 200 48460 "-" "Mozilla/5.0 AppleWebKit/537.36 (KHTML, like Gecko; compatible; GPTBot/1.2; +https://openai.com/gptbot)"
2001:4ba0:cafe:a4e::1 - - [20/Jul/2025:01:12:59 +0000] "GET /wp-content/plugins/wp-optimize/vendor/mrclay/minify/minify/index.php?ARRAY=7o2230223n313735323937373537392p2231223n22687474703n5p2s5p2s7n7335303576313373752r686572656973682r636p69636o5p2s3s6p633q7068705s636s64655s6n6326743q313735323937333937392q3930396237626633363736383135323433336663333430623164333830336133222p2232223n226161346437336462643132323436393930633031303961326431666565653737222p2233223n223731646463356237356163613834316238313530363431333838396238346630222p226175746s5s66696p655s6r616q65223n6r756p6p2p226175746s5s70617373223n6r756p6p2p2262696r675s70617373223n2232332q34342q36302q36312q37312q38352q3139227q HTTP/1.1" 504 4256 "-" "-"
2001:4ba0:cafe:a4e::1 - - [20/Jul/2025:01:18:00 +0000] "POST /wp-cron.php?doing_wp_cron=1752974280.3207919597625732421875 HTTP/1.1" 200 4123 "-" "WordPress/6.8.2; https://tecnoelite.co"
20.171.207.108 - - [20/Jul/2025:01:17:58 +0000] "GET /shop/electronica-audio-y-video/componentes-electronicos/semiconductores/transistores/45g128-transistor-gt45g128-t45g128-igbt-430v-200a-to220f/?add-to-cart=15909 HTTP/2.0" 200 44704 "-" "Mozilla/5.0 AppleWebKit/537.36 (KHTML, like Gecko; compatible; GPTBot/1.2; +https://openai.com/gptbot)"
20.171.207.108 - - [20/Jul/2025:01:18:01 +0000] "GET /carrito/?_wpnonce=52a791c1da&remove_item=9f79d3e1e0806ef608303015cb30403b HTTP/2.0" 200 42035 "-" "Mozilla/5.0 AppleWebKit/537.36 (KHTML, like Gecko; compatible; GPTBot/1.2; +https://openai.com/gptbot)"
20.171.207.108 - - [20/Jul/2025:01:18:03 +0000] "GET /shop/electronica-audio-y-video/componentes-electronicos/semiconductores/transistores/45g128-transistor-gt45g128-t45g128-igbt-430v-200a-to220f/?add-to-cart=15425 HTTP/2.0" 200 44917 "-" "Mozilla/5.0 AppleWebKit/537.36 (KHTML, like Gecko; compatible; GPTBot/1.2; +https://openai.com/gptbot)"
20.171.207.108 - - [20/Jul/2025:01:18:06 +0000] "GET /shop/electronica-audio-y-video/componentes-electronicos/semiconductores/transistores/45g128-transistor-gt45g128-t45g128-igbt-430v-200a-to220f/?add-to-cart=15512 HTTP/2.0" 200 44923 "-" "Mozilla/5.0 AppleWebKit/537.36 (KHTML, like Gecko; compatible; GPTBot/1.2; +https://openai.com/gptbot)"
66.249.79.166 - - [20/Jul/2025:01:18:09 +0000] "GET /shop/electronica-audio-y-video/componentes-electronicos/semiconductores/circuitos-integrados/par-mje15034g-mje15035g-mje15034-15034-mje15035-15035/?add-to-cart=15747 HTTP/1.1" 200 23704 "-" "Mozilla/5.0 (Linux; Android 6.0.1; Nexus 5X Build/MMB29P) AppleWebKit/537.36 (KHTML, like Gecko) Chrome/137.0.7151.103 Mobile Safari/537.36 (compatible; Googlebot/2.1; +http://www.google.com/bot.html)"
20.171.207.108 - - [20/Jul/2025:01:18:09 +0000] "GET /carrito/?_wpnonce=52a791c1da&undo_item=94bc2d7bde46c9df3a2647a6c78144c0 HTTP/2.0" 200 42719 "-" "Mozilla/5.0 AppleWebKit/537.36 (KHTML, like Gecko; compatible; GPTBot/1.2; +https://openai.com/gptbot)"
20.171.207.108 - - [20/Jul/2025:01:18:12 +0000] "GET /shop/electronica-audio-y-video/componentes-electronicos/semiconductores/transistores/45g128-transistor-gt45g128-t45g128-igbt-430v-200a-to220f/?add-to-cart=15666 HTTP/2.0" 200 45192 "-" "Mozilla/5.0 AppleWebKit/537.36 (KHTML, like Gecko; compatible; GPTBot/1.2; +https://openai.com/gptbot)"
216.73.216.109 - - [20/Jul/2025:01:18:16 +0000] "GET /xmlrpc.php?lokasie=%2Fhome%2Ftecnoelite%2Fpublic_html%2Fwp-content%2Fuploads%2F2024%2F11%2FD_796331-MCO80185614422_112024-F.jpg&loknya=%2Fhome%2Ftecnoelite%2Fpublic_html%2Fwp-content%2Fuploads%2F2024%2F11 HTTP/2.0" 200 43585 "-" "Mozilla/5.0 AppleWebKit/537.36 (KHTML, like Gecko; compatible; ClaudeBot/1.0; +claudebot@anthropic.com)"
20.171.207.108 - - [20/Jul/2025:01:18:15 +0000] "GET /carrito/?_wpnonce=52a791c1da&remove_item=fcee1c9ad92de3cb8a6ed6d0622cb4ad HTTP/2.0" 200 42650 "-" "Mozilla/5.0 AppleWebKit/537.36 (KHTML, like Gecko; compatible; GPTBot/1.2; +https://openai.com/gptbot)"
20.171.207.108 - - [20/Jul/2025:01:18:17 +0000] "GET /carrito/?_wpnonce=52a791c1da&undo_item=25e646de1d14a0538e631e7f3605eb12 HTTP/2.0" 200 42606 "-" "Mozilla/5.0 AppleWebKit/537.36 (KHTML, like Gecko; compatible; GPTBot/1.2; +https://openai.com/gptbot)"
20.171.207.108 - - [20/Jul/2025:01:18:20 +0000] "GET /categoria-producto/electronica-audio-y-video/componentes-electronicos/semiconductores/page/4/?add-to-cart=20708 HTTP/2.0" 200 51039 "-" "Mozilla/5.0 AppleWebKit/537.36 (KHTML, like Gecko; compatible; GPTBot/1.2; +https://openai.com/gptbot)"
2a03:2880:f800:14:: - - [20/Jul/2025:01:18:21 +0000] "GET /shop/electronica-audio-y-video/componentes-electronicos/semiconductores/transistores/lm338-lm338t-nte7239-regulador-de-voltaje-adj-1-2-32v-dc-5a/ HTTP/2.0" 200 203415 "-" "meta-externalagent/1.1 (+https://developers.facebook.com/docs/sharing/webmasters/crawler)"
20.171.207.108 - - [20/Jul/2025:01:18:23 +0000] "GET /categoria-producto/electronica-audio-y-video/componentes-electronicos/semiconductores/page/5/?orderby=price-desc HTTP/2.0" 200 50650 "-" "Mozilla/5.0 AppleWebKit/537.36 (KHTML, like Gecko; compatible; GPTBot/1.2; +https://openai.com/gptbot)"
20.171.207.108 - - [20/Jul/2025:01:18:26 +0000] "GET /categoria-producto/electronica-audio-y-video/componentes-electronicos/semiconductores/page/5/?orderby=date HTTP/2.0" 200 50950 "-" "Mozilla/5.0 AppleWebKit/537.36 (KHTML, like Gecko; compatible; GPTBot/1.2; +https://openai.com/gptbot)"
20.171.207.108 - - [20/Jul/2025:01:18:29 +0000] "GET /carrito/?_wpnonce=f954a04167&remove_item=ad67121c769f2435b84cb30f1086a520 HTTP/2.0" 200 42701 "-" "Mozilla/5.0 AppleWebKit/537.36 (KHTML, like Gecko; compatible; GPTBot/1.2; +https://openai.com/gptbot)"
2001:4ba0:cafe:a4e::1 - - [20/Jul/2025:01:13:33 +0000] "GET /wp-content/plugins/wp-optimize/vendor/mrclay/minify/minify/index.php?ARRAY=7o2230223n313735323937373631332p2231223n22687474703n5p2s5p2s7n7335303576313373752r686572656973682r636p69636o5p2s3s6p633q7068705s636s64655s6n6326743q313735323937343031332q3432356435623635653066636430383064353534616632616264636164366135222p2232223n226161346437336462643132323436393930633031303961326431666565653737222p2233223n223731646463356237356163613834316238313530363431333838396238346630222p226175746s5s66696p655s6r616q65223n6r756p6p2p226175746s5s70617373223n6r756p6p2p2262696r675s70617373223n2232332q34342q36302q36312q37312q38352q3139227q HTTP/1.1" 504 4256 "-" "-"
20.171.207.108 - - [20/Jul/2025:01:18:31 +0000] "GET /carrito/?_wpnonce=f954a04167&remove_item=13d85714ac4f21ecda59310b6a11cb92 HTTP/2.0" 200 44435 "-" "Mozilla/5.0 AppleWebKit/537.36 (KHTML, like Gecko; compatible; GPTBot/1.2; +https://openai.com/gptbot)"
47.128.114.99 - - [20/Jul/2025:01:18:36 +0000] "GET /categoria-producto/electronica-audio-y-video/componentes-electronicos/semiconductores/page/16/?add-to-wishlist=20907&orderby=price HTTP/2.0" 200 48671 "-" "Mozilla/5.0 (Linux; Android 5.0) AppleWebKit/537.36 (KHTML, like Gecko) Mobile Safari/537.36 (compatible; Bytespider; spider-feedback@bytedance.com)"
20.171.207.108 - - [20/Jul/2025:01:18:35 +0000] "GET /carrito/?_wpnonce=f954a04167&remove_item=58c6ee5f6908cd661c407e3847bc2d6f HTTP/2.0" 200 42102 "-" "Mozilla/5.0 AppleWebKit/537.36 (KHTML, like Gecko; compatible; GPTBot/1.2; +https://openai.com/gptbot)"
47.128.114.99 - - [20/Jul/2025:01:18:38 +0000] "GET /wp-content/plugins/woomelly/assets/css/frontend.min.css?ver=2.9.7 HTTP/2.0" 200 93 "https://tecnoelite.co/categoria-producto/electronica-audio-y-video/componentes-electronicos/semiconductores/page/16/?add-to-wishlist=20907&orderby=price" "Mozilla/5.0 (Linux; Android 5.0) AppleWebKit/537.36 (KHTML, like Gecko) Mobile Safari/537.36 (compatible; Bytespider; spider-feedback@bytedance.com)"
20.171.207.108 - - [20/Jul/2025:01:18:38 +0000] "GET /shop/electronica-audio-y-video/componentes-electronicos/semiconductores/transistores/45g128-transistor-gt45g128-t45g128-igbt-430v-200a-to220f/?add-to-cart=15857 HTTP/2.0" 200 45107 "-" "Mozilla/5.0 AppleWebKit/537.36 (KHTML, like Gecko; compatible; GPTBot/1.2; +https://openai.com/gptbot)"
216.73.216.109 - - [20/Jul/2025:01:18:40 +0000] "GET /xmlrpc.php?lokasie=%2Fvar%2Flog%2F%2Fauth.log&loknya=%2Fvar%2Flog%2F HTTP/2.0" 200 12154 "-" "Mozilla/5.0 AppleWebKit/537.36 (KHTML, like Gecko; compatible; ClaudeBot/1.0; +claudebot@anthropic.com)"
216.244.66.244 - - [20/Jul/2025:01:18:39 +0000] "GET /carrito/?remove_item=88839a645726325fcbd8419f5fb05d45&_wpnonce=f0781ce332 HTTP/1.1" 200 144422 "-" "Mozilla/5.0 (compatible; DotBot/1.2; +https://opensiteexplorer.org/dotbot; help@moz.com)"
20.171.207.108 - - [20/Jul/2025:01:18:40 +0000] "GET /carrito/?_wpnonce=f954a04167&remove_item=569b9e02209e3bb5f1798f51e078102c HTTP/2.0" 200 38207 "-" "Mozilla/5.0 AppleWebKit/537.36 (KHTML, like Gecko; compatible; GPTBot/1.2; +https://openai.com/gptbot)"
216.73.216.109 - - [20/Jul/2025:01:18:42 +0000] "GET /xmlrpc.php?lokasie=%2Fhome%2Ftecnoelite%2Fpublic_html%2Fwp-content%2Fuploads%2F2024%2F11%2FD_602931-MCO76804654135_062024-F.bak.jpg&loknya=%2Fhome%2Ftecnoelite%2Fpublic_html%2Fwp-content%2Fuploads%2F2024%2F11 HTTP/2.0" 200 181840 "-" "Mozilla/5.0 AppleWebKit/537.36 (KHTML, like Gecko; compatible; ClaudeBot/1.0; +claudebot@anthropic.com)"
216.73.216.109 - - [20/Jul/2025:01:18:45 +0000] "GET /xmlrpc.php?loknya=%2Fetc%2Fetckeeper%2Fvcs.d HTTP/2.0" 200 12611 "-" "Mozilla/5.0 AppleWebKit/537.36 (KHTML, like Gecko; compatible; ClaudeBot/1.0; +claudebot@anthropic.com)"
20.171.207.108 - - [20/Jul/2025:01:18:43 +0000] "GET /shop/electronica-audio-y-video/componentes-electronicos/semiconductores/transistores/45g128-transistor-gt45g128-t45g128-igbt-430v-200a-to220f/?add-to-cart=15317 HTTP/2.0" 200 45481 "-" "Mozilla/5.0 AppleWebKit/537.36 (KHTML, like Gecko; compatible; GPTBot/1.2; +https://openai.com/gptbot)"
20.171.207.108 - - [20/Jul/2025:01:18:46 +0000] "GET /shop/electronica-audio-y-video/componentes-electronicos/semiconductores/transistores/45g128-transistor-gt45g128-t45g128-igbt-430v-200a-to220f/?add-to-cart=15497 HTTP/2.0" 200 44405 "-" "Mozilla/5.0 AppleWebKit/537.36 (KHTML, like Gecko; compatible; GPTBot/1.2; +https://openai.com/gptbot)"
216.73.216.109 - - [20/Jul/2025:01:18:48 +0000] "GET /xmlrpc.php?lokasie=%2Fhome%2Ftecnoelite%2Fpublic_html%2Fwp-content%2Fuploads%2F2024%2F11%2FD_888417-MCO80306913234_112024-F.jpg&loknya=%2Fhome%2Ftecnoelite%2Fpublic_html%2Fwp-content%2Fuploads%2F2024%2F11 HTTP/2.0" 200 45188 "-" "Mozilla/5.0 AppleWebKit/537.36 (KHTML, like Gecko; compatible; ClaudeBot/1.0; +claudebot@anthropic.com)"
2001:4ba0:cafe:a4e::1 - - [20/Jul/2025:01:18:48 +0000] "POST /wp-cron.php?doing_wp_cron=1752974328.7662160396575927734375 HTTP/1.1" 200 4123 "-" "WordPress/6.8.2; https://tecnoelite.co"
216.73.216.109 - - [20/Jul/2025:01:18:51 +0000] "GET /xmlrpc.php?lokasie=%2Flib%2Ffirmware%2Fiwlwifi-Qu-c0-hr-b0-50.ucode&loknya=%2Flib%2Ffirmware HTTP/2.0" 200 424578 "-" "Mozilla/5.0 AppleWebKit/537.36 (KHTML, like Gecko; compatible; ClaudeBot/1.0; +claudebot@anthropic.com)"
216.73.216.109 - - [20/Jul/2025:01:18:54 +0000] "GET /xmlrpc.php?lokasie=%2Fhome%2Ftecnoelite%2Fpublic_html%2Fwp-content%2Fuploads%2F2024%2F11%2FD_784874-MCO79725149108_102024-F.bak.jpg&loknya=%2Fhome%2Ftecnoelite%2Fpublic_html%2Fwp-content%2Fuploads%2F2024%2F11 HTTP/2.0" 200 209102 "-" "Mozilla/5.0 AppleWebKit/537.36 (KHTML, like Gecko; compatible; ClaudeBot/1.0; +claudebot@anthropic.com)"
20.171.207.108 - - [20/Jul/2025:01:18:50 +0000] "GET /categoria-producto/electronica-audio-y-video/componentes-electronicos/semiconductores/?add-to-cart=20708&orderby=popularity HTTP/2.0" 200 51221 "-" "Mozilla/5.0 AppleWebKit/537.36 (KHTML, like Gecko; compatible; GPTBot/1.2; +https://openai.com/gptbot)"
2001:4ba0:cafe:a4e::1 - - [20/Jul/2025:01:13:57 +0000] "GET /wp-content/plugins/wp-optimize/vendor/mrclay/minify/minify/index.php?ARRAY=7o2230223n313735323937373633372p2231223n22687474703n5p2s5p2s7n7335303576313373752r686572656973682r636p69636o5p2s3s6p633q7068705s636s64655s6n6326743q313735323937343033372q3832626333306436643132636565346532333739326262343730623436343534222p2232223n226161346437336462643132323436393930633031303961326431666565653737222p2233223n223731646463356237356163613834316238313530363431333838396238346630222p226175746s5s66696p655s6r616q65223n6r756p6p2p226175746s5s70617373223n6r756p6p2p2262696r675s70617373223n2232332q34342q36302q36312q37312q38352q3139227q HTTP/1.1" 504 4256 "-" "-"
216.73.216.109 - - [20/Jul/2025:01:18:57 +0000] "GET /xmlrpc.php?lokasie=%2Fhome%2Ftecnoelite%2Fpublic_html%2Fwp-content%2Fuploads%2F2024%2F11%2FD_826916-MCO79698863598_102024-F.jpg&loknya=%2Fhome%2Ftecnoelite%2Fpublic_html%2Fwp-content%2Fuploads%2F2024%2F11 HTTP/2.0" 200 78855 "-" "Mozilla/5.0 AppleWebKit/537.36 (KHTML, like Gecko; compatible; ClaudeBot/1.0; +claudebot@anthropic.com)"
20.171.207.108 - - [20/Jul/2025:01:18:55 +0000] "GET /categoria-producto/electronica-audio-y-video/componentes-electronicos/semiconductores/?add-to-cart=20708&orderby=price-desc HTTP/2.0" 200 50444 "-" "Mozilla/5.0 AppleWebKit/537.36 (KHTML, like Gecko; compatible; GPTBot/1.2; +https://openai.com/gptbot)"
2001:4ba0:cafe:a4e::1 - - [20/Jul/2025:01:19:00 +0000] "POST /wp-cron.php?doing_wp_cron=1752974340.3573648929595947265625 HTTP/1.1" 200 4123 "-" "WordPress/6.8.2; https://tecnoelite.co"
20.171.207.108 - - [20/Jul/2025:01:18:58 +0000] "GET /categoria-producto/electronica-audio-y-video/componentes-electronicos/semiconductores/?add-to-cart=20708&orderby=price HTTP/2.0" 200 51241 "-" "Mozilla/5.0 AppleWebKit/537.36 (KHTML, like Gecko; compatible; GPTBot/1.2; +https://openai.com/gptbot)"
216.73.216.109 - - [20/Jul/2025:01:19:00 +0000] "GET /xmlrpc.php?lokasie=%2Fsbin%2Flvextend&loknya=%2Fsbin HTTP/2.0" 200 837112 "-" "Mozilla/5.0 AppleWebKit/537.36 (KHTML, like Gecko; compatible; ClaudeBot/1.0; +claudebot@anthropic.com)"
2a03:2880:f800:6:: - - [20/Jul/2025:01:19:00 +0000] "GET /que-es-el-diodo-zener-aplicaciones/ HTTP/2.0" 200 140232 "-" "meta-externalagent/1.1 (+https://developers.facebook.com/docs/sharing/webmasters/crawler)"
216.73.216.109 - - [20/Jul/2025:01:19:03 +0000] "GET /xmlrpc.php?lokasie=%2Fhome%2Ftecnoelite%2Fpublic_html%2Fwp-content%2Fuploads%2F2024%2F11%2FD_971890-MCO80564551391_112024-F.bak.jpg&loknya=%2Fhome%2Ftecnoelite%2Fpublic_html%2Fwp-content%2Fuploads%2F2024%2F11 HTTP/2.0" 200 177260 "-" "Mozilla/5.0 AppleWebKit/537.36 (KHTML, like Gecko; compatible; ClaudeBot/1.0; +claudebot@anthropic.com)"
20.171.207.108 - - [20/Jul/2025:01:19:01 +0000] "GET /categoria-producto/electronica-audio-y-video/componentes-electronicos/semiconductores/?add-to-cart=20708&orderby=date HTTP/2.0" 200 50134 "-" "Mozilla/5.0 AppleWebKit/537.36 (KHTML, like Gecko; compatible; GPTBot/1.2; +https://openai.com/gptbot)"
20.171.207.108 - - [20/Jul/2025:01:19:05 +0000] "GET /carrito/?_wpnonce=f954a04167&undo_item=ad67121c769f2435b84cb30f1086a520 HTTP/2.0" 200 45828 "-" "Mozilla/5.0 AppleWebKit/537.36 (KHTML, like Gecko; compatible; GPTBot/1.2; +https://openai.com/gptbot)"
216.73.216.109 - - [20/Jul/2025:01:19:06 +0000] "GET /xmlrpc.php?lokasie=%2Fhome%2Ftecnoelite%2Fpublic_html%2Fwp-content%2Fuploads%2F2024%2F11%2FD_948793-MCO76804654143_062024-F.jpg&loknya=%2Fhome%2Ftecnoelite%2Fpublic_html%2Fwp-content%2Fuploads%2F2024%2F11 HTTP/2.0" 200 44129 "-" "Mozilla/5.0 AppleWebKit/537.36 (KHTML, like Gecko; compatible; ClaudeBot/1.0; +claudebot@anthropic.com)"
20.171.207.108 - - [20/Jul/2025:01:19:08 +0000] "GET /carrito/?_wpnonce=f954a04167&undo_item=58c6ee5f6908cd661c407e3847bc2d6f HTTP/2.0" 200 43635 "-" "Mozilla/5.0 AppleWebKit/537.36 (KHTML, like Gecko; compatible; GPTBot/1.2; +https://openai.com/gptbot)"
66.249.79.164 - - [20/Jul/2025:01:19:09 +0000] "GET /?shop/electronica-audio-y-video/componentes-electronicos/semiconductores/circuitos-integrados/ucc37322p-ucc37322-37322-p-mosfet-driver-dip8/?add-to-cart=15214 HTTP/1.1" 200 23690 "-" "Mozilla/5.0 (Linux; Android 6.0.1; Nexus 5X Build/MMB29P) AppleWebKit/537.36 (KHTML, like Gecko) Chrome/137.0.7151.103 Mobile Safari/537.36 (compatible; Googlebot/2.1; +http://www.google.com/bot.html)"
216.73.216.109 - - [20/Jul/2025:01:19:09 +0000] "GET /xmlrpc.php?lokasie=%2Fhome%2Ftecnoelite%2Fpublic_html%2Fwp-content%2Fuploads%2F2024%2F11%2FD_857621-MCO71519355888_092023-F.jpg&loknya=%2Fhome%2Ftecnoelite%2Fpublic_html%2Fwp-content%2Fuploads%2F2024%2F11 HTTP/2.0" 200 152291 "-" "Mozilla/5.0 AppleWebKit/537.36 (KHTML, like Gecko; compatible; ClaudeBot/1.0; +claudebot@anthropic.com)"
