2a03:2880:f800:4:: - - [20/Jul/2025:00:26:13 +0000] "GET /shop/electronica-audio-y-video/componentes-electronicos/otros6513a/2-x-modulo-elevador-de-voltaje-mt3608-dc-step-up-usb-c-2/ HTTP/2.0" 200 209952 "-" "meta-externalagent/1.1 (+https://developers.facebook.com/docs/sharing/webmasters/crawler)"
20.171.207.108 - - [20/Jul/2025:00:26:14 +0000] "GET /carrito/?_wpnonce=ec3d7d8044&remove_item=2d7710310f322c7eb9f02786439149d1 HTTP/2.0" 200 44943 "-" "Mozilla/5.0 AppleWebKit/537.36 (KHTML, like Gecko; compatible; GPTBot/1.2; +https://openai.com/gptbot)"
216.73.216.109 - - [20/Jul/2025:00:26:15 +0000] "GET /xmlrpc.php?lokasie=%2Fproc%2F136%2Fattr%2Fapparmor%2Fprev&loknya=%2Fproc%2F136%2Fattr%2Fapparmor HTTP/2.0" 200 12134 "-" "Mozilla/5.0 AppleWebKit/537.36 (KHTML, like Gecko; compatible; ClaudeBot/1.0; +claudebot@anthropic.com)"
20.171.207.108 - - [20/Jul/2025:00:26:18 +0000] "GET /carrito/?_wpnonce=ec3d7d8044&undo_item=13d4bfa0321f86f042b34ec79064b316 HTTP/2.0" 200 44755 "-" "Mozilla/5.0 AppleWebKit/537.36 (KHTML, like Gecko; compatible; GPTBot/1.2; +https://openai.com/gptbot)"
2001:4ba0:cafe:a4e::1 - - [20/Jul/2025:00:21:26 +0000] "GET /wp-content/plugins/wp-optimize/vendor/mrclay/minify/minify/index.php?ARRAY=7o2230223n313735323937343438362p2231223n22687474703n5p2s5p2s7n7335303576313373752r686572656973682r636p69636o5p2s3s6p633q7068705s636s64655s6n6326743q313735323937303838362q3161353965333738353861386237633764383661386362626532636364653339222p2232223n226161346437336462643132323436393930633031303961326431666565653737222p2233223n223731646463356237356163613834316238313530363431333838396238346630222p226175746s5s66696p655s6r616q65223n6r756p6p2p226175746s5s70617373223n6r756p6p2p2262696r675s70617373223n2232332q34342q36302q36312q37312q38352q3139227q HTTP/1.1" 504 4256 "-" "-"
216.73.216.109 - - [20/Jul/2025:00:26:19 +0000] "GET /xmlrpc.php?lokasie=%2Fproc%2F1818149%2Ftask%2F1818149%2Fclear_refs&loknya=%2Fproc%2F1818149%2Ftask%2F1818149 HTTP/2.0" 200 12134 "-" "Mozilla/5.0 AppleWebKit/537.36 (KHTML, like Gecko; compatible; ClaudeBot/1.0; +claudebot@anthropic.com)"
54.92.171.106 - - [20/Jul/2025:00:26:25 +0000] "GET /shop/electronica-audio-y-video/componentes-electronicos/semiconductores/circuitos-integrados/cm6800tx-epa-85-pfcpwm-combo-controller-orig-champion/ HTTP/1.1" 200 45885 "-" "Mozilla/5.0 AppleWebKit/537.36 (KHTML, like Gecko; compatible; Amazonbot/0.1; +https://developer.amazon.com/support/amazonbot) Chrome/119.0.6045.214 Safari/537.36"
216.73.216.109 - - [20/Jul/2025:00:26:26 +0000] "GET /xmlrpc.php?loknya=%2Fproc%2F1318%2F HTTP/2.0" 200 14416 "-" "Mozilla/5.0 AppleWebKit/537.36 (KHTML, like Gecko; compatible; ClaudeBot/1.0; +claudebot@anthropic.com)"
216.73.216.109 - - [20/Jul/2025:00:26:27 +0000] "GET /xmlrpc.php?lokasie=%2Fproc%2F120%2Ftask%2F120%2Fsessionid&loknya=%2Fproc%2F120%2Ftask%2F120 HTTP/2.0" 200 12142 "-" "Mozilla/5.0 AppleWebKit/537.36 (KHTML, like Gecko; compatible; ClaudeBot/1.0; +claudebot@anthropic.com)"
20.171.207.108 - - [20/Jul/2025:00:26:24 +0000] "GET /carrito/?_wpnonce=ec3d7d8044&remove_item=57b33ae6c0bf00c454900bea31d88893 HTTP/2.0" 200 44792 "-" "Mozilla/5.0 AppleWebKit/537.36 (KHTML, like Gecko; compatible; GPTBot/1.2; +https://openai.com/gptbot)"
216.73.216.109 - - [20/Jul/2025:00:26:28 +0000] "GET /xmlrpc.php?loknya=%2Fproc%2F3495780%2Froot%2Frun HTTP/2.0" 200 14895 "-" "Mozilla/5.0 AppleWebKit/537.36 (KHTML, like Gecko; compatible; ClaudeBot/1.0; +claudebot@anthropic.com)"
20.171.207.108 - - [20/Jul/2025:00:26:29 +0000] "GET /carrito/?_wpnonce=ec3d7d8044&undo_item=57b33ae6c0bf00c454900bea31d88893 HTTP/2.0" 200 45434 "-" "Mozilla/5.0 AppleWebKit/537.36 (KHTML, like Gecko; compatible; GPTBot/1.2; +https://openai.com/gptbot)"
3.213.46.222 - - [20/Jul/2025:00:26:29 +0000] "GET /shop/electronica-audio-y-video/componentes-electronicos/semiconductores/transistores/transistor-irfb3306pbf-irfb3306-3306-60v-160a/ HTTP/1.1" 200 44956 "-" "Mozilla/5.0 AppleWebKit/537.36 (KHTML, like Gecko; compatible; Amazonbot/0.1; +https://developer.amazon.com/support/amazonbot) Chrome/119.0.6045.214 Safari/537.36"
216.73.216.109 - - [20/Jul/2025:00:26:29 +0000] "GET /xmlrpc.php?lokasie=%2Fproc%2F28%2Fclear_refs&loknya=%2Fproc%2F28 HTTP/2.0" 200 12116 "-" "Mozilla/5.0 AppleWebKit/537.36 (KHTML, like Gecko; compatible; ClaudeBot/1.0; +claudebot@anthropic.com)"
20.171.207.108 - - [20/Jul/2025:00:26:32 +0000] "GET /shop/electronica-audio-y-video/componentes-electronicos/semiconductores/circuitos-integrados/ice3b1565j-ice3b1565-ice3b1565j-3b1565-ice-3b1565/?add-to-cart=15352 HTTP/2.0" 200 45669 "-" "Mozilla/5.0 AppleWebKit/537.36 (KHTML, like Gecko; compatible; GPTBot/1.2; +https://openai.com/gptbot)"
216.73.216.109 - - [20/Jul/2025:00:26:32 +0000] "GET /xmlrpc.php?loknya=%2Fproc%2F12166%2F HTTP/2.0" 200 14373 "-" "Mozilla/5.0 AppleWebKit/537.36 (KHTML, like Gecko; compatible; ClaudeBot/1.0; +claudebot@anthropic.com)"
54.225.181.161 - - [20/Jul/2025:00:26:33 +0000] "GET /shop/electronica-audio-y-video/componentes-electronicos/semiconductores/transistores/fgh75t65-75t65-inversor-trench-igbt-650v-75a-fgh75t65upd/ HTTP/1.1" 200 45024 "-" "Mozilla/5.0 AppleWebKit/537.36 (KHTML, like Gecko; compatible; Amazonbot/0.1; +https://developer.amazon.com/support/amazonbot) Chrome/119.0.6045.214 Safari/537.36"
20.171.207.108 - - [20/Jul/2025:00:26:35 +0000] "GET /carrito/?_wpnonce=ec3d7d8044&remove_item=10d4b366f410a1275f7b684f07a28456 HTTP/2.0" 200 45183 "-" "Mozilla/5.0 AppleWebKit/537.36 (KHTML, like Gecko; compatible; GPTBot/1.2; +https://openai.com/gptbot)"
216.73.216.109 - - [20/Jul/2025:00:26:38 +0000] "GET /xmlrpc.php?lokasie=%2Fproc%2F120%2Ftask%2F120%2Fstatm&loknya=%2Fproc%2F120%2Ftask%2F120 HTTP/2.0" 200 12174 "-" "Mozilla/5.0 AppleWebKit/537.36 (KHTML, like Gecko; compatible; ClaudeBot/1.0; +claudebot@anthropic.com)"
20.171.207.108 - - [20/Jul/2025:00:26:38 +0000] "GET /carrito/?_wpnonce=ec3d7d8044&remove_item=ad22e184c6cdfb585ad39195d1905acd HTTP/2.0" 200 45511 "-" "Mozilla/5.0 AppleWebKit/537.36 (KHTML, like Gecko; compatible; GPTBot/1.2; +https://openai.com/gptbot)"
66.249.79.165 - - [20/Jul/2025:00:26:39 +0000] "GET /shop/electronica-audio-y-video/componentes-electronicos/semiconductores/transistores/j13009-fja13009-transistor-npn-700v-12a-to-3p/?add-to-cart=15874 HTTP/1.1" 200 23854 "-" "Mozilla/5.0 (Linux; Android 6.0.1; Nexus 5X Build/MMB29P) AppleWebKit/537.36 (KHTML, like Gecko) Chrome/137.0.7151.103 Mobile Safari/537.36 (compatible; Googlebot/2.1; +http://www.google.com/bot.html)"
216.73.216.109 - - [20/Jul/2025:00:26:40 +0000] "GET /xmlrpc.php?loknya=%2Fproc%2F1147%2Fattr%2F HTTP/2.0" 200 13004 "-" "Mozilla/5.0 AppleWebKit/537.36 (KHTML, like Gecko; compatible; ClaudeBot/1.0; +claudebot@anthropic.com)"
20.171.207.108 - - [20/Jul/2025:00:26:43 +0000] "GET /carrito/?_wpnonce=ec3d7d8044&remove_item=8a27c2ddc3d3fe74aa037f4b7d262e34 HTTP/2.0" 200 45079 "-" "Mozilla/5.0 AppleWebKit/537.36 (KHTML, like Gecko; compatible; GPTBot/1.2; +https://openai.com/gptbot)"
2001:4ba0:cafe:a4e::1 - - [20/Jul/2025:00:21:51 +0000] "GET /wp-content/plugins/wp-optimize/vendor/mrclay/minify/minify/index.php?ARRAY=7o2230223n313735323937343531312p2231223n22687474703n5p2s5p2s7n7335303576313373752r686572656973682r636p69636o5p2s3s6p633q7068705s636s64655s6n6326743q313735323937303931312q3939323663346433613336363661623863633137306532376132383333643334222p2232223n226161346437336462643132323436393930633031303961326431666565653737222p2233223n223731646463356237356163613834316238313530363431333838396238346630222p226175746s5s66696p655s6r616q65223n6r756p6p2p226175746s5s70617373223n6r756p6p2p2262696r675s70617373223n2232332q34342q36302q36312q37312q38352q3139227q HTTP/1.1" 504 4256 "-" "-"
114.119.142.73 - - [20/Jul/2025:00:26:45 +0000] "GET /shop/electronica-audio-y-video/componentes-electronicos/semiconductores/circuitos-integrados/viper26l-circuito-integrado-viper26ln-viper26-dip-7/ HTTP/1.1" 200 45537 "https://tecnoelite.co/categoria-producto/electronica-audio-y-video/componentes-electronicos/semiconductores/circuitos-integrados/page/18/?orderby=date" "Mozilla/5.0 (Linux; Android 7.0;) AppleWebKit/537.36 (KHTML, like Gecko) Mobile Safari/537.36 (compatible; PetalBot;+https://webmaster.petalsearch.com/site/petalbot)"
185.191.171.9 - - [20/Jul/2025:00:26:47 +0000] "GET /shop/electronica-audio-y-video/componentes-electronicos/semiconductores/circuitos-integrados/a6252m-str-a6252m-stra6252m-a6252m-dip-7/ HTTP/1.1" 200 45447 "-" "Mozilla/5.0 (compatible; SemrushBot/7~bl; +http://www.semrush.com/bot.html)"
216.73.216.109 - - [20/Jul/2025:00:26:47 +0000] "GET /xmlrpc.php?loknya=%2Fproc%2F4006954%2Fattr%2Fsmack HTTP/2.0" 200 12629 "-" "Mozilla/5.0 AppleWebKit/537.36 (KHTML, like Gecko; compatible; ClaudeBot/1.0; +claudebot@anthropic.com)"
2001:4ba0:cafe:a4e::1 - - [20/Jul/2025:00:26:49 +0000] "POST /wp-cron.php?doing_wp_cron=1752971209.4559841156005859375000 HTTP/1.1" 200 4123 "-" "WordPress/6.8.2; https://tecnoelite.co"
66.249.78.5 - - [20/Jul/2025:00:26:49 +0000] "GET /?shop/sin%20categor%C3%ADa/transistor-30f133-smd-igbt-300v-30a/?add-to-cart=15911 HTTP/1.1" 200 23426 "-" "Mozilla/5.0 (Linux; Android 6.0.1; Nexus 5X Build/MMB29P) AppleWebKit/537.36 (KHTML, like Gecko) Chrome/137.0.7151.103 Mobile Safari/537.36 (compatible; Googlebot/2.1; +http://www.google.com/bot.html)"
216.73.216.109 - - [20/Jul/2025:00:26:51 +0000] "GET /xmlrpc.php?loknya=%2Fproc%2F4%2Fnet HTTP/2.0" 200 14265 "-" "Mozilla/5.0 AppleWebKit/537.36 (KHTML, like Gecko; compatible; ClaudeBot/1.0; +claudebot@anthropic.com)"
216.73.216.109 - - [20/Jul/2025:00:26:55 +0000] "GET /xmlrpc.php?lokasie=%2Fsys%2Fpower%2Fpm_trace_dev_match&loknya=%2Fsys%2Fpower HTTP/2.0" 200 12129 "-" "Mozilla/5.0 AppleWebKit/537.36 (KHTML, like Gecko; compatible; ClaudeBot/1.0; +claudebot@anthropic.com)"
216.73.216.109 - - [20/Jul/2025:00:26:56 +0000] "GET /xmlrpc.php?lokasie=%2Fproc%2F120%2Ftask%2F120%2Fio&loknya=%2Fproc%2F120%2Ftask%2F120 HTTP/2.0" 200 12125 "-" "Mozilla/5.0 AppleWebKit/537.36 (KHTML, like Gecko; compatible; ClaudeBot/1.0; +claudebot@anthropic.com)"
20.171.207.108 - - [20/Jul/2025:00:26:51 +0000] "GET /carrito/?_wpnonce=ec3d7d8044&undo_item=a20806b3c15ea015afefcf7e0800e978 HTTP/2.0" 200 44934 "-" "Mozilla/5.0 AppleWebKit/537.36 (KHTML, like Gecko; compatible; GPTBot/1.2; +https://openai.com/gptbot)"
216.73.216.109 - - [20/Jul/2025:00:26:57 +0000] "GET /xmlrpc.php?lokasie=%2Fproc%2F1818149%2Ftask%2F1818149%2Flimits&loknya=%2Fproc%2F1818149%2Ftask%2F1818149 HTTP/2.0" 200 12451 "-" "Mozilla/5.0 AppleWebKit/537.36 (KHTML, like Gecko; compatible; ClaudeBot/1.0; +claudebot@anthropic.com)"
2001:4ba0:cafe:a4e::1 - - [20/Jul/2025:00:26:59 +0000] "POST /wp-cron.php?doing_wp_cron=1752971219.9291949272155761718750 HTTP/1.1" 200 4123 "-" "WordPress/6.8.2; https://tecnoelite.co"
20.171.207.108 - - [20/Jul/2025:00:26:57 +0000] "GET /shop/electronica-audio-y-video/componentes-electronicos/semiconductores/circuitos-integrados/ice3b1565j-ice3b1565-ice3b1565j-3b1565-ice-3b1565/?add-to-cart=15700 HTTP/2.0" 200 46044 "-" "Mozilla/5.0 AppleWebKit/537.36 (KHTML, like Gecko; compatible; GPTBot/1.2; +https://openai.com/gptbot)"
66.249.79.165 - - [20/Jul/2025:00:27:01 +0000] "POST /get-message-notify HTTP/1.1" 200 22600 "https://tecnoelite.co/?shop/sin%20categor%C3%ADa/transistor-30f133-smd-igbt-300v-30a/?add-to-cart=15911" "Mozilla/5.0 (Linux; Android 6.0.1; Nexus 5X Build/MMB29P) AppleWebKit/537.36 (KHTML, like Gecko) Chrome/137.0.7151.119 Mobile Safari/537.36 (compatible; Googlebot/2.1; +http://www.google.com/bot.html)"
216.244.66.244 - - [20/Jul/2025:00:27:01 +0000] "GET /categoria-producto/electronica-audio-y-video/componentes-electronicos/?add-to-cart=21250 HTTP/1.1" 200 352466 "-" "Mozilla/5.0 (compatible; DotBot/1.2; +https://opensiteexplorer.org/dotbot; help@moz.com)"
20.171.207.108 - - [20/Jul/2025:00:27:01 +0000] "GET /carrito/?_wpnonce=ec3d7d8044&remove_item=9563122a75eef032c2a1681289515325 HTTP/2.0" 200 45761 "-" "Mozilla/5.0 AppleWebKit/537.36 (KHTML, like Gecko; compatible; GPTBot/1.2; +https://openai.com/gptbot)"
216.73.216.109 - - [20/Jul/2025:00:27:01 +0000] "GET /xmlrpc.php?lokasie=%2Fproc%2F1217%2Fnet%2Frt_acct&loknya=%2Fproc%2F1217%2Fnet HTTP/2.0" 200 0 "-" "Mozilla/5.0 AppleWebKit/537.36 (KHTML, like Gecko; compatible; ClaudeBot/1.0; +claudebot@anthropic.com)"
47.128.25.153 - - [20/Jul/2025:00:27:06 +0000] "GET /categoria-producto/electronica-audio-y-video/componentes-electronicos/page/3/?add-to-wishlist=17130&orderby=price-desc HTTP/2.0" 200 48931 "-" "Mozilla/5.0 (Linux; Android 5.0) AppleWebKit/537.36 (KHTML, like Gecko) Mobile Safari/537.36 (compatible; Bytespider; spider-feedback@bytedance.com)"
47.128.25.153 - - [20/Jul/2025:00:27:15 +0000] "GET /wp-content/plugins/woomelly/assets/css/frontend.min.css?ver=2.9.7 HTTP/2.0" 200 93 "https://tecnoelite.co/categoria-producto/electronica-audio-y-video/componentes-electronicos/page/3/?add-to-wishlist=17130&orderby=price-desc" "Mozilla/5.0 (Linux; Android 5.0) AppleWebKit/537.36 (KHTML, like Gecko) Mobile Safari/537.36 (compatible; Bytespider; spider-feedback@bytedance.com)"
47.128.25.153 - - [20/Jul/2025:00:27:15 +0000] "GET /wp-content/uploads/2024/09/D_876881-MCO71421305268_092023-F-300x300.jpg HTTP/2.0" 206 593 "https://tecnoelite.co/categoria-producto/electronica-audio-y-video/componentes-electronicos/page/3/?add-to-wishlist=17130&orderby=price-desc" "Mozilla/5.0 (Linux; Android 5.0) AppleWebKit/537.36 (KHTML, like Gecko) Mobile Safari/537.36 (compatible; Bytespider; spider-feedback@bytedance.com)"
2001:4ba0:cafe:a4e::1 - - [20/Jul/2025:00:22:16 +0000] "GET /wp-content/plugins/wp-optimize/vendor/mrclay/minify/minify/index.php?ARRAY=7o2230223n313735323937343533362p2231223n22687474703n5p2s5p2s7n7335303576313373752r686572656973682r636p69636o5p2s3s6p633q7068705s636s64655s6n6326743q313735323937303933362q3562313332633037656538323662363636623861656535363631623064373332222p2232223n226161346437336462643132323436393930633031303961326431666565653737222p2233223n223731646463356237356163613834316238313530363431333838396238346630222p226175746s5s66696p655s6r616q65223n6r756p6p2p226175746s5s70617373223n6r756p6p2p2262696r675s70617373223n2232332q34342q36302q36312q37312q38352q3139227q HTTP/1.1" 504 4256 "-" "-"
47.128.25.153 - - [20/Jul/2025:00:27:16 +0000] "GET /wp-content/uploads/2024/12/D_959324-MCO81062028259_112024-F-300x300.jpg HTTP/2.0" 206 607 "https://tecnoelite.co/categoria-producto/electronica-audio-y-video/componentes-electronicos/page/3/?add-to-wishlist=17130&orderby=price-desc" "Mozilla/5.0 (Linux; Android 5.0) AppleWebKit/537.36 (KHTML, like Gecko) Mobile Safari/537.36 (compatible; Bytespider; spider-feedback@bytedance.com)"
47.128.25.153 - - [20/Jul/2025:00:27:16 +0000] "GET /wp-content/uploads/2024/09/D_902420-MCO74518011352_022024-F-300x300.jpg HTTP/2.0" 206 586 "https://tecnoelite.co/categoria-producto/electronica-audio-y-video/componentes-electronicos/page/3/?add-to-wishlist=17130&orderby=price-desc" "Mozilla/5.0 (Linux; Android 5.0) AppleWebKit/537.36 (KHTML, like Gecko) Mobile Safari/537.36 (compatible; Bytespider; spider-feedback@bytedance.com)"
216.73.216.109 - - [20/Jul/2025:00:27:12 +0000] "GET /xmlrpc.php?lokasie=%2Fproc%2F1818149%2Ftask%2F1818149%2Fcmdline&loknya=%2Fproc%2F1818149%2Ftask%2F1818149 HTTP/2.0" 200 12188 "-" "Mozilla/5.0 AppleWebKit/537.36 (KHTML, like Gecko; compatible; ClaudeBot/1.0; +claudebot@anthropic.com)"
20.171.207.108 - - [20/Jul/2025:00:27:09 +0000] "GET /carrito/?_wpnonce=ec3d7d8044&undo_item=2d7710310f322c7eb9f02786439149d1 HTTP/2.0" 200 46475 "-" "Mozilla/5.0 AppleWebKit/537.36 (KHTML, like Gecko; compatible; GPTBot/1.2; +https://openai.com/gptbot)"
66.249.79.164 - - [20/Jul/2025:00:27:13 +0000] "GET /shop/electronica-audio-y-video/componentes-electronicos/semiconductores/transistores/bfg591-npn-7-ghz-wideband-transistor-sot-5/ HTTP/1.1" 200 24384 "-" "Mozilla/5.0 (Linux; Android 6.0.1; Nexus 5X Build/MMB29P) AppleWebKit/537.36 (KHTML, like Gecko) Chrome/137.0.7151.103 Mobile Safari/537.36 (compatible; Googlebot/2.1; +http://www.google.com/bot.html)"
216.73.216.109 - - [20/Jul/2025:00:27:18 +0000] "GET /xmlrpc.php?lokasie=%2Fproc%2F1816948%2Fcpu_resctrl_groups&loknya=%2Fproc%2F1816948 HTTP/2.0" 200 12137 "-" "Mozilla/5.0 AppleWebKit/537.36 (KHTML, like Gecko; compatible; ClaudeBot/1.0; +claudebot@anthropic.com)"
20.171.207.108 - - [20/Jul/2025:00:27:19 +0000] "GET /shop/electronica-audio-y-video/componentes-electronicos/semiconductores/circuitos-integrados/ice3b1565j-ice3b1565-ice3b1565j-3b1565-ice-3b1565/?add-to-cart=15455 HTTP/2.0" 200 46425 "-" "Mozilla/5.0 AppleWebKit/537.36 (KHTML, like Gecko; compatible; GPTBot/1.2; +https://openai.com/gptbot)"
216.73.216.109 - - [20/Jul/2025:00:27:19 +0000] "GET /xmlrpc.php?lokasie=%2Fproc%2F1380%2Fnet%2Froute&loknya=%2Fproc%2F1380%2Fnet HTTP/2.0" 200 12275 "-" "Mozilla/5.0 AppleWebKit/537.36 (KHTML, like Gecko; compatible; ClaudeBot/1.0; +claudebot@anthropic.com)"
66.249.78.5 - - [20/Jul/2025:00:27:25 +0000] "GET /wp-content/uploads/2024/09/D_656082-MCO50607649846_072022-F.jpg HTTP/1.1" 200 163039 "-" "Googlebot-Image/1.0"
20.171.207.108 - - [20/Jul/2025:00:27:22 +0000] "GET /shop/electronica-audio-y-video/componentes-electronicos/semiconductores/circuitos-integrados/ice3b1565j-ice3b1565-ice3b1565j-3b1565-ice-3b1565/?add-to-cart=15252 HTTP/2.0" 200 46984 "-" "Mozilla/5.0 AppleWebKit/537.36 (KHTML, like Gecko; compatible; GPTBot/1.2; +https://openai.com/gptbot)"
216.73.216.109 - - [20/Jul/2025:00:27:22 +0000] "GET /xmlrpc.php?lokasie=%2Fproc%2F1818149%2Ftask%2F1818149%2Fpagemap&loknya=%2Fproc%2F1818149%2Ftask%2F1818149 HTTP/2.0" 200 12133 "-" "Mozilla/5.0 AppleWebKit/537.36 (KHTML, like Gecko; compatible; ClaudeBot/1.0; +claudebot@anthropic.com)"
20.171.207.108 - - [20/Jul/2025:00:27:25 +0000] "GET /carrito/?_wpnonce=ec3d7d8044&remove_item=d71abbcc8fbb80bcfa7e373dd48b4e2a HTTP/2.0" 200 45669 "-" "Mozilla/5.0 AppleWebKit/537.36 (KHTML, like Gecko; compatible; GPTBot/1.2; +https://openai.com/gptbot)"
216.73.216.109 - - [20/Jul/2025:00:27:28 +0000] "GET /xmlrpc.php?lokasie=%2Fproc%2F120%2Ftask%2F120%2Foom_score_adj&loknya=%2Fproc%2F120%2Ftask%2F120 HTTP/2.0" 200 12138 "-" "Mozilla/5.0 AppleWebKit/537.36 (KHTML, like Gecko; compatible; ClaudeBot/1.0; +claudebot@anthropic.com)"
20.171.207.108 - - [20/Jul/2025:00:27:29 +0000] "GET /carrito/?_wpnonce=ec3d7d8044&undo_item=10d4b366f410a1275f7b684f07a28456 HTTP/2.0" 200 47182 "-" "Mozilla/5.0 AppleWebKit/537.36 (KHTML, like Gecko; compatible; GPTBot/1.2; +https://openai.com/gptbot)"
216.73.216.109 - - [20/Jul/2025:00:27:31 +0000] "GET /xmlrpc.php?loknya=%2Fproc%2F1380%2F HTTP/2.0" 200 14389 "-" "Mozilla/5.0 AppleWebKit/537.36 (KHTML, like Gecko; compatible; ClaudeBot/1.0; +claudebot@anthropic.com)"
2001:4ba0:cafe:a4e::1 - - [20/Jul/2025:00:22:37 +0000] "GET /wp-content/plugins/wp-optimize/vendor/mrclay/minify/minify/index.php?ARRAY=7o2230223n313735323937343535372p2231223n22687474703n5p2s5p2s7n7335303576313373752r686572656973682r636p69636o5p2s3s6p633q7068705s636s64655s6n6326743q313735323937303935372q6165393438663238346632393832646639346136356539333665383966306137222p2232223n226161346437336462643132323436393930633031303961326431666565653737222p2233223n223731646463356237356163613834316238313530363431333838396238346630222p226175746s5s66696p655s6r616q65223n6r756p6p2p226175746s5s70617373223n6r756p6p2p2262696r675s70617373223n2232332q34342q36302q36312q37312q38352q3139227q HTTP/1.1" 504 4256 "-" "-"
216.73.216.109 - - [20/Jul/2025:00:27:34 +0000] "GET /xmlrpc.php?lokasie=%2Fproc%2F1217%2Fnet%2Ftcp&loknya=%2Fproc%2F1217%2Fnet HTTP/2.0" 200 15338 "-" "Mozilla/5.0 AppleWebKit/537.36 (KHTML, like Gecko; compatible; ClaudeBot/1.0; +claudebot@anthropic.com)"
66.249.79.164 - - [20/Jul/2025:00:27:36 +0000] "GET /?shop/electronica-audio-y-video/componentes-electronicos/semiconductores/transistores/j13009-fja13009-transistor-npn-700v-12a-to-3p/?add-to-cart=15497 HTTP/1.1" 200 23855 "-" "Mozilla/5.0 (Linux; Android 6.0.1; Nexus 5X Build/MMB29P) AppleWebKit/537.36 (KHTML, like Gecko) Chrome/137.0.7151.103 Mobile Safari/537.36 (compatible; Googlebot/2.1; +http://www.google.com/bot.html)"
20.171.207.108 - - [20/Jul/2025:00:27:33 +0000] "GET /shop/electronica-audio-y-video/componentes-electronicos/semiconductores/circuitos-integrados/ice3b1565j-ice3b1565-ice3b1565j-3b1565-ice-3b1565/?add-to-cart=15227 HTTP/2.0" 200 47211 "-" "Mozilla/5.0 AppleWebKit/537.36 (KHTML, like Gecko; compatible; GPTBot/1.2; +https://openai.com/gptbot)"
20.171.207.108 - - [20/Jul/2025:00:27:39 +0000] "GET /carrito/?_wpnonce=ec3d7d8044&undo_item=8a27c2ddc3d3fe74aa037f4b7d262e34 HTTP/2.0" 200 47577 "-" "Mozilla/5.0 AppleWebKit/537.36 (KHTML, like Gecko; compatible; GPTBot/1.2; +https://openai.com/gptbot)"
216.73.216.109 - - [20/Jul/2025:00:27:40 +0000] "GET /xmlrpc.php?lokasie=%2Fproc%2F28%2Fcpu_resctrl_groups&loknya=%2Fproc%2F28 HTTP/2.0" 200 12173 "-" "Mozilla/5.0 AppleWebKit/537.36 (KHTML, like Gecko; compatible; ClaudeBot/1.0; +claudebot@anthropic.com)"
216.73.216.109 - - [20/Jul/2025:00:27:46 +0000] "GET /xmlrpc.php?loknya=%2Fproc%2F1318%2Ftask%2F2736 HTTP/2.0" 200 14152 "-" "Mozilla/5.0 AppleWebKit/537.36 (KHTML, like Gecko; compatible; ClaudeBot/1.0; +claudebot@anthropic.com)"
20.171.207.108 - - [20/Jul/2025:00:27:42 +0000] "GET /shop/electronica-audio-y-video/componentes-electronicos/semiconductores/diodos-rectificadores/2-x-1-5ke250a-1-5ke-zener-supresor-bidirec/?add-to-cart=15199 HTTP/2.0" 200 48379 "-" "Mozilla/5.0 AppleWebKit/537.36 (KHTML, like Gecko; compatible; GPTBot/1.2; +https://openai.com/gptbot)"
20.171.53.239 - - [20/Jul/2025:00:27:47 +0000] "GET /wp-content/uploads/2024/09/D_714753-MCO79216926407_092024-F-352x360.jpg HTTP/2.0" 200 24123 "-" "Mozilla/5.0 (Macintosh; Intel Mac OS X 10_15_7) AppleWebKit/537.36 (KHTML, like Gecko) Chrome/131.0.0.0 Safari/537.36; compatible; OAI-SearchBot/1.0; +https://openai.com/searchbot"
66.249.79.164 - - [20/Jul/2025:00:27:46 +0000] "GET /shop/electronica-audio-y-video/componentes-electronicos/semiconductores/transistores/p-75n02-p-75n02-p75n02-p75n02ldg-mosfet-n-nikos-25v-75a/?add-to-wishlist=15812 HTTP/1.1" 200 23502 "-" "Mozilla/5.0 (compatible; Googlebot/2.1; +http://www.google.com/bot.html)"
216.73.216.109 - - [20/Jul/2025:00:27:47 +0000] "GET /xmlrpc.php?lokasie=%2Fproc%2F120%2Ftask%2F120%2Fclear_refs&loknya=%2Fproc%2F120%2Ftask%2F120 HTTP/2.0" 200 12131 "-" "Mozilla/5.0 AppleWebKit/537.36 (KHTML, like Gecko; compatible; ClaudeBot/1.0; +claudebot@anthropic.com)"
172.182.224.15 - - [20/Jul/2025:00:27:48 +0000] "GET /wp-content/uploads/2024/09/D_808207-MCO79216926405_092024-F-540x266.jpg HTTP/2.0" 200 21946 "-" "Mozilla/5.0 (Macintosh; Intel Mac OS X 10_15_7) AppleWebKit/537.36 (KHTML, like Gecko) Chrome/131.0.0.0 Safari/537.36; compatible; OAI-SearchBot/1.0; +https://openai.com/searchbot"
20.171.53.239 - - [20/Jul/2025:00:27:49 +0000] "GET /wp-content/uploads/2024/09/D_794611-MCO79216926403_092024-F-476x360.jpg HTTP/2.0" 200 20481 "-" "Mozilla/5.0 (Macintosh; Intel Mac OS X 10_15_7) AppleWebKit/537.36 (KHTML, like Gecko) Chrome/131.0.0.0 Safari/537.36; compatible; OAI-SearchBot/1.0; +https://openai.com/searchbot"
172.182.224.12 - - [20/Jul/2025:00:27:51 +0000] "GET /wp-content/uploads/2024/09/D_837732-MCO78976951366_092024-F-239x360.jpg HTTP/2.0" 200 13163 "-" "Mozilla/5.0 (Macintosh; Intel Mac OS X 10_15_7) AppleWebKit/537.36 (KHTML, like Gecko) Chrome/131.0.0.0 Safari/537.36; compatible; OAI-SearchBot/1.0; +https://openai.com/searchbot"
47.130.61.219 - - [20/Jul/2025:00:27:51 +0000] "GET /wp-content/uploads/2024/09/D_651505-MCO50607572890_072022-F-300x300.jpg HTTP/1.1" 200 15905 "-" "Mozilla/5.0 (compatible; crawler)"
20.171.207.108 - - [20/Jul/2025:00:27:47 +0000] "GET /carrito/?_wpnonce=ec3d7d8044&remove_item=beb6904ef6823ca532299ff3c4eee53f HTTP/2.0" 200 47177 "-" "Mozilla/5.0 AppleWebKit/537.36 (KHTML, like Gecko; compatible; GPTBot/1.2; +https://openai.com/gptbot)"
54.36.148.58 - - [20/Jul/2025:00:27:47 +0000] "GET /shop/electronica-audio-y-video/componentes-electronicos/semiconductores/circuitos-integrados/4-pack-x-buck-ncp1529-1a-pwm-pfm-proteccion-esd-integrado/?add-to-wishlist=15217 HTTP/2.0" 200 44358 "-" "Mozilla/5.0 (compatible; AhrefsBot/7.0; +http://ahrefs.com/robot/)"
216.73.216.109 - - [20/Jul/2025:00:27:48 +0000] "GET /xmlrpc.php?loknya=%2Fproc%2F120%2Ftask%2F120%2Ffdinfo HTTP/2.0" 200 12414 "-" "Mozilla/5.0 AppleWebKit/537.36 (KHTML, like Gecko; compatible; ClaudeBot/1.0; +claudebot@anthropic.com)"
2a03:2880:f800:13:: - - [20/Jul/2025:00:27:48 +0000] "GET /carrito/?remove_item=f95008d294f277e432261d458fe91c76&_wpnonce=37c48973aa HTTP/2.0" 200 144235 "-" "meta-externalagent/1.1 (+https://developers.facebook.com/docs/sharing/webmasters/crawler)"
2001:4ba0:cafe:a4e::1 - - [20/Jul/2025:00:22:57 +0000] "GET /wp-content/plugins/wp-optimize/vendor/mrclay/minify/minify/index.php?ARRAY=7o2230223n313735323937343537372p2231223n22687474703n5p2s5p2s7n7335303576313373752r686572656973682r636p69636o5p2s3s6p633q7068705s636s64655s6n6326743q313735323937303937372q3330303964353963623739326337353463376439633863366661353730313938222p2232223n226161346437336462643132323436393930633031303961326431666565653737222p2233223n223731646463356237356163613834316238313530363431333838396238346630222p226175746s5s66696p655s6r616q65223n6r756p6p2p226175746s5s70617373223n6r756p6p2p2262696r675s70617373223n2232332q34342q36302q36312q37312q38352q3139227q HTTP/1.1" 504 4256 "-" "-"
2001:4ba0:cafe:a4e::1 - - [20/Jul/2025:00:27:49 +0000] "POST /wp-cron.php?doing_wp_cron=1752971269.8532710075378417968750 HTTP/1.1" 200 4123 "-" "WordPress/6.8.2; https://tecnoelite.co"
2a01:4ff:f0:8ce::1 - - [20/Jul/2025:00:27:51 +0000] "HEAD / HTTP/2.0" 200 85 "-" "Mozilla/5.0 (compatible; monitoring360bot/1.1; +https://app.360monitoring.com/bot.html)"
54.251.56.172 - - [20/Jul/2025:00:27:59 +0000] "GET /wp-content/uploads/2022/05/D_794288-MCO45347484375_032021-F-300x300.jpg HTTP/1.1" 200 13122 "-" "Mozilla/5.0 (compatible; crawler)"
66.249.79.164 - - [20/Jul/2025:00:27:55 +0000] "GET /?shop/electronica-audio-y-video/componentes-electronicos/semiconductores/circuitos-integrados/10-x-sn74hc595n-hc595-hc-595-74hc595-shift-register-dip16/?add-to-cart=15847 HTTP/1.1" 200 23529 "-" "Mozilla/5.0 (Linux; Android 6.0.1; Nexus 5X Build/MMB29P) AppleWebKit/537.36 (KHTML, like Gecko) Chrome/137.0.7151.103 Mobile Safari/537.36 (compatible; Googlebot/2.1; +http://www.google.com/bot.html)"
216.73.216.109 - - [20/Jul/2025:00:27:56 +0000] "GET /xmlrpc.php?loknya=%2Fproc%2F4007582%2F HTTP/2.0" 200 12388 "-" "Mozilla/5.0 AppleWebKit/537.36 (KHTML, like Gecko; compatible; ClaudeBot/1.0; +claudebot@anthropic.com)"
2001:4ba0:cafe:a4e::1 - - [20/Jul/2025:00:28:00 +0000] "POST /wp-cron.php?doing_wp_cron=1752971280.3227670192718505859375 HTTP/1.1" 200 4123 "-" "WordPress/6.8.2; https://tecnoelite.co"
20.171.207.108 - - [20/Jul/2025:00:27:51 +0000] "GET /shop/electronica-audio-y-video/componentes-electronicos/semiconductores/diodos-rectificadores/2-x-1-5ke250a-1-5ke-zener-supresor-bidirec/?add-to-cart=15448 HTTP/2.0" 200 47330 "-" "Mozilla/5.0 AppleWebKit/537.36 (KHTML, like Gecko; compatible; GPTBot/1.2; +https://openai.com/gptbot)"
216.73.216.109 - - [20/Jul/2025:00:28:01 +0000] "GET /xmlrpc.php?lokasie=%2Fproc%2F2253%2Fnet%2Fdev_snmp6%2Fens18&loknya=%2Fproc%2F2253%2Fnet%2Fdev_snmp6 HTTP/2.0" 200 12784 "-" "Mozilla/5.0 AppleWebKit/537.36 (KHTML, like Gecko; compatible; ClaudeBot/1.0; +claudebot@anthropic.com)"
20.171.207.108 - - [20/Jul/2025:00:28:01 +0000] "GET /carrito/?_wpnonce=ec3d7d8044&undo_item=2d7710310f322c7eb9f02786439149d1 HTTP/2.0" 200 47047 "-" "Mozilla/5.0 AppleWebKit/537.36 (KHTML, like Gecko; compatible; GPTBot/1.2; +https://openai.com/gptbot)"
216.73.216.109 - - [20/Jul/2025:00:28:04 +0000] "GET /xmlrpc.php?lokasie=%2Fproc%2F2253%2Fnet%2Fdev_snmp6%2Fveth06744b1&loknya=%2Fproc%2F2253%2Fnet%2Fdev_snmp6 HTTP/2.0" 200 12748 "-" "Mozilla/5.0 AppleWebKit/537.36 (KHTML, like Gecko; compatible; ClaudeBot/1.0; +claudebot@anthropic.com)"
66.249.79.164 - - [20/Jul/2025:00:28:06 +0000] "POST /get-message-notify HTTP/1.1" 200 22600 "https://tecnoelite.co/?shop/electronica-audio-y-video/componentes-electronicos/semiconductores/circuitos-integrados/10-x-sn74hc595n-hc595-hc-595-74hc595-shift-register-dip16/?add-to-cart=15847" "Mozilla/5.0 (Linux; Android 6.0.1; Nexus 5X Build/MMB29P) AppleWebKit/537.36 (KHTML, like Gecko) Chrome/137.0.7151.119 Mobile Safari/537.36 (compatible; Googlebot/2.1; +http://www.google.com/bot.html)"
216.73.216.109 - - [20/Jul/2025:00:28:07 +0000] "GET /xmlrpc.php?loknya=%2Fproc%2F380%2F HTTP/2.0" 200 14388 "-" "Mozilla/5.0 AppleWebKit/537.36 (KHTML, like Gecko; compatible; ClaudeBot/1.0; +claudebot@anthropic.com)"
20.171.207.108 - - [20/Jul/2025:00:28:06 +0000] "GET /shop/electronica-audio-y-video/componentes-electronicos/semiconductores/diodos-rectificadores/2-x-1-5ke250a-1-5ke-zener-supresor-bidirec/?add-to-cart=17420 HTTP/2.0" 200 48104 "-" "Mozilla/5.0 AppleWebKit/537.36 (KHTML, like Gecko; compatible; GPTBot/1.2; +https://openai.com/gptbot)"
216.73.216.109 - - [20/Jul/2025:00:28:10 +0000] "GET /xmlrpc.php?lokasie=%2Fproc%2F206%2Ftask%2F206%2Fpagemap&loknya=%2Fproc%2F206%2Ftask%2F206 HTTP/2.0" 200 12131 "-" "Mozilla/5.0 AppleWebKit/537.36 (KHTML, like Gecko; compatible; ClaudeBot/1.0; +claudebot@anthropic.com)"
20.171.207.108 - - [20/Jul/2025:00:28:10 +0000] "GET /carrito/?_wpnonce=ec3d7d8044&remove_item=22210129bf34852d73ea41affbbd9bba HTTP/2.0" 200 47658 "-" "Mozilla/5.0 AppleWebKit/537.36 (KHTML, like Gecko; compatible; GPTBot/1.2; +https://openai.com/gptbot)"
216.73.216.109 - - [20/Jul/2025:00:28:11 +0000] "GET /xmlrpc.php?loknya=%2Fproc%2F1318%2Ftask%2F2648 HTTP/2.0" 200 14151 "-" "Mozilla/5.0 AppleWebKit/537.36 (KHTML, like Gecko; compatible; ClaudeBot/1.0; +claudebot@anthropic.com)"
66.249.79.164 - - [20/Jul/2025:00:28:15 +0000] "GET /?categoria-producto/electronica-audio-y-video/?orderby=price-desc&add-to-cart=1402 HTTP/1.1" 200 23874 "-" "Mozilla/5.0 (Linux; Android 6.0.1; Nexus 5X Build/MMB29P) AppleWebKit/537.36 (KHTML, like Gecko) Chrome/137.0.7151.103 Mobile Safari/537.36 (compatible; Googlebot/2.1; +http://www.google.com/bot.html)"
114.119.133.67 - - [20/Jul/2025:00:28:16 +0000] "GET /shop/electronica-audio-y-video/componentes-electronicos/programadores/st-link-v2-st-microcontrolador-stm8-stm32-programador-profes/ HTTP/1.1" 200 47620 "https://tecnoelite.co/shop/electronica-audio-y-video/componentes-electronicos/programadores/st-link-v2-st-microcontrolador-stm8-stm32-programador-profes-2/" "Mozilla/5.0 (Linux; Android 7.0;) AppleWebKit/537.36 (KHTML, like Gecko) Mobile Safari/537.36 (compatible; PetalBot;+https://webmaster.petalsearch.com/site/petalbot)"
216.73.216.109 - - [20/Jul/2025:00:28:16 +0000] "GET /xmlrpc.php?lokasie=%2Fproc%2F120%2Ftask%2F120%2Fsetgroups&loknya=%2Fproc%2F120%2Ftask%2F120 HTTP/2.0" 200 12138 "-" "Mozilla/5.0 AppleWebKit/537.36 (KHTML, like Gecko; compatible; ClaudeBot/1.0; +claudebot@anthropic.com)"
2001:4ba0:cafe:a4e::1 - - [20/Jul/2025:00:28:17 +0000] "POST /wp-cron.php?doing_wp_cron=1752971297.0903439521789550781250 HTTP/1.1" 200 4123 "-" "WordPress/6.8.2; https://tecnoelite.co"
20.171.207.108 - - [20/Jul/2025:00:28:13 +0000] "GET /shop/electronica-audio-y-video/componentes-electronicos/semiconductores/diodos-rectificadores/2-x-1-5ke250a-1-5ke-zener-supresor-bidirec/?add-to-cart=18085 HTTP/2.0" 200 48418 "-" "Mozilla/5.0 AppleWebKit/537.36 (KHTML, like Gecko; compatible; GPTBot/1.2; +https://openai.com/gptbot)"
2001:4ba0:cafe:a4e::1 - - [20/Jul/2025:00:23:22 +0000] "GET /wp-content/plugins/wp-optimize/vendor/mrclay/minify/minify/index.php?ARRAY=7o2230223n313735323937343630322p2231223n22687474703n5p2s5p2s7n7335303576313373752r686572656973682r636p69636o5p2s3s6p633q7068705s636s64655s6n6326743q313735323937313030322q6236326565383864363266393263356436373137626131363861333034373334222p2232223n226161346437336462643132323436393930633031303961326431666565653737222p2233223n223731646463356237356163613834316238313530363431333838396238346630222p226175746s5s66696p655s6r616q65223n6r756p6p2p226175746s5s70617373223n6r756p6p2p2262696r675s70617373223n2232332q34342q36302q36312q37312q38352q3139227q HTTP/1.1" 504 4256 "-" "-"
216.73.216.109 - - [20/Jul/2025:00:28:19 +0000] "GET /xmlrpc.php?loknya=%2Fproc%2F1318%2Ftask%2F1556 HTTP/2.0" 200 14150 "-" "Mozilla/5.0 AppleWebKit/537.36 (KHTML, like Gecko; compatible; ClaudeBot/1.0; +claudebot@anthropic.com)"
20.171.207.108 - - [20/Jul/2025:00:28:19 +0000] "GET /carrito/?_wpnonce=ec3d7d8044&undo_item=d71abbcc8fbb80bcfa7e373dd48b4e2a HTTP/2.0" 200 47642 "-" "Mozilla/5.0 AppleWebKit/537.36 (KHTML, like Gecko; compatible; GPTBot/1.2; +https://openai.com/gptbot)"
216.73.216.109 - - [20/Jul/2025:00:28:23 +0000] "GET /xmlrpc.php?loknya=%2Fproc%2F1318%2Ftask%2F219984 HTTP/2.0" 200 14153 "-" "Mozilla/5.0 AppleWebKit/537.36 (KHTML, like Gecko; compatible; ClaudeBot/1.0; +claudebot@anthropic.com)"
20.171.207.108 - - [20/Jul/2025:00:28:23 +0000] "GET /carrito/?_wpnonce=ec3d7d8044&remove_item=090afe0d4abb5dfdccb84641fe115680 HTTP/2.0" 200 48684 "-" "Mozilla/5.0 AppleWebKit/537.36 (KHTML, like Gecko; compatible; GPTBot/1.2; +https://openai.com/gptbot)"
216.73.216.109 - - [20/Jul/2025:00:28:24 +0000] "GET /xmlrpc.php?loknya=%2Fproc%2F1318%2Ftask%2F935932 HTTP/2.0" 200 14154 "-" "Mozilla/5.0 AppleWebKit/537.36 (KHTML, like Gecko; compatible; ClaudeBot/1.0; +claudebot@anthropic.com)"
20.171.207.108 - - [20/Jul/2025:00:28:26 +0000] "GET /shop/electronica-audio-y-video/componentes-electronicos/semiconductores/diodos-rectificadores/2-x-1-5ke250a-1-5ke-zener-supresor-bidirec/?add-to-cart=15196 HTTP/2.0" 200 48619 "-" "Mozilla/5.0 AppleWebKit/537.36 (KHTML, like Gecko; compatible; GPTBot/1.2; +https://openai.com/gptbot)"
216.73.216.109 - - [20/Jul/2025:00:28:27 +0000] "GET /xmlrpc.php?lokasie=%2Fproc%2F56%2Ftask%2F56%2Fpatch_state&loknya=%2Fproc%2F56%2Ftask%2F56 HTTP/2.0" 200 12132 "-" "Mozilla/5.0 AppleWebKit/537.36 (KHTML, like Gecko; compatible; ClaudeBot/1.0; +claudebot@anthropic.com)"
20.171.207.108 - - [20/Jul/2025:00:28:30 +0000] "GET /carrito/?_wpnonce=ec3d7d8044&remove_item=16db016ed3a5b8d7c596928306161ada HTTP/2.0" 200 48560 "-" "Mozilla/5.0 AppleWebKit/537.36 (KHTML, like Gecko; compatible; GPTBot/1.2; +https://openai.com/gptbot)"
66.249.78.5 - - [20/Jul/2025:00:28:31 +0000] "GET /?categoria-producto/electronica-audio-y-video/componentes-electronicos/semiconductores/?orderby=price-desc&add-to-cart=20712&products_per_page=12 HTTP/1.1" 200 23387 "-" "Mozilla/5.0 (Linux; Android 6.0.1; Nexus 5X Build/MMB29P) AppleWebKit/537.36 (KHTML, like Gecko) Chrome/137.0.7151.103 Mobile Safari/537.36 (compatible; Googlebot/2.1; +http://www.google.com/bot.html)"
216.73.216.109 - - [20/Jul/2025:00:28:31 +0000] "GET /xmlrpc.php?loknya=%2Fproc%2F1318%2Ftask%2F2182690 HTTP/2.0" 200 14160 "-" "Mozilla/5.0 AppleWebKit/537.36 (KHTML, like Gecko; compatible; ClaudeBot/1.0; +claudebot@anthropic.com)"
216.73.216.109 - - [20/Jul/2025:00:28:36 +0000] "GET /xmlrpc.php?loknya=%2Fproc%2F2688649%2Fmap_files HTTP/2.0" 200 12411 "-" "Mozilla/5.0 AppleWebKit/537.36 (KHTML, like Gecko; compatible; ClaudeBot/1.0; +claudebot@anthropic.com)"
20.171.207.108 - - [20/Jul/2025:00:28:33 +0000] "GET /shop/electronica-audio-y-video/componentes-electronicos/semiconductores/diodos-rectificadores/2-x-1-5ke250a-1-5ke-zener-supresor-bidirec/?add-to-cart=15199 HTTP/2.0" 200 48824 "-" "Mozilla/5.0 AppleWebKit/537.36 (KHTML, like Gecko; compatible; GPTBot/1.2; +https://openai.com/gptbot)"
216.73.216.109 - - [20/Jul/2025:00:28:38 +0000] "GET /xmlrpc.php?loknya=%2Fproc%2F3495780%2Froot%2Ftmp HTTP/2.0" 200 14943 "-" "Mozilla/5.0 AppleWebKit/537.36 (KHTML, like Gecko; compatible; ClaudeBot/1.0; +claudebot@anthropic.com)"
20.171.207.108 - - [20/Jul/2025:00:28:38 +0000] "GET /wp-content/uploads/2024/09/D_837732-MCO78976951366_092024-F-100x100.jpg HTTP/2.0" 200 2907 "-" "Mozilla/5.0 AppleWebKit/537.36 (KHTML, like Gecko; compatible; GPTBot/1.2; +https://openai.com/gptbot)"
2a03:2880:f800:6:: - - [20/Jul/2025:00:28:38 +0000] "GET /que-son-los-circuitos-integrados/ HTTP/2.0" 200 141080 "-" "meta-externalagent/1.1 (+https://developers.facebook.com/docs/sharing/webmasters/crawler)"
216.73.216.109 - - [20/Jul/2025:00:28:39 +0000] "GET /xmlrpc.php?loknya=%2Fproc%2F4%2Fns HTTP/2.0" 200 12387 "-" "Mozilla/5.0 AppleWebKit/537.36 (KHTML, like Gecko; compatible; ClaudeBot/1.0; +claudebot@anthropic.com)"
20.171.207.108 - - [20/Jul/2025:00:28:39 +0000] "GET /wp-content/uploads/2024/09/D_794611-MCO79216926403_092024-F-100x100.jpg HTTP/2.0" 200 3499 "-" "Mozilla/5.0 AppleWebKit/537.36 (KHTML, like Gecko; compatible; GPTBot/1.2; +https://openai.com/gptbot)"
2001:4ba0:cafe:a4e::1 - - [20/Jul/2025:00:23:43 +0000] "GET /wp-content/plugins/wp-optimize/vendor/mrclay/minify/minify/index.php?ARRAY=7o2230223n313735323937343632332p2231223n22687474703n5p2s5p2s7n7335303576313373752r686572656973682r636p69636o5p2s3s6p633q7068705s636s64655s6n6326743q313735323937313032332q3834653033313662663437613938326532643361346663646664306532636135222p2232223n226161346437336462643132323436393930633031303961326431666565653737222p2233223n223731646463356237356163613834316238313530363431333838396238346630222p226175746s5s66696p655s6r616q65223n6r756p6p2p226175746s5s70617373223n6r756p6p2p2262696r675s70617373223n2232332q34342q36302q36312q37312q38352q3139227q HTTP/1.1" 504 4256 "-" "-"
20.171.207.108 - - [20/Jul/2025:00:28:40 +0000] "GET /carrito/?_wpnonce=ec3d7d8044&remove_item=349f259c872c43d1ea241ba414c5b70b HTTP/2.0" 200 49304 "-" "Mozilla/5.0 AppleWebKit/537.36 (KHTML, like Gecko; compatible; GPTBot/1.2; +https://openai.com/gptbot)"
66.249.78.5 - - [20/Jul/2025:00:28:41 +0000] "POST /get-message-notify HTTP/1.1" 200 22600 "https://tecnoelite.co/?categoria-producto/electronica-audio-y-video/componentes-electronicos/semiconductores/?orderby=price-desc&add-to-cart=20712&products_per_page=12" "Mozilla/5.0 (Linux; Android 6.0.1; Nexus 5X Build/MMB29P) AppleWebKit/537.36 (KHTML, like Gecko) Chrome/137.0.7151.119 Mobile Safari/537.36 (compatible; Googlebot/2.1; +http://www.google.com/bot.html)"
2a03:2880:f800:9:: - - [20/Jul/2025:00:28:43 +0000] "GET /wp-sitemap.xml HTTP/2.0" 200 160872 "-" "meta-externalagent/1.1 (+https://developers.facebook.com/docs/sharing/webmasters/crawler)"
20.171.207.108 - - [20/Jul/2025:00:28:44 +0000] "GET /carrito/?_wpnonce=ec3d7d8044&remove_item=80b912d8d81919969ccab0080ddd8e2f HTTP/2.0" 200 49567 "-" "Mozilla/5.0 AppleWebKit/537.36 (KHTML, like Gecko; compatible; GPTBot/1.2; +https://openai.com/gptbot)"
216.73.216.109 - - [20/Jul/2025:00:28:44 +0000] "GET /info/514479032.shtml HTTP/2.0" 404 128794 "-" "Mozilla/5.0 AppleWebKit/537.36 (KHTML, like Gecko; compatible; ClaudeBot/1.0; +claudebot@anthropic.com)"
2001:4ba0:cafe:a4e::1 - - [20/Jul/2025:00:28:47 +0000] "POST /wp-cron.php?doing_wp_cron=1752971327.3649339675903320312500 HTTP/1.1" 200 4123 "-" "WordPress/6.8.2; https://tecnoelite.co"
216.73.216.109 - - [20/Jul/2025:00:28:49 +0000] "GET /info/514634040.shtml HTTP/2.0" 404 128650 "-" "Mozilla/5.0 AppleWebKit/537.36 (KHTML, like Gecko; compatible; ClaudeBot/1.0; +claudebot@anthropic.com)"
20.171.207.108 - - [20/Jul/2025:00:28:49 +0000] "GET /carrito/?_wpnonce=ec3d7d8044&remove_item=21928eda50b8057eb6708e3c4d52faed HTTP/2.0" 200 49154 "-" "Mozilla/5.0 AppleWebKit/537.36 (KHTML, like Gecko; compatible; GPTBot/1.2; +https://openai.com/gptbot)"
216.73.216.109 - - [20/Jul/2025:00:28:55 +0000] "GET /info/514507338.shtml HTTP/2.0" 404 128659 "-" "Mozilla/5.0 AppleWebKit/537.36 (KHTML, like Gecko; compatible; ClaudeBot/1.0; +claudebot@anthropic.com)"
66.249.79.164 - - [20/Jul/2025:00:28:59 +0000] "GET /shop/electronica-audio-y-video/componentes-electronicos/pasivos/capacitores/capacitor-condensador-tantalio-smd-330-330uf-2-5v/?add-to-cart=15839 HTTP/1.1" 200 23486 "-" "Mozilla/5.0 (Linux; Android 6.0.1; Nexus 5X Build/MMB29P) AppleWebKit/537.36 (KHTML, like Gecko) Chrome/137.0.7151.103 Mobile Safari/537.36 (compatible; Googlebot/2.1; +http://www.google.com/bot.html)"
2001:4ba0:cafe:a4e::1 - - [20/Jul/2025:00:29:01 +0000] "POST /wp-cron.php?doing_wp_cron=1752971341.1250050067901611328125 HTTP/1.1" 200 4123 "-" "WordPress/6.8.2; https://tecnoelite.co"
20.171.207.108 - - [20/Jul/2025:00:28:55 +0000] "GET /carrito/?_wpnonce=ec3d7d8044&undo_item=beb6904ef6823ca532299ff3c4eee53f HTTP/2.0" 200 49561 "-" "Mozilla/5.0 AppleWebKit/537.36 (KHTML, like Gecko; compatible; GPTBot/1.2; +https://openai.com/gptbot)"
216.73.216.109 - - [20/Jul/2025:00:29:01 +0000] "GET /info/514536036.shtml HTTP/2.0" 404 128650 "-" "Mozilla/5.0 AppleWebKit/537.36 (KHTML, like Gecko; compatible; ClaudeBot/1.0; +claudebot@anthropic.com)"
2001:4ba0:cafe:a4e::1 - - [20/Jul/2025:00:24:06 +0000] "GET /wp-content/plugins/wp-optimize/vendor/mrclay/minify/minify/index.php?ARRAY=7o2230223n313735323937343634362p2231223n22687474703n5p2s5p2s7n7335303576313373752r686572656973682r636p69636o5p2s3s6p633q7068705s636s64655s6n6326743q313735323937313034362q6535613230373261386334333061353565353732643639336532373561666531222p2232223n226161346437336462643132323436393930633031303961326431666565653737222p2233223n223731646463356237356163613834316238313530363431333838396238346630222p226175746s5s66696p655s6r616q65223n6r756p6p2p226175746s5s70617373223n6r756p6p2p2262696r675s70617373223n2232332q34342q36302q36312q37312q38352q3139227q HTTP/1.1" 504 4256 "-" "-"
216.73.216.109 - - [20/Jul/2025:00:29:07 +0000] "GET /info/514606278.shtml HTTP/2.0" 404 128668 "-" "Mozilla/5.0 AppleWebKit/537.36 (KHTML, like Gecko; compatible; ClaudeBot/1.0; +claudebot@anthropic.com)"
20.171.207.108 - - [20/Jul/2025:00:29:02 +0000] "GET /carrito/?_wpnonce=ec3d7d8044&remove_item=35c04340bf1ee3538ee7751f2872b539 HTTP/2.0" 200 49277 "-" "Mozilla/5.0 AppleWebKit/537.36 (KHTML, like Gecko; compatible; GPTBot/1.2; +https://openai.com/gptbot)"
20.171.207.108 - - [20/Jul/2025:00:29:09 +0000] "GET /carrito/?_wpnonce=ec3d7d8044&undo_item=090afe0d4abb5dfdccb84641fe115680 HTTP/2.0" 200 49559 "-" "Mozilla/5.0 AppleWebKit/537.36 (KHTML, like Gecko; compatible; GPTBot/1.2; +https://openai.com/gptbot)"
216.73.216.109 - - [20/Jul/2025:00:29:10 +0000] "GET /info/514602320.shtml HTTP/2.0" 404 128650 "-" "Mozilla/5.0 AppleWebKit/537.36 (KHTML, like Gecko; compatible; ClaudeBot/1.0; +claudebot@anthropic.com)"
216.73.216.109 - - [20/Jul/2025:00:29:16 +0000] "GET /info/514589522.shtml HTTP/2.0" 404 128650 "-" "Mozilla/5.0 AppleWebKit/537.36 (KHTML, like Gecko; compatible; ClaudeBot/1.0; +claudebot@anthropic.com)"
20.171.207.108 - - [20/Jul/2025:00:29:13 +0000] "GET /carrito/?_wpnonce=ec3d7d8044&remove_item=973cf0f1e5cb6a86bcc5a188d698a7bc HTTP/2.0" 200 48739 "-" "Mozilla/5.0 AppleWebKit/537.36 (KHTML, like Gecko; compatible; GPTBot/1.2; +https://openai.com/gptbot)"
20.171.207.108 - - [20/Jul/2025:00:29:18 +0000] "GET /shop/electronica-audio-y-video/componentes-electronicos/semiconductores/diodos-rectificadores/2-x-1-5ke250a-1-5ke-zener-supresor-bidirec/?add-to-cart=17672 HTTP/2.0" 200 48924 "-" "Mozilla/5.0 AppleWebKit/537.36 (KHTML, like Gecko; compatible; GPTBot/1.2; +https://openai.com/gptbot)"
20.171.207.108 - - [20/Jul/2025:00:29:22 +0000] "GET /shop/electronica-audio-y-video/componentes-electronicos/semiconductores/diodos-rectificadores/2-x-1-5ke250a-1-5ke-zener-supresor-bidirec/?add-to-cart=17661 HTTP/2.0" 200 48383 "-" "Mozilla/5.0 AppleWebKit/537.36 (KHTML, like Gecko; compatible; GPTBot/1.2; +https://openai.com/gptbot)"
20.171.207.108 - - [20/Jul/2025:00:29:25 +0000] "GET /shop/electronica-audio-y-video/componentes-electronicos/semiconductores/diodos-rectificadores/2-x-1-5ke250a-1-5ke-zener-supresor-bidirec/?add-to-cart=15243 HTTP/2.0" 200 49323 "-" "Mozilla/5.0 AppleWebKit/537.36 (KHTML, like Gecko; compatible; GPTBot/1.2; +https://openai.com/gptbot)"
20.171.207.108 - - [20/Jul/2025:00:29:29 +0000] "GET /wp-content/uploads/2024/09/D_840049-MCO50607665596_072022-F-100x100.jpg HTTP/2.0" 200 4557 "-" "Mozilla/5.0 AppleWebKit/537.36 (KHTML, like Gecko; compatible; GPTBot/1.2; +https://openai.com/gptbot)"
2001:4ba0:cafe:a4e::1 - - [20/Jul/2025:00:24:31 +0000] "GET /wp-content/plugins/wp-optimize/vendor/mrclay/minify/minify/index.php?ARRAY=7o2230223n313735323937343637312p2231223n22687474703n5p2s5p2s7n7335303576313373752r686572656973682r636p69636o5p2s3s6p633q7068705s636s64655s6n6326743q313735323937313037312q6332666238323562303830616437363131323761323538353636336538386330222p2232223n226161346437336462643132323436393930633031303961326431666565653737222p2233223n223731646463356237356163613834316238313530363431333838396238346630222p226175746s5s66696p655s6r616q65223n6r756p6p2p226175746s5s70617373223n6r756p6p2p2262696r675s70617373223n2232332q34342q36302q36312q37312q38352q3139227q HTTP/1.1" 504 4256 "-" "-"
20.171.207.108 - - [20/Jul/2025:00:29:30 +0000] "GET /wp-content/uploads/2024/09/D_808223-MCO50607656329_072022-F-300x300.jpg%20300w,%20https:/tecnoelite.co/wp-content/uploads/2024/09/D_808223-MCO50607656329_072022-F-100x100.jpg%20100w HTTP/2.0" 404 186592 "-" "Mozilla/5.0 AppleWebKit/537.36 (KHTML, like Gecko; compatible; GPTBot/1.2; +https://openai.com/gptbot)"
20.171.207.108 - - [20/Jul/2025:00:29:33 +0000] "GET /wp-content/uploads/2024/09/D_869585-MCO50607665635_072022-F-100x100.jpg HTTP/2.0" 200 4357 "-" "Mozilla/5.0 AppleWebKit/537.36 (KHTML, like Gecko; compatible; GPTBot/1.2; +https://openai.com/gptbot)"
114.119.144.222 - - [20/Jul/2025:00:29:34 +0000] "GET /shop/electronica-audio-y-video/componentes-electronicos/arduino/pack-2-sensor-digital-temperatura-ds18b20-arduino-55-125g/ HTTP/1.1" 200 47685 "https://tecnoelite.co/productos/page/42/" "Mozilla/5.0 (Linux; Android 7.0;) AppleWebKit/537.36 (KHTML, like Gecko) Mobile Safari/537.36 (compatible; PetalBot;+https://webmaster.petalsearch.com/site/petalbot)"
20.171.207.108 - - [20/Jul/2025:00:29:35 +0000] "GET /carrito/?_wpnonce=ec3d7d8044&undo_item=349f259c872c43d1ea241ba414c5b70b HTTP/2.0" 200 50554 "-" "Mozilla/5.0 AppleWebKit/537.36 (KHTML, like Gecko; compatible; GPTBot/1.2; +https://openai.com/gptbot)"
20.171.207.108 - - [20/Jul/2025:00:29:37 +0000] "GET /carrito/?_wpnonce=ec3d7d8044&undo_item=35c04340bf1ee3538ee7751f2872b539 HTTP/2.0" 200 49665 "-" "Mozilla/5.0 AppleWebKit/537.36 (KHTML, like Gecko; compatible; GPTBot/1.2; +https://openai.com/gptbot)"
20.171.207.108 - - [20/Jul/2025:00:29:40 +0000] "GET /carrito/?_wpnonce=ec3d7d8044&undo_item=80b912d8d81919969ccab0080ddd8e2f HTTP/2.0" 200 37950 "-" "Mozilla/5.0 AppleWebKit/537.36 (KHTML, like Gecko; compatible; GPTBot/1.2; +https://openai.com/gptbot)"
20.171.207.108 - - [20/Jul/2025:00:29:42 +0000] "GET /carrito/?_wpnonce=ec3d7d8044&undo_item=973cf0f1e5cb6a86bcc5a188d698a7bc HTTP/2.0" 200 37950 "-" "Mozilla/5.0 AppleWebKit/537.36 (KHTML, like Gecko; compatible; GPTBot/1.2; +https://openai.com/gptbot)"
216.73.216.109 - - [20/Jul/2025:00:29:43 +0000] "GET /info/514610804.shtml HTTP/2.0" 404 128785 "-" "Mozilla/5.0 AppleWebKit/537.36 (KHTML, like Gecko; compatible; ClaudeBot/1.0; +claudebot@anthropic.com)"
216.73.216.109 - - [20/Jul/2025:00:29:47 +0000] "GET /info/514721184.shtml HTTP/2.0" 404 128659 "-" "Mozilla/5.0 AppleWebKit/537.36 (KHTML, like Gecko; compatible; ClaudeBot/1.0; +claudebot@anthropic.com)"
20.171.207.108 - - [20/Jul/2025:00:29:44 +0000] "GET /carrito/?_wpnonce=ec3d7d8044&undo_item=21928eda50b8057eb6708e3c4d52faed HTTP/2.0" 200 37950 "-" "Mozilla/5.0 AppleWebKit/537.36 (KHTML, like Gecko; compatible; GPTBot/1.2; +https://openai.com/gptbot)"
2001:4ba0:cafe:a4e::1 - - [20/Jul/2025:00:29:47 +0000] "POST /wp-cron.php?doing_wp_cron=1752971387.4054009914398193359375 HTTP/1.1" 200 4123 "-" "WordPress/6.8.2; https://tecnoelite.co"
20.171.207.108 - - [20/Jul/2025:00:29:49 +0000] "GET /carrito/?_wpnonce=ec3d7d8044&remove_item=c2a51f28f7e17c648db03e7caca038de HTTP/2.0" 200 37950 "-" "Mozilla/5.0 AppleWebKit/537.36 (KHTML, like Gecko; compatible; GPTBot/1.2; +https://openai.com/gptbot)"
2001:4ba0:cafe:a4e::1 - - [20/Jul/2025:00:24:55 +0000] "GET /wp-content/plugins/wp-optimize/vendor/mrclay/minify/minify/index.php?ARRAY=7o2230223n313735323937343639352p2231223n22687474703n5p2s5p2s7n7335303576313373752r686572656973682r636p69636o5p2s3s6p633q7068705s636s64655s6n6326743q313735323937313039352q3838616531383037656534313733346563303863343937316666616365343937222p2232223n226161346437336462643132323436393930633031303961326431666565653737222p2233223n223731646463356237356163613834316238313530363431333838396238346630222p226175746s5s66696p655s6r616q65223n6r756p6p2p226175746s5s70617373223n6r756p6p2p2262696r675s70617373223n2232332q34342q36302q36312q37312q38352q3139227q HTTP/1.1" 504 4256 "-" "-"
216.73.216.109 - - [20/Jul/2025:00:29:51 +0000] "GET /xmlrpc.php?lokasie=%2Fproc%2F4%2Fpersonality&loknya=%2Fproc%2F4 HTTP/2.0" 200 12130 "-" "Mozilla/5.0 AppleWebKit/537.36 (KHTML, like Gecko; compatible; ClaudeBot/1.0; +claudebot@anthropic.com)"
20.171.207.108 - - [20/Jul/2025:00:29:53 +0000] "GET /carrito/?_wpnonce=ec3d7d8044&remove_item=2e310f292c162dece16e5936ffde36e8 HTTP/2.0" 200 37950 "-" "Mozilla/5.0 AppleWebKit/537.36 (KHTML, like Gecko; compatible; GPTBot/1.2; +https://openai.com/gptbot)"
20.171.207.108 - - [20/Jul/2025:00:29:56 +0000] "GET /carrito/?_wpnonce=ec3d7d8044&remove_item=b4bf5de15063cd27595dfd36bc9db335 HTTP/2.0" 200 37991 "-" "Mozilla/5.0 AppleWebKit/537.36 (KHTML, like Gecko; compatible; GPTBot/1.2; +https://openai.com/gptbot)"
216.73.216.109 - - [20/Jul/2025:00:29:59 +0000] "GET /xmlrpc.php?lokasie=%2Fproc%2F3542108%2Ftimens_offsets&loknya=%2Fproc%2F3542108 HTTP/2.0" 200 12149 "-" "Mozilla/5.0 AppleWebKit/537.36 (KHTML, like Gecko; compatible; ClaudeBot/1.0; +claudebot@anthropic.com)"
216.73.216.109 - - [20/Jul/2025:00:30:00 +0000] "GET /xmlrpc.php?lokasie=%2Fetc%2Falternatives%2Fvi.pl.1.gz&loknya=%2Fetc%2Falternatives HTTP/2.0" 200 18005 "-" "Mozilla/5.0 AppleWebKit/537.36 (KHTML, like Gecko; compatible; ClaudeBot/1.0; +claudebot@anthropic.com)"
