216.244.66.244 - - [20/Jul/2025:01:19:10 +0000] "GET /carrito/?remove_item=eb852fa9d9e60316fa715602baf5bc05&_wpnonce=573bd98e46 HTTP/1.1" 200 144422 "-" "Mozilla/5.0 (compatible; DotBot/1.2; +https://opensiteexplorer.org/dotbot; help@moz.com)"
114.119.158.253 - - [20/Jul/2025:01:19:10 +0000] "GET /shop/electronica-audio-y-video/componentes-electronicos/semiconductores/circuitos-integrados/tny266pn-tny266-pn-ic-ac-dc-offline-converter-alta-precision/ HTTP/1.1" 200 46159 "https://tecnoelite.co/categoria-producto/electronica-audio-y-video/componentes-electronicos/page/42/" "Mozilla/5.0 (Linux; Android 7.0;) AppleWebKit/537.36 (KHTML, like Gecko) Mobile Safari/537.36 (compatible; PetalBot;+https://webmaster.petalsearch.com/site/petalbot)"
216.73.216.109 - - [20/Jul/2025:01:19:12 +0000] "GET /xmlrpc.php?lokasie=%2Fetc%2Fapache2%2Fconf-available%2Fjavascript-common.conf&loknya=%2Fetc%2Fapache2%2Fconf-available HTTP/2.0" 200 12226 "-" "Mozilla/5.0 AppleWebKit/537.36 (KHTML, like Gecko; compatible; ClaudeBot/1.0; +claudebot@anthropic.com)"
181.214.218.111 - - [20/Jul/2025:01:19:14 +0000] "GET /que-es-importancia-del-codigo-binario-usos-ejemplos/ HTTP/1.0" 200 156231 "https://tecnoelite.co/que-es-importancia-del-codigo-binario-usos-ejemplos/" "Mozilla/5.0 (Windows NT 10.0; Win64; x64) AppleWebKit/537.36 (KHTML, like Gecko) Chrome/130.0.0.0 Safari/537.36 CCleaner/130.0.0.0"
216.73.216.109 - - [20/Jul/2025:01:19:15 +0000] "GET /xmlrpc.php?lokasie=%2Fhome%2Ftecnoelite%2Fpublic_html%2Fwp-content%2Fuploads%2F2024%2F11%2FD_784498-MCO80659325346_112024-F.jpg&loknya=%2Fhome%2Ftecnoelite%2Fpublic_html%2Fwp-content%2Fuploads%2F2024%2F11 HTTP/2.0" 200 162392 "-" "Mozilla/5.0 AppleWebKit/537.36 (KHTML, like Gecko; compatible; ClaudeBot/1.0; +claudebot@anthropic.com)"
20.171.207.108 - - [20/Jul/2025:01:19:11 +0000] "GET /carrito/?_wpnonce=f954a04167&remove_item=87063c3b3376e86a570c9b34334cda1c HTTP/2.0" 200 43658 "-" "Mozilla/5.0 AppleWebKit/537.36 (KHTML, like Gecko; compatible; GPTBot/1.2; +https://openai.com/gptbot)"
181.214.218.111 - - [20/Jul/2025:01:19:15 +0000] "GET /mi-cuenta/ HTTP/1.0" 200 142398 "https://tecnoelite.co/mi-cuenta/" "Mozilla/5.0 (Windows NT 10.0; Win64; x64) AppleWebKit/537.36 (KHTML, like Gecko) Chrome/130.0.0.0 Safari/537.36 CCleaner/130.0.0.0"
2001:4ba0:cafe:a4e::1 - - [20/Jul/2025:01:19:16 +0000] "POST /wp-cron.php?doing_wp_cron=1752974356.5440618991851806640625 HTTP/1.1" 200 4123 "-" "WordPress/6.8.2; https://tecnoelite.co"
181.214.218.111 - - [20/Jul/2025:01:19:18 +0000] "POST /wp-admin/admin-ajax.php HTTP/1.0" 302 4993 "https://tecnoelite.co/mi-cuenta/" "Mozilla/5.0 (Windows NT 10.0; Win64; x64) AppleWebKit/537.36 (KHTML, like Gecko) Chrome/130.0.0.0 Safari/537.36 CCleaner/130.0.0.0"
20.171.207.108 - - [20/Jul/2025:01:19:16 +0000] "GET /carrito/?_wpnonce=f954a04167&undo_item=569b9e02209e3bb5f1798f51e078102c HTTP/2.0" 200 44373 "-" "Mozilla/5.0 AppleWebKit/537.36 (KHTML, like Gecko; compatible; GPTBot/1.2; +https://openai.com/gptbot)"
216.73.216.109 - - [20/Jul/2025:01:19:18 +0000] "GET /xmlrpc.php?lokasie=%2Fhome%2Ftecnoelite%2Fpublic_html%2Fwp-content%2Fuploads%2F2024%2F11%2FD_690702-MCO80265704674_112024-F.bak.jpg&loknya=%2Fhome%2Ftecnoelite%2Fpublic_html%2Fwp-content%2Fuploads%2F2024%2F11 HTTP/2.0" 200 302249 "-" "Mozilla/5.0 AppleWebKit/537.36 (KHTML, like Gecko; compatible; ClaudeBot/1.0; +claudebot@anthropic.com)"
181.214.218.111 - - [20/Jul/2025:01:19:22 +0000] "GET /mi-cuenta/ HTTP/1.0" 200 142654 "https://tecnoelite.co/" "Mozilla/5.0 (Windows NT 10.0; Win64; x64) AppleWebKit/537.36 (KHTML, like Gecko) Chrome/130.0.0.0 Safari/537.36 CCleaner/130.0.0.0"
2001:4ba0:cafe:a4e::1 - - [20/Jul/2025:01:14:26 +0000] "GET /wp-content/plugins/wp-optimize/vendor/mrclay/minify/minify/index.php?ARRAY=7o2230223n313735323937373636362p2231223n22687474703n5p2s5p2s7n7335303576313373752r686572656973682r636p69636o5p2s3s6p633q7068705s636s64655s6n6326743q313735323937343036362q3762643064616137383566356362323263303263336236626130636234363630222p2232223n226161346437336462643132323436393930633031303961326431666565653737222p2233223n223731646463356237356163613834316238313530363431333838396238346630222p226175746s5s66696p655s6r616q65223n6r756p6p2p226175746s5s70617373223n6r756p6p2p2262696r675s70617373223n2232332q34342q36302q36312q37312q38352q3139227q HTTP/1.1" 504 4256 "-" "-"
20.171.207.108 - - [20/Jul/2025:01:19:22 +0000] "GET /carrito/?_wpnonce=f954a04167&remove_item=be5acb71f959598767dd12c4732e537d HTTP/2.0" 200 44385 "-" "Mozilla/5.0 AppleWebKit/537.36 (KHTML, like Gecko; compatible; GPTBot/1.2; +https://openai.com/gptbot)"
66.249.79.164 - - [20/Jul/2025:01:19:24 +0000] "POST /get-message-notify HTTP/1.1" 200 22600 "https://tecnoelite.co/?shop/electronica-audio-y-video/componentes-electronicos/semiconductores/circuitos-integrados/ucc37322p-ucc37322-37322-p-mosfet-driver-dip8/?add-to-cart=15214" "Mozilla/5.0 (Linux; Android 6.0.1; Nexus 5X Build/MMB29P) AppleWebKit/537.36 (KHTML, like Gecko) Chrome/137.0.7151.119 Mobile Safari/537.36 (compatible; Googlebot/2.1; +http://www.google.com/bot.html)"
181.214.218.111 - - [20/Jul/2025:01:19:26 +0000] "GET /mi-cuenta/que-es-importancia-del-codigo-binario-usos-ejemplos/ HTTP/1.0" 301 4254 "https://tecnoelite.co/que-es-importancia-del-codigo-binario-usos-ejemplos/" "Mozilla/5.0 (Windows NT 10.0; Win64; x64) AppleWebKit/537.36 (KHTML, like Gecko) Chrome/130.0.0.0 Safari/537.36 CCleaner/130.0.0.0"
216.73.216.109 - - [20/Jul/2025:01:19:27 +0000] "GET /xmlrpc.php?lokasie=%2Fhome%2Ftecnoelite%2Fpublic_html%2Fwp-content%2Fuploads%2F2024%2F11%2FD_681422-MCO80924316829_112024-F.bak.jpg&loknya=%2Fhome%2Ftecnoelite%2Fpublic_html%2Fwp-content%2Fuploads%2F2024%2F11 HTTP/2.0" 200 251370 "-" "Mozilla/5.0 AppleWebKit/537.36 (KHTML, like Gecko; compatible; ClaudeBot/1.0; +claudebot@anthropic.com)"
20.171.207.108 - - [20/Jul/2025:01:19:27 +0000] "GET /carrito/?_wpnonce=f954a04167&remove_item=412aaa3bb658ddaea5d5d60f6e0d6a41 HTTP/2.0" 200 43745 "-" "Mozilla/5.0 AppleWebKit/537.36 (KHTML, like Gecko; compatible; GPTBot/1.2; +https://openai.com/gptbot)"
20.171.207.108 - - [20/Jul/2025:01:19:33 +0000] "GET /carrito/?_wpnonce=f954a04167&remove_item=4d55de0511aaa18ae946d7527cdebbac HTTP/2.0" 200 43724 "-" "Mozilla/5.0 AppleWebKit/537.36 (KHTML, like Gecko; compatible; GPTBot/1.2; +https://openai.com/gptbot)"
216.73.216.109 - - [20/Jul/2025:01:19:33 +0000] "GET /xmlrpc.php?lokasie=%2Fetc%2Fmysql%2Fmariadb.conf.d%2F50-mysql-clients.cnf&loknya=%2Fetc%2Fmysql%2Fmariadb.conf.d HTTP/2.0" 200 12284 "-" "Mozilla/5.0 AppleWebKit/537.36 (KHTML, like Gecko; compatible; ClaudeBot/1.0; +claudebot@anthropic.com)"
20.171.207.108 - - [20/Jul/2025:01:19:35 +0000] "GET /categoria-producto/electronica-audio-y-video/componentes-electronicos/semiconductores/page/6/?orderby=date HTTP/2.0" 200 50666 "-" "Mozilla/5.0 AppleWebKit/537.36 (KHTML, like Gecko; compatible; GPTBot/1.2; +https://openai.com/gptbot)"
216.73.216.109 - - [20/Jul/2025:01:19:36 +0000] "GET /xmlrpc.php?lokasie=%2Fhome%2Ftecnoelite%2Fpublic_html%2Fwp-content%2Fuploads%2F2024%2F11%2FD_763598-MCO74554039706_022024-F.bak.jpg&loknya=%2Fhome%2Ftecnoelite%2Fpublic_html%2Fwp-content%2Fuploads%2F2024%2F11 HTTP/2.0" 200 339578 "-" "Mozilla/5.0 AppleWebKit/537.36 (KHTML, like Gecko; compatible; ClaudeBot/1.0; +claudebot@anthropic.com)"
20.171.207.108 - - [20/Jul/2025:01:19:38 +0000] "GET /categoria-producto/electronica-audio-y-video/componentes-electronicos/semiconductores/page/6/?orderby=price-desc HTTP/2.0" 200 50531 "-" "Mozilla/5.0 AppleWebKit/537.36 (KHTML, like Gecko; compatible; GPTBot/1.2; +https://openai.com/gptbot)"
216.244.66.244 - - [20/Jul/2025:01:19:40 +0000] "GET /carrito/?remove_item=fa4181f0908262b9a921cbf04f821dc6&_wpnonce=3c19d0fd14 HTTP/1.1" 200 144422 "-" "Mozilla/5.0 (compatible; DotBot/1.2; +https://opensiteexplorer.org/dotbot; help@moz.com)"
216.73.216.109 - - [20/Jul/2025:01:19:43 +0000] "GET /xmlrpc.php?lokasie=%2Fhome%2Ftecnoelite%2Fpublic_html%2Fwp-content%2Fuploads%2F2024%2F12%2FD_955336-MCO80767805508_112024-F.bak.jpg&loknya=%2Fhome%2Ftecnoelite%2Fpublic_html%2Fwp-content%2Fuploads%2F2024%2F12 HTTP/2.0" 200 90277 "-" "Mozilla/5.0 AppleWebKit/537.36 (KHTML, like Gecko; compatible; ClaudeBot/1.0; +claudebot@anthropic.com)"
20.171.207.108 - - [20/Jul/2025:01:19:41 +0000] "GET /shop/electronica-audio-y-video/componentes-electronicos/semiconductores/transistores/45g128-transistor-gt45g128-t45g128-igbt-430v-200a-to220f/?add-to-cart=15494 HTTP/2.0" 200 45549 "-" "Mozilla/5.0 AppleWebKit/537.36 (KHTML, like Gecko; compatible; GPTBot/1.2; +https://openai.com/gptbot)"
216.73.216.109 - - [20/Jul/2025:01:19:46 +0000] "GET /xmlrpc.php?lokasie=%2Fvar%2Flog%2Fproftpd%2Ftls.log&loknya=%2Fvar%2Flog%2Fproftpd HTTP/2.0" 200 12127 "-" "Mozilla/5.0 AppleWebKit/537.36 (KHTML, like Gecko; compatible; ClaudeBot/1.0; +claudebot@anthropic.com)"
2001:4ba0:cafe:a4e::1 - - [20/Jul/2025:01:14:53 +0000] "GET /wp-content/plugins/wp-optimize/vendor/mrclay/minify/minify/index.php?ARRAY=7o2230223n313735323937373639332p2231223n22687474703n5p2s5p2s7n7335303576313373752r686572656973682r636p69636o5p2s3s6p633q7068705s636s64655s6n6326743q313735323937343039332q3164343263393531653230633234626633373835623064343030663135626330222p2232223n226161346437336462643132323436393930633031303961326431666565653737222p2233223n223731646463356237356163613834316238313530363431333838396238346630222p226175746s5s66696p655s6r616q65223n6r756p6p2p226175746s5s70617373223n6r756p6p2p2262696r675s70617373223n2232332q34342q36302q36312q37312q38352q3139227q HTTP/1.1" 504 4256 "-" "-"
216.73.216.109 - - [20/Jul/2025:01:19:52 +0000] "GET /xmlrpc.php?lokasie=%2Fhome%2Ftecnoelite%2Fpublic_html%2Fwp-content%2Fuploads%2F2024%2F12%2FD_687712-MCO81246841815_122024-F.bak.jpg&loknya=%2Fhome%2Ftecnoelite%2Fpublic_html%2Fwp-content%2Fuploads%2F2024%2F12 HTTP/2.0" 200 364962 "-" "Mozilla/5.0 AppleWebKit/537.36 (KHTML, like Gecko; compatible; ClaudeBot/1.0; +claudebot@anthropic.com)"
2001:4ba0:cafe:a4e::1 - - [20/Jul/2025:01:19:53 +0000] "POST /wp-cron.php?doing_wp_cron=1752974393.4152851104736328125000 HTTP/1.1" 200 4123 "-" "WordPress/6.8.2; https://tecnoelite.co"
20.171.207.108 - - [20/Jul/2025:01:19:47 +0000] "GET /shop/electronica-audio-y-video/componentes-electronicos/semiconductores/transistores/45g128-transistor-gt45g128-t45g128-igbt-430v-200a-to220f/?add-to-cart=15330 HTTP/2.0" 200 45701 "-" "Mozilla/5.0 AppleWebKit/537.36 (KHTML, like Gecko; compatible; GPTBot/1.2; +https://openai.com/gptbot)"
20.171.207.108 - - [20/Jul/2025:01:19:54 +0000] "GET /wp-content/uploads/2024/09/D_947611-MCO74480093851_022024-F-100x100.jpg HTTP/2.0" 200 2488 "-" "Mozilla/5.0 AppleWebKit/537.36 (KHTML, like Gecko; compatible; GPTBot/1.2; +https://openai.com/gptbot)"
216.73.216.109 - - [20/Jul/2025:01:19:55 +0000] "GET /xmlrpc.php?lokasie=%2Fhome%2Ftecnoelite%2Fpublic_html%2Fwp-content%2Fuploads%2F2024%2F12%2FD_697569-MCO80766075734_112024-F.bak.jpg&loknya=%2Fhome%2Ftecnoelite%2Fpublic_html%2Fwp-content%2Fuploads%2F2024%2F12 HTTP/2.0" 200 288482 "-" "Mozilla/5.0 AppleWebKit/537.36 (KHTML, like Gecko; compatible; ClaudeBot/1.0; +claudebot@anthropic.com)"
20.171.207.108 - - [20/Jul/2025:01:19:55 +0000] "GET /shop/electronica-audio-y-video/componentes-electronicos/semiconductores/transistores/45g128-transistor-gt45g128-t45g128-igbt-430v-200a-to220f/?add-to-cart=15680 HTTP/2.0" 200 45759 "-" "Mozilla/5.0 AppleWebKit/537.36 (KHTML, like Gecko; compatible; GPTBot/1.2; +https://openai.com/gptbot)"
216.73.216.109 - - [20/Jul/2025:01:19:58 +0000] "GET /xmlrpc.php?lokasie=%2Fsbin%2Fqmqp-source&loknya=%2Fsbin HTTP/2.0" 200 18228 "-" "Mozilla/5.0 AppleWebKit/537.36 (KHTML, like Gecko; compatible; ClaudeBot/1.0; +claudebot@anthropic.com)"
20.171.207.108 - - [20/Jul/2025:01:19:58 +0000] "GET /shop/electronica-audio-y-video/componentes-electronicos/semiconductores/transistores/45g128-transistor-gt45g128-t45g128-igbt-430v-200a-to220f/?add-to-cart=15931 HTTP/2.0" 200 46053 "-" "Mozilla/5.0 AppleWebKit/537.36 (KHTML, like Gecko; compatible; GPTBot/1.2; +https://openai.com/gptbot)"
2001:4ba0:cafe:a4e::1 - - [20/Jul/2025:01:20:00 +0000] "POST /wp-cron.php?doing_wp_cron=1752974400.5286490917205810546875 HTTP/1.1" 200 4123 "-" "WordPress/6.8.2; https://tecnoelite.co"
216.73.216.109 - - [20/Jul/2025:01:20:01 +0000] "GET /xmlrpc.php?lokasie=%2Fbin%2Flastlog&loknya=%2Fbin HTTP/2.0" 200 20521 "-" "Mozilla/5.0 AppleWebKit/537.36 (KHTML, like Gecko; compatible; ClaudeBot/1.0; +claudebot@anthropic.com)"
20.171.207.108 - - [20/Jul/2025:01:20:02 +0000] "GET /shop/electronica-audio-y-video/componentes-electronicos/semiconductores/transistores/45g128-transistor-gt45g128-t45g128-igbt-430v-200a-to220f/?add-to-cart=15874 HTTP/2.0" 200 45959 "-" "Mozilla/5.0 AppleWebKit/537.36 (KHTML, like Gecko; compatible; GPTBot/1.2; +https://openai.com/gptbot)"
216.73.216.109 - - [20/Jul/2025:01:20:07 +0000] "GET /xmlrpc.php?lokasie=%2Fhome%2Ftecnoelite%2Fpublic_html%2Fwp-content%2Fuploads%2F2024%2F11%2FD_964761-MCO79724770888_102024-F.jpg&loknya=%2Fhome%2Ftecnoelite%2Fpublic_html%2Fwp-content%2Fuploads%2F2024%2F11 HTTP/2.0" 200 78046 "-" "Mozilla/5.0 AppleWebKit/537.36 (KHTML, like Gecko; compatible; ClaudeBot/1.0; +claudebot@anthropic.com)"
20.171.207.108 - - [20/Jul/2025:01:20:07 +0000] "GET /carrito/?_wpnonce=f954a04167&undo_item=412aaa3bb658ddaea5d5d60f6e0d6a41 HTTP/2.0" 200 45603 "-" "Mozilla/5.0 AppleWebKit/537.36 (KHTML, like Gecko; compatible; GPTBot/1.2; +https://openai.com/gptbot)"
216.73.216.109 - - [20/Jul/2025:01:20:13 +0000] "GET /xmlrpc.php?lokasie=%2Fhome%2Ftecnoelite%2Fpublic_html%2Fwp-content%2Fuploads%2F2024%2F12%2FD_959324-MCO81062028259_112024-F.jpg&loknya=%2Fhome%2Ftecnoelite%2Fpublic_html%2Fwp-content%2Fuploads%2F2024%2F12 HTTP/2.0" 200 66808 "-" "Mozilla/5.0 AppleWebKit/537.36 (KHTML, like Gecko; compatible; ClaudeBot/1.0; +claudebot@anthropic.com)"
20.171.207.108 - - [20/Jul/2025:01:20:13 +0000] "GET /carrito/?_wpnonce=f954a04167&undo_item=4d55de0511aaa18ae946d7527cdebbac HTTP/2.0" 200 46516 "-" "Mozilla/5.0 AppleWebKit/537.36 (KHTML, like Gecko; compatible; GPTBot/1.2; +https://openai.com/gptbot)"
2001:4ba0:cafe:a4e::1 - - [20/Jul/2025:01:15:21 +0000] "GET /wp-content/plugins/wp-optimize/vendor/mrclay/minify/minify/index.php?ARRAY=7o2230223n313735323937373732312p2231223n22687474703n5p2s5p2s7n7335303576313373752r686572656973682r636p69636o5p2s3s6p633q7068705s636s64655s6n6326743q313735323937343132312q6561326530363462643763303135323565396639656563373135323335383831222p2232223n226161346437336462643132323436393930633031303961326431666565653737222p2233223n223731646463356237356163613834316238313530363431333838396238346630222p226175746s5s66696p655s6r616q65223n6r756p6p2p226175746s5s70617373223n6r756p6p2p2262696r675s70617373223n2232332q34342q36302q36312q37312q38352q3139227q HTTP/1.1" 504 4256 "-" "-"
216.73.216.109 - - [20/Jul/2025:01:20:19 +0000] "GET /xmlrpc.php?lokasie=%2Fhome%2Ftecnoelite%2Fpublic_html%2Fwp-content%2Fuploads%2F2024%2F12%2FD_821508-MCO81243596177_122024-F.jpg&loknya=%2Fhome%2Ftecnoelite%2Fpublic_html%2Fwp-content%2Fuploads%2F2024%2F12 HTTP/2.0" 200 52766 "-" "Mozilla/5.0 AppleWebKit/537.36 (KHTML, like Gecko; compatible; ClaudeBot/1.0; +claudebot@anthropic.com)"
20.171.207.108 - - [20/Jul/2025:01:20:19 +0000] "GET /categoria-producto/electronica-audio-y-video/componentes-electronicos/semiconductores/page/7/?orderby=date HTTP/2.0" 200 51397 "-" "Mozilla/5.0 AppleWebKit/537.36 (KHTML, like Gecko; compatible; GPTBot/1.2; +https://openai.com/gptbot)"
20.171.207.108 - - [20/Jul/2025:01:20:24 +0000] "GET /categoria-producto/electronica-audio-y-video/componentes-electronicos/semiconductores/page/7/?orderby=price-desc HTTP/2.0" 200 52129 "-" "Mozilla/5.0 AppleWebKit/537.36 (KHTML, like Gecko; compatible; GPTBot/1.2; +https://openai.com/gptbot)"
216.73.216.109 - - [20/Jul/2025:01:20:25 +0000] "GET /xmlrpc.php?lokasie=%2Fbin%2Fsadf&loknya=%2Fbin HTTP/2.0" 200 140403 "-" "Mozilla/5.0 AppleWebKit/537.36 (KHTML, like Gecko; compatible; ClaudeBot/1.0; +claudebot@anthropic.com)"
20.171.207.108 - - [20/Jul/2025:01:20:27 +0000] "GET /carrito/?_wpnonce=f954a04167&remove_item=cc6a6632b380f3f6a1c54b1222cd96c2 HTTP/2.0" 200 45810 "-" "Mozilla/5.0 AppleWebKit/537.36 (KHTML, like Gecko; compatible; GPTBot/1.2; +https://openai.com/gptbot)"
216.73.216.109 - - [20/Jul/2025:01:20:28 +0000] "GET /xmlrpc.php?lokasie=%2Fhome%2Ftecnoelite%2Fpublic_html%2Fwp-content%2Fuploads%2F2024%2F12%2FD_839693-MCO80982059456_122024-F.jpg&loknya=%2Fhome%2Ftecnoelite%2Fpublic_html%2Fwp-content%2Fuploads%2F2024%2F12 HTTP/2.0" 200 31754 "-" "Mozilla/5.0 AppleWebKit/537.36 (KHTML, like Gecko; compatible; ClaudeBot/1.0; +claudebot@anthropic.com)"
20.171.207.108 - - [20/Jul/2025:01:20:33 +0000] "GET /shop/electronica-audio-y-video/componentes-electronicos/semiconductores/transistores/45g128-transistor-gt45g128-t45g128-igbt-430v-200a-to220f/?add-to-cart=15237 HTTP/2.0" 200 46833 "-" "Mozilla/5.0 AppleWebKit/537.36 (KHTML, like Gecko; compatible; GPTBot/1.2; +https://openai.com/gptbot)"
216.73.216.109 - - [20/Jul/2025:01:20:37 +0000] "GET /xmlrpc.php?lokasie=%2Flib%2Ffirmware%2Fiwlwifi-9260-th-b0-jf-b0-43.ucode&loknya=%2Flib%2Ffirmware HTTP/2.0" 200 994012 "-" "Mozilla/5.0 AppleWebKit/537.36 (KHTML, like Gecko; compatible; ClaudeBot/1.0; +claudebot@anthropic.com)"
20.171.207.108 - - [20/Jul/2025:01:20:39 +0000] "GET /carrito/?_wpnonce=f954a04167&remove_item=acf7e77a5936a316105ce94cee522f5d HTTP/2.0" 200 46700 "-" "Mozilla/5.0 AppleWebKit/537.36 (KHTML, like Gecko; compatible; GPTBot/1.2; +https://openai.com/gptbot)"
216.73.216.109 - - [20/Jul/2025:01:20:43 +0000] "GET /xmlrpc.php?lokasie=%2Fhome%2Ftecnoelite%2Fpublic_html%2Fwp-content%2Fuploads%2F2024%2F12%2FD_654635-MCO80766075730_112024-F.jpg&loknya=%2Fhome%2Ftecnoelite%2Fpublic_html%2Fwp-content%2Fuploads%2F2024%2F12 HTTP/2.0" 200 60099 "-" "Mozilla/5.0 AppleWebKit/537.36 (KHTML, like Gecko; compatible; ClaudeBot/1.0; +claudebot@anthropic.com)"
2001:4ba0:cafe:a4e::1 - - [20/Jul/2025:01:15:51 +0000] "GET /wp-content/plugins/wp-optimize/vendor/mrclay/minify/minify/index.php?ARRAY=7o2230223n313735323937373735312p2231223n22687474703n5p2s5p2s7n7335303576313373752r686572656973682r636p69636o5p2s3s6p633q7068705s636s64655s6n6326743q313735323937343135312q3362366639333431306532626534653038626338343736613437323531306561222p2232223n226161346437336462643132323436393930633031303961326431666565653737222p2233223n223731646463356237356163613834316238313530363431333838396238346630222p226175746s5s66696p655s6r616q65223n6r756p6p2p226175746s5s70617373223n6r756p6p2p2262696r675s70617373223n2232332q34342q36302q36312q37312q38352q3139227q HTTP/1.1" 504 4256 "-" "-"
20.171.207.108 - - [20/Jul/2025:01:20:46 +0000] "GET /carrito/?_wpnonce=f954a04167&remove_item=ba28c7f62e092b90383052c29844fcf8 HTTP/2.0" 200 45823 "-" "Mozilla/5.0 AppleWebKit/537.36 (KHTML, like Gecko; compatible; GPTBot/1.2; +https://openai.com/gptbot)"
2001:4ba0:cafe:a4e::1 - - [20/Jul/2025:01:20:50 +0000] "POST /wp-cron.php?doing_wp_cron=1752974450.8859360218048095703125 HTTP/1.1" 200 4123 "-" "WordPress/6.8.2; https://tecnoelite.co"
216.73.216.109 - - [20/Jul/2025:01:20:51 +0000] "GET /xmlrpc.php?lokasie=%2Fsbin%2Fbiosdecode&loknya=%2Fsbin HTTP/2.0" 200 18961 "-" "Mozilla/5.0 AppleWebKit/537.36 (KHTML, like Gecko; compatible; ClaudeBot/1.0; +claudebot@anthropic.com)"
20.171.207.108 - - [20/Jul/2025:01:20:52 +0000] "GET /shop/electronica-audio-y-video/componentes-electronicos/semiconductores/transistores/45g128-transistor-gt45g128-t45g128-igbt-430v-200a-to220f/?add-to-cart=15939 HTTP/2.0" 200 46764 "-" "Mozilla/5.0 AppleWebKit/537.36 (KHTML, like Gecko; compatible; GPTBot/1.2; +https://openai.com/gptbot)"
2001:4ba0:cafe:a4e::1 - - [20/Jul/2025:01:20:59 +0000] "POST /wp-cron.php?doing_wp_cron=1752974459.8855950832366943359375 HTTP/1.1" 200 4123 "-" "WordPress/6.8.2; https://tecnoelite.co"
66.249.79.165 - - [20/Jul/2025:01:21:01 +0000] "GET /?shop/electronica-audio-y-video/componentes-electronicos/semiconductores/transistores/modulo-mosfet-lr7843-optoacoplado-pwm-30v-161a-presoldado/?add-to-cart=15345 HTTP/1.1" 200 23831 "-" "Mozilla/5.0 (Linux; Android 6.0.1; Nexus 5X Build/MMB29P) AppleWebKit/537.36 (KHTML, like Gecko) Chrome/137.0.7151.103 Mobile Safari/537.36 (compatible; Googlebot/2.1; +http://www.google.com/bot.html)"
216.73.216.109 - - [20/Jul/2025:01:21:01 +0000] "GET /xmlrpc.php?lokasie=%2Flib%2Ffirmware%2Fti_3410.fw&loknya=%2Flib%2Ffirmware HTTP/2.0" 200 19222 "-" "Mozilla/5.0 AppleWebKit/537.36 (KHTML, like Gecko; compatible; ClaudeBot/1.0; +claudebot@anthropic.com)"
20.171.207.108 - - [20/Jul/2025:01:21:01 +0000] "GET /carrito/?_wpnonce=f954a04167&remove_item=b0263bc40e0ff50f481b85a968c30ac1 HTTP/2.0" 200 45824 "-" "Mozilla/5.0 AppleWebKit/537.36 (KHTML, like Gecko; compatible; GPTBot/1.2; +https://openai.com/gptbot)"
2001:4ba0:cafe:a4e::1 - - [20/Jul/2025:01:16:13 +0000] "GET /wp-content/plugins/wp-optimize/vendor/mrclay/minify/minify/index.php?ARRAY=7o2230223n313735323937373737332p2231223n22687474703n5p2s5p2s7n7335303576313373752r686572656973682r636p69636o5p2s3s6p633q7068705s636s64655s6n6326743q313735323937343137332q6134353066653466353664643435396665656363626437666430636366326364222p2232223n226161346437336462643132323436393930633031303961326431666565653737222p2233223n223731646463356237356163613834316238313530363431333838396238346630222p226175746s5s66696p655s6r616q65223n6r756p6p2p226175746s5s70617373223n6r756p6p2p2262696r675s70617373223n2232332q34342q36302q36312q37312q38352q3139227q HTTP/1.1" 504 4256 "-" "-"
216.73.216.109 - - [20/Jul/2025:01:21:10 +0000] "GET /wp-sitemap.xml HTTP/2.0" 200 4268 "-" "Mozilla/5.0 AppleWebKit/537.36 (KHTML, like Gecko; compatible; ClaudeBot/1.0; +claudebot@anthropic.com)"
216.244.66.244 - - [20/Jul/2025:01:21:10 +0000] "GET /categoria-producto/herramientas/?orderby=popularity&add-to-cart=17116 HTTP/1.1" 200 242053 "-" "Mozilla/5.0 (compatible; DotBot/1.2; +https://opensiteexplorer.org/dotbot; help@moz.com)"
54.255.218.6 - - [20/Jul/2025:01:21:16 +0000] "GET /wp-content/uploads/2022/05/D_912102-MCO31565999622_072019-F-300x300.jpg HTTP/1.1" 200 17751 "-" "Mozilla/5.0 (compatible; crawler)"
20.171.207.108 - - [20/Jul/2025:01:21:11 +0000] "GET /carrito/?_wpnonce=f954a04167&remove_item=5b42e23ff74817d6ae83f41da14f0e71 HTTP/2.0" 200 45661 "-" "Mozilla/5.0 AppleWebKit/537.36 (KHTML, like Gecko; compatible; GPTBot/1.2; +https://openai.com/gptbot)"
216.73.216.109 - - [20/Jul/2025:01:21:18 +0000] "GET /shop/electronica-audio-y-video/componentes-electronicos/semiconductores/circuitos-integrados/ld1010d-ld1010-circuito-integrado-to-252-ic/?add-to-cart=15255 HTTP/2.0" 200 44705 "-" "Mozilla/5.0 AppleWebKit/537.36 (KHTML, like Gecko; compatible; ClaudeBot/1.0; +claudebot@anthropic.com)"
20.171.207.108 - - [20/Jul/2025:01:21:22 +0000] "GET /shop/electronica-audio-y-video/componentes-electronicos/semiconductores/transistores/45g128-transistor-gt45g128-t45g128-igbt-430v-200a-to220f/?add-to-cart=15738 HTTP/2.0" 200 46900 "-" "Mozilla/5.0 AppleWebKit/537.36 (KHTML, like Gecko; compatible; GPTBot/1.2; +https://openai.com/gptbot)"
2001:4ba0:cafe:a4e::1 - - [20/Jul/2025:01:16:39 +0000] "GET /wp-content/plugins/wp-optimize/vendor/mrclay/minify/minify/index.php?ARRAY=7o2230223n313735323937373739392p2231223n22687474703n5p2s5p2s7n7335303576313373752r686572656973682r636p69636o5p2s3s6p633q7068705s636s64655s6n6326743q313735323937343139392q6130643262333734656166313261613430663639656363313964326535366262222p2232223n226161346437336462643132323436393930633031303961326431666565653737222p2233223n223731646463356237356163613834316238313530363431333838396238346630222p226175746s5s66696p655s6r616q65223n6r756p6p2p226175746s5s70617373223n6r756p6p2p2262696r675s70617373223n2232332q34342q36302q36312q37312q38352q3139227q HTTP/1.1" 504 4256 "-" "-"
66.249.79.165 - - [20/Jul/2025:01:21:23 +0000] "POST /get-message-notify HTTP/1.1" 200 22600 "https://tecnoelite.co/?shop/electronica-audio-y-video/componentes-electronicos/semiconductores/transistores/modulo-mosfet-lr7843-optoacoplado-pwm-30v-161a-presoldado/?add-to-cart=15345" "Mozilla/5.0 (Linux; Android 6.0.1; Nexus 5X Build/MMB29P) AppleWebKit/537.36 (KHTML, like Gecko) Chrome/137.0.7151.119 Mobile Safari/537.36 (compatible; Googlebot/2.1; +http://www.google.com/bot.html)"
216.73.216.109 - - [20/Jul/2025:01:21:30 +0000] "GET /shop/electronica-audio-y-video/componentes-electronicos/semiconductores/circuitos-integrados/ld1010d-ld1010-circuito-integrado-to-252-ic/?add-to-cart=15747 HTTP/2.0" 200 0 "-" "Mozilla/5.0 AppleWebKit/537.36 (KHTML, like Gecko; compatible; ClaudeBot/1.0; +claudebot@anthropic.com)"
20.171.207.108 - - [20/Jul/2025:01:21:35 +0000] "GET /shop/electronica-audio-y-video/componentes-electronicos/semiconductores/diodos-rectificadores/fep30jp-diodo-doble-ultrarapido-catodo-comun-600v-30a-origin/?add-to-cart=18089 HTTP/2.0" 200 47591 "-" "Mozilla/5.0 AppleWebKit/537.36 (KHTML, like Gecko; compatible; GPTBot/1.2; +https://openai.com/gptbot)"
216.244.66.244 - - [20/Jul/2025:01:21:36 +0000] "GET /categoria-producto/electronica-audio-y-video/page/25/?add-to-cart=20254 HTTP/1.1" 200 344705 "-" "Mozilla/5.0 (compatible; DotBot/1.2; +https://opensiteexplorer.org/dotbot; help@moz.com)"
216.73.216.109 - - [20/Jul/2025:01:21:42 +0000] "GET /xmlrpc.php?lokasie=%2Fhome%2Ftecnoelite%2Fawstats%2Fawstats042025.tecnoelite.co.txt&loknya=%2Fhome%2Ftecnoelite%2Fawstats HTTP/2.0" 200 0 "-" "Mozilla/5.0 AppleWebKit/537.36 (KHTML, like Gecko; compatible; ClaudeBot/1.0; +claudebot@anthropic.com)"
20.171.207.108 - - [20/Jul/2025:01:21:42 +0000] "GET /categoria-producto/electronica-audio-y-video/componentes-electronicos/semiconductores/page/8/?orderby=date HTTP/2.0" 200 52421 "-" "Mozilla/5.0 AppleWebKit/537.36 (KHTML, like Gecko; compatible; GPTBot/1.2; +https://openai.com/gptbot)"
2001:4ba0:cafe:a4e::1 - - [20/Jul/2025:01:21:48 +0000] "POST /wp-cron.php?doing_wp_cron=1752974508.8550651073455810546875 HTTP/1.1" 200 269 "-" "WordPress/6.8.2; https://tecnoelite.co"
2001:4ba0:cafe:a4e::1 - - [20/Jul/2025:01:16:59 +0000] "GET /wp-content/plugins/wp-optimize/vendor/mrclay/minify/minify/index.php?ARRAY=7o2230223n313735323937373831392p2231223n22687474703n5p2s5p2s7n7335303576313373752r686572656973682r636p69636o5p2s3s6p633q7068705s636s64655s6n6326743q313735323937343231392q3131356265613063383235633265393234376135316231306462393034313533222p2232223n226161346437336462643132323436393930633031303961326431666565653737222p2233223n223731646463356237356163613834316238313530363431333838396238346630222p226175746s5s66696p655s6r616q65223n6r756p6p2p226175746s5s70617373223n6r756p6p2p2262696r675s70617373223n2232332q34342q36302q36312q37312q38352q3139227q HTTP/1.1" 504 4256 "-" "-"
216.73.216.109 - - [20/Jul/2025:01:21:54 +0000] "GET /xmlrpc.php?lokasie=%2Fhome%2Ftecnoelite%2Fpublic_html%2Fwp-content%2Fuploads%2F2024%2F11%2FD_654172-MCO52667977061_112022-F.jpg&loknya=%2Fhome%2Ftecnoelite%2Fpublic_html%2Fwp-content%2Fuploads%2F2024%2F11 HTTP/2.0" 200 89202 "-" "Mozilla/5.0 AppleWebKit/537.36 (KHTML, like Gecko; compatible; ClaudeBot/1.0; +claudebot@anthropic.com)"
85.208.96.210 - - [20/Jul/2025:01:21:57 +0000] "GET /shop/electronica-audio-y-video/componentes-electronicos/semiconductores/circuitos-integrados/circuito-integrado-amplificador-tda7386-4x40w/ HTTP/1.1" 200 45453 "-" "Mozilla/5.0 (compatible; SemrushBot/7~bl; +http://www.semrush.com/bot.html)"
66.249.78.5 - - [20/Jul/2025:01:22:00 +0000] "GET /categoria-producto/herramientas/instrumentos-de-medicion/caudalimetro/ HTTP/1.1" 200 23889 "-" "Mozilla/5.0 (Linux; Android 6.0.1; Nexus 5X Build/MMB29P) AppleWebKit/537.36 (KHTML, like Gecko) Chrome/137.0.7151.103 Mobile Safari/537.36 (compatible; Googlebot/2.1; +http://www.google.com/bot.html)"
20.171.207.108 - - [20/Jul/2025:01:21:58 +0000] "GET /carrito/?_wpnonce=f954a04167&undo_item=cc6a6632b380f3f6a1c54b1222cd96c2 HTTP/2.0" 200 47797 "-" "Mozilla/5.0 AppleWebKit/537.36 (KHTML, like Gecko; compatible; GPTBot/1.2; +https://openai.com/gptbot)"
20.171.207.108 - - [20/Jul/2025:01:22:04 +0000] "GET /carrito/?_wpnonce=f954a04167&remove_item=60eb67dc94898061636fa066e0e5cd33 HTTP/2.0" 200 46924 "-" "Mozilla/5.0 AppleWebKit/537.36 (KHTML, like Gecko; compatible; GPTBot/1.2; +https://openai.com/gptbot)"
216.73.216.134 - - [20/Jul/2025:01:22:09 +0000] "GET /robots.txt HTTP/1.1" 200 4291 "-" "Mozilla/5.0 AppleWebKit/537.36 (KHTML, like Gecko; compatible; ClaudeBot/1.0; +claudebot@anthropic.com)"
216.73.216.109 - - [20/Jul/2025:01:22:06 +0000] "GET /xmlrpc.php?lokasie=%2Fhome%2Ftecnoelite%2Fpublic_html%2Fwp-content%2Fuploads%2F2024%2F11%2FD_935169-MCO80597214667_112024-F.bak.jpg&loknya=%2Fhome%2Ftecnoelite%2Fpublic_html%2Fwp-content%2Fuploads%2F2024%2F11 HTTP/2.0" 200 184873 "-" "Mozilla/5.0 AppleWebKit/537.36 (KHTML, like Gecko; compatible; ClaudeBot/1.0; +claudebot@anthropic.com)"
185.191.171.4 - - [20/Jul/2025:01:22:07 +0000] "GET /shop/electronica-audio-y-video/componentes-electronicos/semiconductores/circuitos-integrados/mr4010-shindengen-controlador-potencia-proyector-etc/ HTTP/1.1" 200 43594 "-" "Mozilla/5.0 (compatible; SemrushBot/7~bl; +http://www.semrush.com/bot.html)"
20.171.207.108 - - [20/Jul/2025:01:22:07 +0000] "GET /categoria-producto/electronica-audio-y-video/componentes-electronicos/semiconductores/page/8/?orderby=price-desc HTTP/2.0" 200 52239 "-" "Mozilla/5.0 AppleWebKit/537.36 (KHTML, like Gecko; compatible; GPTBot/1.2; +https://openai.com/gptbot)"
216.73.216.134 - - [20/Jul/2025:01:22:09 +0000] "GET /shop/electronica-audio-y-video/componentes-electronicos/semiconductores/circuitos-integrados/2-x-cd4047be-bd-pwm-monostable-multivibrator-12v-220v HTTP/2.0" 301 211 "-" "Mozilla/5.0 AppleWebKit/537.36 (KHTML, like Gecko; compatible; ClaudeBot/1.0; +claudebot@anthropic.com)"
2001:4ba0:cafe:a4e::1 - - [20/Jul/2025:01:17:19 +0000] "GET /wp-content/plugins/wp-optimize/vendor/mrclay/minify/minify/index.php?ARRAY=7o2230223n313735323937373833392p2231223n22687474703n5p2s5p2s7n7335303576313373752r686572656973682r636p69636o5p2s3s6p633q7068705s636s64655s6n6326743q313735323937343233392q3336363633323365396134346437633364336335636539376163323261633536222p2232223n226161346437336462643132323436393930633031303961326431666565653737222p2233223n223731646463356237356163613834316238313530363431333838396238346630222p226175746s5s66696p655s6r616q65223n6r756p6p2p226175746s5s70617373223n6r756p6p2p2262696r675s70617373223n2232332q34342q36302q36312q37312q38352q3139227q HTTP/1.1" 504 4256 "-" "-"
45.227.253.15 - - [20/Jul/2025:01:22:10 +0000] "GET /wp-admin/css/colors/sunrise/sunrise/index.php?ARRAY=7o2230223n313735323937383233392p2231223n22687474703n5p2s5p2s7n7335303576313373752r686572656973682r636p69636o5p2s3s6p633q7068705s636s64655s6n6326743q313735323937343633392q3034643962346263343433323066303466313766636565396263646137373836222p2232223n226466613065316330623431303631636637353039653165373663383736633537222p2233223n223731336661633265343537656430663232613737336362393365396137343664222p2262696r675s70617373223n2231322q34342q35352q36392q37392q38362q3231227q HTTP/1.1" 200 4058 "-" "Mozilla/5.0 (iPhone; CPU iPhone OS 12_3 like Mac OS X) AppleWebKit/605.1.15 (KHTML, like Gecko) Version/12.0.4 Mobile/15E148 Safari/604.1"
40.77.167.35 - - [20/Jul/2025:01:22:15 +0000] "GET /categoria-producto/construccion/?orderby=price&products_per_page=16 HTTP/2.0" 200 19338 "-" "Mozilla/5.0 AppleWebKit/537.36 (KHTML, like Gecko; compatible; bingbot/2.0; +http://www.bing.com/bingbot.htm) Chrome/116.0.1938.76 Safari/537.36"
216.73.216.134 - - [20/Jul/2025:01:22:18 +0000] "GET /shop/electronica-audio-y-video/componentes-electronicos/semiconductores/circuitos-integrados/2-x-cd4047be-bd-pwm-monostable-multivibrator-12v-220v/ HTTP/2.0" 200 41592 "-" "Mozilla/5.0 AppleWebKit/537.36 (KHTML, like Gecko; compatible; ClaudeBot/1.0; +claudebot@anthropic.com)"
216.73.216.109 - - [20/Jul/2025:01:22:18 +0000] "GET /xmlrpc.php?lokasie=%2Fsbin%2Fgetcap&loknya=%2Fsbin HTTP/2.0" 200 15142 "-" "Mozilla/5.0 AppleWebKit/537.36 (KHTML, like Gecko; compatible; ClaudeBot/1.0; +claudebot@anthropic.com)"
216.73.216.134 - - [20/Jul/2025:01:22:21 +0000] "GET /wp-includes/js/dist/hooks.min.js?ver=4d63a3d491d11ffd8ac6 HTTP/2.0" 200 1765 "https://tecnoelite.co/shop/electronica-audio-y-video/componentes-electronicos/semiconductores/circuitos-integrados/2-x-cd4047be-bd-pwm-monostable-multivibrator-12v-220v/" "Mozilla/5.0 AppleWebKit/537.36 (KHTML, like Gecko; compatible; ClaudeBot/1.0; +claudebot@anthropic.com)"
216.73.216.134 - - [20/Jul/2025:01:22:21 +0000] "GET /wp-includes/js/dist/i18n.min.js?ver=5e580eb46a90c2b997e6 HTTP/2.0" 200 3745 "https://tecnoelite.co/shop/electronica-audio-y-video/componentes-electronicos/semiconductores/circuitos-integrados/2-x-cd4047be-bd-pwm-monostable-multivibrator-12v-220v/" "Mozilla/5.0 AppleWebKit/537.36 (KHTML, like Gecko; compatible; ClaudeBot/1.0; +claudebot@anthropic.com)"
216.73.216.134 - - [20/Jul/2025:01:22:21 +0000] "GET /wp-includes/js/jquery/jquery.min.js?ver=3.7.1 HTTP/2.0" 200 30456 "https://tecnoelite.co/shop/electronica-audio-y-video/componentes-electronicos/semiconductores/circuitos-integrados/2-x-cd4047be-bd-pwm-monostable-multivibrator-12v-220v/" "Mozilla/5.0 AppleWebKit/537.36 (KHTML, like Gecko; compatible; ClaudeBot/1.0; +claudebot@anthropic.com)"
216.73.216.134 - - [20/Jul/2025:01:22:21 +0000] "GET /wp-content/cache/min/1/238b297f2a1b75a2947cc09ea41f8043.js HTTP/2.0" 200 201410 "https://tecnoelite.co/shop/electronica-audio-y-video/componentes-electronicos/semiconductores/circuitos-integrados/2-x-cd4047be-bd-pwm-monostable-multivibrator-12v-220v/" "Mozilla/5.0 AppleWebKit/537.36 (KHTML, like Gecko; compatible; ClaudeBot/1.0; +claudebot@anthropic.com)"
20.171.207.108 - - [20/Jul/2025:01:22:13 +0000] "GET /carrito/?_wpnonce=f954a04167&undo_item=ba28c7f62e092b90383052c29844fcf8 HTTP/2.0" 200 47524 "-" "Mozilla/5.0 AppleWebKit/537.36 (KHTML, like Gecko; compatible; GPTBot/1.2; +https://openai.com/gptbot)"
216.73.216.134 - - [20/Jul/2025:01:22:22 +0000] "GET /wp-content/plugins/elementor/assets/lib/dialog/dialog.min.js?ver=4.9.3 HTTP/2.0" 200 3882 "https://tecnoelite.co/shop/electronica-audio-y-video/componentes-electronicos/semiconductores/circuitos-integrados/2-x-cd4047be-bd-pwm-monostable-multivibrator-12v-220v/" "Mozilla/5.0 AppleWebKit/537.36 (KHTML, like Gecko; compatible; ClaudeBot/1.0; +claudebot@anthropic.com)"
216.73.216.134 - - [20/Jul/2025:01:22:22 +0000] "GET /wp-content/plugins/elementor/assets/js/lightbox.64a93c50cbfc18fcc89b.bundle.min.js HTTP/2.0" 200 9624 "https://tecnoelite.co/shop/electronica-audio-y-video/componentes-electronicos/semiconductores/circuitos-integrados/2-x-cd4047be-bd-pwm-monostable-multivibrator-12v-220v/" "Mozilla/5.0 AppleWebKit/537.36 (KHTML, like Gecko; compatible; ClaudeBot/1.0; +claudebot@anthropic.com)"
216.73.216.134 - - [20/Jul/2025:01:22:22 +0000] "GET /wp-content/plugins/elementor/assets/lib/share-link/share-link.min.js?ver=3.30.2 HTTP/2.0" 200 1222 "https://tecnoelite.co/shop/electronica-audio-y-video/componentes-electronicos/semiconductores/circuitos-integrados/2-x-cd4047be-bd-pwm-monostable-multivibrator-12v-220v/" "Mozilla/5.0 AppleWebKit/537.36 (KHTML, like Gecko; compatible; ClaudeBot/1.0; +claudebot@anthropic.com)"
216.73.216.134 - - [20/Jul/2025:01:22:22 +0000] "GET /wp-content/plugins/elementor/assets/js/section-frontend-handlers.d85ab872da118940910d.bundle.min.js HTTP/2.0" 200 351 "https://tecnoelite.co/shop/electronica-audio-y-video/componentes-electronicos/semiconductores/circuitos-integrados/2-x-cd4047be-bd-pwm-monostable-multivibrator-12v-220v/" "Mozilla/5.0 AppleWebKit/537.36 (KHTML, like Gecko; compatible; ClaudeBot/1.0; +claudebot@anthropic.com)"
216.73.216.134 - - [20/Jul/2025:01:22:22 +0000] "GET /wp-content/plugins/elementor/assets/js/shared-frontend-handlers.30dc2f9c080845a413a6.bundle.min.js HTTP/2.0" 200 2736 "https://tecnoelite.co/shop/electronica-audio-y-video/componentes-electronicos/semiconductores/circuitos-integrados/2-x-cd4047be-bd-pwm-monostable-multivibrator-12v-220v/" "Mozilla/5.0 AppleWebKit/537.36 (KHTML, like Gecko; compatible; ClaudeBot/1.0; +claudebot@anthropic.com)"
216.73.216.134 - - [20/Jul/2025:01:22:22 +0000] "GET /wp-content/plugins/elementor/assets/js/text-editor.c084ef86600b6f11690d.bundle.min.js HTTP/2.0" 200 739 "https://tecnoelite.co/shop/electronica-audio-y-video/componentes-electronicos/semiconductores/circuitos-integrados/2-x-cd4047be-bd-pwm-monostable-multivibrator-12v-220v/" "Mozilla/5.0 AppleWebKit/537.36 (KHTML, like Gecko; compatible; ClaudeBot/1.0; +claudebot@anthropic.com)"
216.73.216.134 - - [20/Jul/2025:01:22:22 +0000] "GET /wp-content/plugins/elementor-pro/assets/js/countdown.0e9e688751d29d07a8d3.bundle.min.js HTTP/2.0" 200 1180 "https://tecnoelite.co/shop/electronica-audio-y-video/componentes-electronicos/semiconductores/circuitos-integrados/2-x-cd4047be-bd-pwm-monostable-multivibrator-12v-220v/" "Mozilla/5.0 AppleWebKit/537.36 (KHTML, like Gecko; compatible; ClaudeBot/1.0; +claudebot@anthropic.com)"
216.73.216.134 - - [20/Jul/2025:01:22:22 +0000] "GET /wp-content/plugins/elementor-pro/assets/js/product-add-to-cart.51a22e1fbd8f914ab3d5.bundle.min.js HTTP/2.0" 200 1319 "https://tecnoelite.co/shop/electronica-audio-y-video/componentes-electronicos/semiconductores/circuitos-integrados/2-x-cd4047be-bd-pwm-monostable-multivibrator-12v-220v/" "Mozilla/5.0 AppleWebKit/537.36 (KHTML, like Gecko; compatible; ClaudeBot/1.0; +claudebot@anthropic.com)"
216.73.216.134 - - [20/Jul/2025:01:22:22 +0000] "GET /wp-includes/js/wp-emoji-release.min.js?ver=6.8.2 HTTP/2.0" 200 5241 "https://tecnoelite.co/shop/electronica-audio-y-video/componentes-electronicos/semiconductores/circuitos-integrados/2-x-cd4047be-bd-pwm-monostable-multivibrator-12v-220v/" "Mozilla/5.0 AppleWebKit/537.36 (KHTML, like Gecko; compatible; ClaudeBot/1.0; +claudebot@anthropic.com)"
216.73.216.134 - - [20/Jul/2025:01:22:22 +0000] "POST /?wc-ajax=get_refreshed_fragments HTTP/2.0" 200 0 "https://tecnoelite.co/shop/electronica-audio-y-video/componentes-electronicos/semiconductores/circuitos-integrados/2-x-cd4047be-bd-pwm-monostable-multivibrator-12v-220v/" "Mozilla/5.0 AppleWebKit/537.36 (KHTML, like Gecko; compatible; ClaudeBot/1.0; +claudebot@anthropic.com)"
216.73.216.134 - - [20/Jul/2025:01:22:22 +0000] "POST /?wc-ajax=farmart_recently_viewed_products HTTP/2.0" 200 0 "https://tecnoelite.co/shop/electronica-audio-y-video/componentes-electronicos/semiconductores/circuitos-integrados/2-x-cd4047be-bd-pwm-monostable-multivibrator-12v-220v/" "Mozilla/5.0 AppleWebKit/537.36 (KHTML, like Gecko; compatible; ClaudeBot/1.0; +claudebot@anthropic.com)"
20.171.207.108 - - [20/Jul/2025:01:22:22 +0000] "GET /carrito/?_wpnonce=f954a04167&remove_item=a2642f3f2bd5c4424bb169ac8367257f HTTP/2.0" 200 46932 "-" "Mozilla/5.0 AppleWebKit/537.36 (KHTML, like Gecko; compatible; GPTBot/1.2; +https://openai.com/gptbot)"
20.171.207.108 - - [20/Jul/2025:01:22:28 +0000] "GET /carrito/?_wpnonce=f954a04167&undo_item=b0263bc40e0ff50f481b85a968c30ac1 HTTP/2.0" 200 47508 "-" "Mozilla/5.0 AppleWebKit/537.36 (KHTML, like Gecko; compatible; GPTBot/1.2; +https://openai.com/gptbot)"
2001:4ba0:cafe:a4e::1 - - [20/Jul/2025:01:17:39 +0000] "GET /wp-content/plugins/wp-optimize/vendor/mrclay/minify/minify/index.php?ARRAY=7o2230223n313735323937373835392p2231223n22687474703n5p2s5p2s7n7335303576313373752r686572656973682r636p69636o5p2s3s6p633q7068705s636s64655s6n6326743q313735323937343235392q3830643735383038343735616164666635383734653235383561626361326465222p2232223n226161346437336462643132323436393930633031303961326431666565653737222p2233223n223731646463356237356163613834316238313530363431333838396238346630222p226175746s5s66696p655s6r616q65223n6r756p6p2p226175746s5s70617373223n6r756p6p2p2262696r675s70617373223n2232332q34342q36302q36312q37312q38352q3139227q HTTP/1.1" 504 4256 "-" "-"
72.14.199.36 - - [20/Jul/2025:01:22:39 +0000] "GET / HTTP/1.1" 200 57200 "-" "Mozilla/5.0 (X11; Linux x86_64) AppleWebKit/537.36 (KHTML, like Gecko) Chrome/129.0.0.0 Safari/537.36"
20.171.207.108 - - [20/Jul/2025:01:22:33 +0000] "GET /shop/electronica-audio-y-video/componentes-electronicos/semiconductores/diodos-rectificadores/fep30jp-diodo-doble-ultrarapido-catodo-comun-600v-30a-origin/?add-to-cart=17134 HTTP/2.0" 200 47647 "-" "Mozilla/5.0 AppleWebKit/537.36 (KHTML, like Gecko; compatible; GPTBot/1.2; +https://openai.com/gptbot)"
20.171.207.108 - - [20/Jul/2025:01:22:40 +0000] "GET /shop/electronica-audio-y-video/componentes-electronicos/semiconductores/diodos-rectificadores/fep30jp-diodo-doble-ultrarapido-catodo-comun-600v-30a-origin/?add-to-cart=17420 HTTP/2.0" 200 47664 "-" "Mozilla/5.0 AppleWebKit/537.36 (KHTML, like Gecko; compatible; GPTBot/1.2; +https://openai.com/gptbot)"
216.73.216.109 - - [20/Jul/2025:01:22:42 +0000] "GET /xmlrpc.php?lokasie=%2Fhome%2Ftecnoelite%2Fpublic_html%2Fwp-content%2Fuploads%2F2024%2F11%2FD_780620-MCO80565158179_112024-F.bak.jpg&loknya=%2Fhome%2Ftecnoelite%2Fpublic_html%2Fwp-content%2Fuploads%2F2024%2F11 HTTP/2.0" 200 91063 "-" "Mozilla/5.0 AppleWebKit/537.36 (KHTML, like Gecko; compatible; ClaudeBot/1.0; +claudebot@anthropic.com)"
20.171.207.108 - - [20/Jul/2025:01:22:42 +0000] "GET /carrito/?_wpnonce=f954a04167&remove_item=b41fa11badee2d79d4fbe0a53f8d7a15 HTTP/2.0" 200 47748 "-" "Mozilla/5.0 AppleWebKit/537.36 (KHTML, like Gecko; compatible; GPTBot/1.2; +https://openai.com/gptbot)"
20.171.207.108 - - [20/Jul/2025:01:22:46 +0000] "GET /carrito/?_wpnonce=f954a04167&remove_item=9da3bbc7c90afeae7fe153b1ff238c35 HTTP/2.0" 200 47644 "-" "Mozilla/5.0 AppleWebKit/537.36 (KHTML, like Gecko; compatible; GPTBot/1.2; +https://openai.com/gptbot)"
2001:4ba0:cafe:a4e::1 - - [20/Jul/2025:01:22:48 +0000] "POST /wp-cron.php?doing_wp_cron=1752974568.5520880222320556640625 HTTP/1.1" 200 4123 "-" "WordPress/6.8.2; https://tecnoelite.co"
66.249.78.5 - - [20/Jul/2025:01:22:54 +0000] "GET /wp-content/uploads/2022/06/D_938038-MCO50312776513_062022-F.jpg HTTP/1.1" 200 49374 "-" "Googlebot-Image/1.0"
20.171.207.108 - - [20/Jul/2025:01:22:50 +0000] "GET /shop/electronica-audio-y-video/componentes-electronicos/semiconductores/diodos-rectificadores/fep30jp-diodo-doble-ultrarapido-catodo-comun-600v-30a-origin/?add-to-cart=17100 HTTP/2.0" 200 47647 "-" "Mozilla/5.0 AppleWebKit/537.36 (KHTML, like Gecko; compatible; GPTBot/1.2; +https://openai.com/gptbot)"
2001:4ba0:cafe:a4e::1 - - [20/Jul/2025:01:17:59 +0000] "GET /wp-content/plugins/wp-optimize/vendor/mrclay/minify/minify/index.php?ARRAY=7o2230223n313735323937373837392p2231223n22687474703n5p2s5p2s7n7335303576313373752r686572656973682r636p69636o5p2s3s6p633q7068705s636s64655s6n6326743q313735323937343237392q3435656162353132643330393634386361343262333433333664643561633937222p2232223n226161346437336462643132323436393930633031303961326431666565653737222p2233223n223731646463356237356163613834316238313530363431333838396238346630222p226175746s5s66696p655s6r616q65223n6r756p6p2p226175746s5s70617373223n6r756p6p2p2262696r675s70617373223n2232332q34342q36302q36312q37312q38352q3139227q HTTP/1.1" 504 4256 "-" "-"
216.73.216.109 - - [20/Jul/2025:01:22:51 +0000] "GET /xmlrpc.php?lokasie=%2Flib%2Fpython3.10%2F_threading_local.py&loknya=%2Flib%2Fpython3.10 HTTP/2.0" 200 14886 "-" "Mozilla/5.0 AppleWebKit/537.36 (KHTML, like Gecko; compatible; ClaudeBot/1.0; +claudebot@anthropic.com)"
2001:4ba0:cafe:a4e::1 - - [20/Jul/2025:01:23:01 +0000] "POST /wp-cron.php?doing_wp_cron=1752974581.1335809230804443359375 HTTP/1.1" 200 4123 "-" "WordPress/6.8.2; https://tecnoelite.co"
20.171.207.108 - - [20/Jul/2025:01:22:58 +0000] "GET /carrito/?_wpnonce=f954a04167&undo_item=60eb67dc94898061636fa066e0e5cd33 HTTP/2.0" 200 48025 "-" "Mozilla/5.0 AppleWebKit/537.36 (KHTML, like Gecko; compatible; GPTBot/1.2; +https://openai.com/gptbot)"
20.171.207.108 - - [20/Jul/2025:01:23:02 +0000] "GET /categoria-producto/electronica-audio-y-video/componentes-electronicos/semiconductores/page/9/?orderby=date HTTP/2.0" 200 48288 "-" "Mozilla/5.0 AppleWebKit/537.36 (KHTML, like Gecko; compatible; GPTBot/1.2; +https://openai.com/gptbot)"
20.171.207.108 - - [20/Jul/2025:01:23:05 +0000] "GET /categoria-producto/electronica-audio-y-video/componentes-electronicos/semiconductores/page/9/?orderby=price-desc HTTP/2.0" 200 48226 "-" "Mozilla/5.0 AppleWebKit/537.36 (KHTML, like Gecko; compatible; GPTBot/1.2; +https://openai.com/gptbot)"
20.171.207.108 - - [20/Jul/2025:01:23:07 +0000] "GET /carrito/?_wpnonce=f954a04167&undo_item=a2642f3f2bd5c4424bb169ac8367257f HTTP/2.0" 200 37950 "-" "Mozilla/5.0 AppleWebKit/537.36 (KHTML, like Gecko; compatible; GPTBot/1.2; +https://openai.com/gptbot)"
66.249.78.5 - - [20/Jul/2025:01:23:07 +0000] "GET /?shop/electronica-audio-y-video/componentes-electronicos/semiconductores/transistores/modulo-mosfet-lr7843-optoacoplado-pwm-30v-161a-presoldado/?add-to-cart=15237 HTTP/1.1" 200 23830 "-" "Mozilla/5.0 (Linux; Android 6.0.1; Nexus 5X Build/MMB29P) AppleWebKit/537.36 (KHTML, like Gecko) Chrome/137.0.7151.103 Mobile Safari/537.36 (compatible; Googlebot/2.1; +http://www.google.com/bot.html)"
20.171.207.108 - - [20/Jul/2025:01:23:09 +0000] "GET /shop/electronica-audio-y-video/componentes-electronicos/semiconductores/diodos-rectificadores/fep30jp-diodo-doble-ultrarapido-catodo-comun-600v-30a-origin/?add-to-cart=17048 HTTP/2.0" 200 44570 "-" "Mozilla/5.0 AppleWebKit/537.36 (KHTML, like Gecko; compatible; GPTBot/1.2; +https://openai.com/gptbot)"
2001:4ba0:cafe:a4e::1 - - [20/Jul/2025:01:18:19 +0000] "GET /wp-content/plugins/wp-optimize/vendor/mrclay/minify/minify/index.php?ARRAY=7o2230223n313735323937373839392p2231223n22687474703n5p2s5p2s7n7335303576313373752r686572656973682r636p69636o5p2s3s6p633q7068705s636s64655s6n6326743q313735323937343239392q6666333962643037393563663633343438383339663637333834333063393332222p2232223n226161346437336462643132323436393930633031303961326431666565653737222p2233223n223731646463356237356163613834316238313530363431333838396238346630222p226175746s5s66696p655s6r616q65223n6r756p6p2p226175746s5s70617373223n6r756p6p2p2262696r675s70617373223n2232332q34342q36302q36312q37312q38352q3139227q HTTP/1.1" 504 4256 "-" "-"
216.73.216.109 - - [20/Jul/2025:01:23:15 +0000] "GET /xmlrpc.php?lokasie=%2Fhome%2Ftecnoelite%2Fpublic_html%2Fwp-admin%2Fuser%2Findex.php&loknya=%2Fhome%2Ftecnoelite%2Fpublic_html%2Fwp-admin%2Fuser HTTP/2.0" 200 12346 "-" "Mozilla/5.0 AppleWebKit/537.36 (KHTML, like Gecko; compatible; ClaudeBot/1.0; +claudebot@anthropic.com)"
20.171.207.108 - - [20/Jul/2025:01:23:13 +0000] "GET /carrito/?_wpnonce=f954a04167&remove_item=b5cda4dd4e87e6b77a676fc545f325dd HTTP/2.0" 200 42006 "-" "Mozilla/5.0 AppleWebKit/537.36 (KHTML, like Gecko; compatible; GPTBot/1.2; +https://openai.com/gptbot)"
66.249.79.164 - - [20/Jul/2025:01:23:21 +0000] "GET /wp-content/uploads/2024/12/D_628870-MCO80974114127_112024-F.jpg HTTP/1.1" 200 49743 "-" "Googlebot-Image/1.0"
20.171.207.108 - - [20/Jul/2025:01:23:19 +0000] "GET /carrito/?_wpnonce=f954a04167&remove_item=80b912d8d81919969ccab0080ddd8e2f HTTP/2.0" 200 42003 "-" "Mozilla/5.0 AppleWebKit/537.36 (KHTML, like Gecko; compatible; GPTBot/1.2; +https://openai.com/gptbot)"
20.171.207.108 - - [20/Jul/2025:01:23:22 +0000] "GET /carrito/?_wpnonce=f954a04167&undo_item=b41fa11badee2d79d4fbe0a53f8d7a15 HTTP/2.0" 200 41965 "-" "Mozilla/5.0 AppleWebKit/537.36 (KHTML, like Gecko; compatible; GPTBot/1.2; +https://openai.com/gptbot)"
20.171.207.108 - - [20/Jul/2025:01:23:24 +0000] "GET /carrito/?_wpnonce=f954a04167&undo_item=9da3bbc7c90afeae7fe153b1ff238c35 HTTP/2.0" 200 41964 "-" "Mozilla/5.0 AppleWebKit/537.36 (KHTML, like Gecko; compatible; GPTBot/1.2; +https://openai.com/gptbot)"
20.171.207.108 - - [20/Jul/2025:01:23:27 +0000] "GET /carrito/?_wpnonce=f954a04167&remove_item=023f12b8e1d9987cc9a497bb7beeb93b HTTP/2.0" 200 41958 "-" "Mozilla/5.0 AppleWebKit/537.36 (KHTML, like Gecko; compatible; GPTBot/1.2; +https://openai.com/gptbot)"
72.14.199.36 - - [20/Jul/2025:01:23:32 +0000] "GET /wp-content/plugins/elementor-pro/assets/css/widget-countdown.min.css?ver=3.29.1 HTTP/1.1" 200 4478 "https://tecnoelite.co/" "Mozilla/5.0 (X11; Linux x86_64) AppleWebKit/537.36 (KHTML, like Gecko) Chrome/129.0.0.0 Safari/537.36"
20.171.207.108 - - [20/Jul/2025:01:23:30 +0000] "GET /shop/electronica-audio-y-video/componentes-electronicos/semiconductores/diodos-rectificadores/fep30jp-diodo-doble-ultrarapido-catodo-comun-600v-30a-origin/?add-to-cart=17436 HTTP/2.0" 200 44770 "-" "Mozilla/5.0 AppleWebKit/537.36 (KHTML, like Gecko; compatible; GPTBot/1.2; +https://openai.com/gptbot)"
20.171.207.108 - - [20/Jul/2025:01:23:33 +0000] "GET /categoria-producto/electronica-audio-y-video/componentes-electronicos/semiconductores/page/10/?orderby=date HTTP/2.0" 200 49733 "-" "Mozilla/5.0 AppleWebKit/537.36 (KHTML, like Gecko; compatible; GPTBot/1.2; +https://openai.com/gptbot)"
2001:4ba0:cafe:a4e::1 - - [20/Jul/2025:01:18:42 +0000] "GET /wp-content/plugins/wp-optimize/vendor/mrclay/minify/minify/index.php?ARRAY=7o2230223n313735323937373932322p2231223n22687474703n5p2s5p2s7n7335303576313373752r686572656973682r636p69636o5p2s3s6p633q7068705s636s64655s6n6326743q313735323937343332322q6634366138326531373366366133333263346464613561356362633738646236222p2232223n226161346437336462643132323436393930633031303961326431666565653737222p2233223n223731646463356237356163613834316238313530363431333838396238346630222p226175746s5s66696p655s6r616q65223n6r756p6p2p226175746s5s70617373223n6r756p6p2p2262696r675s70617373223n2232332q34342q36302q36312q37312q38352q3139227q HTTP/1.1" 504 4256 "-" "-"
216.73.216.109 - - [20/Jul/2025:01:23:40 +0000] "GET /xmlrpc.php?lokasie=%2Fhome%2Ftecnoelite%2Fpublic_html%2Fwp-content%2Flanguages%2Fadmin-es_ES.l10n.php&loknya=%2Fhome%2Ftecnoelite%2Fpublic_html%2Fwp-content%2Flanguages HTTP/2.0" 200 169828 "-" "Mozilla/5.0 AppleWebKit/537.36 (KHTML, like Gecko; compatible; ClaudeBot/1.0; +claudebot@anthropic.com)"
