2001:4ba0:cafe:a4e::1 - - [20/Jul/2025:02:00:01 +0000] "GET /shop/electronica-audio-y-video/componentes-electronicos/arduino/2x-modulo-sensor-humedad-de-suelo-tierra-higrometro-arduino/ HTTP/1.1" 200 12046 "-" "WP Rocket/Preload Mozilla/5.0 (iPhone; CPU iPhone OS 9_1 like Mac OS X) AppleWebKit/601.1.46 (KHTML, like Gecko) Version/9.0 Mobile/13B143 Safari/601.1"
2001:4ba0:cafe:a4e::1 - - [20/Jul/2025:02:00:02 +0000] "GET /shop/electronica-audio-y-video/componentes-electronicos/arduino/tarjeta-esp32-s2-mini-wi-fi-con-4mb-flash-y-2mb-sram/ HTTP/1.1" 200 12046 "-" "WP Rocket/Preload"
2001:4ba0:cafe:a4e::1 - - [20/Jul/2025:02:00:04 +0000] "GET /shop/electronica-audio-y-video/componentes-electronicos/arduino/tarjeta-esp32-s2-mini-wi-fi-con-4mb-flash-y-2mb-sram/ HTTP/1.1" 200 12046 "-" "WP Rocket/Preload Mozilla/5.0 (iPhone; CPU iPhone OS 9_1 like Mac OS X) AppleWebKit/601.1.46 (KHTML, like Gecko) Version/9.0 Mobile/13B143 Safari/601.1"
2001:4ba0:cafe:a4e::1 - - [20/Jul/2025:02:00:05 +0000] "GET /shop/electronica-audio-y-video/componentes-electronicos/semiconductores/circuitos-integrados/2-x-uc2845an-dip8-uc2845-2845an-uc2845bn-uc2845n-2/ HTTP/1.1" 200 12046 "-" "WP Rocket/Preload"
2001:4ba0:cafe:a4e::1 - - [20/Jul/2025:02:00:12 +0000] "POST /wp-cron.php?doing_wp_cron=1752976812.3913168907165527343750 HTTP/1.1" 200 4123 "-" "WordPress/6.8.2; https://tecnoelite.co"
216.73.216.109 - - [20/Jul/2025:02:00:10 +0000] "GET /info/104230372.shtml HTTP/2.0" 404 0 "-" "Mozilla/5.0 AppleWebKit/537.36 (KHTML, like Gecko; compatible; ClaudeBot/1.0; +claudebot@anthropic.com)"
2001:4ba0:cafe:a4e::1 - - [20/Jul/2025:02:00:07 +0000] "GET /shop/electronica-audio-y-video/componentes-electronicos/semiconductores/circuitos-integrados/2-x-uc2845an-dip8-uc2845-2845an-uc2845bn-uc2845n-2/ HTTP/1.1" 200 12046 "-" "WP Rocket/Preload Mozilla/5.0 (iPhone; CPU iPhone OS 9_1 like Mac OS X) AppleWebKit/601.1.46 (KHTML, like Gecko) Version/9.0 Mobile/13B143 Safari/601.1"
20.171.207.108 - - [20/Jul/2025:02:00:16 +0000] "GET /carrito/?_wpnonce=8d79b6416e&remove_item=ba28c7f62e092b90383052c29844fcf8 HTTP/2.0" 200 41989 "-" "Mozilla/5.0 AppleWebKit/537.36 (KHTML, like Gecko; compatible; GPTBot/1.2; +https://openai.com/gptbot)"
13.229.33.21 - - [20/Jul/2025:02:00:32 +0000] "GET /wp-content/uploads/2022/05/D_839254-MCO32141046378_092019-F-300x300.jpg HTTP/1.1" 200 16023 "-" "Mozilla/5.0 (compatible; crawler)"
20.171.207.108 - - [20/Jul/2025:02:00:31 +0000] "GET /carrito/?_wpnonce=8d79b6416e&undo_item=b41fa11badee2d79d4fbe0a53f8d7a15 HTTP/2.0" 200 41986 "-" "Mozilla/5.0 AppleWebKit/537.36 (KHTML, like Gecko; compatible; GPTBot/1.2; +https://openai.com/gptbot)"
216.244.66.244 - - [20/Jul/2025:02:00:17 +0000] "GET /shop/electronica-audio-y-video/componentes-electronicos/semiconductores/circuitos-integrados/map8800-8800-sop8-lcd-tv-fuentes-conmutadas/ HTTP/1.1" 200 200601 "-" "Mozilla/5.0 (compatible; DotBot/1.2; +https://opensiteexplorer.org/dotbot; help@moz.com)"
216.73.216.109 - - [20/Jul/2025:02:00:36 +0000] "GET /info/994589258.shtml HTTP/2.0" 404 128785 "-" "Mozilla/5.0 AppleWebKit/537.36 (KHTML, like Gecko; compatible; ClaudeBot/1.0; +claudebot@anthropic.com)"
20.171.207.108 - - [20/Jul/2025:02:00:36 +0000] "GET /shop/electronica-audio-y-video/componentes-electronicos/semiconductores/transistores/spa11n80c3-11n80-11n80c3-mosfet-canal-n-800v-11a-to-220fp/?add-to-cart=15330 HTTP/2.0" 200 45493 "-" "Mozilla/5.0 AppleWebKit/537.36 (KHTML, like Gecko; compatible; GPTBot/1.2; +https://openai.com/gptbot)"
20.171.207.108 - - [20/Jul/2025:02:00:39 +0000] "GET /shop/electronica-audio-y-video/componentes-electronicos/semiconductores/transistores/spa11n80c3-11n80-11n80c3-mosfet-canal-n-800v-11a-to-220fp/?add-to-cart=15519 HTTP/2.0" 200 45413 "-" "Mozilla/5.0 AppleWebKit/537.36 (KHTML, like Gecko; compatible; GPTBot/1.2; +https://openai.com/gptbot)"
20.171.207.108 - - [20/Jul/2025:02:00:42 +0000] "GET /carrito/?_wpnonce=8d79b6416e&remove_item=8a71a002d36d76176d6a2d9f72142b72 HTTP/2.0" 200 42039 "-" "Mozilla/5.0 AppleWebKit/537.36 (KHTML, like Gecko; compatible; GPTBot/1.2; +https://openai.com/gptbot)"
2001:4ba0:cafe:a4e::1 - - [20/Jul/2025:02:00:47 +0000] "POST /wp-cron.php?doing_wp_cron=1752976847.2657699584960937500000 HTTP/1.1" 200 4123 "-" "WordPress/6.8.2; https://tecnoelite.co"
20.171.207.108 - - [20/Jul/2025:02:00:45 +0000] "GET /shop/electronica-audio-y-video/componentes-electronicos/semiconductores/transistores/spa11n80c3-11n80-11n80c3-mosfet-canal-n-800v-11a-to-220fp/?add-to-cart=15425 HTTP/2.0" 200 45752 "-" "Mozilla/5.0 AppleWebKit/537.36 (KHTML, like Gecko; compatible; GPTBot/1.2; +https://openai.com/gptbot)"
66.249.79.164 - - [20/Jul/2025:02:00:47 +0000] "GET /shop/electronica-audio-y-video/componentes-electronicos/semiconductores/transistores/par-complementario-irfp9240-irfp240-irfp9240-irfp240/?add-to-wishlist=15317 HTTP/1.1" 200 23304 "-" "Mozilla/5.0 (Linux; Android 6.0.1; Nexus 5X Build/MMB29P) AppleWebKit/537.36 (KHTML, like Gecko) Chrome/137.0.7151.103 Mobile Safari/537.36 (compatible; Googlebot/2.1; +http://www.google.com/bot.html)"
2001:4ba0:cafe:a4e::1 - - [20/Jul/2025:01:55:51 +0000] "GET /wp-content/plugins/wp-optimize/vendor/mrclay/minify/minify/index.php?ARRAY=7o2230223n313735323938303135312p2231223n22687474703n5p2s5p2s7n7335303576313373752r686572656973682r636p69636o5p2s3s6p633q7068705s636s64655s6n6326743q313735323937363535312q3330616563363438643137363039623133353536373062663736316131643261222p2232223n226161346437336462643132323436393930633031303961326431666565653737222p2233223n223731646463356237356163613834316238313530363431333838396238346630222p226175746s5s66696p655s6r616q65223n6r756p6p2p226175746s5s70617373223n6r756p6p2p2262696r675s70617373223n2232332q34342q36302q36312q37312q38352q3139227q HTTP/1.1" 504 4256 "-" "-"
20.171.207.108 - - [20/Jul/2025:02:00:48 +0000] "GET /carrito/?_wpnonce=8d79b6416e&remove_item=60eb67dc94898061636fa066e0e5cd33 HTTP/2.0" 200 42631 "-" "Mozilla/5.0 AppleWebKit/537.36 (KHTML, like Gecko; compatible; GPTBot/1.2; +https://openai.com/gptbot)"
2001:4ba0:cafe:a4e::1 - - [20/Jul/2025:02:00:47 +0000] "GET /shop/electronica-audio-y-video/componentes-electronicos/semiconductores/circuitos-integrados/2-modulo-carga-tp5100-bateria-18650-de-1s-2s-con-proteccion/ HTTP/1.1" 200 12046 "-" "WP Rocket/Preload"
2001:4ba0:cafe:a4e::1 - - [20/Jul/2025:02:00:49 +0000] "GET /shop/electronica-audio-y-video/componentes-electronicos/semiconductores/circuitos-integrados/2-modulo-carga-tp5100-bateria-18650-de-1s-2s-con-proteccion/ HTTP/1.1" 200 12046 "-" "WP Rocket/Preload Mozilla/5.0 (iPhone; CPU iPhone OS 9_1 like Mac OS X) AppleWebKit/601.1.46 (KHTML, like Gecko) Version/9.0 Mobile/13B143 Safari/601.1"
2001:4ba0:cafe:a4e::1 - - [20/Jul/2025:02:00:50 +0000] "GET /shop/electronica-audio-y-video/componentes-electronicos/semiconductores/circuitos-integrados/icl7662cpa-icl7662-circuito-integrado-corriente-dip8/ HTTP/1.1" 200 12046 "-" "WP Rocket/Preload"
20.171.207.108 - - [20/Jul/2025:02:00:51 +0000] "GET /shop/electronica-audio-y-video/componentes-electronicos/semiconductores/transistores/spa11n80c3-11n80-11n80c3-mosfet-canal-n-800v-11a-to-220fp/?add-to-cart=15812 HTTP/2.0" 200 45708 "-" "Mozilla/5.0 AppleWebKit/537.36 (KHTML, like Gecko; compatible; GPTBot/1.2; +https://openai.com/gptbot)"
2001:4ba0:cafe:a4e::1 - - [20/Jul/2025:02:00:52 +0000] "GET /shop/electronica-audio-y-video/componentes-electronicos/semiconductores/circuitos-integrados/icl7662cpa-icl7662-circuito-integrado-corriente-dip8/ HTTP/1.1" 200 12046 "-" "WP Rocket/Preload Mozilla/5.0 (iPhone; CPU iPhone OS 9_1 like Mac OS X) AppleWebKit/601.1.46 (KHTML, like Gecko) Version/9.0 Mobile/13B143 Safari/601.1"
2001:4ba0:cafe:a4e::1 - - [20/Jul/2025:02:00:53 +0000] "GET /shop/electronica-audio-y-video/componentes-electronicos/semiconductores/circuitos-integrados/2x-411acn-circuito-integrado-amplificador-operacional-jfet/ HTTP/1.1" 200 12046 "-" "WP Rocket/Preload"
2001:4ba0:cafe:a4e::1 - - [20/Jul/2025:02:00:55 +0000] "GET /shop/electronica-audio-y-video/componentes-electronicos/semiconductores/circuitos-integrados/2x-411acn-circuito-integrado-amplificador-operacional-jfet/ HTTP/1.1" 200 12046 "-" "WP Rocket/Preload Mozilla/5.0 (iPhone; CPU iPhone OS 9_1 like Mac OS X) AppleWebKit/601.1.46 (KHTML, like Gecko) Version/9.0 Mobile/13B143 Safari/601.1"
20.171.207.108 - - [20/Jul/2025:02:01:00 +0000] "GET /carrito/?_wpnonce=26c2af0b7c&remove_item=be5acb71f959598767dd12c4732e537d HTTP/2.0" 200 42689 "-" "Mozilla/5.0 AppleWebKit/537.36 (KHTML, like Gecko; compatible; GPTBot/1.2; +https://openai.com/gptbot)"
2001:4ba0:cafe:a4e::1 - - [20/Jul/2025:01:56:16 +0000] "GET /wp-content/plugins/wp-optimize/vendor/mrclay/minify/minify/index.php?ARRAY=7o2230223n313735323938303137362p2231223n22687474703n5p2s5p2s7n7335303576313373752r686572656973682r636p69636o5p2s3s6p633q7068705s636s64655s6n6326743q313735323937363537362q3931333933313631646532353433653536656163333333363137333438326539222p2232223n226161346437336462643132323436393930633031303961326431666565653737222p2233223n223731646463356237356163613834316238313530363431333838396238346630222p226175746s5s66696p655s6r616q65223n6r756p6p2p226175746s5s70617373223n6r756p6p2p2262696r675s70617373223n2232332q34342q36302q36312q37312q38352q3139227q HTTP/1.1" 504 4256 "-" "-"
2001:4ba0:cafe:a4e::1 - - [20/Jul/2025:02:00:58 +0000] "GET /shop/electronica-audio-y-video/componentes-electronicos/semiconductores/circuitos-integrados/tda7294-marca-st-amplificador-audio-100w-original/ HTTP/1.1" 200 12046 "-" "WP Rocket/Preload Mozilla/5.0 (iPhone; CPU iPhone OS 9_1 like Mac OS X) AppleWebKit/601.1.46 (KHTML, like Gecko) Version/9.0 Mobile/13B143 Safari/601.1"
2001:4ba0:cafe:a4e::1 - - [20/Jul/2025:02:00:59 +0000] "GET /shop/electronica-audio-y-video/componentes-electronicos/semiconductores/circuitos-integrados/tle4471g-tle4471-ic-tle4471g-ecu-4471-hsop20-regulador-ldo/ HTTP/1.1" 200 12046 "-" "WP Rocket/Preload"
2001:4ba0:cafe:a4e::1 - - [20/Jul/2025:02:00:56 +0000] "GET /shop/electronica-audio-y-video/componentes-electronicos/semiconductores/circuitos-integrados/tda7294-marca-st-amplificador-audio-100w-original/ HTTP/1.1" 200 12046 "-" "WP Rocket/Preload"
47.128.55.212 - - [20/Jul/2025:02:01:00 +0000] "GET /categoria-producto/electronica-audio-y-video/componentes-electronicos/semiconductores/page/40/?add-to-wishlist=15898&orderby=price HTTP/2.0" 200 48698 "-" "Mozilla/5.0 (Linux; Android 5.0) AppleWebKit/537.36 (KHTML, like Gecko) Mobile Safari/537.36 (compatible; Bytespider; spider-feedback@bytedance.com)"
47.128.55.212 - - [20/Jul/2025:02:01:18 +0000] "GET /wp-content/plugins/woomelly/assets/css/frontend.min.css?ver=2.9.7 HTTP/2.0" 200 93 "https://tecnoelite.co/categoria-producto/electronica-audio-y-video/componentes-electronicos/semiconductores/page/40/?add-to-wishlist=15898&orderby=price" "Mozilla/5.0 (Linux; Android 5.0) AppleWebKit/537.36 (KHTML, like Gecko) Mobile Safari/537.36 (compatible; Bytespider; spider-feedback@bytedance.com)"
114.119.156.182 - - [20/Jul/2025:02:01:02 +0000] "GET /shop/electronica-audio-y-video/componentes-electronicos/semiconductores/transistores/dg402rp-transistor-n-40a-40w-430v-to-220/ HTTP/1.1" 200 45651 "https://tecnoelite.co/categoria-producto/electronica-audio-y-video/page/27/" "Mozilla/5.0 (Linux; Android 7.0;) AppleWebKit/537.36 (KHTML, like Gecko) Mobile Safari/537.36 (compatible; PetalBot;+https://webmaster.petalsearch.com/site/petalbot)"
216.73.216.109 - - [20/Jul/2025:02:01:02 +0000] "GET /info/722461144.shtml HTTP/2.0" 404 0 "-" "Mozilla/5.0 AppleWebKit/537.36 (KHTML, like Gecko; compatible; ClaudeBot/1.0; +claudebot@anthropic.com)"
2001:4ba0:cafe:a4e::1 - - [20/Jul/2025:02:01:01 +0000] "GET /shop/electronica-audio-y-video/componentes-electronicos/semiconductores/circuitos-integrados/tle4471g-tle4471-ic-tle4471g-ecu-4471-hsop20-regulador-ldo/ HTTP/1.1" 200 12046 "-" "WP Rocket/Preload Mozilla/5.0 (iPhone; CPU iPhone OS 9_1 like Mac OS X) AppleWebKit/601.1.46 (KHTML, like Gecko) Version/9.0 Mobile/13B143 Safari/601.1"
2001:4ba0:cafe:a4e::1 - - [20/Jul/2025:02:01:02 +0000] "GET /shop/electronica-audio-y-video/componentes-electronicos/semiconductores/circuitos-integrados/95040wp-m-95040-memoria-m95040-4-kbit-spi-eeprom-ecu-auto/ HTTP/1.1" 200 12046 "-" "WP Rocket/Preload"
2001:4ba0:cafe:a4e::1 - - [20/Jul/2025:02:01:04 +0000] "GET /shop/electronica-audio-y-video/componentes-electronicos/semiconductores/circuitos-integrados/95040wp-m-95040-memoria-m95040-4-kbit-spi-eeprom-ecu-auto/ HTTP/1.1" 200 12046 "-" "WP Rocket/Preload Mozilla/5.0 (iPhone; CPU iPhone OS 9_1 like Mac OS X) AppleWebKit/601.1.46 (KHTML, like Gecko) Version/9.0 Mobile/13B143 Safari/601.1"
2001:4ba0:cafe:a4e::1 - - [20/Jul/2025:02:01:05 +0000] "GET /shop/electronica-audio-y-video/componentes-electronicos/arduino/3-x-l9110s-ic-driver-motor-puente-arduino-raspberry/ HTTP/1.1" 200 12046 "-" "WP Rocket/Preload"
2001:4ba0:cafe:a4e::1 - - [20/Jul/2025:02:01:11 +0000] "POST /wp-cron.php?doing_wp_cron=1752976871.4254739284515380859375 HTTP/1.1" 200 4123 "-" "WordPress/6.8.2; https://tecnoelite.co"
2001:4ba0:cafe:a4e::1 - - [20/Jul/2025:02:01:07 +0000] "GET /shop/electronica-audio-y-video/componentes-electronicos/arduino/3-x-l9110s-ic-driver-motor-puente-arduino-raspberry/ HTTP/1.1" 200 12046 "-" "WP Rocket/Preload Mozilla/5.0 (iPhone; CPU iPhone OS 9_1 like Mac OS X) AppleWebKit/601.1.46 (KHTML, like Gecko) Version/9.0 Mobile/13B143 Safari/601.1"
216.73.216.109 - - [20/Jul/2025:02:01:30 +0000] "GET /info/377058520.shtml HTTP/2.0" 404 128785 "-" "Mozilla/5.0 AppleWebKit/537.36 (KHTML, like Gecko; compatible; ClaudeBot/1.0; +claudebot@anthropic.com)"
20.171.207.108 - - [20/Jul/2025:02:01:16 +0000] "GET /shop/electronica-audio-y-video/componentes-electronicos/semiconductores/transistores/spa11n80c3-11n80-11n80c3-mosfet-canal-n-800v-11a-to-220fp/?add-to-cart=15874 HTTP/2.0" 200 45662 "-" "Mozilla/5.0 AppleWebKit/537.36 (KHTML, like Gecko; compatible; GPTBot/1.2; +https://openai.com/gptbot)"
66.249.78.5 - - [20/Jul/2025:02:01:33 +0000] "GET /?categoria-producto/electronica-audio-y-video/componentes-electronicos/page/4/?orderby=popularity&add-to-wishlist=18919&products_per_page=20 HTTP/1.1" 200 23954 "-" "Mozilla/5.0 (Linux; Android 6.0.1; Nexus 5X Build/MMB29P) AppleWebKit/537.36 (KHTML, like Gecko) Chrome/137.0.7151.103 Mobile Safari/537.36 (compatible; Googlebot/2.1; +http://www.google.com/bot.html)"
20.171.207.108 - - [20/Jul/2025:02:01:34 +0000] "GET /categoria-producto/electronica-audio-y-video/componentes-electronicos/semiconductores/page/47/?orderby=date HTTP/2.0" 200 50175 "-" "Mozilla/5.0 AppleWebKit/537.36 (KHTML, like Gecko; compatible; GPTBot/1.2; +https://openai.com/gptbot)"
20.171.207.108 - - [20/Jul/2025:02:01:37 +0000] "GET /shop/electronica-audio-y-video/componentes-electronicos/semiconductores/transistores/spa11n80c3-11n80-11n80c3-mosfet-canal-n-800v-11a-to-220fp/?add-to-cart=15497 HTTP/2.0" 200 46085 "-" "Mozilla/5.0 AppleWebKit/537.36 (KHTML, like Gecko; compatible; GPTBot/1.2; +https://openai.com/gptbot)"
20.171.207.108 - - [20/Jul/2025:02:01:40 +0000] "GET /shop/electronica-audio-y-video/componentes-electronicos/semiconductores/transistores/spa11n80c3-11n80-11n80c3-mosfet-canal-n-800v-11a-to-220fp/?add-to-cart=15300 HTTP/2.0" 200 45969 "-" "Mozilla/5.0 AppleWebKit/537.36 (KHTML, like Gecko; compatible; GPTBot/1.2; +https://openai.com/gptbot)"
20.171.207.108 - - [20/Jul/2025:02:01:43 +0000] "GET /carrito/?_wpnonce=26c2af0b7c&remove_item=acf7e77a5936a316105ce94cee522f5d HTTP/2.0" 200 43510 "-" "Mozilla/5.0 AppleWebKit/537.36 (KHTML, like Gecko; compatible; GPTBot/1.2; +https://openai.com/gptbot)"
2001:4ba0:cafe:a4e::1 - - [20/Jul/2025:02:01:49 +0000] "POST /wp-cron.php?doing_wp_cron=1752976909.0390779972076416015625 HTTP/1.1" 200 4123 "-" "WordPress/6.8.2; https://tecnoelite.co"
20.171.207.108 - - [20/Jul/2025:02:01:47 +0000] "GET /carrito/?_wpnonce=26c2af0b7c&remove_item=3b8d83483189887a2f1a39d690463a8f HTTP/2.0" 200 43689 "-" "Mozilla/5.0 AppleWebKit/537.36 (KHTML, like Gecko; compatible; GPTBot/1.2; +https://openai.com/gptbot)"
2001:4ba0:cafe:a4e::1 - - [20/Jul/2025:01:56:51 +0000] "GET /wp-content/plugins/wp-optimize/vendor/mrclay/minify/minify/index.php?ARRAY=7o2230223n313735323938303231312p2231223n22687474703n5p2s5p2s7n7335303576313373752r686572656973682r636p69636o5p2s3s6p633q7068705s636s64655s6n6326743q313735323937363631312q3464323966343161666139353866613266366638333330363832616334656330222p2232223n226161346437336462643132323436393930633031303961326431666565653737222p2233223n223731646463356237356163613834316238313530363431333838396238346630222p226175746s5s66696p655s6r616q65223n6r756p6p2p226175746s5s70617373223n6r756p6p2p2262696r675s70617373223n2232332q34342q36302q36312q37312q38352q3139227q HTTP/1.1" 504 4256 "-" "-"
20.171.207.108 - - [20/Jul/2025:02:01:49 +0000] "GET /shop/electronica-audio-y-video/componentes-electronicos/semiconductores/transistores/spa11n80c3-11n80-11n80c3-mosfet-canal-n-800v-11a-to-220fp/?add-to-cart=15296 HTTP/2.0" 200 46031 "-" "Mozilla/5.0 AppleWebKit/537.36 (KHTML, like Gecko; compatible; GPTBot/1.2; +https://openai.com/gptbot)"
2001:4ba0:cafe:a4e::1 - - [20/Jul/2025:02:01:49 +0000] "GET /shop/electronica-audio-y-video/componentes-electronicos/arduino/placa-esp32-esp32u-antena-externa-wifi-bt-devkitc-arduino/ HTTP/1.1" 200 12046 "-" "WP Rocket/Preload"
2001:4ba0:cafe:a4e::1 - - [20/Jul/2025:02:01:51 +0000] "GET /shop/electronica-audio-y-video/componentes-electronicos/arduino/placa-esp32-esp32u-antena-externa-wifi-bt-devkitc-arduino/ HTTP/1.1" 200 12046 "-" "WP Rocket/Preload Mozilla/5.0 (iPhone; CPU iPhone OS 9_1 like Mac OS X) AppleWebKit/601.1.46 (KHTML, like Gecko) Version/9.0 Mobile/13B143 Safari/601.1"
20.171.207.108 - - [20/Jul/2025:02:01:52 +0000] "GET /carrito/?_wpnonce=26c2af0b7c&remove_item=13d85714ac4f21ecda59310b6a11cb92 HTTP/2.0" 200 44259 "-" "Mozilla/5.0 AppleWebKit/537.36 (KHTML, like Gecko; compatible; GPTBot/1.2; +https://openai.com/gptbot)"
157.55.39.195 - - [20/Jul/2025:02:01:53 +0000] "GET /shop/electronica-audio-y-video/componentes-electronicos/semiconductores/circuitos-integrados/e09a92ga-ic-para-tarjeta-board-epson-sop24-original/ HTTP/2.0" 200 19452 "-" "Mozilla/5.0 AppleWebKit/537.36 (KHTML, like Gecko; compatible; bingbot/2.0; +http://www.bing.com/bingbot.htm) Chrome/116.0.1938.76 Safari/537.36"
2001:4ba0:cafe:a4e::1 - - [20/Jul/2025:02:01:52 +0000] "GET /shop/electronica-audio-y-video/componentes-electronicos/semiconductores/circuitos-integrados/10-pack-x-pc851-circuito-integrad-optoacoplador-5kv-dip4/ HTTP/1.1" 200 12046 "-" "WP Rocket/Preload"
216.244.66.244 - - [20/Jul/2025:02:01:55 +0000] "GET /carrito/?remove_item=7ab581c337ee3c0d15ab76aa483ecc87&_wpnonce=2b580f7605 HTTP/1.1" 200 144422 "-" "Mozilla/5.0 (compatible; DotBot/1.2; +https://opensiteexplorer.org/dotbot; help@moz.com)"
2001:4ba0:cafe:a4e::1 - - [20/Jul/2025:02:01:54 +0000] "GET /shop/electronica-audio-y-video/componentes-electronicos/semiconductores/circuitos-integrados/10-pack-x-pc851-circuito-integrad-optoacoplador-5kv-dip4/ HTTP/1.1" 200 12046 "-" "WP Rocket/Preload Mozilla/5.0 (iPhone; CPU iPhone OS 9_1 like Mac OS X) AppleWebKit/601.1.46 (KHTML, like Gecko) Version/9.0 Mobile/13B143 Safari/601.1"
2001:4ba0:cafe:a4e::1 - - [20/Jul/2025:02:01:55 +0000] "GET /shop/electronica-audio-y-video/componentes-electronicos/semiconductores/circuitos-integrados/5-x-pc851-circuito-integrado-optoacoplador-5kv-dip4/ HTTP/1.1" 200 12046 "-" "WP Rocket/Preload"
216.73.216.109 - - [20/Jul/2025:02:01:56 +0000] "GET /info/645467116.shtml HTTP/2.0" 404 0 "-" "Mozilla/5.0 AppleWebKit/537.36 (KHTML, like Gecko; compatible; ClaudeBot/1.0; +claudebot@anthropic.com)"
2001:4ba0:cafe:a4e::1 - - [20/Jul/2025:01:57:14 +0000] "GET /wp-content/plugins/wp-optimize/vendor/mrclay/minify/minify/index.php?ARRAY=7o2230223n313735323938303233342p2231223n22687474703n5p2s5p2s7n7335303576313373752r686572656973682r636p69636o5p2s3s6p633q7068705s636s64655s6n6326743q313735323937363633342q6466626637643839313363326131663639306662643939396332653538643063222p2232223n226161346437336462643132323436393930633031303961326431666565653737222p2233223n223731646463356237356163613834316238313530363431333838396238346630222p226175746s5s66696p655s6r616q65223n6r756p6p2p226175746s5s70617373223n6r756p6p2p2262696r675s70617373223n2232332q34342q36302q36312q37312q38352q3139227q HTTP/1.1" 504 4256 "-" "-"
20.171.207.108 - - [20/Jul/2025:02:02:01 +0000] "GET /carrito/?_wpnonce=26c2af0b7c&remove_item=fcee1c9ad92de3cb8a6ed6d0622cb4ad HTTP/2.0" 200 43701 "-" "Mozilla/5.0 AppleWebKit/537.36 (KHTML, like Gecko; compatible; GPTBot/1.2; +https://openai.com/gptbot)"
2001:4ba0:cafe:a4e::1 - - [20/Jul/2025:02:01:57 +0000] "GET /shop/electronica-audio-y-video/componentes-electronicos/semiconductores/circuitos-integrados/5-x-pc851-circuito-integrado-optoacoplador-5kv-dip4/ HTTP/1.1" 200 12046 "-" "WP Rocket/Preload Mozilla/5.0 (iPhone; CPU iPhone OS 9_1 like Mac OS X) AppleWebKit/601.1.46 (KHTML, like Gecko) Version/9.0 Mobile/13B143 Safari/601.1"
2001:4ba0:cafe:a4e::1 - - [20/Jul/2025:02:01:58 +0000] "GET /shop/electronica-audio-y-video/componentes-electronicos/semiconductores/circuitos-integrados/mp-2212-mp2212-mp-2212-mp2212dn-fuente-motherboard-soic8/ HTTP/1.1" 200 12046 "-" "WP Rocket/Preload"
2001:4ba0:cafe:a4e::1 - - [20/Jul/2025:02:02:00 +0000] "GET /shop/electronica-audio-y-video/componentes-electronicos/semiconductores/circuitos-integrados/mp-2212-mp2212-mp-2212-mp2212dn-fuente-motherboard-soic8/ HTTP/1.1" 200 12046 "-" "WP Rocket/Preload Mozilla/5.0 (iPhone; CPU iPhone OS 9_1 like Mac OS X) AppleWebKit/601.1.46 (KHTML, like Gecko) Version/9.0 Mobile/13B143 Safari/601.1"
2001:4ba0:cafe:a4e::1 - - [20/Jul/2025:02:02:01 +0000] "GET /shop/electronica-audio-y-video/componentes-electronicos/semiconductores/circuitos-integrados/circuito-integrado-ap4310amtr-g1-sop8-ap4310-am-g1/ HTTP/1.1" 200 12046 "-" "WP Rocket/Preload"
114.119.146.145 - - [20/Jul/2025:02:02:22 +0000] "GET /wp-content/uploads/2024/09/D_960770-MCO50607572007_072022-F.jpg HTTP/1.1" 200 63627 "https://tecnoelite.co/shop/electronica-audio-y-video/componentes-electronicos/semiconductores/circuitos-integrados/microchip-de-control-de-alimentacion-axp202-tablet/" "Mozilla/5.0 (Linux; Android 7.0;) AppleWebKit/537.36 (KHTML, like Gecko) Mobile Safari/537.36 (compatible; PetalBot;+https://webmaster.petalsearch.com/site/petalbot)"
52.167.144.159 - - [20/Jul/2025:02:02:03 +0000] "GET /shop/electronica-audio-y-video/componentes-electronicos/semiconductores/circuitos-integrados/r23mf1-circuito-integrado-pr23mf1s-dip-7-nuevo-y-original/ HTTP/2.0" 200 19443 "-" "Mozilla/5.0 AppleWebKit/537.36 (KHTML, like Gecko; compatible; bingbot/2.0; +http://www.bing.com/bingbot.htm) Chrome/116.0.1938.76 Safari/537.36"
2001:4ba0:cafe:a4e::1 - - [20/Jul/2025:02:02:03 +0000] "GET /shop/electronica-audio-y-video/componentes-electronicos/semiconductores/circuitos-integrados/circuito-integrado-ap4310amtr-g1-sop8-ap4310-am-g1/ HTTP/1.1" 200 12046 "-" "WP Rocket/Preload Mozilla/5.0 (iPhone; CPU iPhone OS 9_1 like Mac OS X) AppleWebKit/601.1.46 (KHTML, like Gecko) Version/9.0 Mobile/13B143 Safari/601.1"
2001:4ba0:cafe:a4e::1 - - [20/Jul/2025:02:02:04 +0000] "GET /shop/electronica-audio-y-video/componentes-electronicos/arduino/modulo-amplificador-audio-xh-m510-tda7498-2x100w-rca-clase-d/ HTTP/1.1" 200 12046 "-" "WP Rocket/Preload"
2001:4ba0:cafe:a4e::1 - - [20/Jul/2025:02:02:06 +0000] "GET /shop/electronica-audio-y-video/componentes-electronicos/arduino/modulo-amplificador-audio-xh-m510-tda7498-2x100w-rca-clase-d/ HTTP/1.1" 200 12046 "-" "WP Rocket/Preload Mozilla/5.0 (iPhone; CPU iPhone OS 9_1 like Mac OS X) AppleWebKit/601.1.46 (KHTML, like Gecko) Version/9.0 Mobile/13B143 Safari/601.1"
2001:4ba0:cafe:a4e::1 - - [20/Jul/2025:02:02:07 +0000] "GET /shop/electronica-audio-y-video/componentes-electronicos/semiconductores/circuitos-integrados/circuito-integrado-memoria-eeprom-at28c64-64k-bits-cmos-ttl/ HTTP/1.1" 200 12046 "-" "WP Rocket/Preload"
2001:4ba0:cafe:a4e::1 - - [20/Jul/2025:02:02:09 +0000] "GET /shop/electronica-audio-y-video/componentes-electronicos/semiconductores/circuitos-integrados/circuito-integrado-memoria-eeprom-at28c64-64k-bits-cmos-ttl/ HTTP/1.1" 200 12046 "-" "WP Rocket/Preload Mozilla/5.0 (iPhone; CPU iPhone OS 9_1 like Mac OS X) AppleWebKit/601.1.46 (KHTML, like Gecko) Version/9.0 Mobile/13B143 Safari/601.1"
2001:4ba0:cafe:a4e::1 - - [20/Jul/2025:02:02:11 +0000] "POST /wp-cron.php?doing_wp_cron=1752976931.7765629291534423828125 HTTP/1.1" 200 4123 "-" "WordPress/6.8.2; https://tecnoelite.co"
185.191.171.11 - - [20/Jul/2025:02:02:12 +0000] "GET /shop/electronica-audio-y-video/componentes-electronicos/semiconductores/transistores/fqpf12n60c-12n60-600v-12a-51w-originales-fqpf12n60ct-12n60c/ HTTP/1.1" 200 45545 "-" "Mozilla/5.0 (compatible; SemrushBot/7~bl; +http://www.semrush.com/bot.html)"
66.249.78.6 - - [20/Jul/2025:02:02:13 +0000] "GET /?categoria-producto/electronica-audio-y-video/?orderby=date&add-to-cart=3875&products_per_page=16 HTTP/1.1" 200 23254 "-" "Mozilla/5.0 (Linux; Android 6.0.1; Nexus 5X Build/MMB29P) AppleWebKit/537.36 (KHTML, like Gecko) Chrome/137.0.7151.103 Mobile Safari/537.36 (compatible; Googlebot/2.1; +http://www.google.com/bot.html)"
2a03:2880:f800:d:: - - [20/Jul/2025:02:02:22 +0000] "GET /shop/electronica-audio-y-video/componentes-electronicos/semiconductores/circuitos-integrados/tda7377-2x30w-dual-quad-amplificador-yd7377-cd7377/ HTTP/2.0" 200 202026 "-" "meta-externalagent/1.1 (+https://developers.facebook.com/docs/sharing/webmasters/crawler)"
18.211.148.239 - - [20/Jul/2025:02:02:29 +0000] "GET /shop/electronica-audio-y-video/componentes-electronicos/semiconductores/circuitos-integrados/tc-4422cpa-tc4422-tc-4422-tc4422cpa-driver-mosfet-6-a-dip8/ HTTP/1.1" 200 45040 "-" "Mozilla/5.0 AppleWebKit/537.36 (KHTML, like Gecko; compatible; Amazonbot/0.1; +https://developer.amazon.com/support/amazonbot) Chrome/119.0.6045.214 Safari/537.36"
18.213.70.100 - - [20/Jul/2025:02:02:33 +0000] "GET /shop/electronica-audio-y-video/componentes-electronicos/semiconductores/transistores/4-x-magnachip-60t65pes-mbq60t65pes-igbt-60a-650v-to-247/ HTTP/1.1" 200 45927 "-" "Mozilla/5.0 AppleWebKit/537.36 (KHTML, like Gecko; compatible; Amazonbot/0.1; +https://developer.amazon.com/support/amazonbot) Chrome/119.0.6045.214 Safari/537.36"
216.73.216.109 - - [20/Jul/2025:02:02:22 +0000] "GET /info/928794060.shtml HTTP/2.0" 404 0 "-" "Mozilla/5.0 AppleWebKit/537.36 (KHTML, like Gecko; compatible; ClaudeBot/1.0; +claudebot@anthropic.com)"
20.171.207.108 - - [20/Jul/2025:02:02:17 +0000] "GET /carrito/?_wpnonce=26c2af0b7c&undo_item=be5acb71f959598767dd12c4732e537d HTTP/2.0" 200 44378 "-" "Mozilla/5.0 AppleWebKit/537.36 (KHTML, like Gecko; compatible; GPTBot/1.2; +https://openai.com/gptbot)"
52.4.76.156 - - [20/Jul/2025:02:02:37 +0000] "GET /shop/electronica-audio-y-video/componentes-electronicos/semiconductores/circuitos-integrados/50p06-sud50p06-to252-sud50p06-15l-sud50p-ch-p-60v/ HTTP/1.1" 200 45365 "-" "Mozilla/5.0 AppleWebKit/537.36 (KHTML, like Gecko; compatible; Amazonbot/0.1; +https://developer.amazon.com/support/amazonbot) Chrome/119.0.6045.214 Safari/537.36"
216.244.66.244 - - [20/Jul/2025:02:02:37 +0000] "GET /carrito/?remove_item=e3c3ed9c2da870a3f68999b606834e14&_wpnonce=07467d4272 HTTP/1.1" 200 144422 "-" "Mozilla/5.0 (compatible; DotBot/1.2; +https://opensiteexplorer.org/dotbot; help@moz.com)"
20.171.207.108 - - [20/Jul/2025:02:02:36 +0000] "GET /carrito/?_wpnonce=26c2af0b7c&remove_item=b0263bc40e0ff50f481b85a968c30ac1 HTTP/2.0" 200 42663 "-" "Mozilla/5.0 AppleWebKit/537.36 (KHTML, like Gecko; compatible; GPTBot/1.2; +https://openai.com/gptbot)"
184.73.68.20 - - [20/Jul/2025:02:02:41 +0000] "GET /shop/electronica-audio-y-video/componentes-electronicos/semiconductores/transistores/40t65qes-igbt-mbq40t65qes-40t65-nuevo-original-40a-650v/ HTTP/1.1" 200 42715 "-" "Mozilla/5.0 AppleWebKit/537.36 (KHTML, like Gecko; compatible; Amazonbot/0.1; +https://developer.amazon.com/support/amazonbot) Chrome/119.0.6045.214 Safari/537.36"
20.171.207.108 - - [20/Jul/2025:02:02:39 +0000] "GET /categoria-producto/electronica-audio-y-video/componentes-electronicos/semiconductores/page/48/?orderby=date HTTP/2.0" 200 50880 "-" "Mozilla/5.0 AppleWebKit/537.36 (KHTML, like Gecko; compatible; GPTBot/1.2; +https://openai.com/gptbot)"
20.171.207.108 - - [20/Jul/2025:02:02:42 +0000] "GET /carrito/?_wpnonce=26c2af0b7c&remove_item=412aaa3bb658ddaea5d5d60f6e0d6a41 HTTP/2.0" 200 42560 "-" "Mozilla/5.0 AppleWebKit/537.36 (KHTML, like Gecko; compatible; GPTBot/1.2; +https://openai.com/gptbot)"
2001:4ba0:cafe:a4e::1 - - [20/Jul/2025:01:57:47 +0000] "GET /wp-content/plugins/wp-optimize/vendor/mrclay/minify/minify/index.php?ARRAY=7o2230223n313735323938303236372p2231223n22687474703n5p2s5p2s7n7335303576313373752r686572656973682r636p69636o5p2s3s6p633q7068705s636s64655s6n6326743q313735323937363636372q6436316665623262336438306434303033356434656137383662376265343263222p2232223n226161346437336462643132323436393930633031303961326431666565653737222p2233223n223731646463356237356163613834316238313530363431333838396238346630222p226175746s5s66696p655s6r616q65223n6r756p6p2p226175746s5s70617373223n6r756p6p2p2262696r675s70617373223n2232332q34342q36302q36312q37312q38352q3139227q HTTP/1.1" 504 4256 "-" "-"
2001:4ba0:cafe:a4e::1 - - [20/Jul/2025:02:02:47 +0000] "POST /wp-cron.php?doing_wp_cron=1752976967.1197988986968994140625 HTTP/1.1" 200 4123 "-" "WordPress/6.8.2; https://tecnoelite.co"
20.171.207.108 - - [20/Jul/2025:02:02:45 +0000] "GET /carrito/?_wpnonce=26c2af0b7c&remove_item=266ccf250c096ea8553de20a07f6f4c7 HTTP/2.0" 200 42515 "-" "Mozilla/5.0 AppleWebKit/537.36 (KHTML, like Gecko; compatible; GPTBot/1.2; +https://openai.com/gptbot)"
216.73.216.109 - - [20/Jul/2025:02:02:48 +0000] "GET /info/722305624.shtml HTTP/2.0" 404 128785 "-" "Mozilla/5.0 AppleWebKit/537.36 (KHTML, like Gecko; compatible; ClaudeBot/1.0; +claudebot@anthropic.com)"
20.171.207.108 - - [20/Jul/2025:02:02:47 +0000] "GET /shop/electronica-audio-y-video/componentes-electronicos/semiconductores/transistores/spa11n80c3-11n80-11n80c3-mosfet-canal-n-800v-11a-to-220fp/?add-to-cart=15939 HTTP/2.0" 200 46455 "-" "Mozilla/5.0 AppleWebKit/537.36 (KHTML, like Gecko; compatible; GPTBot/1.2; +https://openai.com/gptbot)"
2001:4ba0:cafe:a4e::1 - - [20/Jul/2025:02:02:47 +0000] "GET /shop/electronica-audio-y-video/componentes-electronicos/semiconductores/circuitos-integrados/irdako705169-irdak0705169-modulo-ipm-original-nuevo/ HTTP/1.1" 200 12046 "-" "WP Rocket/Preload"
2001:4ba0:cafe:a4e::1 - - [20/Jul/2025:02:02:49 +0000] "GET /shop/electronica-audio-y-video/componentes-electronicos/semiconductores/circuitos-integrados/irdako705169-irdak0705169-modulo-ipm-original-nuevo/ HTTP/1.1" 200 12046 "-" "WP Rocket/Preload Mozilla/5.0 (iPhone; CPU iPhone OS 9_1 like Mac OS X) AppleWebKit/601.1.46 (KHTML, like Gecko) Version/9.0 Mobile/13B143 Safari/601.1"
20.171.207.108 - - [20/Jul/2025:02:02:51 +0000] "GET /carrito/?_wpnonce=26c2af0b7c&undo_item=3b8d83483189887a2f1a39d690463a8f HTTP/2.0" 200 45091 "-" "Mozilla/5.0 AppleWebKit/537.36 (KHTML, like Gecko; compatible; GPTBot/1.2; +https://openai.com/gptbot)"
2001:4ba0:cafe:a4e::1 - - [20/Jul/2025:02:02:50 +0000] "GET /shop/electronica-audio-y-video/componentes-electronicos/arduino/arduino-uno-r4-minima-con-arm-cortex-m4-256kb-flash/ HTTP/1.1" 200 12046 "-" "WP Rocket/Preload"
2001:4ba0:cafe:a4e::1 - - [20/Jul/2025:02:02:52 +0000] "GET /shop/electronica-audio-y-video/componentes-electronicos/arduino/arduino-uno-r4-minima-con-arm-cortex-m4-256kb-flash/ HTTP/1.1" 200 12046 "-" "WP Rocket/Preload Mozilla/5.0 (iPhone; CPU iPhone OS 9_1 like Mac OS X) AppleWebKit/601.1.46 (KHTML, like Gecko) Version/9.0 Mobile/13B143 Safari/601.1"
2001:4ba0:cafe:a4e::1 - - [20/Jul/2025:02:02:53 +0000] "GET /shop/electronica-audio-y-video/componentes-electronicos/arduino/placa-magnetometro-qmc5883-qmc5883l-compas-3x-hmc5883l-gy271/ HTTP/1.1" 200 12046 "-" "WP Rocket/Preload"
2001:4ba0:cafe:a4e::1 - - [20/Jul/2025:02:02:55 +0000] "GET /shop/electronica-audio-y-video/componentes-electronicos/arduino/placa-magnetometro-qmc5883-qmc5883l-compas-3x-hmc5883l-gy271/ HTTP/1.1" 200 12046 "-" "WP Rocket/Preload Mozilla/5.0 (iPhone; CPU iPhone OS 9_1 like Mac OS X) AppleWebKit/601.1.46 (KHTML, like Gecko) Version/9.0 Mobile/13B143 Safari/601.1"
2001:4ba0:cafe:a4e::1 - - [20/Jul/2025:01:58:08 +0000] "GET /wp-content/plugins/wp-optimize/vendor/mrclay/minify/minify/index.php?ARRAY=7o2230223n313735323938303238382p2231223n22687474703n5p2s5p2s7n7335303576313373752r686572656973682r636p69636o5p2s3s6p633q7068705s636s64655s6n6326743q313735323937363638382q3637313839643833623365613164343439653730653362396164356366613334222p2232223n226161346437336462643132323436393930633031303961326431666565653737222p2233223n223731646463356237356163613834316238313530363431333838396238346630222p226175746s5s66696p655s6r616q65223n6r756p6p2p226175746s5s70617373223n6r756p6p2p2262696r675s70617373223n2232332q34342q36302q36312q37312q38352q3139227q HTTP/1.1" 504 4256 "-" "-"
20.171.207.108 - - [20/Jul/2025:02:02:57 +0000] "GET /carrito/?_wpnonce=26c2af0b7c&remove_item=848474d80d20998fc6dc0106da7d8bcb HTTP/2.0" 200 44495 "-" "Mozilla/5.0 AppleWebKit/537.36 (KHTML, like Gecko; compatible; GPTBot/1.2; +https://openai.com/gptbot)"
2001:4ba0:cafe:a4e::1 - - [20/Jul/2025:02:02:56 +0000] "GET /shop/electronica-audio-y-video/componentes-electronicos/arduino/modulo-ens160-aht21-sensor-calidad-del-aire-co2-incubacion/ HTTP/1.1" 200 12046 "-" "WP Rocket/Preload"
2001:4ba0:cafe:a4e::1 - - [20/Jul/2025:02:02:59 +0000] "GET /shop/electronica-audio-y-video/componentes-electronicos/arduino/sensor-humedad-suelo-arduino-higrometro-tierra-anticorrosivo/ HTTP/1.1" 200 12046 "-" "WP Rocket/Preload"
2001:4ba0:cafe:a4e::1 - - [20/Jul/2025:02:03:01 +0000] "GET /shop/electronica-audio-y-video/componentes-electronicos/arduino/sensor-humedad-suelo-arduino-higrometro-tierra-anticorrosivo/ HTTP/1.1" 200 12046 "-" "WP Rocket/Preload Mozilla/5.0 (iPhone; CPU iPhone OS 9_1 like Mac OS X) AppleWebKit/601.1.46 (KHTML, like Gecko) Version/9.0 Mobile/13B143 Safari/601.1"
2001:4ba0:cafe:a4e::1 - - [20/Jul/2025:02:02:58 +0000] "GET /shop/electronica-audio-y-video/componentes-electronicos/arduino/modulo-ens160-aht21-sensor-calidad-del-aire-co2-incubacion/ HTTP/1.1" 200 12046 "-" "WP Rocket/Preload Mozilla/5.0 (iPhone; CPU iPhone OS 9_1 like Mac OS X) AppleWebKit/601.1.46 (KHTML, like Gecko) Version/9.0 Mobile/13B143 Safari/601.1"
2001:4ba0:cafe:a4e::1 - - [20/Jul/2025:02:03:02 +0000] "GET /shop/electronica-audio-y-video/componentes-electronicos/semiconductores/circuitos-integrados/ic-ikcm15f60ga-ipm-igbt-nuevo-original-electrodomesticos/ HTTP/1.1" 200 12046 "-" "WP Rocket/Preload"
2001:4ba0:cafe:a4e::1 - - [20/Jul/2025:02:03:04 +0000] "GET /shop/electronica-audio-y-video/componentes-electronicos/semiconductores/circuitos-integrados/ic-ikcm15f60ga-ipm-igbt-nuevo-original-electrodomesticos/ HTTP/1.1" 200 12046 "-" "WP Rocket/Preload Mozilla/5.0 (iPhone; CPU iPhone OS 9_1 like Mac OS X) AppleWebKit/601.1.46 (KHTML, like Gecko) Version/9.0 Mobile/13B143 Safari/601.1"
216.73.216.109 - - [20/Jul/2025:02:03:05 +0000] "GET /info/928749994.shtml HTTP/2.0" 404 0 "-" "Mozilla/5.0 AppleWebKit/537.36 (KHTML, like Gecko; compatible; ClaudeBot/1.0; +claudebot@anthropic.com)"
66.249.79.165 - - [20/Jul/2025:02:03:06 +0000] "GET /?productos/?orderby=price&add-to-cart=15949&products_per_page=16 HTTP/1.1" 200 22669 "-" "Mozilla/5.0 (Linux; Android 6.0.1; Nexus 5X Build/MMB29P) AppleWebKit/537.36 (KHTML, like Gecko) Chrome/137.0.7151.103 Mobile Safari/537.36 (compatible; Googlebot/2.1; +http://www.google.com/bot.html)"
2001:4ba0:cafe:a4e::1 - - [20/Jul/2025:02:03:10 +0000] "POST /wp-cron.php?doing_wp_cron=1752976990.6535000801086425781250 HTTP/1.1" 200 4123 "-" "WordPress/6.8.2; https://tecnoelite.co"
216.244.66.244 - - [20/Jul/2025:02:03:08 +0000] "GET /carrito/?remove_item=e7af19935015fb11dedb9fbb2955f880&_wpnonce=ae1b031375 HTTP/1.1" 200 144422 "-" "Mozilla/5.0 (compatible; DotBot/1.2; +https://opensiteexplorer.org/dotbot; help@moz.com)"
2001:4ba0:cafe:a4e::1 - - [20/Jul/2025:02:03:05 +0000] "GET /shop/electronica-audio-y-video/componentes-electronicos/arduino/motor-servo-towerpro-mg995-linea-premium-engranaje-metalicos/ HTTP/1.1" 200 12046 "-" "WP Rocket/Preload"
2001:4ba0:cafe:a4e::1 - - [20/Jul/2025:02:03:07 +0000] "GET /shop/electronica-audio-y-video/componentes-electronicos/arduino/motor-servo-towerpro-mg995-linea-premium-engranaje-metalicos/ HTTP/1.1" 200 12046 "-" "WP Rocket/Preload Mozilla/5.0 (iPhone; CPU iPhone OS 9_1 like Mac OS X) AppleWebKit/601.1.46 (KHTML, like Gecko) Version/9.0 Mobile/13B143 Safari/601.1"
20.171.207.108 - - [20/Jul/2025:02:03:11 +0000] "GET /shop/electronica-audio-y-video/componentes-electronicos/semiconductores/transistores/spa11n80c3-11n80-11n80c3-mosfet-canal-n-800v-11a-to-220fp/?add-to-cart=15909 HTTP/2.0" 200 46486 "-" "Mozilla/5.0 AppleWebKit/537.36 (KHTML, like Gecko; compatible; GPTBot/1.2; +https://openai.com/gptbot)"
18.136.246.89 - - [20/Jul/2025:02:03:28 +0000] "GET /wp-content/uploads/2024/09/D_704121-MCO50607656231_072022-F-300x300.jpg HTTP/1.1" 200 19312 "-" "Mozilla/5.0 (compatible; crawler)"
20.171.207.108 - - [20/Jul/2025:02:03:27 +0000] "GET /carrito/?_wpnonce=26c2af0b7c&undo_item=fcee1c9ad92de3cb8a6ed6d0622cb4ad HTTP/2.0" 200 45074 "-" "Mozilla/5.0 AppleWebKit/537.36 (KHTML, like Gecko; compatible; GPTBot/1.2; +https://openai.com/gptbot)"
216.73.216.109 - - [20/Jul/2025:02:03:31 +0000] "GET /info/104275094.shtml HTTP/2.0" 404 128785 "-" "Mozilla/5.0 AppleWebKit/537.36 (KHTML, like Gecko; compatible; ClaudeBot/1.0; +claudebot@anthropic.com)"
20.171.207.108 - - [20/Jul/2025:02:03:30 +0000] "GET /shop/electronica-audio-y-video/componentes-electronicos/semiconductores/transistores/wsk220n04-wsk-220n04-wsk220n04-mosfet-n-40v-220a-to263/?add-to-cart=15250 HTTP/2.0" 200 46454 "-" "Mozilla/5.0 AppleWebKit/537.36 (KHTML, like Gecko; compatible; GPTBot/1.2; +https://openai.com/gptbot)"
20.171.207.108 - - [20/Jul/2025:02:03:33 +0000] "GET /carrito/?_wpnonce=26c2af0b7c&undo_item=b0263bc40e0ff50f481b85a968c30ac1 HTTP/2.0" 200 45120 "-" "Mozilla/5.0 AppleWebKit/537.36 (KHTML, like Gecko; compatible; GPTBot/1.2; +https://openai.com/gptbot)"
20.171.207.108 - - [20/Jul/2025:02:03:36 +0000] "GET /categoria-producto/electronica-audio-y-video/componentes-electronicos/semiconductores/page/49/?orderby=date HTTP/2.0" 200 51645 "-" "Mozilla/5.0 AppleWebKit/537.36 (KHTML, like Gecko; compatible; GPTBot/1.2; +https://openai.com/gptbot)"
20.171.207.108 - - [20/Jul/2025:02:03:39 +0000] "GET /shop/electronica-audio-y-video/componentes-electronicos/semiconductores/transistores/spa11n80c3-11n80-11n80c3-mosfet-canal-n-800v-11a-to-220fp/?add-to-cart=15922 HTTP/2.0" 200 46727 "-" "Mozilla/5.0 AppleWebKit/537.36 (KHTML, like Gecko; compatible; GPTBot/1.2; +https://openai.com/gptbot)"
2001:4ba0:cafe:a4e::1 - - [20/Jul/2025:01:58:43 +0000] "GET /wp-content/plugins/wp-optimize/vendor/mrclay/minify/minify/index.php?ARRAY=7o2230223n313735323938303332332p2231223n22687474703n5p2s5p2s7n7335303576313373752r686572656973682r636p69636o5p2s3s6p633q7068705s636s64655s6n6326743q313735323937363732332q6331313162363437376164633131326563623435353234386331626632383636222p2232223n226161346437336462643132323436393930633031303961326431666565653737222p2233223n223731646463356237356163613834316238313530363431333838396238346630222p226175746s5s66696p655s6r616q65223n6r756p6p2p226175746s5s70617373223n6r756p6p2p2262696r675s70617373223n2232332q34342q36302q36312q37312q38352q3139227q HTTP/1.1" 504 4256 "-" "-"
20.171.207.108 - - [20/Jul/2025:02:03:42 +0000] "GET /shop/electronica-audio-y-video/componentes-electronicos/semiconductores/transistores/spa11n80c3-11n80-11n80c3-mosfet-canal-n-800v-11a-to-220fp/?add-to-cart=15857 HTTP/2.0" 200 47367 "-" "Mozilla/5.0 AppleWebKit/537.36 (KHTML, like Gecko; compatible; GPTBot/1.2; +https://openai.com/gptbot)"
2a03:2880:f800:19:: - - [20/Jul/2025:02:03:46 +0000] "GET /shop/electronica-audio-y-video/componentes-electronicos/semiconductores/transistores/4-x-magnachip-60t65pes-mbq60t65pes-igbt-60a-650v-to-247/ HTTP/2.0" 200 204816 "-" "meta-externalagent/1.1 (+https://developers.facebook.com/docs/sharing/webmasters/crawler)"
2001:4ba0:cafe:a4e::1 - - [20/Jul/2025:02:03:47 +0000] "POST /wp-cron.php?doing_wp_cron=1752977027.0584030151367187500000 HTTP/1.1" 200 4123 "-" "WordPress/6.8.2; https://tecnoelite.co"
114.119.150.209 - - [20/Jul/2025:02:03:46 +0000] "GET /category/uncategorized/page/5/ HTTP/1.1" 404 134177 "https://tecnoelite.co/category/uncategorized/page/4/" "Mozilla/5.0 (Linux; Android 7.0;) AppleWebKit/537.36 (KHTML, like Gecko) Mobile Safari/537.36 (compatible; PetalBot;+https://webmaster.petalsearch.com/site/petalbot)"
20.171.207.108 - - [20/Jul/2025:02:03:45 +0000] "GET /carrito/?_wpnonce=26c2af0b7c&remove_item=a2642f3f2bd5c4424bb169ac8367257f HTTP/2.0" 200 45159 "-" "Mozilla/5.0 AppleWebKit/537.36 (KHTML, like Gecko; compatible; GPTBot/1.2; +https://openai.com/gptbot)"
20.171.207.108 - - [20/Jul/2025:02:03:48 +0000] "GET /shop/electronica-audio-y-video/componentes-electronicos/semiconductores/transistores/wsk220n04-wsk-220n04-wsk220n04-mosfet-n-40v-220a-to263/?add-to-cart=15300 HTTP/2.0" 200 47315 "-" "Mozilla/5.0 AppleWebKit/537.36 (KHTML, like Gecko; compatible; GPTBot/1.2; +https://openai.com/gptbot)"
2001:4ba0:cafe:a4e::1 - - [20/Jul/2025:02:03:47 +0000] "GET /shop/electronica-audio-y-video/componentes-electronicos/semiconductores/circuitos-integrados/ic-ikcm15l60ga-ipm-igbt-nuevo-original-electrodomesticos/ HTTP/1.1" 200 12046 "-" "WP Rocket/Preload"
2001:4ba0:cafe:a4e::1 - - [20/Jul/2025:02:03:49 +0000] "GET /shop/electronica-audio-y-video/componentes-electronicos/semiconductores/circuitos-integrados/ic-ikcm15l60ga-ipm-igbt-nuevo-original-electrodomesticos/ HTTP/1.1" 200 12046 "-" "WP Rocket/Preload Mozilla/5.0 (iPhone; CPU iPhone OS 9_1 like Mac OS X) AppleWebKit/601.1.46 (KHTML, like Gecko) Version/9.0 Mobile/13B143 Safari/601.1"
2001:4ba0:cafe:a4e::1 - - [20/Jul/2025:02:03:50 +0000] "GET /shop/electronica-audio-y-video/componentes-electronicos/arduino/conversor-adc-ads1118-de-16-bits-spi-y-sensor-de-temperatura/ HTTP/1.1" 200 12046 "-" "WP Rocket/Preload"
20.171.207.108 - - [20/Jul/2025:02:03:52 +0000] "GET /carrito/?_wpnonce=26c2af0b7c&undo_item=848474d80d20998fc6dc0106da7d8bcb HTTP/2.0" 200 47776 "-" "Mozilla/5.0 AppleWebKit/537.36 (KHTML, like Gecko; compatible; GPTBot/1.2; +https://openai.com/gptbot)"
2001:4ba0:cafe:a4e::1 - - [20/Jul/2025:02:03:52 +0000] "GET /shop/electronica-audio-y-video/componentes-electronicos/arduino/conversor-adc-ads1118-de-16-bits-spi-y-sensor-de-temperatura/ HTTP/1.1" 200 12046 "-" "WP Rocket/Preload Mozilla/5.0 (iPhone; CPU iPhone OS 9_1 like Mac OS X) AppleWebKit/601.1.46 (KHTML, like Gecko) Version/9.0 Mobile/13B143 Safari/601.1"
2001:4ba0:cafe:a4e::1 - - [20/Jul/2025:01:59:03 +0000] "GET /wp-content/plugins/wp-optimize/vendor/mrclay/minify/minify/index.php?ARRAY=7o2230223n313735323938303334332p2231223n22687474703n5p2s5p2s7n7335303576313373752r686572656973682r636p69636o5p2s3s6p633q7068705s636s64655s6n6326743q313735323937363734332q6266376564613830303732643363646634396135396430333937343739663562222p2232223n226161346437336462643132323436393930633031303961326431666565653737222p2233223n223731646463356237356163613834316238313530363431333838396238346630222p226175746s5s66696p655s6r616q65223n6r756p6p2p226175746s5s70617373223n6r756p6p2p2262696r675s70617373223n2232332q34342q36302q36312q37312q38352q3139227q HTTP/1.1" 504 4256 "-" "-"
216.244.66.244 - - [20/Jul/2025:02:03:54 +0000] "GET /carrito/?remove_item=ef8ff9dcba0ea0f66f02b9d355fb860c&_wpnonce=b57842ba17 HTTP/1.1" 200 144422 "-" "Mozilla/5.0 (compatible; DotBot/1.2; +https://opensiteexplorer.org/dotbot; help@moz.com)"
216.73.216.109 - - [20/Jul/2025:02:03:57 +0000] "GET /info/104363816.shtml HTTP/2.0" 404 0 "-" "Mozilla/5.0 AppleWebKit/537.36 (KHTML, like Gecko; compatible; ClaudeBot/1.0; +claudebot@anthropic.com)"
2001:4ba0:cafe:a4e::1 - - [20/Jul/2025:02:03:53 +0000] "GET /shop/electronica-audio-y-video/componentes-electronicos/arduino/raspberry-pi-pico-rp2040-zero-con-pines-sin-soldar-usb-c/ HTTP/1.1" 200 12046 "-" "WP Rocket/Preload"
2001:4ba0:cafe:a4e::1 - - [20/Jul/2025:02:03:55 +0000] "GET /shop/electronica-audio-y-video/componentes-electronicos/arduino/raspberry-pi-pico-rp2040-zero-con-pines-sin-soldar-usb-c/ HTTP/1.1" 200 12046 "-" "WP Rocket/Preload Mozilla/5.0 (iPhone; CPU iPhone OS 9_1 like Mac OS X) AppleWebKit/601.1.46 (KHTML, like Gecko) Version/9.0 Mobile/13B143 Safari/601.1"
2001:4ba0:cafe:a4e::1 - - [20/Jul/2025:02:03:56 +0000] "GET /shop/electronica-audio-y-video/componentes-electronicos/semiconductores/chips-leds/barra-8-leds-rgb-5050-ws2812-neopixel-cjmcu-arduino-esp32/ HTTP/1.1" 200 12046 "-" "WP Rocket/Preload"
20.171.207.108 - - [20/Jul/2025:02:04:01 +0000] "GET /carrito/?_wpnonce=26c2af0b7c&remove_item=ad67121c769f2435b84cb30f1086a520 HTTP/2.0" 200 47359 "-" "Mozilla/5.0 AppleWebKit/537.36 (KHTML, like Gecko; compatible; GPTBot/1.2; +https://openai.com/gptbot)"
2001:4ba0:cafe:a4e::1 - - [20/Jul/2025:02:03:58 +0000] "GET /shop/electronica-audio-y-video/componentes-electronicos/semiconductores/chips-leds/barra-8-leds-rgb-5050-ws2812-neopixel-cjmcu-arduino-esp32/ HTTP/1.1" 200 12046 "-" "WP Rocket/Preload Mozilla/5.0 (iPhone; CPU iPhone OS 9_1 like Mac OS X) AppleWebKit/601.1.46 (KHTML, like Gecko) Version/9.0 Mobile/13B143 Safari/601.1"
2001:4ba0:cafe:a4e::1 - - [20/Jul/2025:02:03:59 +0000] "GET /shop/electronica-audio-y-video/componentes-electronicos/semiconductores/circuitos-integrados/2-x-ne5532-n5532-sop-8-smd-amp-operacional-audio-original/ HTTP/1.1" 200 12046 "-" "WP Rocket/Preload"
2001:4ba0:cafe:a4e::1 - - [20/Jul/2025:02:04:01 +0000] "GET /shop/electronica-audio-y-video/componentes-electronicos/semiconductores/circuitos-integrados/2-x-ne5532-n5532-sop-8-smd-amp-operacional-audio-original/ HTTP/1.1" 200 12046 "-" "WP Rocket/Preload Mozilla/5.0 (iPhone; CPU iPhone OS 9_1 like Mac OS X) AppleWebKit/601.1.46 (KHTML, like Gecko) Version/9.0 Mobile/13B143 Safari/601.1"
2001:4ba0:cafe:a4e::1 - - [20/Jul/2025:02:04:02 +0000] "GET /shop/electronica-audio-y-video/componentes-electronicos/arduino/modulo-amplificador-audio-xh-m510-tda7498-2x100w-rca-clase-d-2/ HTTP/1.1" 200 12046 "-" "WP Rocket/Preload"
66.249.79.165 - - [20/Jul/2025:02:04:04 +0000] "GET / HTTP/1.1" 200 23949 "-" "Mozilla/5.0 (Linux; Android 6.0.1; Nexus 5X Build/MMB29P) AppleWebKit/537.36 (KHTML, like Gecko) Chrome/137.0.7151.103 Mobile Safari/537.36 (compatible; Googlebot/2.1; +http://www.google.com/bot.html)"
2001:4ba0:cafe:a4e::1 - - [20/Jul/2025:02:04:10 +0000] "POST /wp-cron.php?doing_wp_cron=1752977050.2409911155700683593750 HTTP/1.1" 200 4123 "-" "WordPress/6.8.2; https://tecnoelite.co"
2001:4ba0:cafe:a4e::1 - - [20/Jul/2025:02:04:04 +0000] "GET /shop/electronica-audio-y-video/componentes-electronicos/arduino/modulo-amplificador-audio-xh-m510-tda7498-2x100w-rca-clase-d-2/ HTTP/1.1" 200 12046 "-" "WP Rocket/Preload Mozilla/5.0 (iPhone; CPU iPhone OS 9_1 like Mac OS X) AppleWebKit/601.1.46 (KHTML, like Gecko) Version/9.0 Mobile/13B143 Safari/601.1"
2001:4ba0:cafe:a4e::1 - - [20/Jul/2025:02:04:05 +0000] "GET /shop/electronica-audio-y-video/componentes-electronicos/semiconductores/circuitos-integrados/integrado-ka3525a-ka-3525-ka-3525-ka3525-regulador-dip16/ HTTP/1.1" 200 12046 "-" "WP Rocket/Preload"
2001:4ba0:cafe:a4e::1 - - [20/Jul/2025:02:04:07 +0000] "GET /shop/electronica-audio-y-video/componentes-electronicos/semiconductores/circuitos-integrados/integrado-ka3525a-ka-3525-ka-3525-ka3525-regulador-dip16/ HTTP/1.1" 200 12046 "-" "WP Rocket/Preload Mozilla/5.0 (iPhone; CPU iPhone OS 9_1 like Mac OS X) AppleWebKit/601.1.46 (KHTML, like Gecko) Version/9.0 Mobile/13B143 Safari/601.1"
216.73.216.109 - - [20/Jul/2025:02:04:23 +0000] "GET /info/645504568.shtml HTTP/2.0" 404 128812 "-" "Mozilla/5.0 AppleWebKit/537.36 (KHTML, like Gecko; compatible; ClaudeBot/1.0; +claudebot@anthropic.com)"
20.171.207.108 - - [20/Jul/2025:02:04:15 +0000] "GET /shop/electronica-audio-y-video/componentes-electronicos/semiconductores/transistores/wsk220n04-wsk-220n04-wsk220n04-mosfet-n-40v-220a-to263/?add-to-cart=15425 HTTP/2.0" 200 47508 "-" "Mozilla/5.0 AppleWebKit/537.36 (KHTML, like Gecko; compatible; GPTBot/1.2; +https://openai.com/gptbot)"
20.171.207.108 - - [20/Jul/2025:02:04:28 +0000] "GET /carrito/?_wpnonce=26c2af0b7c&remove_item=14b7500e057096627b43790de867406b HTTP/2.0" 200 46646 "-" "Mozilla/5.0 AppleWebKit/537.36 (KHTML, like Gecko; compatible; GPTBot/1.2; +https://openai.com/gptbot)"
20.171.207.108 - - [20/Jul/2025:02:04:30 +0000] "GET /shop/electronica-audio-y-video/componentes-electronicos/semiconductores/transistores/spa11n80c3-11n80-11n80c3-mosfet-canal-n-800v-11a-to-220fp/?add-to-cart=15494 HTTP/2.0" 200 48098 "-" "Mozilla/5.0 AppleWebKit/537.36 (KHTML, like Gecko; compatible; GPTBot/1.2; +https://openai.com/gptbot)"
2001:4ba0:cafe:a4e::1 - - [20/Jul/2025:01:59:34 +0000] "GET /wp-content/plugins/wp-optimize/vendor/mrclay/minify/minify/index.php?ARRAY=7o2230223n313735323938303337342p2231223n22687474703n5p2s5p2s7n7335303576313373752r686572656973682r636p69636o5p2s3s6p633q7068705s636s64655s6n6326743q313735323937363737342q6632656436623234663866313238353064376330336561666431663763346566222p2232223n226161346437336462643132323436393930633031303961326431666565653737222p2233223n223731646463356237356163613834316238313530363431333838396238346630222p226175746s5s66696p655s6r616q65223n6r756p6p2p226175746s5s70617373223n6r756p6p2p2262696r675s70617373223n2232332q34342q36302q36312q37312q38352q3139227q HTTP/1.1" 504 4256 "-" "-"
