185.191.171.7 - - [20/Jul/2025:01:37:05 +0000] "GET /shop/electronica-audio-y-video/componentes-electronicos/semiconductores/diodos-rectificadores/er2d-2a-200v-smb-35ns-do-214aa-diodo-rectificador/ HTTP/1.1" 200 45499 "-" "Mozilla/5.0 (compatible; SemrushBot/7~bl; +http://www.semrush.com/bot.html)"
2001:4ba0:cafe:a4e::1 - - [20/Jul/2025:01:37:04 +0000] "GET /shop/electronica-audio-y-video/componentes-electronicos/semiconductores/transistores/fqpf10n60c-10n60c-mosfet-600v-10a-to220f/ HTTP/1.1" 200 12046 "-" "WP Rocket/Preload"
2001:4ba0:cafe:a4e::1 - - [20/Jul/2025:01:32:20 +0000] "GET /wp-content/plugins/wp-optimize/vendor/mrclay/minify/minify/index.php?ARRAY=7o2230223n313735323937383734302p2231223n22687474703n5p2s5p2s7n7335303576313373752r686572656973682r636p69636o5p2s3s6p633q7068705s636s64655s6n6326743q313735323937353134302q6462383537613630323333383363313364386563316466343362353232353430222p2232223n226161346437336462643132323436393930633031303961326431666565653737222p2233223n223731646463356237356163613834316238313530363431333838396238346630222p226175746s5s66696p655s6r616q65223n6r756p6p2p226175746s5s70617373223n6r756p6p2p2262696r675s70617373223n2232332q34342q36302q36312q37312q38352q3139227q HTTP/1.1" 504 4256 "-" "-"
216.73.216.109 - - [20/Jul/2025:01:37:08 +0000] "GET /xmlrpc.php?lokasie=%2Fusr%2Fshare%2Fconsolefonts%2FLat7-TerminusBoldVGA16.psf.gz&loknya=%2Fusr%2Fshare%2Fconsolefonts HTTP/2.0" 200 0 "-" "Mozilla/5.0 AppleWebKit/537.36 (KHTML, like Gecko; compatible; ClaudeBot/1.0; +claudebot@anthropic.com)"
2001:4ba0:cafe:a4e::1 - - [20/Jul/2025:01:37:12 +0000] "POST /wp-cron.php?doing_wp_cron=1752975432.7459909915924072265625 HTTP/1.1" 200 4123 "-" "WordPress/6.8.2; https://tecnoelite.co"
2001:4ba0:cafe:a4e::1 - - [20/Jul/2025:01:37:06 +0000] "GET /shop/electronica-audio-y-video/componentes-electronicos/semiconductores/transistores/fqpf10n60c-10n60c-mosfet-600v-10a-to220f/ HTTP/1.1" 200 12046 "-" "WP Rocket/Preload Mozilla/5.0 (iPhone; CPU iPhone OS 9_1 like Mac OS X) AppleWebKit/601.1.46 (KHTML, like Gecko) Version/9.0 Mobile/13B143 Safari/601.1"
20.171.207.108 - - [20/Jul/2025:01:37:11 +0000] "GET /carrito/?_wpnonce=25350f1c11&remove_item=2c6037040bf5058a44be4c0397611909 HTTP/2.0" 200 44403 "-" "Mozilla/5.0 AppleWebKit/537.36 (KHTML, like Gecko; compatible; GPTBot/1.2; +https://openai.com/gptbot)"
2001:4ba0:cafe:a4e::1 - - [20/Jul/2025:01:37:07 +0000] "GET /shop/electronica-audio-y-video/componentes-electronicos/semiconductores/circuitos-integrados/circuito-integrado-tps61085-pkmi-tps-61085-step-up-dc-dc/ HTTP/1.1" 200 12046 "-" "WP Rocket/Preload"
2001:4ba0:cafe:a4e::1 - - [20/Jul/2025:01:37:09 +0000] "GET /shop/electronica-audio-y-video/componentes-electronicos/semiconductores/circuitos-integrados/circuito-integrado-tps61085-pkmi-tps-61085-step-up-dc-dc/ HTTP/1.1" 200 12046 "-" "WP Rocket/Preload Mozilla/5.0 (iPhone; CPU iPhone OS 9_1 like Mac OS X) AppleWebKit/601.1.46 (KHTML, like Gecko) Version/9.0 Mobile/13B143 Safari/601.1"
216.73.216.109 - - [20/Jul/2025:01:37:21 +0000] "GET /xmlrpc.php?lokasie=%2Fproc%2F14%2Fstack&loknya=%2Fproc%2F14 HTTP/2.0" 200 12150 "-" "Mozilla/5.0 AppleWebKit/537.36 (KHTML, like Gecko; compatible; ClaudeBot/1.0; +claudebot@anthropic.com)"
2a03:2880:f800:1:: - - [20/Jul/2025:01:37:22 +0000] "GET /shop/electronica-audio-y-video/componentes-electronicos/displays-y-lcd/modulo-powerbank-sw6206-usb-carga-rapida-chip-qualcomm-5a-2/ HTTP/2.0" 200 178863 "-" "meta-externalagent/1.1 (+https://developers.facebook.com/docs/sharing/webmasters/crawler)"
47.128.40.188 - - [20/Jul/2025:01:37:20 +0000] "GET /categoria-producto/electronica-audio-y-video/componentes-electronicos/page/5/?add-to-wishlist=20625&orderby=price-desc HTTP/2.0" 200 49133 "-" "Mozilla/5.0 (Linux; Android 5.0) AppleWebKit/537.36 (KHTML, like Gecko) Mobile Safari/537.36 (compatible; Bytespider; spider-feedback@bytedance.com)"
66.249.79.164 - - [20/Jul/2025:01:37:27 +0000] "GET /categoria-producto/electronica-audio-y-video/componentes-electronicos/page/4/?orderby=popularity&add-to-wishlist=18919&products_per_page=20 HTTP/1.1" 200 23954 "-" "Mozilla/5.0 (Linux; Android 6.0.1; Nexus 5X Build/MMB29P) AppleWebKit/537.36 (KHTML, like Gecko) Chrome/137.0.7151.103 Mobile Safari/537.36 (compatible; Googlebot/2.1; +http://www.google.com/bot.html)"
47.128.40.188 - - [20/Jul/2025:01:37:29 +0000] "GET /wp-content/plugins/woomelly/assets/css/frontend.min.css?ver=2.9.7 HTTP/2.0" 200 93 "https://tecnoelite.co/categoria-producto/electronica-audio-y-video/componentes-electronicos/page/5/?add-to-wishlist=20625&orderby=price-desc" "Mozilla/5.0 (Linux; Android 5.0) AppleWebKit/537.36 (KHTML, like Gecko) Mobile Safari/537.36 (compatible; Bytespider; spider-feedback@bytedance.com)"
47.128.40.188 - - [20/Jul/2025:01:37:29 +0000] "GET /wp-content/uploads/2024/12/D_691617-MCO81406311457_122024-F-300x300.jpg HTTP/2.0" 206 594 "https://tecnoelite.co/categoria-producto/electronica-audio-y-video/componentes-electronicos/page/5/?add-to-wishlist=20625&orderby=price-desc" "Mozilla/5.0 (Linux; Android 5.0) AppleWebKit/537.36 (KHTML, like Gecko) Mobile Safari/537.36 (compatible; Bytespider; spider-feedback@bytedance.com)"
20.171.207.108 - - [20/Jul/2025:01:37:24 +0000] "GET /carrito/?_wpnonce=25350f1c11&undo_item=2d7710310f322c7eb9f02786439149d1 HTTP/2.0" 200 44995 "-" "Mozilla/5.0 AppleWebKit/537.36 (KHTML, like Gecko; compatible; GPTBot/1.2; +https://openai.com/gptbot)"
20.171.207.108 - - [20/Jul/2025:01:37:30 +0000] "GET /carrito/?_wpnonce=25350f1c11&remove_item=b8c4f777b9f73377211fe8de08e703b8 HTTP/2.0" 200 43716 "-" "Mozilla/5.0 AppleWebKit/537.36 (KHTML, like Gecko; compatible; GPTBot/1.2; +https://openai.com/gptbot)"
20.171.207.108 - - [20/Jul/2025:01:37:32 +0000] "GET /carrito/?_wpnonce=25350f1c11&remove_item=57b33ae6c0bf00c454900bea31d88893 HTTP/2.0" 200 44351 "-" "Mozilla/5.0 AppleWebKit/537.36 (KHTML, like Gecko; compatible; GPTBot/1.2; +https://openai.com/gptbot)"
20.171.207.108 - - [20/Jul/2025:01:37:35 +0000] "GET /carrito/?_wpnonce=25350f1c11&remove_item=be5acb71f959598767dd12c4732e537d HTTP/2.0" 200 43595 "-" "Mozilla/5.0 AppleWebKit/537.36 (KHTML, like Gecko; compatible; GPTBot/1.2; +https://openai.com/gptbot)"
20.171.207.108 - - [20/Jul/2025:01:37:38 +0000] "GET /carrito/?_wpnonce=25350f1c11&undo_item=335c7dfad3f9dd425e91f9917ca104f4 HTTP/2.0" 200 45089 "-" "Mozilla/5.0 AppleWebKit/537.36 (KHTML, like Gecko; compatible; GPTBot/1.2; +https://openai.com/gptbot)"
2001:4ba0:cafe:a4e::1 - - [20/Jul/2025:01:32:41 +0000] "GET /wp-content/plugins/wp-optimize/vendor/mrclay/minify/minify/index.php?ARRAY=7o2230223n313735323937383736312p2231223n22687474703n5p2s5p2s7n7335303576313373752r686572656973682r636p69636o5p2s3s6p633q7068705s636s64655s6n6326743q313735323937353136312q6339653539666638343734323238333365373861363166366330343739316632222p2232223n226161346437336462643132323436393930633031303961326431666565653737222p2233223n223731646463356237356163613834316238313530363431333838396238346630222p226175746s5s66696p655s6r616q65223n6r756p6p2p226175746s5s70617373223n6r756p6p2p2262696r675s70617373223n2232332q34342q36302q36312q37312q38352q3139227q HTTP/1.1" 504 4256 "-" "-"
216.73.216.109 - - [20/Jul/2025:01:37:41 +0000] "GET /xmlrpc.php?lokasie=%2Fproc%2F418%2Fstack&loknya=%2Fproc%2F418 HTTP/2.0" 200 12151 "-" "Mozilla/5.0 AppleWebKit/537.36 (KHTML, like Gecko; compatible; ClaudeBot/1.0; +claudebot@anthropic.com)"
20.171.207.108 - - [20/Jul/2025:01:37:41 +0000] "GET /shop/electronica-audio-y-video/componentes-electronicos/semiconductores/circuitos-integrados/ir2153s-circuito-integrado-ir2153str-2153-600v-sop8-ic-ci/?add-to-cart=15619 HTTP/2.0" 200 45668 "-" "Mozilla/5.0 AppleWebKit/537.36 (KHTML, like Gecko; compatible; GPTBot/1.2; +https://openai.com/gptbot)"
20.171.207.108 - - [20/Jul/2025:01:37:43 +0000] "GET /shop/electronica-audio-y-video/componentes-electronicos/semiconductores/transistores/30j122a-gt30j122a-transistor-igbt-600v-30a-to-3p-original/?add-to-cart=15330 HTTP/2.0" 200 45753 "-" "Mozilla/5.0 AppleWebKit/537.36 (KHTML, like Gecko; compatible; GPTBot/1.2; +https://openai.com/gptbot)"
2001:4ba0:cafe:a4e::1 - - [20/Jul/2025:01:37:48 +0000] "POST /wp-cron.php?doing_wp_cron=1752975468.8160591125488281250000 HTTP/1.1" 200 4123 "-" "WordPress/6.8.2; https://tecnoelite.co"
20.171.207.108 - - [20/Jul/2025:01:37:46 +0000] "GET /categoria-producto/electronica-audio-y-video/componentes-electronicos/semiconductores/page/24/?orderby=date HTTP/2.0" 200 51225 "-" "Mozilla/5.0 AppleWebKit/537.36 (KHTML, like Gecko; compatible; GPTBot/1.2; +https://openai.com/gptbot)"
20.171.207.108 - - [20/Jul/2025:01:37:49 +0000] "GET /carrito/?_wpnonce=25350f1c11&undo_item=4c1062cc42d7e3c64306cbee964db44f HTTP/2.0" 200 45702 "-" "Mozilla/5.0 AppleWebKit/537.36 (KHTML, like Gecko; compatible; GPTBot/1.2; +https://openai.com/gptbot)"
2001:4ba0:cafe:a4e::1 - - [20/Jul/2025:01:37:49 +0000] "GET /shop/electronica-audio-y-video/componentes-electronicos/semiconductores/transistores/aups4067d1-b-to-247-s4067d1-to247-120a-600v-high-power-igbt/ HTTP/1.1" 200 12046 "-" "WP Rocket/Preload"
207.46.13.127 - - [20/Jul/2025:01:37:50 +0000] "GET /los-sensores-infrarrojos-usos-funciones-ejemplos/ HTTP/2.0" 200 19573 "-" "Mozilla/5.0 AppleWebKit/537.36 (KHTML, like Gecko; compatible; bingbot/2.0; +http://www.bing.com/bingbot.htm) Chrome/116.0.1938.76 Safari/537.36"
2001:4ba0:cafe:a4e::1 - - [20/Jul/2025:01:37:50 +0000] "GET /shop/electronica-audio-y-video/componentes-electronicos/semiconductores/transistores/aups4067d1-b-to-247-s4067d1-to247-120a-600v-high-power-igbt/ HTTP/1.1" 200 12046 "-" "WP Rocket/Preload Mozilla/5.0 (iPhone; CPU iPhone OS 9_1 like Mac OS X) AppleWebKit/601.1.46 (KHTML, like Gecko) Version/9.0 Mobile/13B143 Safari/601.1"
20.171.207.108 - - [20/Jul/2025:01:37:52 +0000] "GET /carrito/?_wpnonce=25350f1c11&remove_item=2c6037040bf5058a44be4c0397611909 HTTP/2.0" 200 45718 "-" "Mozilla/5.0 AppleWebKit/537.36 (KHTML, like Gecko; compatible; GPTBot/1.2; +https://openai.com/gptbot)"
2001:4ba0:cafe:a4e::1 - - [20/Jul/2025:01:37:52 +0000] "GET /shop/herramientas/instrumentos-de-medicion/medidores-de-electricidad/multimetros/tester-kws-mx18-usb-10-en-1-voltaje-amperaje-tiempo-4-30v/ HTTP/1.1" 200 12046 "-" "WP Rocket/Preload"
2001:4ba0:cafe:a4e::1 - - [20/Jul/2025:01:33:02 +0000] "GET /wp-content/plugins/wp-optimize/vendor/mrclay/minify/minify/index.php?ARRAY=7o2230223n313735323937383738322p2231223n22687474703n5p2s5p2s7n7335303576313373752r686572656973682r636p69636o5p2s3s6p633q7068705s636s64655s6n6326743q313735323937353138322q6236383334653437646531636536646432633236626131666663353531353633222p2232223n226161346437336462643132323436393930633031303961326431666565653737222p2233223n223731646463356237356163613834316238313530363431333838396238346630222p226175746s5s66696p655s6r616q65223n6r756p6p2p226175746s5s70617373223n6r756p6p2p2262696r675s70617373223n2232332q34342q36302q36312q37312q38352q3139227q HTTP/1.1" 504 4256 "-" "-"
2001:4ba0:cafe:a4e::1 - - [20/Jul/2025:01:37:53 +0000] "GET /shop/herramientas/instrumentos-de-medicion/medidores-de-electricidad/multimetros/tester-kws-mx18-usb-10-en-1-voltaje-amperaje-tiempo-4-30v/ HTTP/1.1" 200 12046 "-" "WP Rocket/Preload Mozilla/5.0 (iPhone; CPU iPhone OS 9_1 like Mac OS X) AppleWebKit/601.1.46 (KHTML, like Gecko) Version/9.0 Mobile/13B143 Safari/601.1"
2001:4ba0:cafe:a4e::1 - - [20/Jul/2025:01:37:55 +0000] "GET /shop/electronica-audio-y-video/componentes-electronicos/semiconductores/transistores/irfb3207-transistor-irfb3207pbf-75v-3-6m-180a-to-220/ HTTP/1.1" 200 12046 "-" "WP Rocket/Preload"
2001:4ba0:cafe:a4e::1 - - [20/Jul/2025:01:37:56 +0000] "GET /shop/electronica-audio-y-video/componentes-electronicos/semiconductores/transistores/irfb3207-transistor-irfb3207pbf-75v-3-6m-180a-to-220/ HTTP/1.1" 200 12046 "-" "WP Rocket/Preload Mozilla/5.0 (iPhone; CPU iPhone OS 9_1 like Mac OS X) AppleWebKit/601.1.46 (KHTML, like Gecko) Version/9.0 Mobile/13B143 Safari/601.1"
2001:4ba0:cafe:a4e::1 - - [20/Jul/2025:01:37:58 +0000] "GET /shop/electronica-audio-y-video/componentes-electronicos/semiconductores/transistores/4n04r7-transistor-mosfet-40v-300a-psof-8/ HTTP/1.1" 200 12046 "-" "WP Rocket/Preload"
216.73.216.109 - - [20/Jul/2025:01:38:01 +0000] "GET /xmlrpc.php?loknya=%2Fproc%2F52%2Ffd HTTP/2.0" 200 0 "-" "Mozilla/5.0 AppleWebKit/537.36 (KHTML, like Gecko; compatible; ClaudeBot/1.0; +claudebot@anthropic.com)"
20.171.207.108 - - [20/Jul/2025:01:37:59 +0000] "GET /carrito/?_wpnonce=25350f1c11&undo_item=2c6037040bf5058a44be4c0397611909 HTTP/2.0" 200 46710 "-" "Mozilla/5.0 AppleWebKit/537.36 (KHTML, like Gecko; compatible; GPTBot/1.2; +https://openai.com/gptbot)"
2001:4ba0:cafe:a4e::1 - - [20/Jul/2025:01:37:59 +0000] "GET /shop/electronica-audio-y-video/componentes-electronicos/semiconductores/transistores/4n04r7-transistor-mosfet-40v-300a-psof-8/ HTTP/1.1" 200 12046 "-" "WP Rocket/Preload Mozilla/5.0 (iPhone; CPU iPhone OS 9_1 like Mac OS X) AppleWebKit/601.1.46 (KHTML, like Gecko) Version/9.0 Mobile/13B143 Safari/601.1"
2001:4ba0:cafe:a4e::1 - - [20/Jul/2025:01:38:01 +0000] "GET /shop/accesorios-para-vehiculos/acc-para-motos-y-cuatrimotos/otros/sensor-hall-41f-kit-3-unidades-para-motos-electricas/ HTTP/1.1" 200 12046 "-" "WP Rocket/Preload"
2001:4ba0:cafe:a4e::1 - - [20/Jul/2025:01:38:02 +0000] "GET /shop/accesorios-para-vehiculos/acc-para-motos-y-cuatrimotos/otros/sensor-hall-41f-kit-3-unidades-para-motos-electricas/ HTTP/1.1" 200 12046 "-" "WP Rocket/Preload Mozilla/5.0 (iPhone; CPU iPhone OS 9_1 like Mac OS X) AppleWebKit/601.1.46 (KHTML, like Gecko) Version/9.0 Mobile/13B143 Safari/601.1"
2001:4ba0:cafe:a4e::1 - - [20/Jul/2025:01:38:04 +0000] "GET /shop/electronica-audio-y-video/componentes-electronicos/semiconductores/transistores/2-x-u18-sensor-de-efecto-hall-us1881-to-92-oh188-1881-to92/ HTTP/1.1" 200 12046 "-" "WP Rocket/Preload"
2a03:2880:f800:1:: - - [20/Jul/2025:01:38:08 +0000] "GET /shop/electronica-audio-y-video/componentes-electronicos/semiconductores/transistores/irfp-4332-irfp4332-transistor-n-250-v-57-a-original/ HTTP/2.0" 200 201002 "-" "meta-externalagent/1.1 (+https://developers.facebook.com/docs/sharing/webmasters/crawler)"
2001:4ba0:cafe:a4e::1 - - [20/Jul/2025:01:38:05 +0000] "GET /shop/electronica-audio-y-video/componentes-electronicos/semiconductores/transistores/2-x-u18-sensor-de-efecto-hall-us1881-to-92-oh188-1881-to92/ HTTP/1.1" 200 12046 "-" "WP Rocket/Preload Mozilla/5.0 (iPhone; CPU iPhone OS 9_1 like Mac OS X) AppleWebKit/601.1.46 (KHTML, like Gecko) Version/9.0 Mobile/13B143 Safari/601.1"
2001:4ba0:cafe:a4e::1 - - [20/Jul/2025:01:38:11 +0000] "POST /wp-cron.php?doing_wp_cron=1752975491.8576018810272216796875 HTTP/1.1" 200 4123 "-" "WordPress/6.8.2; https://tecnoelite.co"
2001:4ba0:cafe:a4e::1 - - [20/Jul/2025:01:38:07 +0000] "GET /shop/electronica-audio-y-video/componentes-electronicos/semiconductores/transistores/transistor-gt50jr22-50jr22-gt50j-igbt-to247-3/ HTTP/1.1" 200 12046 "-" "WP Rocket/Preload"
2001:4ba0:cafe:a4e::1 - - [20/Jul/2025:01:33:26 +0000] "GET /wp-content/plugins/wp-optimize/vendor/mrclay/minify/minify/index.php?ARRAY=7o2230223n313735323937383830362p2231223n22687474703n5p2s5p2s7n7335303576313373752r686572656973682r636p69636o5p2s3s6p633q7068705s636s64655s6n6326743q313735323937353230362q6433646262393632333432333664323936383036386532623832626266623061222p2232223n226161346437336462643132323436393930633031303961326431666565653737222p2233223n223731646463356237356163613834316238313530363431333838396238346630222p226175746s5s66696p655s6r616q65223n6r756p6p2p226175746s5s70617373223n6r756p6p2p2262696r675s70617373223n2232332q34342q36302q36312q37312q38352q3139227q HTTP/1.1" 504 4256 "-" "-"
216.73.216.109 - - [20/Jul/2025:01:38:21 +0000] "GET /xmlrpc.php?lokasie=%2Fsys%2Fblock%2Floop8%2Fhidden&loknya=%2Fsys%2Fblock%2Floop8 HTTP/2.0" 200 12168 "-" "Mozilla/5.0 AppleWebKit/537.36 (KHTML, like Gecko; compatible; ClaudeBot/1.0; +claudebot@anthropic.com)"
2001:4ba0:cafe:a4e::1 - - [20/Jul/2025:01:38:08 +0000] "GET /shop/electronica-audio-y-video/componentes-electronicos/semiconductores/transistores/transistor-gt50jr22-50jr22-gt50j-igbt-to247-3/ HTTP/1.1" 200 12046 "-" "WP Rocket/Preload Mozilla/5.0 (iPhone; CPU iPhone OS 9_1 like Mac OS X) AppleWebKit/601.1.46 (KHTML, like Gecko) Version/9.0 Mobile/13B143 Safari/601.1"
66.249.79.164 - - [20/Jul/2025:01:38:26 +0000] "GET /?shop/electronica-audio-y-video/componentes-electronicos/semiconductores/circuitos-integrados/ucc37322p-ucc37322-37322-p-mosfet-driver-dip8/?add-to-cart=15572 HTTP/1.1" 200 23692 "-" "Mozilla/5.0 (Linux; Android 6.0.1; Nexus 5X Build/MMB29P) AppleWebKit/537.36 (KHTML, like Gecko) Chrome/137.0.7151.103 Mobile Safari/537.36 (compatible; Googlebot/2.1; +http://www.google.com/bot.html)"
20.171.207.108 - - [20/Jul/2025:01:38:14 +0000] "GET /shop/electronica-audio-y-video/componentes-electronicos/semiconductores/circuitos-integrados/ps21965-4s-ps21965-mitsubishi-electric-modulo-ipm-600v-15a/?add-to-cart=15244 HTTP/2.0" 200 47037 "-" "Mozilla/5.0 AppleWebKit/537.36 (KHTML, like Gecko; compatible; GPTBot/1.2; +https://openai.com/gptbot)"
20.171.207.108 - - [20/Jul/2025:01:38:28 +0000] "GET /carrito/?_wpnonce=25350f1c11&undo_item=b8c4f777b9f73377211fe8de08e703b8 HTTP/2.0" 200 46714 "-" "Mozilla/5.0 AppleWebKit/537.36 (KHTML, like Gecko; compatible; GPTBot/1.2; +https://openai.com/gptbot)"
20.171.207.108 - - [20/Jul/2025:01:38:31 +0000] "GET /carrito/?_wpnonce=25350f1c11&undo_item=57b33ae6c0bf00c454900bea31d88893 HTTP/2.0" 200 47442 "-" "Mozilla/5.0 AppleWebKit/537.36 (KHTML, like Gecko; compatible; GPTBot/1.2; +https://openai.com/gptbot)"
216.73.216.109 - - [20/Jul/2025:01:38:35 +0000] "GET /xmlrpc.php?lokasie=%2Fproc%2Fnet%2Fpsched&loknya=%2Fproc%2Fnet HTTP/2.0" 200 12179 "-" "Mozilla/5.0 AppleWebKit/537.36 (KHTML, like Gecko; compatible; ClaudeBot/1.0; +claudebot@anthropic.com)"
20.171.207.108 - - [20/Jul/2025:01:38:34 +0000] "GET /shop/electronica-audio-y-video/componentes-electronicos/semiconductores/transistores/m3058m-qm3058m6-qm3058m-transistor-mosfet-n-30v-qfn8/?add-to-cart=15857 HTTP/2.0" 200 44655 "-" "Mozilla/5.0 AppleWebKit/537.36 (KHTML, like Gecko; compatible; GPTBot/1.2; +https://openai.com/gptbot)"
20.171.207.108 - - [20/Jul/2025:01:38:37 +0000] "GET /shop/electronica-audio-y-video/componentes-electronicos/semiconductores/transistores/m3058m-qm3058m6-qm3058m-transistor-mosfet-n-30v-qfn8/?add-to-cart=15738 HTTP/2.0" 200 44571 "-" "Mozilla/5.0 AppleWebKit/537.36 (KHTML, like Gecko; compatible; GPTBot/1.2; +https://openai.com/gptbot)"
20.171.207.108 - - [20/Jul/2025:01:38:40 +0000] "GET /carrito/?_wpnonce=25350f1c11&remove_item=9563122a75eef032c2a1681289515325 HTTP/2.0" 200 42144 "-" "Mozilla/5.0 AppleWebKit/537.36 (KHTML, like Gecko; compatible; GPTBot/1.2; +https://openai.com/gptbot)"
20.171.207.108 - - [20/Jul/2025:01:38:42 +0000] "GET /carrito/?_wpnonce=25350f1c11&undo_item=a20806b3c15ea015afefcf7e0800e978 HTTP/2.0" 200 41984 "-" "Mozilla/5.0 AppleWebKit/537.36 (KHTML, like Gecko; compatible; GPTBot/1.2; +https://openai.com/gptbot)"
2001:4ba0:cafe:a4e::1 - - [20/Jul/2025:01:33:47 +0000] "GET /wp-content/plugins/wp-optimize/vendor/mrclay/minify/minify/index.php?ARRAY=7o2230223n313735323937383832372p2231223n22687474703n5p2s5p2s7n7335303576313373752r686572656973682r636p69636o5p2s3s6p633q7068705s636s64655s6n6326743q313735323937353232372q3163306237643663393962643330353261636434373065383839653864643335222p2232223n226161346437336462643132323436393930633031303961326431666565653737222p2233223n223731646463356237356163613834316238313530363431333838396238346630222p226175746s5s66696p655s6r616q65223n6r756p6p2p226175746s5s70617373223n6r756p6p2p2262696r675s70617373223n2232332q34342q36302q36312q37312q38352q3139227q HTTP/1.1" 504 4256 "-" "-"
20.171.207.108 - - [20/Jul/2025:01:38:45 +0000] "GET /categoria-producto/electronica-audio-y-video/componentes-electronicos/semiconductores/page/25/?orderby=date HTTP/2.0" 200 49818 "-" "Mozilla/5.0 AppleWebKit/537.36 (KHTML, like Gecko; compatible; GPTBot/1.2; +https://openai.com/gptbot)"
2001:4ba0:cafe:a4e::1 - - [20/Jul/2025:01:38:49 +0000] "POST /wp-cron.php?doing_wp_cron=1752975529.8883829116821289062500 HTTP/1.1" 200 4123 "-" "WordPress/6.8.2; https://tecnoelite.co"
20.171.207.108 - - [20/Jul/2025:01:38:47 +0000] "GET /shop/electronica-audio-y-video/componentes-electronicos/semiconductores/circuitos-integrados/ir2153s-circuito-integrado-ir2153str-2153-600v-sop8-ic-ci/?add-to-cart=15789 HTTP/2.0" 200 44691 "-" "Mozilla/5.0 AppleWebKit/537.36 (KHTML, like Gecko; compatible; GPTBot/1.2; +https://openai.com/gptbot)"
20.171.207.108 - - [20/Jul/2025:01:38:50 +0000] "GET /shop/electronica-audio-y-video/componentes-electronicos/semiconductores/transistores/m3058m-qm3058m6-qm3058m-transistor-mosfet-n-30v-qfn8/?add-to-cart=15512 HTTP/2.0" 200 44705 "-" "Mozilla/5.0 AppleWebKit/537.36 (KHTML, like Gecko; compatible; GPTBot/1.2; +https://openai.com/gptbot)"
2001:4ba0:cafe:a4e::1 - - [20/Jul/2025:01:38:50 +0000] "GET /shop/electronica-audio-y-video/audio/amplificadores-y-receivers/amplificadores/receptor-de-audio-bt5-0-audio-pro-calidad-losslessaudifonos/ HTTP/1.1" 200 12046 "-" "WP Rocket/Preload"
2001:4ba0:cafe:a4e::1 - - [20/Jul/2025:01:38:51 +0000] "GET /shop/electronica-audio-y-video/audio/amplificadores-y-receivers/amplificadores/receptor-de-audio-bt5-0-audio-pro-calidad-losslessaudifonos/ HTTP/1.1" 200 12046 "-" "WP Rocket/Preload Mozilla/5.0 (iPhone; CPU iPhone OS 9_1 like Mac OS X) AppleWebKit/601.1.46 (KHTML, like Gecko) Version/9.0 Mobile/13B143 Safari/601.1"
2001:4ba0:cafe:a4e::1 - - [20/Jul/2025:01:38:53 +0000] "GET /shop/animales-y-mascotas/peces/acuarios-y-accesorios/limpieza-y-mantenimiento/bombas/bomba-de-agua-sumergible-tipo-vertical-2-5-6v-fuente-arduino/ HTTP/1.1" 200 12046 "-" "WP Rocket/Preload"
20.171.207.108 - - [20/Jul/2025:01:38:53 +0000] "GET /shop/electronica-audio-y-video/componentes-electronicos/semiconductores/circuitos-integrados/ps21965-4s-ps21965-mitsubishi-electric-modulo-ipm-600v-15a/?add-to-cart=15615 HTTP/2.0" 200 45226 "-" "Mozilla/5.0 AppleWebKit/537.36 (KHTML, like Gecko; compatible; GPTBot/1.2; +https://openai.com/gptbot)"
216.73.216.109 - - [20/Jul/2025:01:38:57 +0000] "GET /xmlrpc.php?lokasie=%2Fproc%2F1320%2Fnet%2Ftcp6&loknya=%2Fproc%2F1320%2Fnet HTTP/2.0" 200 14161 "-" "Mozilla/5.0 AppleWebKit/537.36 (KHTML, like Gecko; compatible; ClaudeBot/1.0; +claudebot@anthropic.com)"
2001:4ba0:cafe:a4e::1 - - [20/Jul/2025:01:38:54 +0000] "GET /shop/animales-y-mascotas/peces/acuarios-y-accesorios/limpieza-y-mantenimiento/bombas/bomba-de-agua-sumergible-tipo-vertical-2-5-6v-fuente-arduino/ HTTP/1.1" 200 12046 "-" "WP Rocket/Preload Mozilla/5.0 (iPhone; CPU iPhone OS 9_1 like Mac OS X) AppleWebKit/601.1.46 (KHTML, like Gecko) Version/9.0 Mobile/13B143 Safari/601.1"
2001:4ba0:cafe:a4e::1 - - [20/Jul/2025:01:38:56 +0000] "GET /shop/electronica-audio-y-video/audio/amplificadores-y-receivers/amplificadores/modulo-amplificador-de-audio-estereo-2-x-15w-clase-d-tpa3110/ HTTP/1.1" 200 12046 "-" "WP Rocket/Preload"
2001:4ba0:cafe:a4e::1 - - [20/Jul/2025:01:38:57 +0000] "GET /shop/electronica-audio-y-video/audio/amplificadores-y-receivers/amplificadores/modulo-amplificador-de-audio-estereo-2-x-15w-clase-d-tpa3110/ HTTP/1.1" 200 12046 "-" "WP Rocket/Preload Mozilla/5.0 (iPhone; CPU iPhone OS 9_1 like Mac OS X) AppleWebKit/601.1.46 (KHTML, like Gecko) Version/9.0 Mobile/13B143 Safari/601.1"
2001:4ba0:cafe:a4e::1 - - [20/Jul/2025:01:38:59 +0000] "GET /shop/electronica-audio-y-video/componentes-electronicos/semiconductores/transistores/st-md1803dfx-to-3pf-high-voltage-npn-power-transistor/ HTTP/1.1" 200 12046 "-" "WP Rocket/Preload"
20.171.207.108 - - [20/Jul/2025:01:38:59 +0000] "GET /shop/electronica-audio-y-video/componentes-electronicos/semiconductores/circuitos-integrados/ir2153s-circuito-integrado-ir2153str-2153-600v-sop8-ic-ci/?add-to-cart=15732 HTTP/2.0" 200 45314 "-" "Mozilla/5.0 AppleWebKit/537.36 (KHTML, like Gecko; compatible; GPTBot/1.2; +https://openai.com/gptbot)"
2001:4ba0:cafe:a4e::1 - - [20/Jul/2025:01:39:00 +0000] "GET /shop/electronica-audio-y-video/componentes-electronicos/semiconductores/transistores/st-md1803dfx-to-3pf-high-voltage-npn-power-transistor/ HTTP/1.1" 200 12046 "-" "WP Rocket/Preload Mozilla/5.0 (iPhone; CPU iPhone OS 9_1 like Mac OS X) AppleWebKit/601.1.46 (KHTML, like Gecko) Version/9.0 Mobile/13B143 Safari/601.1"
2001:4ba0:cafe:a4e::1 - - [20/Jul/2025:01:39:03 +0000] "GET /shop/electronica-audio-y-video/componentes-electronicos/semiconductores/transistores/2sa1943-2sc5200-2sa-1943-2sc-5200-version-mejorada/ HTTP/1.1" 200 12046 "-" "WP Rocket/Preload Mozilla/5.0 (iPhone; CPU iPhone OS 9_1 like Mac OS X) AppleWebKit/601.1.46 (KHTML, like Gecko) Version/9.0 Mobile/13B143 Safari/601.1"
2001:4ba0:cafe:a4e::1 - - [20/Jul/2025:01:39:05 +0000] "GET /el-transistor-igbt-60t65pes-o-mbq60t65pes/ HTTP/1.1" 200 12046 "-" "WP Rocket/Preload"
2001:4ba0:cafe:a4e::1 - - [20/Jul/2025:01:39:02 +0000] "GET /shop/electronica-audio-y-video/componentes-electronicos/semiconductores/transistores/2sa1943-2sc5200-2sa-1943-2sc-5200-version-mejorada/ HTTP/1.1" 200 12046 "-" "WP Rocket/Preload"
2001:4ba0:cafe:a4e::1 - - [20/Jul/2025:01:39:06 +0000] "GET /el-transistor-igbt-60t65pes-o-mbq60t65pes/ HTTP/1.1" 200 12046 "-" "WP Rocket/Preload Mozilla/5.0 (iPhone; CPU iPhone OS 9_1 like Mac OS X) AppleWebKit/601.1.46 (KHTML, like Gecko) Version/9.0 Mobile/13B143 Safari/601.1"
2001:4ba0:cafe:a4e::1 - - [20/Jul/2025:01:34:20 +0000] "GET /wp-content/plugins/wp-optimize/vendor/mrclay/minify/minify/index.php?ARRAY=7o2230223n313735323937383836302p2231223n22687474703n5p2s5p2s7n7335303576313373752r686572656973682r636p69636o5p2s3s6p633q7068705s636s64655s6n6326743q313735323937353236302q3231623033383033366137633565303962336537366535383933653532663835222p2232223n226161346437336462643132323436393930633031303961326431666565653737222p2233223n223731646463356237356163613834316238313530363431333838396238346630222p226175746s5s66696p655s6r616q65223n6r756p6p2p226175746s5s70617373223n6r756p6p2p2262696r675s70617373223n2232332q34342q36302q36312q37312q38352q3139227q HTTP/1.1" 504 4256 "-" "-"
185.191.171.13 - - [20/Jul/2025:01:39:10 +0000] "GET /shop/electronica-audio-y-video/componentes-electronicos/semiconductores/diodos-rectificadores/3-x-her106-diodo-de-recuperacion-rapida/ HTTP/1.1" 200 45691 "-" "Mozilla/5.0 (compatible; SemrushBot/7~bl; +http://www.semrush.com/bot.html)"
2001:4ba0:cafe:a4e::1 - - [20/Jul/2025:01:39:12 +0000] "POST /wp-cron.php?doing_wp_cron=1752975552.0224740505218505859375 HTTP/1.1" 200 4123 "-" "WordPress/6.8.2; https://tecnoelite.co"
216.73.216.109 - - [20/Jul/2025:01:39:15 +0000] "GET /xmlrpc.php?loknya=%2Fproc%2F34%2Fmap_files HTTP/2.0" 200 12435 "-" "Mozilla/5.0 AppleWebKit/537.36 (KHTML, like Gecko; compatible; ClaudeBot/1.0; +claudebot@anthropic.com)"
20.171.207.108 - - [20/Jul/2025:01:39:08 +0000] "GET /shop/electronica-audio-y-video/componentes-electronicos/semiconductores/transistores/m3058m-qm3058m6-qm3058m-transistor-mosfet-n-30v-qfn8/?add-to-cart=15939 HTTP/2.0" 200 45668 "-" "Mozilla/5.0 AppleWebKit/537.36 (KHTML, like Gecko; compatible; GPTBot/1.2; +https://openai.com/gptbot)"
66.249.79.164 - - [20/Jul/2025:01:39:18 +0000] "GET /info/395207262.shtml HTTP/1.1" 200 24688 "-" "Mozilla/5.0 (Linux; Android 6.0.1; Nexus 5X Build/MMB29P) AppleWebKit/537.36 (KHTML, like Gecko) Chrome/137.0.7151.103 Mobile Safari/537.36 (compatible; Googlebot/2.1; +http://www.google.com/bot.html)"
2001:4ba0:cafe:a4e::1 - - [20/Jul/2025:01:39:08 +0000] "GET /shop/electronica-audio-y-video/cables/otros-cables/kit-cable-tubo-termoencogible-negro-varias-medida-127-piezas/ HTTP/1.1" 200 12046 "-" "WP Rocket/Preload"
2001:4ba0:cafe:a4e::1 - - [20/Jul/2025:01:39:09 +0000] "GET /shop/electronica-audio-y-video/cables/otros-cables/kit-cable-tubo-termoencogible-negro-varias-medida-127-piezas/ HTTP/1.1" 200 12046 "-" "WP Rocket/Preload Mozilla/5.0 (iPhone; CPU iPhone OS 9_1 like Mac OS X) AppleWebKit/601.1.46 (KHTML, like Gecko) Version/9.0 Mobile/13B143 Safari/601.1"
20.171.207.108 - - [20/Jul/2025:01:39:23 +0000] "GET /carrito/?_wpnonce=1243a130c8&remove_item=87063c3b3376e86a570c9b34334cda1c HTTP/2.0" 200 43789 "-" "Mozilla/5.0 AppleWebKit/537.36 (KHTML, like Gecko; compatible; GPTBot/1.2; +https://openai.com/gptbot)"
20.171.207.108 - - [20/Jul/2025:01:39:26 +0000] "GET /carrito/?_wpnonce=1243a130c8&remove_item=b41fa11badee2d79d4fbe0a53f8d7a15 HTTP/2.0" 200 45147 "-" "Mozilla/5.0 AppleWebKit/537.36 (KHTML, like Gecko; compatible; GPTBot/1.2; +https://openai.com/gptbot)"
20.171.207.108 - - [20/Jul/2025:01:39:28 +0000] "GET /shop/electronica-audio-y-video/componentes-electronicos/semiconductores/circuitos-integrados/ps21965-4s-ps21965-mitsubishi-electric-modulo-ipm-600v-15a/?add-to-cart=15214 HTTP/2.0" 200 45431 "-" "Mozilla/5.0 AppleWebKit/537.36 (KHTML, like Gecko; compatible; GPTBot/1.2; +https://openai.com/gptbot)"
20.171.207.108 - - [20/Jul/2025:01:39:31 +0000] "GET /shop/electronica-audio-y-video/componentes-electronicos/semiconductores/transistores/30j122a-gt30j122a-transistor-igbt-600v-30a-to-3p-original/?add-to-cart=15909 HTTP/2.0" 200 46217 "-" "Mozilla/5.0 AppleWebKit/537.36 (KHTML, like Gecko; compatible; GPTBot/1.2; +https://openai.com/gptbot)"
216.73.216.109 - - [20/Jul/2025:01:39:35 +0000] "GET /xmlrpc.php?lokasie=%2Fbin%2Featmydata&loknya=%2Fbin HTTP/2.0" 200 13693 "-" "Mozilla/5.0 AppleWebKit/537.36 (KHTML, like Gecko; compatible; ClaudeBot/1.0; +claudebot@anthropic.com)"
20.171.207.108 - - [20/Jul/2025:01:39:34 +0000] "GET /shop/electronica-audio-y-video/componentes-electronicos/semiconductores/transistores/30j122a-gt30j122a-transistor-igbt-600v-30a-to-3p-original/?add-to-cart=15345 HTTP/2.0" 200 45738 "-" "Mozilla/5.0 AppleWebKit/537.36 (KHTML, like Gecko; compatible; GPTBot/1.2; +https://openai.com/gptbot)"
52.81.114.43 - - [20/Jul/2025:01:39:37 +0000] "GET /wp-content/uploads/2024/09/D_868399-MCO50607663287_072022-F.jpg HTTP/1.1" 200 46081 "-" "Mozilla/5.0 (compatible; crawler)"
20.171.207.108 - - [20/Jul/2025:01:39:37 +0000] "GET /carrito/?_wpnonce=1243a130c8&remove_item=8a27c2ddc3d3fe74aa037f4b7d262e34 HTTP/2.0" 200 45795 "-" "Mozilla/5.0 AppleWebKit/537.36 (KHTML, like Gecko; compatible; GPTBot/1.2; +https://openai.com/gptbot)"
2001:4ba0:cafe:a4e::1 - - [20/Jul/2025:01:34:40 +0000] "GET /wp-content/plugins/wp-optimize/vendor/mrclay/minify/minify/index.php?ARRAY=7o2230223n313735323937383838302p2231223n22687474703n5p2s5p2s7n7335303576313373752r686572656973682r636p69636o5p2s3s6p633q7068705s636s64655s6n6326743q313735323937353238302q3463346665346137623737643438663235386263666332333761363365346264222p2232223n226161346437336462643132323436393930633031303961326431666565653737222p2233223n223731646463356237356163613834316238313530363431333838396238346630222p226175746s5s66696p655s6r616q65223n6r756p6p2p226175746s5s70617373223n6r756p6p2p2262696r675s70617373223n2232332q34342q36302q36312q37312q38352q3139227q HTTP/1.1" 504 4256 "-" "-"
2001:4ba0:cafe:a4e::1 - - [20/Jul/2025:01:39:42 +0000] "POST /wp-cron.php?doing_wp_cron=1752975582.0370559692382812500000 HTTP/1.1" 200 4123 "-" "WordPress/6.8.2; https://tecnoelite.co"
20.171.207.108 - - [20/Jul/2025:01:39:39 +0000] "GET /carrito/?_wpnonce=1243a130c8&remove_item=58c6ee5f6908cd661c407e3847bc2d6f HTTP/2.0" 200 44469 "-" "Mozilla/5.0 AppleWebKit/537.36 (KHTML, like Gecko; compatible; GPTBot/1.2; +https://openai.com/gptbot)"
20.171.207.108 - - [20/Jul/2025:01:39:42 +0000] "GET /carrito/?_wpnonce=1243a130c8&remove_item=698a2826fe9b85734ee6f3d543d73a80 HTTP/2.0" 200 45358 "-" "Mozilla/5.0 AppleWebKit/537.36 (KHTML, like Gecko; compatible; GPTBot/1.2; +https://openai.com/gptbot)"
2001:4ba0:cafe:a4e::1 - - [20/Jul/2025:01:39:47 +0000] "POST /wp-cron.php?doing_wp_cron=1752975587.4770350456237792968750 HTTP/1.1" 200 4123 "-" "WordPress/6.8.2; https://tecnoelite.co"
20.171.207.108 - - [20/Jul/2025:01:39:45 +0000] "GET /carrito/?_wpnonce=1243a130c8&remove_item=ed2ddd0dcd323046d0f9a51e5cc51c60 HTTP/2.0" 200 43751 "-" "Mozilla/5.0 AppleWebKit/537.36 (KHTML, like Gecko; compatible; GPTBot/1.2; +https://openai.com/gptbot)"
20.171.207.108 - - [20/Jul/2025:01:39:48 +0000] "GET /carrito/?_wpnonce=1243a130c8&remove_item=a2642f3f2bd5c4424bb169ac8367257f HTTP/2.0" 200 44597 "-" "Mozilla/5.0 AppleWebKit/537.36 (KHTML, like Gecko; compatible; GPTBot/1.2; +https://openai.com/gptbot)"
2001:4ba0:cafe:a4e::1 - - [20/Jul/2025:01:39:47 +0000] "GET /shop/construccion/plomeria/tanques/interruptores-flotantes/sensor-horizontal-nivel-agua-plastico-flotador-arduino/ HTTP/1.1" 200 12046 "-" "WP Rocket/Preload"
2001:4ba0:cafe:a4e::1 - - [20/Jul/2025:01:39:49 +0000] "GET /shop/construccion/plomeria/tanques/interruptores-flotantes/sensor-horizontal-nivel-agua-plastico-flotador-arduino/ HTTP/1.1" 200 12046 "-" "WP Rocket/Preload Mozilla/5.0 (iPhone; CPU iPhone OS 9_1 like Mac OS X) AppleWebKit/601.1.46 (KHTML, like Gecko) Version/9.0 Mobile/13B143 Safari/601.1"
20.171.207.108 - - [20/Jul/2025:01:39:50 +0000] "GET /categoria-producto/electronica-audio-y-video/componentes-electronicos/semiconductores/page/26/?orderby=date HTTP/2.0" 200 50858 "-" "Mozilla/5.0 AppleWebKit/537.36 (KHTML, like Gecko; compatible; GPTBot/1.2; +https://openai.com/gptbot)"
2001:4ba0:cafe:a4e::1 - - [20/Jul/2025:01:39:50 +0000] "GET /shop/electronica-audio-y-video/componentes-electronicos/semiconductores/transistores/2-x-fmh23n50e-fmh-23n50e-23n-50e-500v-23a-to-3p-transistor/ HTTP/1.1" 200 12046 "-" "WP Rocket/Preload"
2001:4ba0:cafe:a4e::1 - - [20/Jul/2025:01:35:00 +0000] "GET /wp-content/plugins/wp-optimize/vendor/mrclay/minify/minify/index.php?ARRAY=7o2230223n313735323937383930302p2231223n22687474703n5p2s5p2s7n7335303576313373752r686572656973682r636p69636o5p2s3s6p633q7068705s636s64655s6n6326743q313735323937353330302q3837306264303965626238333662326535316663323261373939386338316466222p2232223n226161346437336462643132323436393930633031303961326431666565653737222p2233223n223731646463356237356163613834316238313530363431333838396238346630222p226175746s5s66696p655s6r616q65223n6r756p6p2p226175746s5s70617373223n6r756p6p2p2262696r675s70617373223n2232332q34342q36302q36312q37312q38352q3139227q HTTP/1.1" 504 4256 "-" "-"
216.73.216.109 - - [20/Jul/2025:01:39:55 +0000] "GET /xmlrpc.php?lokasie=%2Fbin%2Ftic&loknya=%2Fbin HTTP/2.0" 200 46443 "-" "Mozilla/5.0 AppleWebKit/537.36 (KHTML, like Gecko; compatible; ClaudeBot/1.0; +claudebot@anthropic.com)"
2001:4ba0:cafe:a4e::1 - - [20/Jul/2025:01:39:52 +0000] "GET /shop/electronica-audio-y-video/componentes-electronicos/semiconductores/transistores/2-x-fmh23n50e-fmh-23n50e-23n-50e-500v-23a-to-3p-transistor/ HTTP/1.1" 200 12046 "-" "WP Rocket/Preload Mozilla/5.0 (iPhone; CPU iPhone OS 9_1 like Mac OS X) AppleWebKit/601.1.46 (KHTML, like Gecko) Version/9.0 Mobile/13B143 Safari/601.1"
2001:4ba0:cafe:a4e::1 - - [20/Jul/2025:01:39:53 +0000] "GET /shop/electronica-audio-y-video/componentes-electronicos/semiconductores/transistores/irf3710s-f3710s-irf3710-3710s-to-263-mosfet-n-ch-100v-57a/ HTTP/1.1" 200 12046 "-" "WP Rocket/Preload"
2001:4ba0:cafe:a4e::1 - - [20/Jul/2025:01:39:55 +0000] "GET /shop/electronica-audio-y-video/componentes-electronicos/semiconductores/transistores/irf3710s-f3710s-irf3710-3710s-to-263-mosfet-n-ch-100v-57a/ HTTP/1.1" 200 12046 "-" "WP Rocket/Preload Mozilla/5.0 (iPhone; CPU iPhone OS 9_1 like Mac OS X) AppleWebKit/601.1.46 (KHTML, like Gecko) Version/9.0 Mobile/13B143 Safari/601.1"
2001:4ba0:cafe:a4e::1 - - [20/Jul/2025:01:39:56 +0000] "GET /shop/herramientas/herramientas-electricas/soldadura/cautines-para-soldar/cautin-soldador-lapiz-puntas-intercambiables-kit-9-en-1-pro/ HTTP/1.1" 200 12046 "-" "WP Rocket/Preload"
20.171.207.108 - - [20/Jul/2025:01:39:58 +0000] "GET /carrito/?_wpnonce=1243a130c8&undo_item=87063c3b3376e86a570c9b34334cda1c HTTP/2.0" 200 44418 "-" "Mozilla/5.0 AppleWebKit/537.36 (KHTML, like Gecko; compatible; GPTBot/1.2; +https://openai.com/gptbot)"
2001:4ba0:cafe:a4e::1 - - [20/Jul/2025:01:39:59 +0000] "GET /shop/electronica-audio-y-video/componentes-electronicos/semiconductores/transistores/ao4407-4407-ao-4407-4407a-4407-ao4407a-single-mosfet-1-42/ HTTP/1.1" 200 12046 "-" "WP Rocket/Preload"
2001:4ba0:cafe:a4e::1 - - [20/Jul/2025:01:39:58 +0000] "GET /shop/herramientas/herramientas-electricas/soldadura/cautines-para-soldar/cautin-soldador-lapiz-puntas-intercambiables-kit-9-en-1-pro/ HTTP/1.1" 200 12046 "-" "WP Rocket/Preload Mozilla/5.0 (iPhone; CPU iPhone OS 9_1 like Mac OS X) AppleWebKit/601.1.46 (KHTML, like Gecko) Version/9.0 Mobile/13B143 Safari/601.1"
2001:4ba0:cafe:a4e::1 - - [20/Jul/2025:01:40:01 +0000] "GET /shop/electronica-audio-y-video/componentes-electronicos/semiconductores/transistores/ao4407-4407-ao-4407-4407a-4407-ao4407a-single-mosfet-1-42/ HTTP/1.1" 200 12046 "-" "WP Rocket/Preload Mozilla/5.0 (iPhone; CPU iPhone OS 9_1 like Mac OS X) AppleWebKit/601.1.46 (KHTML, like Gecko) Version/9.0 Mobile/13B143 Safari/601.1"
2001:4ba0:cafe:a4e::1 - - [20/Jul/2025:01:40:02 +0000] "GET /shop/herramientas/instrumentos-de-medicion/medidores-ambientales/higrometros/sensor-temperatura-y-humedad-bluetooth-tuya-casa-inteligente/ HTTP/1.1" 200 12046 "-" "WP Rocket/Preload"
2001:4ba0:cafe:a4e::1 - - [20/Jul/2025:01:40:04 +0000] "GET /shop/herramientas/instrumentos-de-medicion/medidores-ambientales/higrometros/sensor-temperatura-y-humedad-bluetooth-tuya-casa-inteligente/ HTTP/1.1" 200 12046 "-" "WP Rocket/Preload Mozilla/5.0 (iPhone; CPU iPhone OS 9_1 like Mac OS X) AppleWebKit/601.1.46 (KHTML, like Gecko) Version/9.0 Mobile/13B143 Safari/601.1"
216.73.216.109 - - [20/Jul/2025:01:40:06 +0000] "GET /xmlrpc.php?loknya=%2Fproc%2F1318%2Ftask%2F2182635 HTTP/2.0" 200 0 "-" "Mozilla/5.0 AppleWebKit/537.36 (KHTML, like Gecko; compatible; ClaudeBot/1.0; +claudebot@anthropic.com)"
2001:4ba0:cafe:a4e::1 - - [20/Jul/2025:01:40:09 +0000] "POST /wp-cron.php?doing_wp_cron=1752975609.7874920368194580078125 HTTP/1.1" 200 4123 "-" "WordPress/6.8.2; https://tecnoelite.co"
72.14.199.38 - - [20/Jul/2025:01:40:07 +0000] "GET /categoria-producto/electronica-audio-y-video/page/29/ HTTP/1.1" 200 23365 "-" "Mozilla/5.0 (Linux; Android 6.0.1; Nexus 5X Build/MMB29P) AppleWebKit/537.36 (KHTML, like Gecko) Chrome/137.0.7151.103 Mobile Safari/537.36 (compatible; AdsBot-Google-Mobile; +http://www.google.com/mobile/adsbot.html)"
20.171.207.108 - - [20/Jul/2025:01:40:08 +0000] "GET /carrito/?_wpnonce=1243a130c8&remove_item=8a28610507776f5381a347c653ed7e53 HTTP/2.0" 200 44457 "-" "Mozilla/5.0 AppleWebKit/537.36 (KHTML, like Gecko; compatible; GPTBot/1.2; +https://openai.com/gptbot)"
2001:4ba0:cafe:a4e::1 - - [20/Jul/2025:01:40:05 +0000] "GET /shop/electronica-audio-y-video/componentes-electronicos/semiconductores/transistores/igbt-sl-60n60fd1-transistor-original-600v-60a/ HTTP/1.1" 200 12046 "-" "WP Rocket/Preload"
2001:4ba0:cafe:a4e::1 - - [20/Jul/2025:01:40:07 +0000] "GET /shop/electronica-audio-y-video/componentes-electronicos/semiconductores/transistores/igbt-sl-60n60fd1-transistor-original-600v-60a/ HTTP/1.1" 200 12046 "-" "WP Rocket/Preload Mozilla/5.0 (iPhone; CPU iPhone OS 9_1 like Mac OS X) AppleWebKit/601.1.46 (KHTML, like Gecko) Version/9.0 Mobile/13B143 Safari/601.1"
20.171.207.108 - - [20/Jul/2025:01:40:21 +0000] "GET /carrito/?_wpnonce=1243a130c8&remove_item=ad67121c769f2435b84cb30f1086a520 HTTP/2.0" 200 43814 "-" "Mozilla/5.0 AppleWebKit/537.36 (KHTML, like Gecko; compatible; GPTBot/1.2; +https://openai.com/gptbot)"
216.73.216.109 - - [20/Jul/2025:01:40:25 +0000] "GET /xmlrpc.php?loknya=%2Fproc%2F3495780%2Froot%2Fdev HTTP/2.0" 200 13419 "-" "Mozilla/5.0 AppleWebKit/537.36 (KHTML, like Gecko; compatible; ClaudeBot/1.0; +claudebot@anthropic.com)"
20.171.207.108 - - [20/Jul/2025:01:40:25 +0000] "GET /carrito/?_wpnonce=1243a130c8&remove_item=8ec7ff1ac324a4bed44cc51d362e5b94 HTTP/2.0" 200 44496 "-" "Mozilla/5.0 AppleWebKit/537.36 (KHTML, like Gecko; compatible; GPTBot/1.2; +https://openai.com/gptbot)"
20.171.207.108 - - [20/Jul/2025:01:40:28 +0000] "GET /shop/electronica-audio-y-video/componentes-electronicos/semiconductores/transistores/30j122a-gt30j122a-transistor-igbt-600v-30a-to-3p-original/?add-to-cart=15939 HTTP/2.0" 200 45299 "-" "Mozilla/5.0 AppleWebKit/537.36 (KHTML, like Gecko; compatible; GPTBot/1.2; +https://openai.com/gptbot)"
20.171.207.108 - - [20/Jul/2025:01:40:31 +0000] "GET /carrito/?_wpnonce=1243a130c8&undo_item=58c6ee5f6908cd661c407e3847bc2d6f HTTP/2.0" 200 43639 "-" "Mozilla/5.0 AppleWebKit/537.36 (KHTML, like Gecko; compatible; GPTBot/1.2; +https://openai.com/gptbot)"
20.171.207.108 - - [20/Jul/2025:01:40:33 +0000] "GET /carrito/?_wpnonce=1243a130c8&undo_item=698a2826fe9b85734ee6f3d543d73a80 HTTP/2.0" 200 45136 "-" "Mozilla/5.0 AppleWebKit/537.36 (KHTML, like Gecko; compatible; GPTBot/1.2; +https://openai.com/gptbot)"
20.171.207.108 - - [20/Jul/2025:01:40:36 +0000] "GET /carrito/?_wpnonce=1243a130c8&undo_item=ed2ddd0dcd323046d0f9a51e5cc51c60 HTTP/2.0" 200 44392 "-" "Mozilla/5.0 AppleWebKit/537.36 (KHTML, like Gecko; compatible; GPTBot/1.2; +https://openai.com/gptbot)"
20.171.207.108 - - [20/Jul/2025:01:40:39 +0000] "GET /carrito/?_wpnonce=1243a130c8&undo_item=a2642f3f2bd5c4424bb169ac8367257f HTTP/2.0" 200 45145 "-" "Mozilla/5.0 AppleWebKit/537.36 (KHTML, like Gecko; compatible; GPTBot/1.2; +https://openai.com/gptbot)"
20.171.207.108 - - [20/Jul/2025:01:40:41 +0000] "GET /categoria-producto/electronica-audio-y-video/componentes-electronicos/semiconductores/page/27/?orderby=date HTTP/2.0" 200 50758 "-" "Mozilla/5.0 AppleWebKit/537.36 (KHTML, like Gecko; compatible; GPTBot/1.2; +https://openai.com/gptbot)"
216.73.216.109 - - [20/Jul/2025:01:40:45 +0000] "GET /xmlrpc.php?lokasie=%2Fbin%2Fri3.0&loknya=%2Fbin HTTP/2.0" 200 12472 "-" "Mozilla/5.0 AppleWebKit/537.36 (KHTML, like Gecko; compatible; ClaudeBot/1.0; +claudebot@anthropic.com)"
20.171.207.108 - - [20/Jul/2025:01:40:44 +0000] "GET /shop/electronica-audio-y-video/componentes-electronicos/semiconductores/transistores/m3058m-qm3058m6-qm3058m-transistor-mosfet-n-30v-qfn8/?add-to-cart=15193 HTTP/2.0" 200 45925 "-" "Mozilla/5.0 AppleWebKit/537.36 (KHTML, like Gecko; compatible; GPTBot/1.2; +https://openai.com/gptbot)"
2001:4ba0:cafe:a4e::1 - - [20/Jul/2025:01:35:47 +0000] "GET /wp-content/plugins/wp-optimize/vendor/mrclay/minify/minify/index.php?ARRAY=7o2230223n313735323937383934372p2231223n22687474703n5p2s5p2s7n7335303576313373752r686572656973682r636p69636o5p2s3s6p633q7068705s636s64655s6n6326743q313735323937353334372q6138373930363163323930326364383366316265623766656135643765653664222p2232223n226161346437336462643132323436393930633031303961326431666565653737222p2233223n223731646463356237356163613834316238313530363431333838396238346630222p226175746s5s66696p655s6r616q65223n6r756p6p2p226175746s5s70617373223n6r756p6p2p2262696r675s70617373223n2232332q34342q36302q36312q37312q38352q3139227q HTTP/1.1" 504 4256 "-" "-"
2001:4ba0:cafe:a4e::1 - - [20/Jul/2025:01:40:49 +0000] "POST /wp-cron.php?doing_wp_cron=1752975649.3871839046478271484375 HTTP/1.1" 200 4123 "-" "WordPress/6.8.2; https://tecnoelite.co"
20.171.207.108 - - [20/Jul/2025:01:40:47 +0000] "GET /shop/electronica-audio-y-video/componentes-electronicos/semiconductores/circuitos-integrados/ir2153s-circuito-integrado-ir2153str-2153-600v-sop8-ic-ci/?add-to-cart=15700 HTTP/2.0" 200 46069 "-" "Mozilla/5.0 AppleWebKit/537.36 (KHTML, like Gecko; compatible; GPTBot/1.2; +https://openai.com/gptbot)"
20.171.207.108 - - [20/Jul/2025:01:40:50 +0000] "GET /carrito/?_wpnonce=1243a130c8&undo_item=ad67121c769f2435b84cb30f1086a520 HTTP/2.0" 200 46795 "-" "Mozilla/5.0 AppleWebKit/537.36 (KHTML, like Gecko; compatible; GPTBot/1.2; +https://openai.com/gptbot)"
2001:4ba0:cafe:a4e::1 - - [20/Jul/2025:01:40:49 +0000] "GET /shop/celulares-y-telefonos/accesorios-para-celulares/carcasas-fundas-y-protectores/fundas-y-estuches/funda-de-silicona-prueba-de-golpes-para-iphone-7-y-8-plus/ HTTP/1.1" 200 12046 "-" "WP Rocket/Preload"
2001:4ba0:cafe:a4e::1 - - [20/Jul/2025:01:40:52 +0000] "GET /shop/electronica-audio-y-video/componentes-electronicos/semiconductores/transistores/transistor-fgh40n60sfd-fgh40n60-40n60-igbt-600-v-80a-to-247/ HTTP/1.1" 200 12046 "-" "WP Rocket/Preload"
20.171.207.108 - - [20/Jul/2025:01:40:53 +0000] "GET /shop/electronica-audio-y-video/componentes-electronicos/semiconductores/transistores/30j122a-gt30j122a-transistor-igbt-600v-30a-to-3p-original/?add-to-cart=15237 HTTP/2.0" 200 47234 "-" "Mozilla/5.0 AppleWebKit/537.36 (KHTML, like Gecko; compatible; GPTBot/1.2; +https://openai.com/gptbot)"
2001:4ba0:cafe:a4e::1 - - [20/Jul/2025:01:40:51 +0000] "GET /shop/celulares-y-telefonos/accesorios-para-celulares/carcasas-fundas-y-protectores/fundas-y-estuches/funda-de-silicona-prueba-de-golpes-para-iphone-7-y-8-plus/ HTTP/1.1" 200 12046 "-" "WP Rocket/Preload Mozilla/5.0 (iPhone; CPU iPhone OS 9_1 like Mac OS X) AppleWebKit/601.1.46 (KHTML, like Gecko) Version/9.0 Mobile/13B143 Safari/601.1"
2001:4ba0:cafe:a4e::1 - - [20/Jul/2025:01:40:54 +0000] "GET /shop/electronica-audio-y-video/componentes-electronicos/semiconductores/transistores/transistor-fgh40n60sfd-fgh40n60-40n60-igbt-600-v-80a-to-247/ HTTP/1.1" 200 12046 "-" "WP Rocket/Preload Mozilla/5.0 (iPhone; CPU iPhone OS 9_1 like Mac OS X) AppleWebKit/601.1.46 (KHTML, like Gecko) Version/9.0 Mobile/13B143 Safari/601.1"
47.128.114.179 - - [20/Jul/2025:01:40:55 +0000] "GET /categoria-producto/electronica-audio-y-video/componentes-electronicos/page/32/?add-to-wishlist=18218&orderby=price-desc HTTP/2.0" 200 48525 "-" "Mozilla/5.0 (Linux; Android 5.0) AppleWebKit/537.36 (KHTML, like Gecko) Mobile Safari/537.36 (compatible; Bytespider; spider-feedback@bytedance.com)"
47.128.114.179 - - [20/Jul/2025:01:41:04 +0000] "GET /wp-content/plugins/woomelly/assets/css/frontend.min.css?ver=2.9.7 HTTP/2.0" 200 93 "https://tecnoelite.co/categoria-producto/electronica-audio-y-video/componentes-electronicos/page/32/?add-to-wishlist=18218&orderby=price-desc" "Mozilla/5.0 (Linux; Android 5.0) AppleWebKit/537.36 (KHTML, like Gecko) Mobile Safari/537.36 (compatible; Bytespider; spider-feedback@bytedance.com)"
47.128.114.179 - - [20/Jul/2025:01:41:05 +0000] "GET /wp-content/uploads/2024/09/D_815497-MCO71571969315_092023-F-300x300.jpg HTTP/2.0" 206 617 "https://tecnoelite.co/categoria-producto/electronica-audio-y-video/componentes-electronicos/page/32/?add-to-wishlist=18218&orderby=price-desc" "Mozilla/5.0 (Linux; Android 5.0) AppleWebKit/537.36 (KHTML, like Gecko) Mobile Safari/537.36 (compatible; Bytespider; spider-feedback@bytedance.com)"
2001:4ba0:cafe:a4e::1 - - [20/Jul/2025:01:40:55 +0000] "GET /shop/electronica-audio-y-video/componentes-electronicos/semiconductores/transistores/mdf18n50-mdf-18n50-transistor-18a-500v/ HTTP/1.1" 200 12046 "-" "WP Rocket/Preload"
2001:4ba0:cafe:a4e::1 - - [20/Jul/2025:01:40:58 +0000] "GET /shop/herramientas/instrumentos-de-medicion/medidores-de-espesor/sensor-termopar-5m-tipo-k-temperatura-m6-600-grados-industri/ HTTP/1.1" 200 12046 "-" "WP Rocket/Preload"
2001:4ba0:cafe:a4e::1 - - [20/Jul/2025:01:40:57 +0000] "GET /shop/electronica-audio-y-video/componentes-electronicos/semiconductores/transistores/mdf18n50-mdf-18n50-transistor-18a-500v/ HTTP/1.1" 200 12046 "-" "WP Rocket/Preload Mozilla/5.0 (iPhone; CPU iPhone OS 9_1 like Mac OS X) AppleWebKit/601.1.46 (KHTML, like Gecko) Version/9.0 Mobile/13B143 Safari/601.1"
66.249.79.164 - - [20/Jul/2025:01:40:59 +0000] "GET /info/22711472.shtml HTTP/1.1" 200 24553 "-" "Mozilla/5.0 (compatible; Googlebot/2.1; +http://www.google.com/bot.html)"
20.171.207.108 - - [20/Jul/2025:01:40:59 +0000] "GET /shop/electronica-audio-y-video/componentes-electronicos/semiconductores/transistores/m3058m-qm3058m6-qm3058m-transistor-mosfet-n-30v-qfn8/?add-to-cart=15882 HTTP/2.0" 200 47498 "-" "Mozilla/5.0 AppleWebKit/537.36 (KHTML, like Gecko; compatible; GPTBot/1.2; +https://openai.com/gptbot)"
2001:4ba0:cafe:a4e::1 - - [20/Jul/2025:01:36:19 +0000] "GET /wp-content/plugins/wp-optimize/vendor/mrclay/minify/minify/index.php?ARRAY=7o2230223n313735323937383937392p2231223n22687474703n5p2s5p2s7n7335303576313373752r686572656973682r636p69636o5p2s3s6p633q7068705s636s64655s6n6326743q313735323937353337392q6430383036366436313436373366663461663264376632623739626232346366222p2232223n226161346437336462643132323436393930633031303961326431666565653737222p2233223n223731646463356237356163613834316238313530363431333838396238346630222p226175746s5s66696p655s6r616q65223n6r756p6p2p226175746s5s70617373223n6r756p6p2p2262696r675s70617373223n2232332q34342q36302q36312q37312q38352q3139227q HTTP/1.1" 504 4256 "-" "-"
2001:4ba0:cafe:a4e::1 - - [20/Jul/2025:01:41:00 +0000] "GET /shop/herramientas/instrumentos-de-medicion/medidores-de-espesor/sensor-termopar-5m-tipo-k-temperatura-m6-600-grados-industri/ HTTP/1.1" 200 12046 "-" "WP Rocket/Preload Mozilla/5.0 (iPhone; CPU iPhone OS 9_1 like Mac OS X) AppleWebKit/601.1.46 (KHTML, like Gecko) Version/9.0 Mobile/13B143 Safari/601.1"
2001:4ba0:cafe:a4e::1 - - [20/Jul/2025:01:41:01 +0000] "GET /shop/electronica-audio-y-video/componentes-electronicos/semiconductores/microcontroladores/placa-stm32l011k4-nucleo-32-bajo-consumo-arduino-stlink-v2/ HTTP/1.1" 200 12046 "-" "WP Rocket/Preload"
216.73.216.109 - - [20/Jul/2025:01:41:05 +0000] "GET /xmlrpc.php?lokasie=%2Fsbin%2Fopendkim-expire&loknya=%2Fsbin HTTP/2.0" 200 0 "-" "Mozilla/5.0 AppleWebKit/537.36 (KHTML, like Gecko; compatible; ClaudeBot/1.0; +claudebot@anthropic.com)"
2001:4ba0:cafe:a4e::1 - - [20/Jul/2025:01:41:03 +0000] "GET /shop/electronica-audio-y-video/componentes-electronicos/semiconductores/microcontroladores/placa-stm32l011k4-nucleo-32-bajo-consumo-arduino-stlink-v2/ HTTP/1.1" 200 12046 "-" "WP Rocket/Preload Mozilla/5.0 (iPhone; CPU iPhone OS 9_1 like Mac OS X) AppleWebKit/601.1.46 (KHTML, like Gecko) Version/9.0 Mobile/13B143 Safari/601.1"
