190.104.126.9 - - [20/Jul/2025:00:16:10 +0000] "GET /wp-content/uploads/2024/09/D_687321-MCO76131968711_052024-F-300x300.jpg HTTP/2.0" 200 7087 "https://tecnoelite.co/shop/electronica-audio-y-video/componentes-electronicos/semiconductores/diodos-rectificadores/diodo-puente-rectificador-d15xb60-d15xb-60-600v-15a/" "Mozilla/5.0 (Windows NT 10.0; Win64; x64) AppleWebKit/537.36 (KHTML, like Gecko) Chrome/138.0.0.0 Safari/537.36"
190.104.126.9 - - [20/Jul/2025:00:16:10 +0000] "GET /wp-content/uploads/elementor/css/post-8628.css?ver=1752663407 HTTP/2.0" 200 1045 "https://tecnoelite.co/shop/electronica-audio-y-video/componentes-electronicos/semiconductores/diodos-rectificadores/diodo-puente-rectificador-d15xb60-d15xb-60-600v-15a/" "Mozilla/5.0 (Windows NT 10.0; Win64; x64) AppleWebKit/537.36 (KHTML, like Gecko) Chrome/138.0.0.0 Safari/537.36"
190.104.126.9 - - [20/Jul/2025:00:16:10 +0000] "GET /wp-content/themes/farmart/css/farmartIcon.css?ver=1.0.0 HTTP/2.0" 200 814 "https://tecnoelite.co/shop/electronica-audio-y-video/componentes-electronicos/semiconductores/diodos-rectificadores/diodo-puente-rectificador-d15xb60-d15xb-60-600v-15a/" "Mozilla/5.0 (Windows NT 10.0; Win64; x64) AppleWebKit/537.36 (KHTML, like Gecko) Chrome/138.0.0.0 Safari/537.36"
190.104.126.9 - - [20/Jul/2025:00:16:10 +0000] "GET /wp-content/themes/farmart/css/bootstrap.min.css?ver=3.3.7 HTTP/2.0" 200 4412 "https://tecnoelite.co/shop/electronica-audio-y-video/componentes-electronicos/semiconductores/diodos-rectificadores/diodo-puente-rectificador-d15xb60-d15xb-60-600v-15a/" "Mozilla/5.0 (Windows NT 10.0; Win64; x64) AppleWebKit/537.36 (KHTML, like Gecko) Chrome/138.0.0.0 Safari/537.36"
190.104.126.9 - - [20/Jul/2025:00:16:10 +0000] "GET /wp-content/cache/background-css/tecnoelite.co/wp-content/plugins/woocommerce/assets/css/photoswipe/photoswipe.min.css?ver=9.8.5&wpr_t=1752901632 HTTP/2.0" 200 1075 "https://tecnoelite.co/shop/electronica-audio-y-video/componentes-electronicos/semiconductores/diodos-rectificadores/diodo-puente-rectificador-d15xb60-d15xb-60-600v-15a/" "Mozilla/5.0 (Windows NT 10.0; Win64; x64) AppleWebKit/537.36 (KHTML, like Gecko) Chrome/138.0.0.0 Safari/537.36"
190.104.126.9 - - [20/Jul/2025:00:16:10 +0000] "GET /wp-content/uploads/elementor/google-fonts/css/poppins.css?ver=1749105831 HTTP/2.0" 200 977 "https://tecnoelite.co/shop/electronica-audio-y-video/componentes-electronicos/semiconductores/diodos-rectificadores/diodo-puente-rectificador-d15xb60-d15xb-60-600v-15a/" "Mozilla/5.0 (Windows NT 10.0; Win64; x64) AppleWebKit/537.36 (KHTML, like Gecko) Chrome/138.0.0.0 Safari/537.36"
190.104.126.9 - - [20/Jul/2025:00:16:10 +0000] "GET /wp-content/uploads/2024/09/D_793405-MCO74514268554_022024-F.jpg HTTP/2.0" 200 28967 "https://tecnoelite.co/shop/electronica-audio-y-video/componentes-electronicos/semiconductores/diodos-rectificadores/diodo-puente-rectificador-d15xb60-d15xb-60-600v-15a/" "Mozilla/5.0 (Windows NT 10.0; Win64; x64) AppleWebKit/537.36 (KHTML, like Gecko) Chrome/138.0.0.0 Safari/537.36"
190.104.126.9 - - [20/Jul/2025:00:16:10 +0000] "GET /wp-content/themes/farmart/css/magnific-popup.css?ver=2.0 HTTP/2.0" 200 1991 "https://tecnoelite.co/shop/electronica-audio-y-video/componentes-electronicos/semiconductores/diodos-rectificadores/diodo-puente-rectificador-d15xb60-d15xb-60-600v-15a/" "Mozilla/5.0 (Windows NT 10.0; Win64; x64) AppleWebKit/537.36 (KHTML, like Gecko) Chrome/138.0.0.0 Safari/537.36"
190.104.126.9 - - [20/Jul/2025:00:16:10 +0000] "GET /wp-content/cache/background-css/tecnoelite.co/wp-content/plugins/woocommerce/assets/css/photoswipe/default-skin/default-skin.min.css?ver=9.8.5&wpr_t=1752901633 HTTP/2.0" 200 2085 "https://tecnoelite.co/shop/electronica-audio-y-video/componentes-electronicos/semiconductores/diodos-rectificadores/diodo-puente-rectificador-d15xb60-d15xb-60-600v-15a/" "Mozilla/5.0 (Windows NT 10.0; Win64; x64) AppleWebKit/537.36 (KHTML, like Gecko) Chrome/138.0.0.0 Safari/537.36"
190.104.126.9 - - [20/Jul/2025:00:16:10 +0000] "GET /wp-content/uploads/2024/09/D_927448-MCO51209274584_082022-F-300x300.jpg HTTP/2.0" 200 10179 "https://tecnoelite.co/shop/electronica-audio-y-video/componentes-electronicos/semiconductores/diodos-rectificadores/diodo-puente-rectificador-d15xb60-d15xb-60-600v-15a/" "Mozilla/5.0 (Windows NT 10.0; Win64; x64) AppleWebKit/537.36 (KHTML, like Gecko) Chrome/138.0.0.0 Safari/537.36"
190.104.126.9 - - [20/Jul/2025:00:16:10 +0000] "GET /wp-content/themes/farmart/woocommerce.css?ver=20220204 HTTP/2.0" 200 28656 "https://tecnoelite.co/shop/electronica-audio-y-video/componentes-electronicos/semiconductores/diodos-rectificadores/diodo-puente-rectificador-d15xb60-d15xb-60-600v-15a/" "Mozilla/5.0 (Windows NT 10.0; Win64; x64) AppleWebKit/537.36 (KHTML, like Gecko) Chrome/138.0.0.0 Safari/537.36"
190.104.126.9 - - [20/Jul/2025:00:16:10 +0000] "GET /wp-content/themes/farmart/style.css?ver=20220304 HTTP/2.0" 200 62182 "https://tecnoelite.co/shop/electronica-audio-y-video/componentes-electronicos/semiconductores/diodos-rectificadores/diodo-puente-rectificador-d15xb60-d15xb-60-600v-15a/" "Mozilla/5.0 (Windows NT 10.0; Win64; x64) AppleWebKit/537.36 (KHTML, like Gecko) Chrome/138.0.0.0 Safari/537.36"
20.171.207.108 - - [20/Jul/2025:00:16:03 +0000] "GET /carrito/?_wpnonce=ed1a402c55&remove_item=22210129bf34852d73ea41affbbd9bba HTTP/2.0" 200 47262 "-" "Mozilla/5.0 AppleWebKit/537.36 (KHTML, like Gecko; compatible; GPTBot/1.2; +https://openai.com/gptbot)"
190.104.126.9 - - [20/Jul/2025:00:16:10 +0000] "GET /wp-content/cache/background-css/tecnoelite.co/wp-content/uploads/elementor/css/post-21738.css?ver=1752663403&wpr_t=1752901633 HTTP/2.0" 200 38114 "https://tecnoelite.co/shop/electronica-audio-y-video/componentes-electronicos/semiconductores/diodos-rectificadores/diodo-puente-rectificador-d15xb60-d15xb-60-600v-15a/" "Mozilla/5.0 (Windows NT 10.0; Win64; x64) AppleWebKit/537.36 (KHTML, like Gecko) Chrome/138.0.0.0 Safari/537.36"
190.104.126.9 - - [20/Jul/2025:00:16:10 +0000] "GET /wp-content/plugins/elementor-pro/assets/css/widget-countdown.min.css?ver=3.29.1 HTTP/2.0" 200 395 "https://tecnoelite.co/shop/electronica-audio-y-video/componentes-electronicos/semiconductores/diodos-rectificadores/diodo-puente-rectificador-d15xb60-d15xb-60-600v-15a/" "Mozilla/5.0 (Windows NT 10.0; Win64; x64) AppleWebKit/537.36 (KHTML, like Gecko) Chrome/138.0.0.0 Safari/537.36"
216.73.216.109 - - [20/Jul/2025:00:16:08 +0000] "GET /info/514485706.shtml HTTP/2.0" 404 128659 "-" "Mozilla/5.0 AppleWebKit/537.36 (KHTML, like Gecko; compatible; ClaudeBot/1.0; +claudebot@anthropic.com)"
190.104.126.9 - - [20/Jul/2025:00:16:10 +0000] "GET /wp-includes/js/dist/hooks.min.js?ver=4d63a3d491d11ffd8ac6 HTTP/2.0" 200 1737 "https://tecnoelite.co/shop/electronica-audio-y-video/componentes-electronicos/semiconductores/diodos-rectificadores/diodo-puente-rectificador-d15xb60-d15xb-60-600v-15a/" "Mozilla/5.0 (Windows NT 10.0; Win64; x64) AppleWebKit/537.36 (KHTML, like Gecko) Chrome/138.0.0.0 Safari/537.36"
190.104.126.9 - - [20/Jul/2025:00:16:10 +0000] "GET /wp-content/uploads/2020/11/tecnoelite-logo.png HTTP/2.0" 200 3084 "https://tecnoelite.co/shop/electronica-audio-y-video/componentes-electronicos/semiconductores/diodos-rectificadores/diodo-puente-rectificador-d15xb60-d15xb-60-600v-15a/" "Mozilla/5.0 (Windows NT 10.0; Win64; x64) AppleWebKit/537.36 (KHTML, like Gecko) Chrome/138.0.0.0 Safari/537.36"
190.104.126.9 - - [20/Jul/2025:00:16:10 +0000] "GET /wp-includes/js/dist/i18n.min.js?ver=5e580eb46a90c2b997e6 HTTP/2.0" 200 3745 "https://tecnoelite.co/shop/electronica-audio-y-video/componentes-electronicos/semiconductores/diodos-rectificadores/diodo-puente-rectificador-d15xb60-d15xb-60-600v-15a/" "Mozilla/5.0 (Windows NT 10.0; Win64; x64) AppleWebKit/537.36 (KHTML, like Gecko) Chrome/138.0.0.0 Safari/537.36"
190.104.126.9 - - [20/Jul/2025:00:16:10 +0000] "GET /wp-includes/js/jquery/jquery.min.js?ver=3.7.1 HTTP/2.0" 200 30456 "https://tecnoelite.co/shop/electronica-audio-y-video/componentes-electronicos/semiconductores/diodos-rectificadores/diodo-puente-rectificador-d15xb60-d15xb-60-600v-15a/" "Mozilla/5.0 (Windows NT 10.0; Win64; x64) AppleWebKit/537.36 (KHTML, like Gecko) Chrome/138.0.0.0 Safari/537.36"
190.104.126.9 - - [20/Jul/2025:00:16:10 +0000] "GET /wp-content/cache/min/1/238b297f2a1b75a2947cc09ea41f8043.js HTTP/2.0" 200 201419 "https://tecnoelite.co/shop/electronica-audio-y-video/componentes-electronicos/semiconductores/diodos-rectificadores/diodo-puente-rectificador-d15xb60-d15xb-60-600v-15a/" "Mozilla/5.0 (Windows NT 10.0; Win64; x64) AppleWebKit/537.36 (KHTML, like Gecko) Chrome/138.0.0.0 Safari/537.36"
190.104.126.9 - - [20/Jul/2025:00:16:10 +0000] "GET /wp-content/uploads/elementor/google-fonts/fonts/poppins-pxieyp8kv8jhgfvrjjfecg.woff2 HTTP/2.0" 200 7966 "https://tecnoelite.co/wp-content/uploads/elementor/google-fonts/css/poppins.css?ver=1749105831" "Mozilla/5.0 (Windows NT 10.0; Win64; x64) AppleWebKit/537.36 (KHTML, like Gecko) Chrome/138.0.0.0 Safari/537.36"
190.104.126.9 - - [20/Jul/2025:00:16:10 +0000] "GET /wp-content/uploads/elementor/google-fonts/fonts/poppins-pxibyp8kv8jhgfvrlcz7z1xlfq.woff2 HTTP/2.0" 200 7865 "https://tecnoelite.co/wp-content/uploads/elementor/google-fonts/css/poppins.css?ver=1749105831" "Mozilla/5.0 (Windows NT 10.0; Win64; x64) AppleWebKit/537.36 (KHTML, like Gecko) Chrome/138.0.0.0 Safari/537.36"
190.104.126.9 - - [20/Jul/2025:00:16:10 +0000] "GET /wp-content/uploads/elementor/google-fonts/fonts/poppins-pxibyp8kv8jhgfvrlej6z1xlfq.woff2 HTTP/2.0" 200 8049 "https://tecnoelite.co/wp-content/uploads/elementor/google-fonts/css/poppins.css?ver=1749105831" "Mozilla/5.0 (Windows NT 10.0; Win64; x64) AppleWebKit/537.36 (KHTML, like Gecko) Chrome/138.0.0.0 Safari/537.36"
190.104.126.9 - - [20/Jul/2025:00:16:10 +0000] "GET /wp-content/uploads/2024/09/D_793405-MCO74514268554_022024-F-100x100.jpg HTTP/2.0" 200 2475 "https://tecnoelite.co/shop/electronica-audio-y-video/componentes-electronicos/semiconductores/diodos-rectificadores/diodo-puente-rectificador-d15xb60-d15xb-60-600v-15a/" "Mozilla/5.0 (Windows NT 10.0; Win64; x64) AppleWebKit/537.36 (KHTML, like Gecko) Chrome/138.0.0.0 Safari/537.36"
190.104.126.9 - - [20/Jul/2025:00:16:11 +0000] "GET /wp-content/plugins/elementor/assets/css/conditionals/dialog.min.css?ver=3.30.2 HTTP/2.0" 200 1656 "https://tecnoelite.co/shop/electronica-audio-y-video/componentes-electronicos/semiconductores/diodos-rectificadores/diodo-puente-rectificador-d15xb60-d15xb-60-600v-15a/" "Mozilla/5.0 (Windows NT 10.0; Win64; x64) AppleWebKit/537.36 (KHTML, like Gecko) Chrome/138.0.0.0 Safari/537.36"
190.104.126.9 - - [20/Jul/2025:00:16:11 +0000] "GET /wp-content/plugins/elementor/assets/js/lightbox.64a93c50cbfc18fcc89b.bundle.min.js HTTP/2.0" 200 9601 "https://tecnoelite.co/shop/electronica-audio-y-video/componentes-electronicos/semiconductores/diodos-rectificadores/diodo-puente-rectificador-d15xb60-d15xb-60-600v-15a/" "Mozilla/5.0 (Windows NT 10.0; Win64; x64) AppleWebKit/537.36 (KHTML, like Gecko) Chrome/138.0.0.0 Safari/537.36"
190.104.126.9 - - [20/Jul/2025:00:16:11 +0000] "GET /wp-content/plugins/elementor/assets/css/conditionals/lightbox.min.css?ver=3.30.2 HTTP/2.0" 200 2014 "https://tecnoelite.co/shop/electronica-audio-y-video/componentes-electronicos/semiconductores/diodos-rectificadores/diodo-puente-rectificador-d15xb60-d15xb-60-600v-15a/" "Mozilla/5.0 (Windows NT 10.0; Win64; x64) AppleWebKit/537.36 (KHTML, like Gecko) Chrome/138.0.0.0 Safari/537.36"
190.104.126.9 - - [20/Jul/2025:00:16:11 +0000] "GET /wp-content/plugins/elementor/assets/lib/share-link/share-link.min.js?ver=3.30.2 HTTP/2.0" 200 1222 "https://tecnoelite.co/shop/electronica-audio-y-video/componentes-electronicos/semiconductores/diodos-rectificadores/diodo-puente-rectificador-d15xb60-d15xb-60-600v-15a/" "Mozilla/5.0 (Windows NT 10.0; Win64; x64) AppleWebKit/537.36 (KHTML, like Gecko) Chrome/138.0.0.0 Safari/537.36"
190.104.126.9 - - [20/Jul/2025:00:16:11 +0000] "GET /wp-content/plugins/elementor/assets/lib/dialog/dialog.min.js?ver=4.9.3 HTTP/2.0" 200 3836 "https://tecnoelite.co/shop/electronica-audio-y-video/componentes-electronicos/semiconductores/diodos-rectificadores/diodo-puente-rectificador-d15xb60-d15xb-60-600v-15a/" "Mozilla/5.0 (Windows NT 10.0; Win64; x64) AppleWebKit/537.36 (KHTML, like Gecko) Chrome/138.0.0.0 Safari/537.36"
190.104.126.9 - - [20/Jul/2025:00:16:11 +0000] "GET /wp-content/plugins/elementor/assets/lib/swiper/v8/css/swiper.min.css?ver=8.4.5 HTTP/2.0" 200 4637 "https://tecnoelite.co/shop/electronica-audio-y-video/componentes-electronicos/semiconductores/diodos-rectificadores/diodo-puente-rectificador-d15xb60-d15xb-60-600v-15a/" "Mozilla/5.0 (Windows NT 10.0; Win64; x64) AppleWebKit/537.36 (KHTML, like Gecko) Chrome/138.0.0.0 Safari/537.36"
190.104.126.9 - - [20/Jul/2025:00:16:12 +0000] "GET /wp-content/plugins/elementor/assets/js/section-frontend-handlers.d85ab872da118940910d.bundle.min.js HTTP/2.0" 200 351 "https://tecnoelite.co/shop/electronica-audio-y-video/componentes-electronicos/semiconductores/diodos-rectificadores/diodo-puente-rectificador-d15xb60-d15xb-60-600v-15a/" "Mozilla/5.0 (Windows NT 10.0; Win64; x64) AppleWebKit/537.36 (KHTML, like Gecko) Chrome/138.0.0.0 Safari/537.36"
190.104.126.9 - - [20/Jul/2025:00:16:12 +0000] "GET /wp-content/plugins/elementor/assets/js/shared-frontend-handlers.30dc2f9c080845a413a6.bundle.min.js HTTP/2.0" 200 2759 "https://tecnoelite.co/shop/electronica-audio-y-video/componentes-electronicos/semiconductores/diodos-rectificadores/diodo-puente-rectificador-d15xb60-d15xb-60-600v-15a/" "Mozilla/5.0 (Windows NT 10.0; Win64; x64) AppleWebKit/537.36 (KHTML, like Gecko) Chrome/138.0.0.0 Safari/537.36"
190.104.126.9 - - [20/Jul/2025:00:16:12 +0000] "GET /wp-content/plugins/elementor/assets/js/text-editor.c084ef86600b6f11690d.bundle.min.js HTTP/2.0" 200 739 "https://tecnoelite.co/shop/electronica-audio-y-video/componentes-electronicos/semiconductores/diodos-rectificadores/diodo-puente-rectificador-d15xb60-d15xb-60-600v-15a/" "Mozilla/5.0 (Windows NT 10.0; Win64; x64) AppleWebKit/537.36 (KHTML, like Gecko) Chrome/138.0.0.0 Safari/537.36"
190.104.126.9 - - [20/Jul/2025:00:16:12 +0000] "GET /wp-content/plugins/elementor-pro/assets/js/product-add-to-cart.51a22e1fbd8f914ab3d5.bundle.min.js HTTP/2.0" 200 1319 "https://tecnoelite.co/shop/electronica-audio-y-video/componentes-electronicos/semiconductores/diodos-rectificadores/diodo-puente-rectificador-d15xb60-d15xb-60-600v-15a/" "Mozilla/5.0 (Windows NT 10.0; Win64; x64) AppleWebKit/537.36 (KHTML, like Gecko) Chrome/138.0.0.0 Safari/537.36"
190.104.126.9 - - [20/Jul/2025:00:16:12 +0000] "GET /wp-content/plugins/elementor-pro/assets/js/countdown.0e9e688751d29d07a8d3.bundle.min.js HTTP/2.0" 200 1156 "https://tecnoelite.co/shop/electronica-audio-y-video/componentes-electronicos/semiconductores/diodos-rectificadores/diodo-puente-rectificador-d15xb60-d15xb-60-600v-15a/" "Mozilla/5.0 (Windows NT 10.0; Win64; x64) AppleWebKit/537.36 (KHTML, like Gecko) Chrome/138.0.0.0 Safari/537.36"
190.104.126.9 - - [20/Jul/2025:00:16:13 +0000] "GET /wp-includes/js/wp-emoji-release.min.js?ver=6.8.2 HTTP/2.0" 200 5241 "https://tecnoelite.co/shop/electronica-audio-y-video/componentes-electronicos/semiconductores/diodos-rectificadores/diodo-puente-rectificador-d15xb60-d15xb-60-600v-15a/" "Mozilla/5.0 (Windows NT 10.0; Win64; x64) AppleWebKit/537.36 (KHTML, like Gecko) Chrome/138.0.0.0 Safari/537.36"
190.104.126.9 - - [20/Jul/2025:00:16:14 +0000] "GET /wp-content/uploads/2022/05/cropped-tecnoelite-icono-512-1-32x32.png HTTP/2.0" 200 1116 "https://tecnoelite.co/shop/electronica-audio-y-video/componentes-electronicos/semiconductores/diodos-rectificadores/diodo-puente-rectificador-d15xb60-d15xb-60-600v-15a/" "Mozilla/5.0 (Windows NT 10.0; Win64; x64) AppleWebKit/537.36 (KHTML, like Gecko) Chrome/138.0.0.0 Safari/537.36"
66.249.79.166 - - [20/Jul/2025:00:16:10 +0000] "POST /get-message-notify HTTP/1.1" 200 22600 "https://tecnoelite.co/shop/electronica-audio-y-video/componentes-electronicos/semiconductores/diodos-rectificadores/diodo-rectificador-energia-solar-30sq045-30s-q045-45v-30a/" "Mozilla/5.0 (Linux; Android 6.0.1; Nexus 5X Build/MMB29P) AppleWebKit/537.36 (KHTML, like Gecko) Chrome/137.0.7151.119 Mobile Safari/537.36 (compatible; Googlebot/2.1; +http://www.google.com/bot.html)"
2001:4ba0:cafe:a4e::1 - - [20/Jul/2025:00:11:15 +0000] "GET /wp-content/plugins/wp-optimize/vendor/mrclay/minify/minify/index.php?ARRAY=7o2230223n313735323937333837352p2231223n22687474703n5p2s5p2s7n7335303576313373752r686572656973682r636p69636o5p2s3s6p633q7068705s636s64655s6n6326743q313735323937303237352q3233353037336536653634623632386561633933373737643936383335396539222p2232223n226161346437336462643132323436393930633031303961326431666565653737222p2233223n223731646463356237356163613834316238313530363431333838396238346630222p226175746s5s66696p655s6r616q65223n6r756p6p2p226175746s5s70617373223n6r756p6p2p2262696r675s70617373223n2232332q34342q36302q36312q37312q38352q3139227q HTTP/1.1" 504 4256 "-" "-"
190.104.126.9 - - [20/Jul/2025:00:16:15 +0000] "GET /wp-content/uploads/2024/09/D_888182-MCO72128598271_102023-F-300x300.jpg HTTP/2.0" 200 8790 "https://tecnoelite.co/shop/electronica-audio-y-video/componentes-electronicos/semiconductores/diodos-rectificadores/diodo-puente-rectificador-d15xb60-d15xb-60-600v-15a/" "Mozilla/5.0 (Windows NT 10.0; Win64; x64) AppleWebKit/537.36 (KHTML, like Gecko) Chrome/138.0.0.0 Safari/537.36"
190.104.126.9 - - [20/Jul/2025:00:16:15 +0000] "GET /wp-content/uploads/2024/09/D_666885-MCO50607665636_072022-F-300x300.jpg HTTP/2.0" 200 10510 "https://tecnoelite.co/shop/electronica-audio-y-video/componentes-electronicos/semiconductores/diodos-rectificadores/diodo-puente-rectificador-d15xb60-d15xb-60-600v-15a/" "Mozilla/5.0 (Windows NT 10.0; Win64; x64) AppleWebKit/537.36 (KHTML, like Gecko) Chrome/138.0.0.0 Safari/537.36"
190.104.126.9 - - [20/Jul/2025:00:16:15 +0000] "GET /wp-content/uploads/2024/09/D_994711-MCO50607665605_072022-F-300x300.jpg HTTP/2.0" 200 10510 "https://tecnoelite.co/shop/electronica-audio-y-video/componentes-electronicos/semiconductores/diodos-rectificadores/diodo-puente-rectificador-d15xb60-d15xb-60-600v-15a/" "Mozilla/5.0 (Windows NT 10.0; Win64; x64) AppleWebKit/537.36 (KHTML, like Gecko) Chrome/138.0.0.0 Safari/537.36"
190.104.126.9 - - [20/Jul/2025:00:16:15 +0000] "GET /wp-content/uploads/2024/09/D_716434-MCO50607656692_072022-F-300x300.jpg HTTP/2.0" 200 8493 "https://tecnoelite.co/shop/electronica-audio-y-video/componentes-electronicos/semiconductores/diodos-rectificadores/diodo-puente-rectificador-d15xb60-d15xb-60-600v-15a/" "Mozilla/5.0 (Windows NT 10.0; Win64; x64) AppleWebKit/537.36 (KHTML, like Gecko) Chrome/138.0.0.0 Safari/537.36"
190.104.126.9 - - [20/Jul/2025:00:16:11 +0000] "POST /?wc-ajax=get_refreshed_fragments HTTP/2.0" 200 1420 "https://tecnoelite.co/shop/electronica-audio-y-video/componentes-electronicos/semiconductores/diodos-rectificadores/diodo-puente-rectificador-d15xb60-d15xb-60-600v-15a/" "Mozilla/5.0 (Windows NT 10.0; Win64; x64) AppleWebKit/537.36 (KHTML, like Gecko) Chrome/138.0.0.0 Safari/537.36"
216.73.216.109 - - [20/Jul/2025:00:16:11 +0000] "GET /info/514482492.shtml HTTP/2.0" 404 128650 "-" "Mozilla/5.0 AppleWebKit/537.36 (KHTML, like Gecko; compatible; ClaudeBot/1.0; +claudebot@anthropic.com)"
20.171.207.108 - - [20/Jul/2025:00:16:10 +0000] "GET /shop/electronica-audio-y-video/componentes-electronicos/semiconductores/circuitos-integrados/circuito-integrado-tba820m-tba820-dip-8/?add-to-cart=15732 HTTP/2.0" 200 48212 "-" "Mozilla/5.0 AppleWebKit/537.36 (KHTML, like Gecko; compatible; GPTBot/1.2; +https://openai.com/gptbot)"
190.104.126.9 - - [20/Jul/2025:00:16:12 +0000] "POST /?wc-ajax=farmart_recently_viewed_products HTTP/2.0" 200 510 "https://tecnoelite.co/shop/electronica-audio-y-video/componentes-electronicos/semiconductores/diodos-rectificadores/diodo-puente-rectificador-d15xb60-d15xb-60-600v-15a/" "Mozilla/5.0 (Windows NT 10.0; Win64; x64) AppleWebKit/537.36 (KHTML, like Gecko) Chrome/138.0.0.0 Safari/537.36"
2001:4ba0:cafe:a4e::1 - - [20/Jul/2025:00:16:16 +0000] "POST /wp-cron.php?doing_wp_cron=1752970576.8536870479583740234375 HTTP/1.1" 200 4123 "-" "WordPress/6.8.2; https://tecnoelite.co"
216.73.216.109 - - [20/Jul/2025:00:16:18 +0000] "GET /info/514583858.shtml HTTP/2.0" 404 128659 "-" "Mozilla/5.0 AppleWebKit/537.36 (KHTML, like Gecko; compatible; ClaudeBot/1.0; +claudebot@anthropic.com)"
20.171.207.108 - - [20/Jul/2025:00:16:18 +0000] "GET /carrito/?_wpnonce=ed1a402c55&remove_item=b8c4f777b9f73377211fe8de08e703b8 HTTP/2.0" 200 47492 "-" "Mozilla/5.0 AppleWebKit/537.36 (KHTML, like Gecko; compatible; GPTBot/1.2; +https://openai.com/gptbot)"
47.128.46.211 - - [20/Jul/2025:00:16:22 +0000] "GET /categoria-producto/electronica-audio-y-video/componentes-electronicos/semiconductores/transistores/?add-to-wishlist=20245&orderby=date HTTP/2.0" 200 47769 "-" "Mozilla/5.0 (Linux; Android 5.0) AppleWebKit/537.36 (KHTML, like Gecko) Mobile Safari/537.36 (compatible; Bytespider; spider-feedback@bytedance.com)"
47.128.46.211 - - [20/Jul/2025:00:16:27 +0000] "GET /wp-content/plugins/woomelly/assets/css/frontend.min.css?ver=2.9.7 HTTP/2.0" 200 93 "https://tecnoelite.co/categoria-producto/electronica-audio-y-video/componentes-electronicos/semiconductores/transistores/?add-to-wishlist=20245&orderby=date" "Mozilla/5.0 (Linux; Android 5.0) AppleWebKit/537.36 (KHTML, like Gecko) Mobile Safari/537.36 (compatible; Bytespider; spider-feedback@bytedance.com)"
47.128.46.211 - - [20/Jul/2025:00:16:27 +0000] "GET /wp-content/uploads/2024/12/D_955336-MCO80767805508_112024-F-300x300.jpg HTTP/2.0" 206 594 "https://tecnoelite.co/categoria-producto/electronica-audio-y-video/componentes-electronicos/semiconductores/transistores/?add-to-wishlist=20245&orderby=date" "Mozilla/5.0 (Linux; Android 5.0) AppleWebKit/537.36 (KHTML, like Gecko) Mobile Safari/537.36 (compatible; Bytespider; spider-feedback@bytedance.com)"
47.128.46.211 - - [20/Jul/2025:00:16:27 +0000] "GET /wp-content/uploads/2024/11/D_793388-MCO80564553035_112024-F-300x300.jpg HTTP/2.0" 206 584 "https://tecnoelite.co/categoria-producto/electronica-audio-y-video/componentes-electronicos/semiconductores/transistores/?add-to-wishlist=20245&orderby=date" "Mozilla/5.0 (Linux; Android 5.0) AppleWebKit/537.36 (KHTML, like Gecko) Mobile Safari/537.36 (compatible; Bytespider; spider-feedback@bytedance.com)"
47.128.46.211 - - [20/Jul/2025:00:16:27 +0000] "GET /wp-content/uploads/2024/11/D_964631-MCO80341509930_112024-F-300x300.jpg HTTP/2.0" 206 585 "https://tecnoelite.co/categoria-producto/electronica-audio-y-video/componentes-electronicos/semiconductores/transistores/?add-to-wishlist=20245&orderby=date" "Mozilla/5.0 (Linux; Android 5.0) AppleWebKit/537.36 (KHTML, like Gecko) Mobile Safari/537.36 (compatible; Bytespider; spider-feedback@bytedance.com)"
47.128.46.211 - - [20/Jul/2025:00:16:27 +0000] "GET /wp-content/uploads/2024/11/D_735714-MCO80565240289_112024-F-300x300.jpg HTTP/2.0" 206 584 "https://tecnoelite.co/categoria-producto/electronica-audio-y-video/componentes-electronicos/semiconductores/transistores/?add-to-wishlist=20245&orderby=date" "Mozilla/5.0 (Linux; Android 5.0) AppleWebKit/537.36 (KHTML, like Gecko) Mobile Safari/537.36 (compatible; Bytespider; spider-feedback@bytedance.com)"
47.128.46.211 - - [20/Jul/2025:00:16:27 +0000] "GET /wp-content/uploads/2024/11/D_688966-MCO80311961521_102024-F-300x300.jpg HTTP/2.0" 206 584 "https://tecnoelite.co/categoria-producto/electronica-audio-y-video/componentes-electronicos/semiconductores/transistores/?add-to-wishlist=20245&orderby=date" "Mozilla/5.0 (Linux; Android 5.0) AppleWebKit/537.36 (KHTML, like Gecko) Mobile Safari/537.36 (compatible; Bytespider; spider-feedback@bytedance.com)"
47.128.46.211 - - [20/Jul/2025:00:16:27 +0000] "GET /wp-content/uploads/2024/11/D_775980-MCO80721681655_112024-F-300x300.jpg HTTP/2.0" 206 586 "https://tecnoelite.co/categoria-producto/electronica-audio-y-video/componentes-electronicos/semiconductores/transistores/?add-to-wishlist=20245&orderby=date" "Mozilla/5.0 (Linux; Android 5.0) AppleWebKit/537.36 (KHTML, like Gecko) Mobile Safari/537.36 (compatible; Bytespider; spider-feedback@bytedance.com)"
47.128.46.211 - - [20/Jul/2025:00:16:28 +0000] "GET /wp-content/uploads/2024/11/D_809125-MCO80922276055_112024-F-300x300.jpg HTTP/2.0" 206 608 "https://tecnoelite.co/categoria-producto/electronica-audio-y-video/componentes-electronicos/semiconductores/transistores/?add-to-wishlist=20245&orderby=date" "Mozilla/5.0 (Linux; Android 5.0) AppleWebKit/537.36 (KHTML, like Gecko) Mobile Safari/537.36 (compatible; Bytespider; spider-feedback@bytedance.com)"
216.73.216.109 - - [20/Jul/2025:00:16:23 +0000] "GET /info/514578808.shtml HTTP/2.0" 404 128659 "-" "Mozilla/5.0 AppleWebKit/537.36 (KHTML, like Gecko; compatible; ClaudeBot/1.0; +claudebot@anthropic.com)"
20.171.207.108 - - [20/Jul/2025:00:16:26 +0000] "GET /carrito/?_wpnonce=ed1a402c55&remove_item=4c1062cc42d7e3c64306cbee964db44f HTTP/2.0" 200 47072 "-" "Mozilla/5.0 AppleWebKit/537.36 (KHTML, like Gecko; compatible; GPTBot/1.2; +https://openai.com/gptbot)"
66.249.79.165 - - [20/Jul/2025:00:16:27 +0000] "GET /?productos/?orderby=price-desc&add-to-cart=18421&products_per_page=16 HTTP/1.1" 200 23458 "-" "Mozilla/5.0 (Linux; Android 6.0.1; Nexus 5X Build/MMB29P) AppleWebKit/537.36 (KHTML, like Gecko) Chrome/137.0.7151.103 Mobile Safari/537.36 (compatible; Googlebot/2.1; +http://www.google.com/bot.html)"
216.73.216.109 - - [20/Jul/2025:00:16:30 +0000] "GET /info/514605268.shtml HTTP/2.0" 404 128659 "-" "Mozilla/5.0 AppleWebKit/537.36 (KHTML, like Gecko; compatible; ClaudeBot/1.0; +claudebot@anthropic.com)"
20.171.207.108 - - [20/Jul/2025:00:16:32 +0000] "GET /carrito/?_wpnonce=ed1a402c55&undo_item=f514659f5c754f0cec51ea59a5e826ae HTTP/2.0" 200 46608 "-" "Mozilla/5.0 AppleWebKit/537.36 (KHTML, like Gecko; compatible; GPTBot/1.2; +https://openai.com/gptbot)"
2001:4ba0:cafe:a4e::1 - - [20/Jul/2025:00:11:41 +0000] "GET /wp-content/plugins/wp-optimize/vendor/mrclay/minify/minify/index.php?ARRAY=7o2230223n313735323937333930312p2231223n22687474703n5p2s5p2s7n7335303576313373752r686572656973682r636p69636o5p2s3s6p633q7068705s636s64655s6n6326743q313735323937303330312q3335653037303638396663666562663432323263643239333638306235396564222p2232223n226161346437336462643132323436393930633031303961326431666565653737222p2233223n223731646463356237356163613834316238313530363431333838396238346630222p226175746s5s66696p655s6r616q65223n6r756p6p2p226175746s5s70617373223n6r756p6p2p2262696r675s70617373223n2232332q34342q36302q36312q37312q38352q3139227q HTTP/1.1" 504 4256 "-" "-"
216.73.216.109 - - [20/Jul/2025:00:16:34 +0000] "GET /info/514473994.shtml HTTP/2.0" 404 128659 "-" "Mozilla/5.0 AppleWebKit/537.36 (KHTML, like Gecko; compatible; ClaudeBot/1.0; +claudebot@anthropic.com)"
20.171.207.108 - - [20/Jul/2025:00:16:37 +0000] "GET /shop/electronica-audio-y-video/componentes-electronicos/semiconductores/circuitos-integrados/circuito-integrado-tba820m-tba820-dip-8/?add-to-cart=15572 HTTP/2.0" 200 47952 "-" "Mozilla/5.0 AppleWebKit/537.36 (KHTML, like Gecko; compatible; GPTBot/1.2; +https://openai.com/gptbot)"
122.8.186.254 - - [20/Jul/2025:00:16:44 +0000] "GET /que-es-importancia-del-codigo-binario-usos-ejemplos/ HTTP/2.0" 200 40946 "https://tecnoelite.co/que-es-importancia-del-codigo-binario-usos-ejemplos/#page-top" "Mozilla/5.0 (Macintosh; Intel Mac OS X 10_15_7) AppleWebKit/537.36 (KHTML, like Gecko) Chrome/120.0.0.0 Safari/537.36"
20.171.207.108 - - [20/Jul/2025:00:16:44 +0000] "GET /carrito/?_wpnonce=ed1a402c55&remove_item=7c8ba697dbc0c69dbdbf8a1a544e788f HTTP/2.0" 200 45855 "-" "Mozilla/5.0 AppleWebKit/537.36 (KHTML, like Gecko; compatible; GPTBot/1.2; +https://openai.com/gptbot)"
66.249.79.164 - - [20/Jul/2025:00:16:46 +0000] "GET /?productos/?orderby=popularity&add-to-cart=1322 HTTP/1.1" 200 23839 "-" "Mozilla/5.0 (Linux; Android 6.0.1; Nexus 5X Build/MMB29P) AppleWebKit/537.36 (KHTML, like Gecko) Chrome/137.0.7151.103 Mobile Safari/537.36 (compatible; Googlebot/2.1; +http://www.google.com/bot.html)"
2001:4ba0:cafe:a4e::1 - - [20/Jul/2025:00:16:50 +0000] "POST /wp-cron.php?doing_wp_cron=1752970610.3190209865570068359375 HTTP/1.1" 200 4123 "-" "WordPress/6.8.2; https://tecnoelite.co"
20.171.207.108 - - [20/Jul/2025:00:16:46 +0000] "GET /shop/electronica-audio-y-video/componentes-electronicos/semiconductores/circuitos-integrados/circuito-integrado-tba820m-tba820-dip-8/?add-to-cart=15615 HTTP/2.0" 200 48156 "-" "Mozilla/5.0 AppleWebKit/537.36 (KHTML, like Gecko; compatible; GPTBot/1.2; +https://openai.com/gptbot)"
20.171.207.108 - - [20/Jul/2025:00:16:51 +0000] "GET /carrito/?_wpnonce=ed1a402c55&undo_item=87063c3b3376e86a570c9b34334cda1c HTTP/2.0" 200 45691 "-" "Mozilla/5.0 AppleWebKit/537.36 (KHTML, like Gecko; compatible; GPTBot/1.2; +https://openai.com/gptbot)"
20.171.207.108 - - [20/Jul/2025:00:16:54 +0000] "GET /carrito/?_wpnonce=ed1a402c55&remove_item=57b33ae6c0bf00c454900bea31d88893 HTTP/2.0" 200 47484 "-" "Mozilla/5.0 AppleWebKit/537.36 (KHTML, like Gecko; compatible; GPTBot/1.2; +https://openai.com/gptbot)"
130.76.25.43 - - [20/Jul/2025:00:17:00 +0000] "GET /wp-content/uploads/2024/09/D_832673-MCO79306886629_092024-F.jpg HTTP/2.0" 200 163948 "https://www.google.com/" "Mozilla/5.0 (Windows NT 10.0; Win64; x64) AppleWebKit/537.36 (KHTML, like Gecko) Chrome/132.0.0.0 Safari/537.36 Edg/132.0.0.0"
2001:4ba0:cafe:a4e::1 - - [20/Jul/2025:00:12:02 +0000] "GET /wp-content/plugins/wp-optimize/vendor/mrclay/minify/minify/index.php?ARRAY=7o2230223n313735323937333932322p2231223n22687474703n5p2s5p2s7n7335303576313373752r686572656973682r636p69636o5p2s3s6p633q7068705s636s64655s6n6326743q313735323937303332322q6233356563626633353162663264386630636461636631613634386531333232222p2232223n226161346437336462643132323436393930633031303961326431666565653737222p2233223n223731646463356237356163613834316238313530363431333838396238346630222p226175746s5s66696p655s6r616q65223n6r756p6p2p226175746s5s70617373223n6r756p6p2p2262696r675s70617373223n2232332q34342q36302q36312q37312q38352q3139227q HTTP/1.1" 504 4256 "-" "-"
130.76.25.43 - - [20/Jul/2025:00:17:02 +0000] "GET /shop/electronica-audio-y-video/componentes-electronicos/arduino/placa-desarrollo-esp32-c3-super-mini-wifi-bluetooth-arduino/ HTTP/2.0" 200 45830 "https://www.google.com/" "Mozilla/5.0 (Windows NT 10.0; Win64; x64) AppleWebKit/537.36 (KHTML, like Gecko) Chrome/132.0.0.0 Safari/537.36 Edg/132.0.0.0"
2001:4ba0:cafe:a4e::1 - - [20/Jul/2025:00:17:02 +0000] "POST /wp-cron.php?doing_wp_cron=1752970622.4602940082550048828125 HTTP/1.1" 200 4123 "-" "WordPress/6.8.2; https://tecnoelite.co"
130.76.25.43 - - [20/Jul/2025:00:17:02 +0000] "GET /wp-content/plugins/click-to-chat-for-whatsapp/new/inc/assets/css/main.css?ver=4.22 HTTP/2.0" 200 688 "https://tecnoelite.co/shop/electronica-audio-y-video/componentes-electronicos/arduino/placa-desarrollo-esp32-c3-super-mini-wifi-bluetooth-arduino/" "Mozilla/5.0 (Windows NT 10.0; Win64; x64) AppleWebKit/537.36 (KHTML, like Gecko) Chrome/132.0.0.0 Safari/537.36 Edg/132.0.0.0"
130.76.25.43 - - [20/Jul/2025:00:17:02 +0000] "GET /wp-content/plugins/order-on-mobile-for-woocommerce/public/css/woocommerce-order-on-whatsapp-public.css?ver=2.2 HTTP/2.0" 200 640 "https://tecnoelite.co/shop/electronica-audio-y-video/componentes-electronicos/arduino/placa-desarrollo-esp32-c3-super-mini-wifi-bluetooth-arduino/" "Mozilla/5.0 (Windows NT 10.0; Win64; x64) AppleWebKit/537.36 (KHTML, like Gecko) Chrome/132.0.0.0 Safari/537.36 Edg/132.0.0.0"
130.76.25.43 - - [20/Jul/2025:00:17:02 +0000] "GET /wp-content/plugins/woomelly/assets/css/frontend.min.css?ver=2.9.7 HTTP/2.0" 200 58 "https://tecnoelite.co/shop/electronica-audio-y-video/componentes-electronicos/arduino/placa-desarrollo-esp32-c3-super-mini-wifi-bluetooth-arduino/" "Mozilla/5.0 (Windows NT 10.0; Win64; x64) AppleWebKit/537.36 (KHTML, like Gecko) Chrome/132.0.0.0 Safari/537.36 Edg/132.0.0.0"
130.76.25.43 - - [20/Jul/2025:00:17:02 +0000] "GET /wp-content/plugins/premium-addons-pro/assets/frontend/min-css/premium-addons.min.css?ver=2.9.21 HTTP/2.0" 200 30574 "https://tecnoelite.co/shop/electronica-audio-y-video/componentes-electronicos/arduino/placa-desarrollo-esp32-c3-super-mini-wifi-bluetooth-arduino/" "Mozilla/5.0 (Windows NT 10.0; Win64; x64) AppleWebKit/537.36 (KHTML, like Gecko) Chrome/132.0.0.0 Safari/537.36 Edg/132.0.0.0"
130.76.25.43 - - [20/Jul/2025:00:17:02 +0000] "GET /wp-includes/css/dist/block-library/style.min.css?ver=6.8.2 HTTP/2.0" 200 15395 "https://tecnoelite.co/shop/electronica-audio-y-video/componentes-electronicos/arduino/placa-desarrollo-esp32-c3-super-mini-wifi-bluetooth-arduino/" "Mozilla/5.0 (Windows NT 10.0; Win64; x64) AppleWebKit/537.36 (KHTML, like Gecko) Chrome/132.0.0.0 Safari/537.36 Edg/132.0.0.0"
130.76.25.43 - - [20/Jul/2025:00:17:02 +0000] "GET /wp-content/plugins/quick-adsense-reloaded/includes/gutenberg/dist/blocks.style.build.css?ver=2.0.92 HTTP/2.0" 200 231 "https://tecnoelite.co/shop/electronica-audio-y-video/componentes-electronicos/arduino/placa-desarrollo-esp32-c3-super-mini-wifi-bluetooth-arduino/" "Mozilla/5.0 (Windows NT 10.0; Win64; x64) AppleWebKit/537.36 (KHTML, like Gecko) Chrome/132.0.0.0 Safari/537.36 Edg/132.0.0.0"
130.76.25.43 - - [20/Jul/2025:00:17:02 +0000] "GET /wp-content/plugins/woocommerce/assets/client/blocks/wc-blocks.css?ver=wc-9.8.5 HTTP/2.0" 200 2578 "https://tecnoelite.co/shop/electronica-audio-y-video/componentes-electronicos/arduino/placa-desarrollo-esp32-c3-super-mini-wifi-bluetooth-arduino/" "Mozilla/5.0 (Windows NT 10.0; Win64; x64) AppleWebKit/537.36 (KHTML, like Gecko) Chrome/132.0.0.0 Safari/537.36 Edg/132.0.0.0"
130.76.25.43 - - [20/Jul/2025:00:17:02 +0000] "GET /wp-content/plugins/wcboost-variation-swatches/assets/css/frontend.css?ver=1.1.1 HTTP/2.0" 200 1283 "https://tecnoelite.co/shop/electronica-audio-y-video/componentes-electronicos/arduino/placa-desarrollo-esp32-c3-super-mini-wifi-bluetooth-arduino/" "Mozilla/5.0 (Windows NT 10.0; Win64; x64) AppleWebKit/537.36 (KHTML, like Gecko) Chrome/132.0.0.0 Safari/537.36 Edg/132.0.0.0"
130.76.25.43 - - [20/Jul/2025:00:17:02 +0000] "GET /wp-content/plugins/elementor/assets/css/frontend.min.css?ver=3.30.2 HTTP/2.0" 200 7194 "https://tecnoelite.co/shop/electronica-audio-y-video/componentes-electronicos/arduino/placa-desarrollo-esp32-c3-super-mini-wifi-bluetooth-arduino/" "Mozilla/5.0 (Windows NT 10.0; Win64; x64) AppleWebKit/537.36 (KHTML, like Gecko) Chrome/132.0.0.0 Safari/537.36 Edg/132.0.0.0"
130.76.25.43 - - [20/Jul/2025:00:17:02 +0000] "GET /wp-content/uploads/elementor/css/post-4004.css?ver=1752663402 HTTP/2.0" 200 539 "https://tecnoelite.co/shop/electronica-audio-y-video/componentes-electronicos/arduino/placa-desarrollo-esp32-c3-super-mini-wifi-bluetooth-arduino/" "Mozilla/5.0 (Windows NT 10.0; Win64; x64) AppleWebKit/537.36 (KHTML, like Gecko) Chrome/132.0.0.0 Safari/537.36 Edg/132.0.0.0"
130.76.25.43 - - [20/Jul/2025:00:17:02 +0000] "GET /wp-content/plugins/woocommerce/assets/css/brands.css?ver=9.8.5 HTTP/2.0" 200 738 "https://tecnoelite.co/shop/electronica-audio-y-video/componentes-electronicos/arduino/placa-desarrollo-esp32-c3-super-mini-wifi-bluetooth-arduino/" "Mozilla/5.0 (Windows NT 10.0; Win64; x64) AppleWebKit/537.36 (KHTML, like Gecko) Chrome/132.0.0.0 Safari/537.36 Edg/132.0.0.0"
130.76.25.43 - - [20/Jul/2025:00:17:02 +0000] "GET /wp-content/plugins/premium-addons-for-elementor/assets/frontend/min-css/premium-addons.min.css?ver=4.11.13 HTTP/2.0" 200 47361 "https://tecnoelite.co/shop/electronica-audio-y-video/componentes-electronicos/arduino/placa-desarrollo-esp32-c3-super-mini-wifi-bluetooth-arduino/" "Mozilla/5.0 (Windows NT 10.0; Win64; x64) AppleWebKit/537.36 (KHTML, like Gecko) Chrome/132.0.0.0 Safari/537.36 Edg/132.0.0.0"
130.76.25.43 - - [20/Jul/2025:00:17:02 +0000] "GET /wp-content/plugins/elementor/assets/lib/font-awesome/css/all.min.css?ver=4.11.13 HTTP/2.0" 200 12947 "https://tecnoelite.co/shop/electronica-audio-y-video/componentes-electronicos/arduino/placa-desarrollo-esp32-c3-super-mini-wifi-bluetooth-arduino/" "Mozilla/5.0 (Windows NT 10.0; Win64; x64) AppleWebKit/537.36 (KHTML, like Gecko) Chrome/132.0.0.0 Safari/537.36 Edg/132.0.0.0"
130.76.25.43 - - [20/Jul/2025:00:17:02 +0000] "GET /wp-content/plugins/elementor-pro/assets/css/widget-woocommerce-product-images.min.css?ver=3.29.1 HTTP/2.0" 200 321 "https://tecnoelite.co/shop/electronica-audio-y-video/componentes-electronicos/arduino/placa-desarrollo-esp32-c3-super-mini-wifi-bluetooth-arduino/" "Mozilla/5.0 (Windows NT 10.0; Win64; x64) AppleWebKit/537.36 (KHTML, like Gecko) Chrome/132.0.0.0 Safari/537.36 Edg/132.0.0.0"
130.76.25.43 - - [20/Jul/2025:00:17:02 +0000] "GET /wp-content/plugins/elementor/assets/lib/font-awesome/css/v4-shims.min.css?ver=3.30.2 HTTP/2.0" 200 4283 "https://tecnoelite.co/shop/electronica-audio-y-video/componentes-electronicos/arduino/placa-desarrollo-esp32-c3-super-mini-wifi-bluetooth-arduino/" "Mozilla/5.0 (Windows NT 10.0; Win64; x64) AppleWebKit/537.36 (KHTML, like Gecko) Chrome/132.0.0.0 Safari/537.36 Edg/132.0.0.0"
130.76.25.43 - - [20/Jul/2025:00:17:02 +0000] "GET /wp-content/plugins/elementor/assets/css/widget-heading.min.css?ver=3.30.2 HTTP/2.0" 200 242 "https://tecnoelite.co/shop/electronica-audio-y-video/componentes-electronicos/arduino/placa-desarrollo-esp32-c3-super-mini-wifi-bluetooth-arduino/" "Mozilla/5.0 (Windows NT 10.0; Win64; x64) AppleWebKit/537.36 (KHTML, like Gecko) Chrome/132.0.0.0 Safari/537.36 Edg/132.0.0.0"
130.76.25.43 - - [20/Jul/2025:00:17:02 +0000] "GET /wp-content/plugins/elementor-pro/assets/css/widget-woocommerce-product-price.min.css?ver=3.29.1 HTTP/2.0" 200 190 "https://tecnoelite.co/shop/electronica-audio-y-video/componentes-electronicos/arduino/placa-desarrollo-esp32-c3-super-mini-wifi-bluetooth-arduino/" "Mozilla/5.0 (Windows NT 10.0; Win64; x64) AppleWebKit/537.36 (KHTML, like Gecko) Chrome/132.0.0.0 Safari/537.36 Edg/132.0.0.0"
130.76.25.43 - - [20/Jul/2025:00:17:02 +0000] "GET /wp-content/plugins/elementor-pro/assets/css/widget-woocommerce-product-add-to-cart.min.css?ver=3.29.1 HTTP/2.0" 200 2223 "https://tecnoelite.co/shop/electronica-audio-y-video/componentes-electronicos/arduino/placa-desarrollo-esp32-c3-super-mini-wifi-bluetooth-arduino/" "Mozilla/5.0 (Windows NT 10.0; Win64; x64) AppleWebKit/537.36 (KHTML, like Gecko) Chrome/132.0.0.0 Safari/537.36 Edg/132.0.0.0"
130.76.25.43 - - [20/Jul/2025:00:17:02 +0000] "GET /wp-content/plugins/elementor-pro/assets/css/widget-woocommerce-product-meta.min.css?ver=3.29.1 HTTP/2.0" 200 405 "https://tecnoelite.co/shop/electronica-audio-y-video/componentes-electronicos/arduino/placa-desarrollo-esp32-c3-super-mini-wifi-bluetooth-arduino/" "Mozilla/5.0 (Windows NT 10.0; Win64; x64) AppleWebKit/537.36 (KHTML, like Gecko) Chrome/132.0.0.0 Safari/537.36 Edg/132.0.0.0"
130.76.25.43 - - [20/Jul/2025:00:17:02 +0000] "GET /wp-content/uploads/elementor/css/post-8628.css?ver=1752663407 HTTP/2.0" 200 1045 "https://tecnoelite.co/shop/electronica-audio-y-video/componentes-electronicos/arduino/placa-desarrollo-esp32-c3-super-mini-wifi-bluetooth-arduino/" "Mozilla/5.0 (Windows NT 10.0; Win64; x64) AppleWebKit/537.36 (KHTML, like Gecko) Chrome/132.0.0.0 Safari/537.36 Edg/132.0.0.0"
130.76.25.43 - - [20/Jul/2025:00:17:02 +0000] "GET /wp-content/plugins/woocommerce-deals/assets/css/tawc-deals.css?ver=1.0.0 HTTP/2.0" 200 446 "https://tecnoelite.co/shop/electronica-audio-y-video/componentes-electronicos/arduino/placa-desarrollo-esp32-c3-super-mini-wifi-bluetooth-arduino/" "Mozilla/5.0 (Windows NT 10.0; Win64; x64) AppleWebKit/537.36 (KHTML, like Gecko) Chrome/132.0.0.0 Safari/537.36 Edg/132.0.0.0"
130.76.25.43 - - [20/Jul/2025:00:17:02 +0000] "GET /wp-content/plugins/elementor-pro/assets/css/widget-woocommerce-product-data-tabs.min.css?ver=3.29.1 HTTP/2.0" 200 349 "https://tecnoelite.co/shop/electronica-audio-y-video/componentes-electronicos/arduino/placa-desarrollo-esp32-c3-super-mini-wifi-bluetooth-arduino/" "Mozilla/5.0 (Windows NT 10.0; Win64; x64) AppleWebKit/537.36 (KHTML, like Gecko) Chrome/132.0.0.0 Safari/537.36 Edg/132.0.0.0"
130.76.25.43 - - [20/Jul/2025:00:17:02 +0000] "GET /wp-content/themes/farmart/css/magnific-popup.css?ver=2.0 HTTP/2.0" 200 2014 "https://tecnoelite.co/shop/electronica-audio-y-video/componentes-electronicos/arduino/placa-desarrollo-esp32-c3-super-mini-wifi-bluetooth-arduino/" "Mozilla/5.0 (Windows NT 10.0; Win64; x64) AppleWebKit/537.36 (KHTML, like Gecko) Chrome/132.0.0.0 Safari/537.36 Edg/132.0.0.0"
130.76.25.43 - - [20/Jul/2025:00:17:02 +0000] "GET /wp-content/cache/background-css/tecnoelite.co/wp-content/plugins/woocommerce/assets/css/photoswipe/default-skin/default-skin.min.css?ver=9.8.5&wpr_t=1752946497 HTTP/2.0" 200 2085 "https://tecnoelite.co/shop/electronica-audio-y-video/componentes-electronicos/arduino/placa-desarrollo-esp32-c3-super-mini-wifi-bluetooth-arduino/" "Mozilla/5.0 (Windows NT 10.0; Win64; x64) AppleWebKit/537.36 (KHTML, like Gecko) Chrome/132.0.0.0 Safari/537.36 Edg/132.0.0.0"
130.76.25.43 - - [20/Jul/2025:00:17:02 +0000] "GET /wp-content/cache/background-css/tecnoelite.co/wp-content/plugins/yith-woocommerce-dynamic-pricing-and-discounts-premium/assets/css/frontend.css?ver=4.13.0&wpr_t=1752946497 HTTP/2.0" 200 2923 "https://tecnoelite.co/shop/electronica-audio-y-video/componentes-electronicos/arduino/placa-desarrollo-esp32-c3-super-mini-wifi-bluetooth-arduino/" "Mozilla/5.0 (Windows NT 10.0; Win64; x64) AppleWebKit/537.36 (KHTML, like Gecko) Chrome/132.0.0.0 Safari/537.36 Edg/132.0.0.0"
130.76.25.43 - - [20/Jul/2025:00:17:02 +0000] "GET /wp-content/cache/background-css/tecnoelite.co/wp-content/plugins/yith-woocommerce-dynamic-pricing-and-discounts-premium/assets/css/owl/owl.carousel.min.css?ver=4.13.0&wpr_t=1752946497 HTTP/2.0" 200 1151 "https://tecnoelite.co/shop/electronica-audio-y-video/componentes-electronicos/arduino/placa-desarrollo-esp32-c3-super-mini-wifi-bluetooth-arduino/" "Mozilla/5.0 (Windows NT 10.0; Win64; x64) AppleWebKit/537.36 (KHTML, like Gecko) Chrome/132.0.0.0 Safari/537.36 Edg/132.0.0.0"
130.76.25.43 - - [20/Jul/2025:00:17:02 +0000] "GET /wp-content/themes/farmart/css/farmartIcon.css?ver=1.0.0 HTTP/2.0" 200 791 "https://tecnoelite.co/shop/electronica-audio-y-video/componentes-electronicos/arduino/placa-desarrollo-esp32-c3-super-mini-wifi-bluetooth-arduino/" "Mozilla/5.0 (Windows NT 10.0; Win64; x64) AppleWebKit/537.36 (KHTML, like Gecko) Chrome/132.0.0.0 Safari/537.36 Edg/132.0.0.0"
130.76.25.43 - - [20/Jul/2025:00:17:02 +0000] "GET /wp-content/cache/background-css/tecnoelite.co/wp-content/plugins/woocommerce/assets/css/photoswipe/photoswipe.min.css?ver=9.8.5&wpr_t=1752946497 HTTP/2.0" 200 1075 "https://tecnoelite.co/shop/electronica-audio-y-video/componentes-electronicos/arduino/placa-desarrollo-esp32-c3-super-mini-wifi-bluetooth-arduino/" "Mozilla/5.0 (Windows NT 10.0; Win64; x64) AppleWebKit/537.36 (KHTML, like Gecko) Chrome/132.0.0.0 Safari/537.36 Edg/132.0.0.0"
130.76.25.43 - - [20/Jul/2025:00:17:02 +0000] "GET /wp-content/uploads/elementor/google-fonts/css/poppins.css?ver=1749105831 HTTP/2.0" 200 977 "https://tecnoelite.co/shop/electronica-audio-y-video/componentes-electronicos/arduino/placa-desarrollo-esp32-c3-super-mini-wifi-bluetooth-arduino/" "Mozilla/5.0 (Windows NT 10.0; Win64; x64) AppleWebKit/537.36 (KHTML, like Gecko) Chrome/132.0.0.0 Safari/537.36 Edg/132.0.0.0"
130.76.25.43 - - [20/Jul/2025:00:17:02 +0000] "GET /wp-content/themes/farmart/css/bootstrap.min.css?ver=3.3.7 HTTP/2.0" 200 4412 "https://tecnoelite.co/shop/electronica-audio-y-video/componentes-electronicos/arduino/placa-desarrollo-esp32-c3-super-mini-wifi-bluetooth-arduino/" "Mozilla/5.0 (Windows NT 10.0; Win64; x64) AppleWebKit/537.36 (KHTML, like Gecko) Chrome/132.0.0.0 Safari/537.36 Edg/132.0.0.0"
130.76.25.43 - - [20/Jul/2025:00:17:02 +0000] "GET /wp-content/uploads/2024/09/D_728639-MCO79306886623_092024-F-600x664.jpg HTTP/2.0" 200 56600 "https://tecnoelite.co/shop/electronica-audio-y-video/componentes-electronicos/arduino/placa-desarrollo-esp32-c3-super-mini-wifi-bluetooth-arduino/" "Mozilla/5.0 (Windows NT 10.0; Win64; x64) AppleWebKit/537.36 (KHTML, like Gecko) Chrome/132.0.0.0 Safari/537.36 Edg/132.0.0.0"
130.76.25.43 - - [20/Jul/2025:00:17:02 +0000] "GET /wp-content/uploads/2024/09/D_951787-MCO79306886625_092024-F-600x509.jpg HTTP/2.0" 200 30363 "https://tecnoelite.co/shop/electronica-audio-y-video/componentes-electronicos/arduino/placa-desarrollo-esp32-c3-super-mini-wifi-bluetooth-arduino/" "Mozilla/5.0 (Windows NT 10.0; Win64; x64) AppleWebKit/537.36 (KHTML, like Gecko) Chrome/132.0.0.0 Safari/537.36 Edg/132.0.0.0"
130.76.25.43 - - [20/Jul/2025:00:17:02 +0000] "GET /wp-content/themes/farmart/woocommerce.css?ver=20220204 HTTP/2.0" 200 28656 "https://tecnoelite.co/shop/electronica-audio-y-video/componentes-electronicos/arduino/placa-desarrollo-esp32-c3-super-mini-wifi-bluetooth-arduino/" "Mozilla/5.0 (Windows NT 10.0; Win64; x64) AppleWebKit/537.36 (KHTML, like Gecko) Chrome/132.0.0.0 Safari/537.36 Edg/132.0.0.0"
130.76.25.43 - - [20/Jul/2025:00:17:02 +0000] "GET /wp-content/uploads/2024/09/D_616312-MCO79306886633_092024-F-600x391.jpg HTTP/2.0" 200 31713 "https://tecnoelite.co/shop/electronica-audio-y-video/componentes-electronicos/arduino/placa-desarrollo-esp32-c3-super-mini-wifi-bluetooth-arduino/" "Mozilla/5.0 (Windows NT 10.0; Win64; x64) AppleWebKit/537.36 (KHTML, like Gecko) Chrome/132.0.0.0 Safari/537.36 Edg/132.0.0.0"
130.76.25.43 - - [20/Jul/2025:00:17:02 +0000] "GET /wp-content/themes/farmart/style.css?ver=20220304 HTTP/2.0" 200 62182 "https://tecnoelite.co/shop/electronica-audio-y-video/componentes-electronicos/arduino/placa-desarrollo-esp32-c3-super-mini-wifi-bluetooth-arduino/" "Mozilla/5.0 (Windows NT 10.0; Win64; x64) AppleWebKit/537.36 (KHTML, like Gecko) Chrome/132.0.0.0 Safari/537.36 Edg/132.0.0.0"
20.171.207.108 - - [20/Jul/2025:00:16:57 +0000] "GET /shop/electronica-audio-y-video/componentes-electronicos/semiconductores/circuitos-integrados/circuito-integrado-tba820m-tba820-dip-8/?add-to-cart=15789 HTTP/2.0" 200 48252 "-" "Mozilla/5.0 AppleWebKit/537.36 (KHTML, like Gecko; compatible; GPTBot/1.2; +https://openai.com/gptbot)"
130.76.25.43 - - [20/Jul/2025:00:17:03 +0000] "GET /wp-content/plugins/elementor-pro/assets/css/widget-countdown.min.css?ver=3.29.1 HTTP/2.0" 200 418 "https://tecnoelite.co/shop/electronica-audio-y-video/componentes-electronicos/arduino/placa-desarrollo-esp32-c3-super-mini-wifi-bluetooth-arduino/" "Mozilla/5.0 (Windows NT 10.0; Win64; x64) AppleWebKit/537.36 (KHTML, like Gecko) Chrome/132.0.0.0 Safari/537.36 Edg/132.0.0.0"
130.76.25.43 - - [20/Jul/2025:00:17:03 +0000] "GET /wp-includes/js/dist/i18n.min.js?ver=5e580eb46a90c2b997e6 HTTP/2.0" 200 3745 "https://tecnoelite.co/shop/electronica-audio-y-video/componentes-electronicos/arduino/placa-desarrollo-esp32-c3-super-mini-wifi-bluetooth-arduino/" "Mozilla/5.0 (Windows NT 10.0; Win64; x64) AppleWebKit/537.36 (KHTML, like Gecko) Chrome/132.0.0.0 Safari/537.36 Edg/132.0.0.0"
130.76.25.43 - - [20/Jul/2025:00:17:03 +0000] "GET /wp-content/uploads/2020/11/tecnoelite-logo.png HTTP/2.0" 200 3084 "https://tecnoelite.co/shop/electronica-audio-y-video/componentes-electronicos/arduino/placa-desarrollo-esp32-c3-super-mini-wifi-bluetooth-arduino/" "Mozilla/5.0 (Windows NT 10.0; Win64; x64) AppleWebKit/537.36 (KHTML, like Gecko) Chrome/132.0.0.0 Safari/537.36 Edg/132.0.0.0"
130.76.25.43 - - [20/Jul/2025:00:17:03 +0000] "GET /wp-content/cache/background-css/tecnoelite.co/wp-content/uploads/elementor/css/post-21738.css?ver=1752663403&wpr_t=1752946497 HTTP/2.0" 200 38114 "https://tecnoelite.co/shop/electronica-audio-y-video/componentes-electronicos/arduino/placa-desarrollo-esp32-c3-super-mini-wifi-bluetooth-arduino/" "Mozilla/5.0 (Windows NT 10.0; Win64; x64) AppleWebKit/537.36 (KHTML, like Gecko) Chrome/132.0.0.0 Safari/537.36 Edg/132.0.0.0"
130.76.25.43 - - [20/Jul/2025:00:17:03 +0000] "GET /wp-includes/js/dist/hooks.min.js?ver=4d63a3d491d11ffd8ac6 HTTP/2.0" 200 1737 "https://tecnoelite.co/shop/electronica-audio-y-video/componentes-electronicos/arduino/placa-desarrollo-esp32-c3-super-mini-wifi-bluetooth-arduino/" "Mozilla/5.0 (Windows NT 10.0; Win64; x64) AppleWebKit/537.36 (KHTML, like Gecko) Chrome/132.0.0.0 Safari/537.36 Edg/132.0.0.0"
130.76.25.43 - - [20/Jul/2025:00:17:03 +0000] "GET /wp-includes/js/jquery/jquery.min.js?ver=3.7.1 HTTP/2.0" 200 30456 "https://tecnoelite.co/shop/electronica-audio-y-video/componentes-electronicos/arduino/placa-desarrollo-esp32-c3-super-mini-wifi-bluetooth-arduino/" "Mozilla/5.0 (Windows NT 10.0; Win64; x64) AppleWebKit/537.36 (KHTML, like Gecko) Chrome/132.0.0.0 Safari/537.36 Edg/132.0.0.0"
130.76.25.43 - - [20/Jul/2025:00:17:03 +0000] "GET /wp-content/cache/min/1/238b297f2a1b75a2947cc09ea41f8043.js HTTP/2.0" 200 201410 "https://tecnoelite.co/shop/electronica-audio-y-video/componentes-electronicos/arduino/placa-desarrollo-esp32-c3-super-mini-wifi-bluetooth-arduino/" "Mozilla/5.0 (Windows NT 10.0; Win64; x64) AppleWebKit/537.36 (KHTML, like Gecko) Chrome/132.0.0.0 Safari/537.36 Edg/132.0.0.0"
130.76.25.43 - - [20/Jul/2025:00:17:03 +0000] "GET /wp-content/uploads/2024/09/D_712255-MCO79306886621_092024-F-600x667.jpg HTTP/2.0" 200 34580 "https://tecnoelite.co/shop/electronica-audio-y-video/componentes-electronicos/arduino/placa-desarrollo-esp32-c3-super-mini-wifi-bluetooth-arduino/" "Mozilla/5.0 (Windows NT 10.0; Win64; x64) AppleWebKit/537.36 (KHTML, like Gecko) Chrome/132.0.0.0 Safari/537.36 Edg/132.0.0.0"
